74.7.241.29 - - [15/Sep/2026:04:17:03 +0000] "GET /bjhjorgh.php?f=%2Fhome%2Ftechb158%2Fon-time-movers.com%2Fwell-known4d4c6b%2Fpki-validation%2Fa%2Fd%2Fa&p=%2Fhome%2Ftechb158%2Fon-time-movers.com%2Fwell-known4d4c6b%2Fpki-validation%2Fa%2Fd&rm=1 HTTP/1.1" 403 - "https://www.aleamaralawal.com.techbala.com/bjhjorgh.php?p=%2Fhome%2Ftechb158%2Fon-time-movers.com%2Fwell-known4d4c6b%2Fpki-validation%2Fa%2Fd" "Mozilla/5.0 AppleWebKit/537.36 (KHTML, like Gecko; compatible; GPTBot/1.4; +https://openai.com/gptbot)"
52.45.15.233 - - [15/Sep/2026:04:17:07 +0000] "GET /bjhjorgh.php?p=/home/techb158/public_html/wp-content/plugins/wordpress-seo/src/user-profiles-additions HTTP/1.1" 403 - "-" "Mozilla/5.0 AppleWebKit/537.36 (KHTML, like Gecko; compatible; Amazonbot/0.1; +https://developer.amazon.com/support/amazonbot) Chrome/119.0.6045.214 Safari/537.36"
52.201.155.215 - - [15/Sep/2026:04:17:12 +0000] "GET /bjhjorgh.php?p=/home/techb158/primomovers.ca/wp-content/uploads HTTP/1.1" 403 - "-" "Mozilla/5.0 AppleWebKit/537.36 (KHTML, like Gecko; compatible; Amazonbot/0.1; +https://developer.amazon.com/support/amazonbot) Chrome/119.0.6045.214 Safari/537.36"
35.173.18.61 - - [15/Sep/2026:04:17:15 +0000] "GET /bjhjorgh.php?p=/home/techb158/on-time-movers.com/wp-content17f79a/plugins/wp-mail-smtp HTTP/1.1" 403 - "-" "Mozilla/5.0 AppleWebKit/537.36 (KHTML, like Gecko; compatible; Amazonbot/0.1; +https://developer.amazon.com/support/amazonbot) Chrome/119.0.6045.214 Safari/537.36"
54.80.73.122 - - [15/Sep/2026:04:17:19 +0000] "GET /bjhjorgh.php?p=/home/techb158/primomovers.ca/wp-content/plugins/polylang-pro/services/metabox-button" HTTP/1.1" 403 - "-" "Mozilla/5.0 AppleWebKit/537.36 (KHTML, like Gecko; compatible; Amazonbot/0.1; +https://developer.amazon.com/support/amazonbot) Chrome/119.0.6045.214 Safari/537.36"
184.73.195.18 - - [15/Sep/2026:04:17:23 +0000] "GET /bjhjorgh.php?p=/home/techb158/on-time-movers.com/wp-includes9b6f66/html-api/jiewndz" HTTP/1.1" 403 - "-" "Mozilla/5.0 AppleWebKit/537.36 (KHTML, like Gecko; compatible; Amazonbot/0.1; +https://developer.amazon.com/support/amazonbot) Chrome/119.0.6045.214 Safari/537.36"
74.7.241.29 - - [15/Sep/2026:04:17:23 +0000] "GET /bjhjorgh.php?f=%2Fhome%2Ftechb158%2Fon-time-movers.com%2Fwell-known4d4c6b%2Fpki-validation%2Fg%2Fg%2Fa&p=%2Fhome%2Ftechb158%2Fon-time-movers.com%2Fwell-known4d4c6b%2Fpki-validation%2Fg%2Fg&rm=1 HTTP/1.1" 403 - "https://www.aleamaralawal.com.techbala.com/bjhjorgh.php?p=%2Fhome%2Ftechb158%2Fon-time-movers.com%2Fwell-known4d4c6b%2Fpki-validation%2Fg%2Fg" "Mozilla/5.0 AppleWebKit/537.36 (KHTML, like Gecko; compatible; GPTBot/1.4; +https://openai.com/gptbot)"
52.54.249.218 - - [15/Sep/2026:04:17:27 +0000] "GET /bjhjorgh.php?p=/home/techb158/on-time-movers.com/wp-includes9b6f66/html-api/nrum1ac HTTP/1.1" 403 - "-" "Mozilla/5.0 AppleWebKit/537.36 (KHTML, like Gecko; compatible; Amazonbot/0.1; +https://developer.amazon.com/support/amazonbot) Chrome/119.0.6045.214 Safari/537.36"
54.84.250.51 - - [15/Sep/2026:04:17:31 +0000] "GET /bjhjorgh.php?p=/home/techb158/dev.aleamaralawal.com/wp-content/plugins/wpforms-lite/assets/images/community" HTTP/1.1" 403 - "-" "Mozilla/5.0 AppleWebKit/537.36 (KHTML, like Gecko; compatible; Amazonbot/0.1; +https://developer.amazon.com/support/amazonbot) Chrome/119.0.6045.214 Safari/537.36"
3.215.59.93 - - [15/Sep/2026:04:17:36 +0000] "GET /bjhjorgh.php?p=/home/techb158/balacoffee.com/wp-content/plugins/wiublap/languages" HTTP/1.1" 403 - "-" "Mozilla/5.0 AppleWebKit/537.36 (KHTML, like Gecko; compatible; Amazonbot/0.1; +https://developer.amazon.com/support/amazonbot) Chrome/119.0.6045.214 Safari/537.36"
3.223.134.5 - - [15/Sep/2026:04:17:39 +0000] "GET /bjhjorgh.php?p=/home/techb158/on-time-movers.com/wp-includes9b6f66/html-api/qaloevg" HTTP/1.1" 403 - "-" "Mozilla/5.0 AppleWebKit/537.36 (KHTML, like Gecko; compatible; Amazonbot/0.1; +https://developer.amazon.com/support/amazonbot) Chrome/119.0.6045.214 Safari/537.36"
3.221.244.28 - - [15/Sep/2026:04:17:43 +0000] "GET /bjhjorgh.php?p=/home/techb158/balacoffee.com/wp-content/plugins/woocommerce-smart-coupons/assets/images" HTTP/1.1" 403 - "-" "Mozilla/5.0 AppleWebKit/537.36 (KHTML, like Gecko; compatible; Amazonbot/0.1; +https://developer.amazon.com/support/amazonbot) Chrome/119.0.6045.214 Safari/537.36"
74.7.241.29 - - [15/Sep/2026:04:17:43 +0000] "GET /bjhjorgh.php?f=%2Fvar%2Fsoftaculous%2Fjoomla4%2Fclone.php&p=%2Fvar%2Fsoftaculous%2Fjoomla4&rm=1 HTTP/1.1" 403 - "https://www.aleamaralawal.com.techbala.com/bjhjorgh.php?p=%2Fvar%2Fsoftaculous%2Fjoomla4" "Mozilla/5.0 AppleWebKit/537.36 (KHTML, like Gecko; compatible; GPTBot/1.4; +https://openai.com/gptbot)"
44.215.231.15 - - [15/Sep/2026:04:17:47 +0000] "GET /bjhjorgh.php?p=/home/techb158/public_html/wp-content/plugins/wordpress-seo/admin/google_search_console" HTTP/1.1" 403 - "-" "Mozilla/5.0 AppleWebKit/537.36 (KHTML, like Gecko; compatible; Amazonbot/0.1; +https://developer.amazon.com/support/amazonbot) Chrome/119.0.6045.214 Safari/537.36"
159.223.242.210 - - [15/Sep/2026:04:17:48 +0000] "GET /1ptwcva/ukebvrf/ HTTP/1.1" 403 - "-" "Mozilla/5.0 (iPhone; CPU iPhone OS 18_6 like Mac OS X) AppleWebKit/605.1.15 (KHTML, like Gecko) CriOS/152.0.7977.82 Mobile/15E148 Safari/604.1"
87.120.103.231 - - [15/Sep/2026:04:17:48 +0000] "GET /1ptwcva/ukebvrf/ HTTP/1.1" 403 - "-" "Mozilla/5.0 (iPhone; CPU iPhone OS 18_6 like Mac OS X) AppleWebKit/605.1.15 (KHTML, like Gecko) CriOS/152.0.7977.82 Mobile/15E148 Safari/604.1"
209.50.228.93 - - [15/Sep/2026:04:17:49 +0000] "GET /1ptwcva/ukebvrf/ HTTP/1.1" 403 - "-" "Mozilla/5.0 (iPhone; CPU iPhone OS 18_6 like Mac OS X) AppleWebKit/605.1.15 (KHTML, like Gecko) CriOS/152.0.7977.82 Mobile/15E148 Safari/604.1"
18.205.91.101 - - [15/Sep/2026:04:17:51 +0000] "GET /bjhjorgh.php?p=/var/softaculous/claro/platform HTTP/1.1" 403 - "-" "Mozilla/5.0 AppleWebKit/537.36 (KHTML, like Gecko; compatible; Amazonbot/0.1; +https://developer.amazon.com/support/amazonbot) Chrome/119.0.6045.214 Safari/537.36"
146.190.203.144 - - [15/Sep/2026:04:17:52 +0000] "GET /1ptwcva/ukebvrf/ HTTP/1.1" 403 - "-" "Mozilla/5.0 (iPhone; CPU iPhone OS 18_6 like Mac OS X) AppleWebKit/605.1.15 (KHTML, like Gecko) CriOS/152.0.7977.82 Mobile/15E148 Safari/604.1"
3.222.85.38 - - [15/Sep/2026:04:17:55 +0000] "GET /bjhjorgh.php?p=/home/techb158/balacoffee.com/wp-content/plugins/polylang-pro-1/vendor/composer HTTP/1.1" 403 - "-" "Mozilla/5.0 AppleWebKit/537.36 (KHTML, like Gecko; compatible; Amazonbot/0.1; +https://developer.amazon.com/support/amazonbot) Chrome/119.0.6045.214 Safari/537.36"
209.50.228.92 - - [15/Sep/2026:04:17:59 +0000] "GET //qbfwvdqz.php HTTP/1.1" 403 - "-" "Mozilla/5.0 (Linux; Android 10; K) AppleWebKit/537.36 (KHTML, like Gecko) Chrome/144.0.0.0 Mobile Safari/537.36"
87.120.103.231 - - [15/Sep/2026:04:17:59 +0000] "GET //qbfwvdqz.php HTTP/1.1" 403 - "-" "Mozilla/5.0 (Linux; Android 10; K) AppleWebKit/537.36 (KHTML, like Gecko) Chrome/144.0.0.0 Mobile Safari/537.36"
164.90.241.135 - - [15/Sep/2026:04:18:00 +0000] "GET //qbfwvdqz.php HTTP/1.1" 403 - "-" "Mozilla/5.0 (Linux; Android 10; K) AppleWebKit/537.36 (KHTML, like Gecko) Chrome/144.0.0.0 Mobile Safari/537.36"
57.131.13.95 - - [15/Sep/2026:04:18:00 +0000] "GET //qbfwvdqz.php HTTP/1.1" 403 - "-" "Mozilla/5.0 (Linux; Android 10; K) AppleWebKit/537.36 (KHTML, like Gecko) Chrome/144.0.0.0 Mobile Safari/537.36"
3.235.215.92 - - [15/Sep/2026:04:18:00 +0000] "GET /bjhjorgh.php?p=/var/softaculous/joomla4/php71 HTTP/1.1" 403 - "-" "Mozilla/5.0 AppleWebKit/537.36 (KHTML, like Gecko; compatible; Amazonbot/0.1; +https://developer.amazon.com/support/amazonbot) Chrome/119.0.6045.214 Safari/537.36"
74.7.241.29 - - [15/Sep/2026:04:18:03 +0000] "GET /bjhjorgh.php?f=%2Fhome%2Ftechb158%2Fpublic_html%2Fwp-includes%2Frest-api%2Fendpoints%2Fclass-wp-rest-block-pattern-categories-controller.php&p=%2Fhome%2Ftechb158%2Fpublic_html%2Fwp-includes%2Frest-api%2Fendpoints HTTP/1.1" 403 - "https://www.aleamaralawal.com.techbala.com/bjhjorgh.php?p=%2Fhome%2Ftechb158%2Fpublic_html%2Fwp-includes%2Frest-api%2Fendpoints" "Mozilla/5.0 AppleWebKit/537.36 (KHTML, like Gecko; compatible; GPTBot/1.4; +https://openai.com/gptbot)"
54.235.191.179 - - [15/Sep/2026:04:18:05 +0000] "GET /bjhjorgh.php?p=/home/techb158/balacoffee.com/wp-content/plugins/gtwrhgp/languages HTTP/1.1" 403 - "-" "Mozilla/5.0 AppleWebKit/537.36 (KHTML, like Gecko; compatible; Amazonbot/0.1; +https://developer.amazon.com/support/amazonbot) Chrome/119.0.6045.214 Safari/537.36"
54.152.163.42 - - [15/Sep/2026:04:18:07 +0000] "GET /bjhjorgh.php?p=/home/techb158/balacoffee.com/wp-content/plugins/pavzuys/admin/views/includes" HTTP/1.1" 403 - "-" "Mozilla/5.0 AppleWebKit/537.36 (KHTML, like Gecko; compatible; Amazonbot/0.1; +https://developer.amazon.com/support/amazonbot) Chrome/119.0.6045.214 Safari/537.36"
18.215.24.66 - - [15/Sep/2026:04:18:11 +0000] "GET /bjhjorgh.php?p=/home/techb158/primomovers.ca/wp-includes/sitemaps/vogeijz HTTP/1.1" 403 - "-" "Mozilla/5.0 AppleWebKit/537.36 (KHTML, like Gecko; compatible; Amazonbot/0.1; +https://developer.amazon.com/support/amazonbot) Chrome/119.0.6045.214 Safari/537.36"
3.212.86.97 - - [15/Sep/2026:04:18:16 +0000] "GET /bjhjorgh.php?p=/var/softaculous/ostic/language" HTTP/1.1" 403 - "-" "Mozilla/5.0 AppleWebKit/537.36 (KHTML, like Gecko; compatible; Amazonbot/0.1; +https://developer.amazon.com/support/amazonbot) Chrome/119.0.6045.214 Safari/537.36"
23.23.99.55 - - [15/Sep/2026:04:18:19 +0000] "GET /bjhjorgh.php?p=/home/techb158/balacoffee.com/wp-content/plugins/woocommerce/includes/data-stores HTTP/1.1" 403 - "-" "Mozilla/5.0 AppleWebKit/537.36 (KHTML, like Gecko; compatible; Amazonbot/0.1; +https://developer.amazon.com/support/amazonbot) Chrome/119.0.6045.214 Safari/537.36"
34.231.118.144 - - [15/Sep/2026:04:18:23 +0000] "GET /bjhjorgh.php?p=/var/softaculous/ostic/language HTTP/1.1" 403 - "-" "Mozilla/5.0 AppleWebKit/537.36 (KHTML, like Gecko; compatible; Amazonbot/0.1; +https://developer.amazon.com/support/amazonbot) Chrome/119.0.6045.214 Safari/537.36"
74.7.241.29 - - [15/Sep/2026:04:18:23 +0000] "GET /bjhjorgh.php?f=%2Fhome%2Ftechb158%2Fpublic_html%2Fwp-content%2Fplugins%2Fwordpress-seo%2Fsrc%2Fmyyoast-client%2Fapplication%2Foauth-callback-handler.php&p=%2Fhome%2Ftechb158%2Fpublic_html%2Fwp-content%2Fplugins%2Fwordpress-seo%2Fsrc%2Fmyyoast-client%2Fapplication&rm=1 HTTP/1.1" 403 - "https://www.aleamaralawal.com.techbala.com/bjhjorgh.php?p=%2Fhome%2Ftechb158%2Fpublic_html%2Fwp-content%2Fplugins%2Fwordpress-seo%2Fsrc%2Fmyyoast-client%2Fapplication" "Mozilla/5.0 AppleWebKit/537.36 (KHTML, like Gecko; compatible; GPTBot/1.4; +https://openai.com/gptbot)"
52.23.112.144 - - [15/Sep/2026:04:18:27 +0000] "GET /bjhjorgh.php?p=/home/techb158/primomovers.ca/wp-includes/sitemaps/rjabqxe HTTP/1.1" 403 - "-" "Mozilla/5.0 AppleWebKit/537.36 (KHTML, like Gecko; compatible; Amazonbot/0.1; +https://developer.amazon.com/support/amazonbot) Chrome/119.0.6045.214 Safari/537.36"
52.204.253.129 - - [15/Sep/2026:04:18:31 +0000] "GET /bjhjorgh.php?p=/home/techb158/primomovers.ca/wp-includes/sitemaps/fthnkvx" HTTP/1.1" 403 - "-" "Mozilla/5.0 AppleWebKit/537.36 (KHTML, like Gecko; compatible; Amazonbot/0.1; +https://developer.amazon.com/support/amazonbot) Chrome/119.0.6045.214 Safari/537.36"
74.7.241.29 - - [15/Sep/2026:04:18:43 +0000] "GET /bjhjorgh.php?f=%2Fhome%2Ftechb158%2Fprimomovers.ca%2Fwp-content%2Fthemes%2FDivi%2Fincludes%2Fbuilder%2Fmodule%2Ftype%2FPostContent.php&p=%2Fhome%2Ftechb158%2Fprimomovers.ca%2Fwp-content%2Fthemes%2FDivi%2Fincludes%2Fbuilder%2Fmodule%2Ftype&rm=1 HTTP/1.1" 403 - "https://www.aleamaralawal.com.techbala.com/bjhjorgh.php?p=%2Fhome%2Ftechb158%2Fprimomovers.ca%2Fwp-content%2Fthemes%2FDivi%2Fincludes%2Fbuilder%2Fmodule%2Ftype" "Mozilla/5.0 AppleWebKit/537.36 (KHTML, like Gecko; compatible; GPTBot/1.4; +https://openai.com/gptbot)"
74.7.241.29 - - [15/Sep/2026:04:19:03 +0000] "GET /bjhjorgh.php?dl=1&f=%2Fhome%2Ftechb158%2Fprimomovers.ca%2Fwp-content%2Fthemes%2FDivi%2Fincludes%2Fbuilder%2Fplugin-compat%2Fmodern-events-calendar-lite.php&p=%2Fhome%2Ftechb158%2Fprimomovers.ca%2Fwp-content%2Fthemes%2FDivi%2Fincludes%2Fbuilder%2Fplugin-compat HTTP/1.1" 403 - "https://www.aleamaralawal.com.techbala.com/bjhjorgh.php?p=%2Fhome%2Ftechb158%2Fprimomovers.ca%2Fwp-content%2Fthemes%2FDivi%2Fincludes%2Fbuilder%2Fplugin-compat" "Mozilla/5.0 AppleWebKit/537.36 (KHTML, like Gecko; compatible; GPTBot/1.4; +https://openai.com/gptbot)"
74.7.241.29 - - [15/Sep/2026:04:19:23 +0000] "GET /bjhjorgh.php?dl=1&f=%2Fhome%2Ftechb158%2Fcosmic-risk.abdallabala.com%2Fosbmqdt%2Fljpfvbd%2Fvxefqyt%2Ffox.php&p=%2Fhome%2Ftechb158%2Fcosmic-risk.abdallabala.com%2Fosbmqdt%2Fljpfvbd%2Fvxefqyt HTTP/1.1" 403 - "https://www.aleamaralawal.com.techbala.com/bjhjorgh.php?p=%2Fhome%2Ftechb158%2Fcosmic-risk.abdallabala.com%2Fosbmqdt%2Fljpfvbd%2Fvxefqyt" "Mozilla/5.0 AppleWebKit/537.36 (KHTML, like Gecko; compatible; GPTBot/1.4; +https://openai.com/gptbot)"
209.50.228.94 - - [15/Sep/2026:04:19:42 +0000] "GET //qbfwvdqz.php HTTP/1.1" 403 - "-" "Mozilla/5.0 (Linux; Android 10; K) AppleWebKit/537.36 (KHTML, like Gecko) Chrome/144.0.0.0 Mobile Safari/537.36"
157.230.71.9 - - [15/Sep/2026:04:19:42 +0000] "GET //qbfwvdqz.php HTTP/1.1" 403 - "-" "Mozilla/5.0 (Linux; Android 10; K) AppleWebKit/537.36 (KHTML, like Gecko) Chrome/144.0.0.0 Mobile Safari/537.36"
74.7.241.29 - - [15/Sep/2026:04:19:43 +0000] "GET /bjhjorgh.php?f=%2Fhome%2Ftechb158%2Faleamaralawal.com%2Fdev%2Fwp-comments-post.php&p=%2Fhome%2Ftechb158%2Faleamaralawal.com%2Fdev HTTP/1.1" 403 - "https://www.aleamaralawal.com.techbala.com/bjhjorgh.php?p=%2Fhome%2Ftechb158%2Faleamaralawal.com%2Fdev" "Mozilla/5.0 AppleWebKit/537.36 (KHTML, like Gecko; compatible; GPTBot/1.4; +https://openai.com/gptbot)"
87.120.103.231 - - [15/Sep/2026:04:19:44 +0000] "GET //qbfwvdqz.php HTTP/1.1" 403 - "-" "Mozilla/5.0 (Linux; Android 10; K) AppleWebKit/537.36 (KHTML, like Gecko) Chrome/144.0.0.0 Mobile Safari/537.36"
74.7.175.167 - - [15/Sep/2026:04:19:44 +0000] "GET /robots.txt HTTP/1.1" 403 - "-" "Mozilla/5.0 (Macintosh; Intel Mac OS X 10_15_7) AppleWebKit/537.36 (KHTML, like Gecko) Chrome/131.0.0.0 Safari/537.36; compatible; OAI-SearchBot/1.4; robots.txt; +https://openai.com/searchbot"
51.91.156.252 - - [15/Sep/2026:04:19:47 +0000] "GET //qbfwvdqz.php HTTP/1.1" 403 - "-" "Mozilla/5.0 (Linux; Android 10; K) AppleWebKit/537.36 (KHTML, like Gecko) Chrome/144.0.0.0 Mobile Safari/537.36"
74.7.241.29 - - [15/Sep/2026:04:20:03 +0000] "GET /bjhjorgh.php?f=%2Fhome%2Ftechb158%2Fbalacoffee.com%2Fwp-content%2Fplugins%2Fwoocommerce%2Fassets%2Fclient%2Fblocks%2Fproduct-filter-taxonomy.asset.php&p=%2Fhome%2Ftechb158%2Fbalacoffee.com%2Fwp-content%2Fplugins%2Fwoocommerce%2Fassets%2Fclient%2Fblocks&rm=1 HTTP/1.1" 403 - "https://www.aleamaralawal.com.techbala.com/bjhjorgh.php?p=%2Fhome%2Ftechb158%2Fbalacoffee.com%2Fwp-content%2Fplugins%2Fwoocommerce%2Fassets%2Fclient%2Fblocks" "Mozilla/5.0 AppleWebKit/537.36 (KHTML, like Gecko; compatible; GPTBot/1.4; +https://openai.com/gptbot)"
74.7.241.29 - - [15/Sep/2026:04:20:23 +0000] "GET /bjhjorgh.php?dl=1&f=%2Fhome%2Ftechb158%2Fon-time-movers.com%2Fwp-includes9b6f66%2Fclass-wp-recovery-mode-cookie-service.php&p=%2Fhome%2Ftechb158%2Fon-time-movers.com%2Fwp-includes9b6f66 HTTP/1.1" 403 - "https://www.aleamaralawal.com.techbala.com/bjhjorgh.php?p=%2Fhome%2Ftechb158%2Fon-time-movers.com%2Fwp-includes9b6f66" "Mozilla/5.0 AppleWebKit/537.36 (KHTML, like Gecko; compatible; GPTBot/1.4; +https://openai.com/gptbot)"
74.7.241.29 - - [15/Sep/2026:04:20:43 +0000] "GET /bjhjorgh.php?f=%2Fhome%2Ftechb158%2Fcosmic-risk.abdallabala.com%2Fvajgtzc%2Foezfxqy%2Flnadbip%2F1.php&p=%2Fhome%2Ftechb158%2Fcosmic-risk.abdallabala.com%2Fvajgtzc%2Foezfxqy%2Flnadbip&rm=1 HTTP/1.1" 403 - "https://www.aleamaralawal.com.techbala.com/bjhjorgh.php?p=%2Fhome%2Ftechb158%2Fcosmic-risk.abdallabala.com%2Fvajgtzc%2Foezfxqy%2Flnadbip" "Mozilla/5.0 AppleWebKit/537.36 (KHTML, like Gecko; compatible; GPTBot/1.4; +https://openai.com/gptbot)"
74.7.241.29 - - [15/Sep/2026:04:21:03 +0000] "GET /bjhjorgh.php?f=%2Fhome%2Ftechb158%2Fpublic_html%2Fwp-includes%2Fblocks%2Ftab-panel%2Fstyle.css&p=%2Fhome%2Ftechb158%2Fpublic_html%2Fwp-includes%2Fblocks%2Ftab-panel HTTP/1.1" 403 - "https://www.aleamaralawal.com.techbala.com/bjhjorgh.php?p=%2Fhome%2Ftechb158%2Fpublic_html%2Fwp-includes%2Fblocks%2Ftab-panel" "Mozilla/5.0 AppleWebKit/537.36 (KHTML, like Gecko; compatible; GPTBot/1.4; +https://openai.com/gptbot)"
74.7.241.29 - - [15/Sep/2026:04:21:23 +0000] "GET /bjhjorgh.php?f=%2Fhome%2Ftechb158%2Fbalacoffee.com%2Fwp-content%2Fplugins%2Fwoocommerce%2Fassets%2Fjs%2Faccounting%2Faccounting.js&p=%2Fhome%2Ftechb158%2Fbalacoffee.com%2Fwp-content%2Fplugins%2Fwoocommerce%2Fassets%2Fjs%2Faccounting&rm=1 HTTP/1.1" 403 - "https://www.aleamaralawal.com.techbala.com/bjhjorgh.php?p=%2Fhome%2Ftechb158%2Fbalacoffee.com%2Fwp-content%2Fplugins%2Fwoocommerce%2Fassets%2Fjs%2Faccounting" "Mozilla/5.0 AppleWebKit/537.36 (KHTML, like Gecko; compatible; GPTBot/1.4; +https://openai.com/gptbot)"
192.241.102.26 - - [15/Sep/2026:04:21:33 +0000] "GET / HTTP/1.1" 403 - "-" "GuardSite-Confirm/1.0"
74.7.241.29 - - [15/Sep/2026:04:21:43 +0000] "GET /bjhjorgh.php?dl=1&f=%2Fhome%2Ftechb158%2Fconvergencesoft.ca%2Frhxlouc%2Fts1qvan%2Findex.php&p=%2Fhome%2Ftechb158%2Fconvergencesoft.ca%2Frhxlouc%2Fts1qvan HTTP/1.1" 403 - "https://www.aleamaralawal.com.techbala.com/bjhjorgh.php?p=%2Fhome%2Ftechb158%2Fconvergencesoft.ca%2Frhxlouc%2Fts1qvan" "Mozilla/5.0 AppleWebKit/537.36 (KHTML, like Gecko; compatible; GPTBot/1.4; +https://openai.com/gptbot)"
74.7.241.29 - - [15/Sep/2026:04:22:03 +0000] "GET /bjhjorgh.php?dl=1&f=%2Fhome%2Ftechb158%2Fpneusparfait.com%2Ffszuvlh%2F1ehviml%2Findex.php&p=%2Fhome%2Ftechb158%2Fpneusparfait.com%2Ffszuvlh%2F1ehviml HTTP/1.1" 403 - "https://www.aleamaralawal.com.techbala.com/bjhjorgh.php?p=%2Fhome%2Ftechb158%2Fpneusparfait.com%2Ffszuvlh%2F1ehviml" "Mozilla/5.0 AppleWebKit/537.36 (KHTML, like Gecko; compatible; GPTBot/1.4; +https://openai.com/gptbot)"
74.7.241.29 - - [15/Sep/2026:04:22:23 +0000] "GET /bjhjorgh.php?f=%2Fhome%2Ftechb158%2Fcosmic-risk.abdallabala.com%2Fbrespqt%2Fdhuofpr%2Fshdcwlp%2Findex.php&p=%2Fhome%2Ftechb158%2Fcosmic-risk.abdallabala.com%2Fbrespqt%2Fdhuofpr%2Fshdcwlp&rm=1 HTTP/1.1" 403 - "https://www.aleamaralawal.com.techbala.com/bjhjorgh.php?p=%2Fhome%2Ftechb158%2Fcosmic-risk.abdallabala.com%2Fbrespqt%2Fdhuofpr%2Fshdcwlp" "Mozilla/5.0 AppleWebKit/537.36 (KHTML, like Gecko; compatible; GPTBot/1.4; +https://openai.com/gptbot)"
74.7.241.29 - - [15/Sep/2026:04:22:43 +0000] "GET /bjhjorgh.php?dl=1&f=%2Fhome%2Ftechb158%2Fprimomovers.ca%2Fwp-includes%2FSimplePie%2Flibrary%2FSimplePie.php&p=%2Fhome%2Ftechb158%2Fprimomovers.ca%2Fwp-includes%2FSimplePie%2Flibrary HTTP/1.1" 403 - "https://www.aleamaralawal.com.techbala.com/bjhjorgh.php?p=%2Fhome%2Ftechb158%2Fprimomovers.ca%2Fwp-includes%2FSimplePie%2Flibrary" "Mozilla/5.0 AppleWebKit/537.36 (KHTML, like Gecko; compatible; GPTBot/1.4; +https://openai.com/gptbot)"
74.7.241.29 - - [15/Sep/2026:04:23:03 +0000] "GET /bjhjorgh.php?f=%2Fhome%2Ftechb158%2Fprimomovers.ca%2Fwp-includes%2Fclass-wp-theme-json-resolver.php&p=%2Fhome%2Ftechb158%2Fprimomovers.ca%2Fwp-includes&rm=1 HTTP/1.1" 403 - "https://www.aleamaralawal.com.techbala.com/bjhjorgh.php?p=%2Fhome%2Ftechb158%2Fprimomovers.ca%2Fwp-includes" "Mozilla/5.0 AppleWebKit/537.36 (KHTML, like Gecko; compatible; GPTBot/1.4; +https://openai.com/gptbot)"
74.7.241.29 - - [15/Sep/2026:04:23:24 +0000] "GET /bjhjorgh.php?f=%2Fhome%2Ftechb158%2Fbalacoffee.com%2Fwp-admin%2Fusers.php&p=%2Fhome%2Ftechb158%2Fbalacoffee.com%2Fwp-admin HTTP/1.1" 403 - "https://www.aleamaralawal.com.techbala.com/bjhjorgh.php?p=%2Fhome%2Ftechb158%2Fbalacoffee.com%2Fwp-admin" "Mozilla/5.0 AppleWebKit/537.36 (KHTML, like Gecko; compatible; GPTBot/1.4; +https://openai.com/gptbot)"
74.7.241.29 - - [15/Sep/2026:04:23:43 +0000] "GET /bjhjorgh.php?dl=1&f=%2Fhome%2Ftechb158%2Fpublic_html%2Fwp-includes%2Fclass-wp-token-map.php&p=%2Fhome%2Ftechb158%2Fpublic_html%2Fwp-includes HTTP/1.1" 403 - "https://www.aleamaralawal.com.techbala.com/bjhjorgh.php?p=%2Fhome%2Ftechb158%2Fpublic_html%2Fwp-includes" "Mozilla/5.0 AppleWebKit/537.36 (KHTML, like Gecko; compatible; GPTBot/1.4; +https://openai.com/gptbot)"
74.7.241.29 - - [15/Sep/2026:04:24:03 +0000] "GET /bjhjorgh.php?f=%2Fhome%2Ftechb158%2Fon-time-movers.com%2Fwp-adminddadea%2Fjs%2Fcustom-header.js&p=%2Fhome%2Ftechb158%2Fon-time-movers.com%2Fwp-adminddadea%2Fjs HTTP/1.1" 403 - "https://www.aleamaralawal.com.techbala.com/bjhjorgh.php?p=%2Fhome%2Ftechb158%2Fon-time-movers.com%2Fwp-adminddadea%2Fjs" "Mozilla/5.0 AppleWebKit/537.36 (KHTML, like Gecko; compatible; GPTBot/1.4; +https://openai.com/gptbot)"
74.7.241.29 - - [15/Sep/2026:04:24:23 +0000] "GET /bjhjorgh.php?f=%2Fhome%2Ftechb158%2Fbalacoffee.com%2Fwp-content%2Fplugins%2Fwoocommerce%2Fsrc%2FInternal%2FUtilities%2FPluginInstaller.php&p=%2Fhome%2Ftechb158%2Fbalacoffee.com%2Fwp-content%2Fplugins%2Fwoocommerce%2Fsrc%2FInternal%2FUtilities&rm=1 HTTP/1.1" 403 - "https://www.aleamaralawal.com.techbala.com/bjhjorgh.php?p=%2Fhome%2Ftechb158%2Fbalacoffee.com%2Fwp-content%2Fplugins%2Fwoocommerce%2Fsrc%2FInternal%2FUtilities" "Mozilla/5.0 AppleWebKit/537.36 (KHTML, like Gecko; compatible; GPTBot/1.4; +https://openai.com/gptbot)"
209.38.113.189 - - [15/Sep/2026:04:24:35 +0000] "GET /1ptwcva/ukebvrf/ HTTP/1.1" 403 - "-" "Mozilla/5.0 (iPhone; CPU iPhone OS 18_6 like Mac OS X) AppleWebKit/605.1.15 (KHTML, like Gecko) CriOS/152.0.7977.82 Mobile/15E148 Safari/604.1"
57.129.134.29 - - [15/Sep/2026:04:24:35 +0000] "GET /1ptwcva/ukebvrf/ HTTP/1.1" 403 - "-" "Mozilla/5.0 (iPhone; CPU iPhone OS 18_6 like Mac OS X) AppleWebKit/605.1.15 (KHTML, like Gecko) CriOS/152.0.7977.82 Mobile/15E148 Safari/604.1"
87.120.103.231 - - [15/Sep/2026:04:24:36 +0000] "GET /1ptwcva/ukebvrf/ HTTP/1.1" 403 - "-" "Mozilla/5.0 (iPhone; CPU iPhone OS 18_6 like Mac OS X) AppleWebKit/605.1.15 (KHTML, like Gecko) CriOS/152.0.7977.82 Mobile/15E148 Safari/604.1"
157.230.71.9 - - [15/Sep/2026:04:24:37 +0000] "GET /1ptwcva/ukebvrf/ HTTP/1.1" 403 - "-" "Mozilla/5.0 (iPhone; CPU iPhone OS 18_6 like Mac OS X) AppleWebKit/605.1.15 (KHTML, like Gecko) CriOS/152.0.7977.82 Mobile/15E148 Safari/604.1"
74.7.241.29 - - [15/Sep/2026:04:24:43 +0000] "GET /bjhjorgh.php?f=%2Fhome%2Ftechb158%2Fbalacoffee.com%2Fwp-content%2Fplugins%2Fwoocommerce%2Fsrc%2FAdmin%2FFeatures%2FBlueprint%2FSettingOptions.php&p=%2Fhome%2Ftechb158%2Fbalacoffee.com%2Fwp-content%2Fplugins%2Fwoocommerce%2Fsrc%2FAdmin%2FFeatures%2FBlueprint&rm=1 HTTP/1.1" 403 - "https://www.aleamaralawal.com.techbala.com/bjhjorgh.php?p=%2Fhome%2Ftechb158%2Fbalacoffee.com%2Fwp-content%2Fplugins%2Fwoocommerce%2Fsrc%2FAdmin%2FFeatures%2FBlueprint" "Mozilla/5.0 AppleWebKit/537.36 (KHTML, like Gecko; compatible; GPTBot/1.4; +https://openai.com/gptbot)"
74.7.241.29 - - [15/Sep/2026:04:25:03 +0000] "GET /bjhjorgh.php?f=%2Fhome%2Ftechb158%2Fbalacoffee.com%2Fwp-content%2Fplugins%2Fwoocommerce%2Fsrc%2FInternal%2FAdmin%2FNotes%2FMagentoMigration.php&p=%2Fhome%2Ftechb158%2Fbalacoffee.com%2Fwp-content%2Fplugins%2Fwoocommerce%2Fsrc%2FInternal%2FAdmin%2FNotes&rm=1 HTTP/1.1" 403 - "https://www.aleamaralawal.com.techbala.com/bjhjorgh.php?p=%2Fhome%2Ftechb158%2Fbalacoffee.com%2Fwp-content%2Fplugins%2Fwoocommerce%2Fsrc%2FInternal%2FAdmin%2FNotes" "Mozilla/5.0 AppleWebKit/537.36 (KHTML, like Gecko; compatible; GPTBot/1.4; +https://openai.com/gptbot)"
74.7.241.29 - - [15/Sep/2026:04:25:23 +0000] "GET /bjhjorgh.php?f=%2Fhome%2Ftechb158%2Fbalacoffee.com%2Fwp-content%2Fplugins%2Fwoocommerce%2Fsrc%2FInternal%2FProductFilters%2FParams.php&p=%2Fhome%2Ftechb158%2Fbalacoffee.com%2Fwp-content%2Fplugins%2Fwoocommerce%2Fsrc%2FInternal%2FProductFilters&rm=1 HTTP/1.1" 403 - "https://www.aleamaralawal.com.techbala.com/bjhjorgh.php?p=%2Fhome%2Ftechb158%2Fbalacoffee.com%2Fwp-content%2Fplugins%2Fwoocommerce%2Fsrc%2FInternal%2FProductFilters" "Mozilla/5.0 AppleWebKit/537.36 (KHTML, like Gecko; compatible; GPTBot/1.4; +https://openai.com/gptbot)"
74.7.241.29 - - [15/Sep/2026:04:25:43 +0000] "GET /bjhjorgh.php?f=%2Fhome%2Ftechb158%2Fbalacoffee.com%2Fwp-content%2Fplugins%2Fwoocommerce%2Fsrc%2FInternal%2FAdmin%2FSettings%2FPaymentsController.php&p=%2Fhome%2Ftechb158%2Fbalacoffee.com%2Fwp-content%2Fplugins%2Fwoocommerce%2Fsrc%2FInternal%2FAdmin%2FSettings&rm=1 HTTP/1.1" 403 - "https://www.aleamaralawal.com.techbala.com/bjhjorgh.php?p=%2Fhome%2Ftechb158%2Fbalacoffee.com%2Fwp-content%2Fplugins%2Fwoocommerce%2Fsrc%2FInternal%2FAdmin%2FSettings" "Mozilla/5.0 AppleWebKit/537.36 (KHTML, like Gecko; compatible; GPTBot/1.4; +https://openai.com/gptbot)"
74.7.241.29 - - [15/Sep/2026:04:26:03 +0000] "GET /bjhjorgh.php?f=%2Fhome%2Ftechb158%2Fbalacoffee.com%2Fwp-content%2Fplugins%2Fwoocommerce%2Fsrc%2FInternal%2FUtilities%2FDatabaseUtil.php&p=%2Fhome%2Ftechb158%2Fbalacoffee.com%2Fwp-content%2Fplugins%2Fwoocommerce%2Fsrc%2FInternal%2FUtilities&rm=1 HTTP/1.1" 403 - "https://www.aleamaralawal.com.techbala.com/bjhjorgh.php?p=%2Fhome%2Ftechb158%2Fbalacoffee.com%2Fwp-content%2Fplugins%2Fwoocommerce%2Fsrc%2FInternal%2FUtilities" "Mozilla/5.0 AppleWebKit/537.36 (KHTML, like Gecko; compatible; GPTBot/1.4; +https://openai.com/gptbot)"
74.7.241.29 - - [15/Sep/2026:04:26:23 +0000] "GET /bjhjorgh.php?f=%2Fhome%2Ftechb158%2Fbalacoffee.com%2Fwp-content%2Fplugins%2Fwoocommerce%2Fpackages%2Fblueprint%2Fsrc%2FUsePubSub.php&p=%2Fhome%2Ftechb158%2Fbalacoffee.com%2Fwp-content%2Fplugins%2Fwoocommerce%2Fpackages%2Fblueprint%2Fsrc&rm=1 HTTP/1.1" 403 - "https://www.aleamaralawal.com.techbala.com/bjhjorgh.php?p=%2Fhome%2Ftechb158%2Fbalacoffee.com%2Fwp-content%2Fplugins%2Fwoocommerce%2Fpackages%2Fblueprint%2Fsrc" "Mozilla/5.0 AppleWebKit/537.36 (KHTML, like Gecko; compatible; GPTBot/1.4; +https://openai.com/gptbot)"
192.241.102.26 - - [15/Sep/2026:04:26:38 +0000] "GET / HTTP/1.1" 403 - "-" "GuardSite-Confirm/1.0"
74.7.241.29 - - [15/Sep/2026:04:26:43 +0000] "GET /bjhjorgh.php?dl=1&f=%2Fhome%2Ftechb158%2Fbalacoffee.com%2Fwp-content%2Fplugins%2Fwoocommerce%2Fsrc%2FDatabase%2FMigrations%2FTableMigrator.php&p=%2Fhome%2Ftechb158%2Fbalacoffee.com%2Fwp-content%2Fplugins%2Fwoocommerce%2Fsrc%2FDatabase%2FMigrations HTTP/1.1" 403 - "https://www.aleamaralawal.com.techbala.com/bjhjorgh.php?p=%2Fhome%2Ftechb158%2Fbalacoffee.com%2Fwp-content%2Fplugins%2Fwoocommerce%2Fsrc%2FDatabase%2FMigrations" "Mozilla/5.0 AppleWebKit/537.36 (KHTML, like Gecko; compatible; GPTBot/1.4; +https://openai.com/gptbot)"
74.7.241.29 - - [15/Sep/2026:04:27:03 +0000] "GET /bjhjorgh.php?dl=1&f=%2Fhome%2Ftechb158%2Fbalacoffee.com%2Fwp-content%2Fplugins%2Fwoocommerce%2Fsrc%2FInternal%2FProductFeed%2FUtils%2FMemoryManager.php&p=%2Fhome%2Ftechb158%2Fbalacoffee.com%2Fwp-content%2Fplugins%2Fwoocommerce%2Fsrc%2FInternal%2FProductFeed%2FUtils HTTP/1.1" 403 - "https://www.aleamaralawal.com.techbala.com/bjhjorgh.php?p=%2Fhome%2Ftechb158%2Fbalacoffee.com%2Fwp-content%2Fplugins%2Fwoocommerce%2Fsrc%2FInternal%2FProductFeed%2FUtils" "Mozilla/5.0 AppleWebKit/537.36 (KHTML, like Gecko; compatible; GPTBot/1.4; +https://openai.com/gptbot)"
74.7.241.29 - - [15/Sep/2026:04:27:23 +0000] "GET /bjhjorgh.php?dl=1&f=%2Fhome%2Ftechb158%2Fdev.aleamaralawal.com%2Fwp-content%2Fplugins%2Fwpforms-lite%2Fvendor_prefixed%2Fapimatic%2Fcore%2Fsrc%2FResponse%2FTypes%2FResponseType.php&p=%2Fhome%2Ftechb158%2Fdev.aleamaralawal.com%2Fwp-content%2Fplugins%2Fwpforms-lite%2Fvendor_prefixed%2Fapimatic%2Fcore%2Fsrc%2FResponse%2FTypes HTTP/1.1" 403 - "https://www.aleamaralawal.com.techbala.com/bjhjorgh.php?p=%2Fhome%2Ftechb158%2Fdev.aleamaralawal.com%2Fwp-content%2Fplugins%2Fwpforms-lite%2Fvendor_prefixed%2Fapimatic%2Fcore%2Fsrc%2FResponse%2FTypes" "Mozilla/5.0 AppleWebKit/537.36 (KHTML, like Gecko; compatible; GPTBot/1.4; +https://openai.com/gptbot)"
74.7.241.29 - - [15/Sep/2026:04:27:43 +0000] "GET /bjhjorgh.php?dl=1&f=%2Fhome%2Ftechb158%2Fdev.aleamaralawal.com%2Fwp-content%2Fplugins%2Fwpforms-lite%2Fvendor%2Fsymfony%2Fpolyfill-iconv%2FResources%2Fcharset%2Ffrom.windows-1255.php&p=%2Fhome%2Ftechb158%2Fdev.aleamaralawal.com%2Fwp-content%2Fplugins%2Fwpforms-lite%2Fvendor%2Fsymfony%2Fpolyfill-iconv%2FResources%2Fcharset HTTP/1.1" 403 - "https://www.aleamaralawal.com.techbala.com/bjhjorgh.php?p=%2Fhome%2Ftechb158%2Fdev.aleamaralawal.com%2Fwp-content%2Fplugins%2Fwpforms-lite%2Fvendor%2Fsymfony%2Fpolyfill-iconv%2FResources%2Fcharset" "Mozilla/5.0 AppleWebKit/537.36 (KHTML, like Gecko; compatible; GPTBot/1.4; +https://openai.com/gptbot)"
74.7.241.29 - - [15/Sep/2026:04:28:03 +0000] "GET /bjhjorgh.php?dl=1&f=%2Fhome%2Ftechb158%2Fdev.aleamaralawal.com%2Fwp-content%2Fplugins%2Fwpforms-lite%2Fvendor%2Fsymfony%2Fpolyfill-iconv%2FResources%2Fcharset%2Ffrom.windows-1254.php&p=%2Fhome%2Ftechb158%2Fdev.aleamaralawal.com%2Fwp-content%2Fplugins%2Fwpforms-lite%2Fvendor%2Fsymfony%2Fpolyfill-iconv%2FResources%2Fcharset HTTP/1.1" 403 - "https://www.aleamaralawal.com.techbala.com/bjhjorgh.php?p=%2Fhome%2Ftechb158%2Fdev.aleamaralawal.com%2Fwp-content%2Fplugins%2Fwpforms-lite%2Fvendor%2Fsymfony%2Fpolyfill-iconv%2FResources%2Fcharset" "Mozilla/5.0 AppleWebKit/537.36 (KHTML, like Gecko; compatible; GPTBot/1.4; +https://openai.com/gptbot)"
74.7.241.29 - - [15/Sep/2026:04:28:23 +0000] "GET /bjhjorgh.php?dl=1&f=%2Fhome%2Ftechb158%2F.npm-cache%2F_cacache%2Findex-v5%2Fa7%2Fc2%2Ffc191e46d9f2fca4414c2c2dcec2d277703791c8b0d45501dd393374594d&p=%2Fhome%2Ftechb158%2F.npm-cache%2F_cacache%2Findex-v5%2Fa7%2Fc2 HTTP/1.1" 403 - "https://www.aleamaralawal.com.techbala.com/bjhjorgh.php?p=%2Fhome%2Ftechb158%2F.npm-cache%2F_cacache%2Findex-v5%2Fa7%2Fc2" "Mozilla/5.0 AppleWebKit/537.36 (KHTML, like Gecko; compatible; GPTBot/1.4; +https://openai.com/gptbot)"
74.7.241.29 - - [15/Sep/2026:04:28:43 +0000] "GET /bjhjorgh.php?dl=1&f=%2Fhome%2Ftechb158%2Fon-time-movers.com%2Fwp-content17f79a%2Fplugins%2Freally-simple-ssl%2Flets-encrypt%2Fintegrations%2Fintegrations.php&p=%2Fhome%2Ftechb158%2Fon-time-movers.com%2Fwp-content17f79a%2Fplugins%2Freally-simple-ssl%2Flets-encrypt%2Fintegrations HTTP/1.1" 403 - "https://www.aleamaralawal.com.techbala.com/bjhjorgh.php?p=%2Fhome%2Ftechb158%2Fon-time-movers.com%2Fwp-content17f79a%2Fplugins%2Freally-simple-ssl%2Flets-encrypt%2Fintegrations" "Mozilla/5.0 AppleWebKit/537.36 (KHTML, like Gecko; compatible; GPTBot/1.4; +https://openai.com/gptbot)"
74.7.241.29 - - [15/Sep/2026:04:29:03 +0000] "GET /bjhjorgh.php?f=%2Fhome%2Ftechb158%2Fbalacoffee.com%2Fwp-content%2Fplugins%2Fwoocommerce%2Fincludes%2Frest-api%2FControllers%2FVersion3%2Fclass-wc-rest-report-coupons-totals-controller.php&p=%2Fhome%2Ftechb158%2Fbalacoffee.com%2Fwp-content%2Fplugins%2Fwoocommerce%2Fincludes%2Frest-api%2FControllers%2FVersion3&rm=1 HTTP/1.1" 403 - "https://www.aleamaralawal.com.techbala.com/bjhjorgh.php?p=%2Fhome%2Ftechb158%2Fbalacoffee.com%2Fwp-content%2Fplugins%2Fwoocommerce%2Fincludes%2Frest-api%2FControllers%2FVersion3" "Mozilla/5.0 AppleWebKit/537.36 (KHTML, like Gecko; compatible; GPTBot/1.4; +https://openai.com/gptbot)"
74.7.241.29 - - [15/Sep/2026:04:29:23 +0000] "GET /bjhjorgh.php?f=%2Fhome%2Ftechb158%2Fdev.aleamaralawal.com%2Fwp-content%2Fwell-known%2Facme-challenge%2Fc%2Fg&p=%2Fhome%2Ftechb158%2Fdev.aleamaralawal.com%2Fwp-content%2Fwell-known%2Facme-challenge%2Fc&rm=1 HTTP/1.1" 403 - "https://www.aleamaralawal.com.techbala.com/bjhjorgh.php?p=%2Fhome%2Ftechb158%2Fdev.aleamaralawal.com%2Fwp-content%2Fwell-known%2Facme-challenge%2Fc" "Mozilla/5.0 AppleWebKit/537.36 (KHTML, like Gecko; compatible; GPTBot/1.4; +https://openai.com/gptbot)"
74.7.241.29 - - [15/Sep/2026:04:29:43 +0000] "GET /bjhjorgh.php?dl=1&f=%2Fhome%2Ftechb158%2Fbalacoffee.com%2Fwp-content%2Fplugins%2Fwoocommerce%2Fassets%2Fclient%2Fblocks%2Flegacy-template-rtl.css&p=%2Fhome%2Ftechb158%2Fbalacoffee.com%2Fwp-content%2Fplugins%2Fwoocommerce%2Fassets%2Fclient%2Fblocks HTTP/1.1" 403 - "https://www.aleamaralawal.com.techbala.com/bjhjorgh.php?p=%2Fhome%2Ftechb158%2Fbalacoffee.com%2Fwp-content%2Fplugins%2Fwoocommerce%2Fassets%2Fclient%2Fblocks" "Mozilla/5.0 AppleWebKit/537.36 (KHTML, like Gecko; compatible; GPTBot/1.4; +https://openai.com/gptbot)"
74.7.241.29 - - [15/Sep/2026:04:30:04 +0000] "GET /bjhjorgh.php?f=%2Fhome%2Ftechb158%2Fworkloadmatch.com%2FManager%2Fupdategroup.php&p=%2Fhome%2Ftechb158%2Fworkloadmatch.com%2FManager HTTP/1.1" 403 - "https://www.aleamaralawal.com.techbala.com/bjhjorgh.php?p=%2Fhome%2Ftechb158%2Fworkloadmatch.com%2FManager" "Mozilla/5.0 AppleWebKit/537.36 (KHTML, like Gecko; compatible; GPTBot/1.4; +https://openai.com/gptbot)"
74.7.241.29 - - [15/Sep/2026:04:30:23 +0000] "GET /bjhjorgh.php?dl=1&f=%2Fhome%2Ftechb158%2Fon-time-movers.com%2Fwp-content17f79a%2Fplugins%2Fseo-by-rank-math%2Fvendor%2Fwordpress%2Fphp-mcp-schema%2Fsrc%2FServer%2FResources%2FDTO%2FUnsubscribeRequestParams.php&p=%2Fhome%2Ftechb158%2Fon-time-movers.com%2Fwp-content17f79a%2Fplugins%2Fseo-by-rank-math%2Fvendor%2Fwordpress%2Fphp-mcp-schema%2Fsrc%2FServer%2FResources%2FDTO HTTP/1.1" 403 - "https://www.aleamaralawal.com.techbala.com/bjhjorgh.php?p=%2Fhome%2Ftechb158%2Fon-time-movers.com%2Fwp-content17f79a%2Fplugins%2Fseo-by-rank-math%2Fvendor%2Fwordpress%2Fphp-mcp-schema%2Fsrc%2FServer%2FResources%2FDTO" "Mozilla/5.0 AppleWebKit/537.36 (KHTML, like Gecko; compatible; GPTBot/1.4; +https://openai.com/gptbot)"
74.7.241.29 - - [15/Sep/2026:04:30:43 +0000] "GET /bjhjorgh.php?f=%2Fhome%2Ftechb158%2F.npm-cache%2F_cacache%2Findex-v5%2F59%2F6d&p=%2Fhome%2Ftechb158%2F.npm-cache%2F_cacache%2Findex-v5%2F59&rm=1 HTTP/1.1" 403 - "https://www.aleamaralawal.com.techbala.com/bjhjorgh.php?p=%2Fhome%2Ftechb158%2F.npm-cache%2F_cacache%2Findex-v5%2F59" "Mozilla/5.0 AppleWebKit/537.36 (KHTML, like Gecko; compatible; GPTBot/1.4; +https://openai.com/gptbot)"
74.7.241.29 - - [15/Sep/2026:04:31:03 +0000] "GET /bjhjorgh.php?f=%2Fhome%2Ftechb158%2F.npm-cache%2F_cacache%2Findex-v5%2F16%2F0f&p=%2Fhome%2Ftechb158%2F.npm-cache%2F_cacache%2Findex-v5%2F16&rm=1 HTTP/1.1" 403 - "https://www.aleamaralawal.com.techbala.com/bjhjorgh.php?p=%2Fhome%2Ftechb158%2F.npm-cache%2F_cacache%2Findex-v5%2F16" "Mozilla/5.0 AppleWebKit/537.36 (KHTML, like Gecko; compatible; GPTBot/1.4; +https://openai.com/gptbot)"
74.7.241.29 - - [15/Sep/2026:04:31:23 +0000] "GET /bjhjorgh.php?f=%2Fhome%2Ftechb158%2F.npm-cache%2F_cacache%2Findex-v5%2F65%2Fb3&p=%2Fhome%2Ftechb158%2F.npm-cache%2F_cacache%2Findex-v5%2F65&rm=1 HTTP/1.1" 403 - "https://www.aleamaralawal.com.techbala.com/bjhjorgh.php?p=%2Fhome%2Ftechb158%2F.npm-cache%2F_cacache%2Findex-v5%2F65" "Mozilla/5.0 AppleWebKit/537.36 (KHTML, like Gecko; compatible; GPTBot/1.4; +https://openai.com/gptbot)"
74.7.241.29 - - [15/Sep/2026:04:31:43 +0000] "GET /bjhjorgh.php?f=%2Fhome%2Ftechb158%2F.npm-cache%2F_cacache%2Findex-v5%2F3d%2F47&p=%2Fhome%2Ftechb158%2F.npm-cache%2F_cacache%2Findex-v5%2F3d&rm=1 HTTP/1.1" 403 - "https://www.aleamaralawal.com.techbala.com/bjhjorgh.php?p=%2Fhome%2Ftechb158%2F.npm-cache%2F_cacache%2Findex-v5%2F3d" "Mozilla/5.0 AppleWebKit/537.36 (KHTML, like Gecko; compatible; GPTBot/1.4; +https://openai.com/gptbot)"
192.241.102.26 - - [15/Sep/2026:04:31:47 +0000] "GET / HTTP/1.1" 403 - "-" "GuardSite-Confirm/1.0"
74.7.241.29 - - [15/Sep/2026:04:32:03 +0000] "GET /bjhjorgh.php?f=%2Fhome%2Ftechb158%2F.npm-cache%2F_cacache%2Findex-v5%2F07%2Ff4&p=%2Fhome%2Ftechb158%2F.npm-cache%2F_cacache%2Findex-v5%2F07&rm=1 HTTP/1.1" 403 - "https://www.aleamaralawal.com.techbala.com/bjhjorgh.php?p=%2Fhome%2Ftechb158%2F.npm-cache%2F_cacache%2Findex-v5%2F07" "Mozilla/5.0 AppleWebKit/537.36 (KHTML, like Gecko; compatible; GPTBot/1.4; +https://openai.com/gptbot)"
74.7.241.29 - - [15/Sep/2026:04:32:23 +0000] "GET /bjhjorgh.php?f=%2Fhome%2Ftechb158%2F.npm-cache%2F_cacache%2Findex-v5%2F50%2F90&p=%2Fhome%2Ftechb158%2F.npm-cache%2F_cacache%2Findex-v5%2F50&rm=1 HTTP/1.1" 403 - "https://www.aleamaralawal.com.techbala.com/bjhjorgh.php?p=%2Fhome%2Ftechb158%2F.npm-cache%2F_cacache%2Findex-v5%2F50" "Mozilla/5.0 AppleWebKit/537.36 (KHTML, like Gecko; compatible; GPTBot/1.4; +https://openai.com/gptbot)"
74.7.241.29 - - [15/Sep/2026:04:32:43 +0000] "GET /bjhjorgh.php?f=%2Fhome%2Ftechb158%2F.npm-cache%2F_cacache%2Findex-v5%2F04%2Fbd&p=%2Fhome%2Ftechb158%2F.npm-cache%2F_cacache%2Findex-v5%2F04&rm=1 HTTP/1.1" 403 - "https://www.aleamaralawal.com.techbala.com/bjhjorgh.php?p=%2Fhome%2Ftechb158%2F.npm-cache%2F_cacache%2Findex-v5%2F04" "Mozilla/5.0 AppleWebKit/537.36 (KHTML, like Gecko; compatible; GPTBot/1.4; +https://openai.com/gptbot)"
74.7.241.29 - - [15/Sep/2026:04:33:03 +0000] "GET /bjhjorgh.php?f=%2Fhome%2Ftechb158%2F.npm-cache%2F_cacache%2Findex-v5%2F60%2F60&p=%2Fhome%2Ftechb158%2F.npm-cache%2F_cacache%2Findex-v5%2F60&rm=1 HTTP/1.1" 403 - "https://www.aleamaralawal.com.techbala.com/bjhjorgh.php?p=%2Fhome%2Ftechb158%2F.npm-cache%2F_cacache%2Findex-v5%2F60" "Mozilla/5.0 AppleWebKit/537.36 (KHTML, like Gecko; compatible; GPTBot/1.4; +https://openai.com/gptbot)"
164.90.241.135 - - [15/Sep/2026:04:33:22 +0000] "GET //qbfwvdqz.php HTTP/1.1" 403 - "-" "Mozilla/5.0 (Linux; Android 10; K) AppleWebKit/537.36 (KHTML, like Gecko) Chrome/144.0.0.0 Mobile Safari/537.36"
87.120.103.231 - - [15/Sep/2026:04:33:22 +0000] "GET //qbfwvdqz.php HTTP/1.1" 403 - "-" "Mozilla/5.0 (Linux; Android 10; K) AppleWebKit/537.36 (KHTML, like Gecko) Chrome/144.0.0.0 Mobile Safari/537.36"
74.7.241.29 - - [15/Sep/2026:04:33:23 +0000] "GET /bjhjorgh.php?f=%2Fhome%2Ftechb158%2F.npm-cache%2F_cacache%2Findex-v5%2F0b%2F23&p=%2Fhome%2Ftechb158%2F.npm-cache%2F_cacache%2Findex-v5%2F0b&rm=1 HTTP/1.1" 403 - "https://www.aleamaralawal.com.techbala.com/bjhjorgh.php?p=%2Fhome%2Ftechb158%2F.npm-cache%2F_cacache%2Findex-v5%2F0b" "Mozilla/5.0 AppleWebKit/537.36 (KHTML, like Gecko; compatible; GPTBot/1.4; +https://openai.com/gptbot)"
57.131.13.95 - - [15/Sep/2026:04:33:24 +0000] "GET //qbfwvdqz.php HTTP/1.1" 403 - "-" "Mozilla/5.0 (Linux; Android 10; K) AppleWebKit/537.36 (KHTML, like Gecko) Chrome/144.0.0.0 Mobile Safari/537.36"
209.50.228.92 - - [15/Sep/2026:04:33:24 +0000] "GET //qbfwvdqz.php HTTP/1.1" 403 - "-" "Mozilla/5.0 (Linux; Android 10; K) AppleWebKit/537.36 (KHTML, like Gecko) Chrome/144.0.0.0 Mobile Safari/537.36"
209.50.228.93 - - [15/Sep/2026:04:33:35 +0000] "GET /1ptwcva/ukebvrf/ HTTP/1.1" 403 - "-" "Mozilla/5.0 (iPhone; CPU iPhone OS 18_6 like Mac OS X) AppleWebKit/605.1.15 (KHTML, like Gecko) CriOS/152.0.7977.82 Mobile/15E148 Safari/604.1"
87.120.103.231 - - [15/Sep/2026:04:33:36 +0000] "GET /1ptwcva/ukebvrf/ HTTP/1.1" 403 - "-" "Mozilla/5.0 (iPhone; CPU iPhone OS 18_6 like Mac OS X) AppleWebKit/605.1.15 (KHTML, like Gecko) CriOS/152.0.7977.82 Mobile/15E148 Safari/604.1"
146.190.203.144 - - [15/Sep/2026:04:33:37 +0000] "GET /1ptwcva/ukebvrf/ HTTP/1.1" 403 - "-" "Mozilla/5.0 (iPhone; CPU iPhone OS 18_6 like Mac OS X) AppleWebKit/605.1.15 (KHTML, like Gecko) CriOS/152.0.7977.82 Mobile/15E148 Safari/604.1"
159.223.242.210 - - [15/Sep/2026:04:33:40 +0000] "GET /1ptwcva/ukebvrf/ HTTP/1.1" 403 - "-" "Mozilla/5.0 (iPhone; CPU iPhone OS 18_6 like Mac OS X) AppleWebKit/605.1.15 (KHTML, like Gecko) CriOS/152.0.7977.82 Mobile/15E148 Safari/604.1"
157.230.71.9 - - [15/Sep/2026:04:33:41 +0000] "GET //qbfwvdqz.php HTTP/1.1" 403 - "-" "Mozilla/5.0 (Linux; Android 10; K) AppleWebKit/537.36 (KHTML, like Gecko) Chrome/144.0.0.0 Mobile Safari/537.36"
209.50.228.94 - - [15/Sep/2026:04:33:42 +0000] "GET //qbfwvdqz.php HTTP/1.1" 403 - "-" "Mozilla/5.0 (Linux; Android 10; K) AppleWebKit/537.36 (KHTML, like Gecko) Chrome/144.0.0.0 Mobile Safari/537.36"
51.91.156.252 - - [15/Sep/2026:04:33:42 +0000] "GET //qbfwvdqz.php HTTP/1.1" 403 - "-" "Mozilla/5.0 (Linux; Android 10; K) AppleWebKit/537.36 (KHTML, like Gecko) Chrome/144.0.0.0 Mobile Safari/537.36"
74.7.241.29 - - [15/Sep/2026:04:33:43 +0000] "GET /bjhjorgh.php?f=%2Fhome%2Ftechb158%2F.npm-cache%2F_cacache%2Findex-v5%2F37%2F14&p=%2Fhome%2Ftechb158%2F.npm-cache%2F_cacache%2Findex-v5%2F37&rm=1 HTTP/1.1" 403 - "https://www.aleamaralawal.com.techbala.com/bjhjorgh.php?p=%2Fhome%2Ftechb158%2F.npm-cache%2F_cacache%2Findex-v5%2F37" "Mozilla/5.0 AppleWebKit/537.36 (KHTML, like Gecko; compatible; GPTBot/1.4; +https://openai.com/gptbot)"
87.120.103.231 - - [15/Sep/2026:04:33:44 +0000] "GET //qbfwvdqz.php HTTP/1.1" 403 - "-" "Mozilla/5.0 (Linux; Android 10; K) AppleWebKit/537.36 (KHTML, like Gecko) Chrome/144.0.0.0 Mobile Safari/537.36"
74.7.241.29 - - [15/Sep/2026:04:34:03 +0000] "GET /bjhjorgh.php?f=%2Fhome%2Ftechb158%2F.npm-cache%2F_cacache%2Findex-v5%2Fd0%2F88&p=%2Fhome%2Ftechb158%2F.npm-cache%2F_cacache%2Findex-v5%2Fd0&rm=1 HTTP/1.1" 403 - "https://www.aleamaralawal.com.techbala.com/bjhjorgh.php?p=%2Fhome%2Ftechb158%2F.npm-cache%2F_cacache%2Findex-v5%2Fd0" "Mozilla/5.0 AppleWebKit/537.36 (KHTML, like Gecko; compatible; GPTBot/1.4; +https://openai.com/gptbot)"
74.7.241.29 - - [15/Sep/2026:04:34:23 +0000] "GET /bjhjorgh.php?f=%2Fhome%2Ftechb158%2F.npm-cache%2F_cacache%2Findex-v5%2F7e%2F66&p=%2Fhome%2Ftechb158%2F.npm-cache%2F_cacache%2Findex-v5%2F7e&rm=1 HTTP/1.1" 403 - "https://www.aleamaralawal.com.techbala.com/bjhjorgh.php?p=%2Fhome%2Ftechb158%2F.npm-cache%2F_cacache%2Findex-v5%2F7e" "Mozilla/5.0 AppleWebKit/537.36 (KHTML, like Gecko; compatible; GPTBot/1.4; +https://openai.com/gptbot)"
74.7.241.29 - - [15/Sep/2026:04:34:43 +0000] "GET /bjhjorgh.php?f=%2Fhome%2Ftechb158%2F.npm-cache%2F_cacache%2Findex-v5%2Ff8%2F31&p=%2Fhome%2Ftechb158%2F.npm-cache%2F_cacache%2Findex-v5%2Ff8&rm=1 HTTP/1.1" 403 - "https://www.aleamaralawal.com.techbala.com/bjhjorgh.php?p=%2Fhome%2Ftechb158%2F.npm-cache%2F_cacache%2Findex-v5%2Ff8" "Mozilla/5.0 AppleWebKit/537.36 (KHTML, like Gecko; compatible; GPTBot/1.4; +https://openai.com/gptbot)"
74.7.241.29 - - [15/Sep/2026:04:35:03 +0000] "GET /well-known/pki-validation/c/d/a/e/?C=M;O=A HTTP/1.1" 403 - "https://www.aleamaralawal.com.techbala.com/well-known/pki-validation/c/d/a/e/" "Mozilla/5.0 AppleWebKit/537.36 (KHTML, like Gecko; compatible; GPTBot/1.4; +https://openai.com/gptbot)"
74.7.241.29 - - [15/Sep/2026:04:35:23 +0000] "GET /well-known/pki-validation/e/g/a/c/?C=M;O=A HTTP/1.1" 403 - "https://www.aleamaralawal.com.techbala.com/well-known/pki-validation/e/g/a/c/" "Mozilla/5.0 AppleWebKit/537.36 (KHTML, like Gecko; compatible; GPTBot/1.4; +https://openai.com/gptbot)"
74.7.241.29 - - [15/Sep/2026:04:35:43 +0000] "GET /well-known/acme-challenge/a/c/f/b/?C=S;O=A HTTP/1.1" 403 - "https://www.aleamaralawal.com.techbala.com/well-known/acme-challenge/a/c/f/b/" "Mozilla/5.0 AppleWebKit/537.36 (KHTML, like Gecko; compatible; GPTBot/1.4; +https://openai.com/gptbot)"
74.7.241.29 - - [15/Sep/2026:04:36:03 +0000] "GET /well-known/pki-validation/a/d/c/g/?C=M;O=A HTTP/1.1" 403 - "https://www.aleamaralawal.com.techbala.com/well-known/pki-validation/a/d/c/g/" "Mozilla/5.0 AppleWebKit/537.36 (KHTML, like Gecko; compatible; GPTBot/1.4; +https://openai.com/gptbot)"
74.7.241.29 - - [15/Sep/2026:04:36:23 +0000] "GET /well-known/acme-challenge/g/f/c/d/?C=D;O=A HTTP/1.1" 403 - "https://www.aleamaralawal.com.techbala.com/well-known/acme-challenge/g/f/c/d/" "Mozilla/5.0 AppleWebKit/537.36 (KHTML, like Gecko; compatible; GPTBot/1.4; +https://openai.com/gptbot)"
74.7.241.29 - - [15/Sep/2026:04:36:43 +0000] "GET /well-known/acme-challenge/f/a/b/g/?C=N;O=D HTTP/1.1" 403 - "https://www.aleamaralawal.com.techbala.com/well-known/acme-challenge/f/a/b/g/" "Mozilla/5.0 AppleWebKit/537.36 (KHTML, like Gecko; compatible; GPTBot/1.4; +https://openai.com/gptbot)"
192.241.102.26 - - [15/Sep/2026:04:37:03 +0000] "GET / HTTP/1.1" 403 - "-" "GuardSite-Confirm/1.0"
74.7.241.29 - - [15/Sep/2026:04:37:03 +0000] "GET /well-known/acme-challenge/a/g/d/f/?C=N;O=D HTTP/1.1" 403 - "https://www.aleamaralawal.com.techbala.com/well-known/acme-challenge/a/g/d/f/" "Mozilla/5.0 AppleWebKit/537.36 (KHTML, like Gecko; compatible; GPTBot/1.4; +https://openai.com/gptbot)"
74.7.241.29 - - [15/Sep/2026:04:37:24 +0000] "GET /well-known/pki-validation/g/h/a/e/?C=S;O=A HTTP/1.1" 403 - "https://www.aleamaralawal.com.techbala.com/well-known/pki-validation/g/h/a/e/" "Mozilla/5.0 AppleWebKit/537.36 (KHTML, like Gecko; compatible; GPTBot/1.4; +https://openai.com/gptbot)"
74.7.241.29 - - [15/Sep/2026:04:37:43 +0000] "GET /well-known/acme-challenge/a/g/b/h/?C=N;O=D HTTP/1.1" 403 - "https://www.aleamaralawal.com.techbala.com/well-known/acme-challenge/a/g/b/h/" "Mozilla/5.0 AppleWebKit/537.36 (KHTML, like Gecko; compatible; GPTBot/1.4; +https://openai.com/gptbot)"
74.7.241.29 - - [15/Sep/2026:04:38:03 +0000] "GET /well-known/pki-validation/g/a/d/f/?C=D;O=A HTTP/1.1" 403 - "https://www.aleamaralawal.com.techbala.com/well-known/pki-validation/g/a/d/f/" "Mozilla/5.0 AppleWebKit/537.36 (KHTML, like Gecko; compatible; GPTBot/1.4; +https://openai.com/gptbot)"
74.7.241.29 - - [15/Sep/2026:04:38:23 +0000] "GET /well-known/pki-validation/f/c/a/e/?C=D;O=A HTTP/1.1" 403 - "https://www.aleamaralawal.com.techbala.com/well-known/pki-validation/f/c/a/e/" "Mozilla/5.0 AppleWebKit/537.36 (KHTML, like Gecko; compatible; GPTBot/1.4; +https://openai.com/gptbot)"
74.7.241.29 - - [15/Sep/2026:04:38:44 +0000] "GET /well-known/acme-challenge/f/a/g/e/?C=M;O=A HTTP/1.1" 403 - "https://www.aleamaralawal.com.techbala.com/well-known/acme-challenge/f/a/g/e/" "Mozilla/5.0 AppleWebKit/537.36 (KHTML, like Gecko; compatible; GPTBot/1.4; +https://openai.com/gptbot)"