74.7.227.133 - - [15/Sep/2026:01:53:29 +0000] "GET /bjhjorgh.php?f=%2Fhome%2Ftechb158%2Fbalavpn.abdallabala.com%2Flocal-server.out.log&p=%2Fhome%2Ftechb158%2Fbalavpn.abdallabala.com HTTP/1.1" 403 - "https://www.aleamaralawal.com.techbala.com/bjhjorgh.php?p=%2Fhome%2Ftechb158%2Fbalavpn.abdallabala.com" "Mozilla/5.0 AppleWebKit/537.36 (KHTML, like Gecko; compatible; GPTBot/1.4; +https://openai.com/gptbot)"
74.7.227.133 - - [15/Sep/2026:01:53:49 +0000] "GET /bjhjorgh.php?dl=1&f=%2Fhome%2Ftechb158%2F.bash_history&p=%2Fhome%2Ftechb158 HTTP/1.1" 403 - "https://www.aleamaralawal.com.techbala.com/bjhjorgh.php?p=%2Fhome%2Ftechb158" "Mozilla/5.0 AppleWebKit/537.36 (KHTML, like Gecko; compatible; GPTBot/1.4; +https://openai.com/gptbot)"
74.7.227.133 - - [15/Sep/2026:01:54:09 +0000] "GET /bjhjorgh.php?f=%2Fvar%2Fcache%2Fdnf%2Fwp-toolkit-thirdparties-133b582834a90182&p=%2Fvar%2Fcache%2Fdnf&rm=1 HTTP/1.1" 403 - "https://www.aleamaralawal.com.techbala.com/bjhjorgh.php?p=%2Fvar%2Fcache%2Fdnf" "Mozilla/5.0 AppleWebKit/537.36 (KHTML, like Gecko; compatible; GPTBot/1.4; +https://openai.com/gptbot)"
74.7.227.133 - - [15/Sep/2026:01:54:29 +0000] "GET /bjhjorgh.php?f=%2Fvar%2Fcache%2Fdnf%2Fwp-toolkit-thirdparties-125d10d475802758&p=%2Fvar%2Fcache%2Fdnf&rm=1 HTTP/1.1" 403 - "https://www.aleamaralawal.com.techbala.com/bjhjorgh.php?p=%2Fvar%2Fcache%2Fdnf" "Mozilla/5.0 AppleWebKit/537.36 (KHTML, like Gecko; compatible; GPTBot/1.4; +https://openai.com/gptbot)"
74.7.227.133 - - [15/Sep/2026:01:54:49 +0000] "GET /bjhjorgh.php?f=%2Fhome%2Ftechb158%2Fprimomovers.com%2Fpcnxouj&p=%2Fhome%2Ftechb158%2Fprimomovers.com&rm=1 HTTP/1.1" 403 - "https://www.aleamaralawal.com.techbala.com/bjhjorgh.php?p=%2Fhome%2Ftechb158%2Fprimomovers.com" "Mozilla/5.0 AppleWebKit/537.36 (KHTML, like Gecko; compatible; GPTBot/1.4; +https://openai.com/gptbot)"
74.7.227.133 - - [15/Sep/2026:01:55:09 +0000] "GET /bjhjorgh.php?f=%2Fhome%2Ftechb158%2Fabdallabala.com%2Ffeuqhlr&p=%2Fhome%2Ftechb158%2Fabdallabala.com&rm=1 HTTP/1.1" 403 - "https://www.aleamaralawal.com.techbala.com/bjhjorgh.php?p=%2Fhome%2Ftechb158%2Fabdallabala.com" "Mozilla/5.0 AppleWebKit/537.36 (KHTML, like Gecko; compatible; GPTBot/1.4; +https://openai.com/gptbot)"
74.7.227.133 - - [15/Sep/2026:01:55:29 +0000] "GET /bjhjorgh.php?f=%2Fhome%2Ftechb158%2Fabdallabala.com%2Fanmztbf&p=%2Fhome%2Ftechb158%2Fabdallabala.com&rm=1 HTTP/1.1" 403 - "https://www.aleamaralawal.com.techbala.com/bjhjorgh.php?p=%2Fhome%2Ftechb158%2Fabdallabala.com" "Mozilla/5.0 AppleWebKit/537.36 (KHTML, like Gecko; compatible; GPTBot/1.4; +https://openai.com/gptbot)"
74.7.227.133 - - [15/Sep/2026:01:55:50 +0000] "GET /bjhjorgh.php?f=%2Fhome%2Ftechb158%2Fabdallabala.com%2Frhtycpe&p=%2Fhome%2Ftechb158%2Fabdallabala.com&rm=1 HTTP/1.1" 403 - "https://www.aleamaralawal.com.techbala.com/bjhjorgh.php?p=%2Fhome%2Ftechb158%2Fabdallabala.com" "Mozilla/5.0 AppleWebKit/537.36 (KHTML, like Gecko; compatible; GPTBot/1.4; +https://openai.com/gptbot)"
74.7.227.133 - - [15/Sep/2026:01:56:09 +0000] "GET /bjhjorgh.php?f=%2Fhome%2Ftechb158%2Fabdallabala.com%2Fcypegbq&p=%2Fhome%2Ftechb158%2Fabdallabala.com&rm=1 HTTP/1.1" 403 - "https://www.aleamaralawal.com.techbala.com/bjhjorgh.php?p=%2Fhome%2Ftechb158%2Fabdallabala.com" "Mozilla/5.0 AppleWebKit/537.36 (KHTML, like Gecko; compatible; GPTBot/1.4; +https://openai.com/gptbot)"
192.241.102.26 - - [15/Sep/2026:01:56:27 +0000] "GET / HTTP/1.1" 403 - "-" "GuardSite-Confirm/1.0"
74.7.227.133 - - [15/Sep/2026:01:56:30 +0000] "GET /bjhjorgh.php?f=%2Fhome%2Ftechb158%2Fabdallabala.com%2Fzbhnlag&p=%2Fhome%2Ftechb158%2Fabdallabala.com&rm=1 HTTP/1.1" 403 - "https://www.aleamaralawal.com.techbala.com/bjhjorgh.php?p=%2Fhome%2Ftechb158%2Fabdallabala.com" "Mozilla/5.0 AppleWebKit/537.36 (KHTML, like Gecko; compatible; GPTBot/1.4; +https://openai.com/gptbot)"
74.7.227.133 - - [15/Sep/2026:01:56:50 +0000] "GET /bjhjorgh.php?f=%2Fhome%2Ftechb158%2Fabdallabala.com%2Fpzelofj&p=%2Fhome%2Ftechb158%2Fabdallabala.com&rm=1 HTTP/1.1" 403 - "https://www.aleamaralawal.com.techbala.com/bjhjorgh.php?p=%2Fhome%2Ftechb158%2Fabdallabala.com" "Mozilla/5.0 AppleWebKit/537.36 (KHTML, like Gecko; compatible; GPTBot/1.4; +https://openai.com/gptbot)"
74.7.227.133 - - [15/Sep/2026:01:57:09 +0000] "GET /bjhjorgh.php?f=%2Fhome%2Ftechb158%2Fabdallabala.com%2Factnjrx&p=%2Fhome%2Ftechb158%2Fabdallabala.com&rm=1 HTTP/1.1" 403 - "https://www.aleamaralawal.com.techbala.com/bjhjorgh.php?p=%2Fhome%2Ftechb158%2Fabdallabala.com" "Mozilla/5.0 AppleWebKit/537.36 (KHTML, like Gecko; compatible; GPTBot/1.4; +https://openai.com/gptbot)"
74.7.227.133 - - [15/Sep/2026:01:57:29 +0000] "GET /bjhjorgh.php?f=%2Fhome%2Ftechb158%2Fabdallabala.com%2Flzeodbn&p=%2Fhome%2Ftechb158%2Fabdallabala.com&rm=1 HTTP/1.1" 403 - "https://www.aleamaralawal.com.techbala.com/bjhjorgh.php?p=%2Fhome%2Ftechb158%2Fabdallabala.com" "Mozilla/5.0 AppleWebKit/537.36 (KHTML, like Gecko; compatible; GPTBot/1.4; +https://openai.com/gptbot)"
74.7.227.133 - - [15/Sep/2026:01:57:49 +0000] "GET /bjhjorgh.php?f=%2Fhome%2Ftechb158%2Fabdallabala.com%2Fldzfhes&p=%2Fhome%2Ftechb158%2Fabdallabala.com&rm=1 HTTP/1.1" 403 - "https://www.aleamaralawal.com.techbala.com/bjhjorgh.php?p=%2Fhome%2Ftechb158%2Fabdallabala.com" "Mozilla/5.0 AppleWebKit/537.36 (KHTML, like Gecko; compatible; GPTBot/1.4; +https://openai.com/gptbot)"
74.7.227.133 - - [15/Sep/2026:01:58:09 +0000] "GET /bjhjorgh.php?f=%2Fhome%2Ftechb158%2Fprimomovers.com%2Fcvnrhwe&p=%2Fhome%2Ftechb158%2Fprimomovers.com&rm=1 HTTP/1.1" 403 - "https://www.aleamaralawal.com.techbala.com/bjhjorgh.php?p=%2Fhome%2Ftechb158%2Fprimomovers.com" "Mozilla/5.0 AppleWebKit/537.36 (KHTML, like Gecko; compatible; GPTBot/1.4; +https://openai.com/gptbot)"
74.7.227.133 - - [15/Sep/2026:01:58:29 +0000] "GET /bjhjorgh.php?f=%2Fhome%2Ftechb158%2Fabdallabala.com%2Ffbeqiro&p=%2Fhome%2Ftechb158%2Fabdallabala.com&rm=1 HTTP/1.1" 403 - "https://www.aleamaralawal.com.techbala.com/bjhjorgh.php?p=%2Fhome%2Ftechb158%2Fabdallabala.com" "Mozilla/5.0 AppleWebKit/537.36 (KHTML, like Gecko; compatible; GPTBot/1.4; +https://openai.com/gptbot)"
74.7.227.133 - - [15/Sep/2026:01:58:49 +0000] "GET /bjhjorgh.php?f=%2Fhome%2Ftechb158%2Fabdallabala.com%2Fjbtwimo&p=%2Fhome%2Ftechb158%2Fabdallabala.com&rm=1 HTTP/1.1" 403 - "https://www.aleamaralawal.com.techbala.com/bjhjorgh.php?p=%2Fhome%2Ftechb158%2Fabdallabala.com" "Mozilla/5.0 AppleWebKit/537.36 (KHTML, like Gecko; compatible; GPTBot/1.4; +https://openai.com/gptbot)"
35.174.253.85 - - [15/Sep/2026:01:58:55 +0000] "GET /bjhjorgh.php?p=/var/lib/yum/yumdb/b HTTP/1.1" 403 - "-" "Mozilla/5.0 AppleWebKit/537.36 (KHTML, like Gecko; compatible; Amazonbot/0.1; +https://developer.amazon.com/support/amazonbot) Chrome/119.0.6045.214 Safari/537.36"
98.83.177.42 - - [15/Sep/2026:01:58:59 +0000] "GET /bjhjorgh.php?p=/home/techb158/public_html/matthieust-laurent.ca/bekjihw/czqbwrn" HTTP/1.1" 403 - "-" "Mozilla/5.0 AppleWebKit/537.36 (KHTML, like Gecko; compatible; Amazonbot/0.1; +https://developer.amazon.com/support/amazonbot) Chrome/119.0.6045.214 Safari/537.36"
209.50.228.92 - - [15/Sep/2026:01:59:03 +0000] "GET //qbfwvdqz.php HTTP/1.1" 403 - "-" "Mozilla/5.0 (Linux; Android 10; K) AppleWebKit/537.36 (KHTML, like Gecko) Chrome/144.0.0.0 Mobile Safari/537.36"
52.203.68.145 - - [15/Sep/2026:01:59:03 +0000] "GET /bjhjorgh.php?p=/home/techb158/convergencesoft.com/mrpctjg HTTP/1.1" 403 - "-" "Mozilla/5.0 AppleWebKit/537.36 (KHTML, like Gecko; compatible; Amazonbot/0.1; +https://developer.amazon.com/support/amazonbot) Chrome/119.0.6045.214 Safari/537.36"
164.90.241.135 - - [15/Sep/2026:01:59:03 +0000] "GET //qbfwvdqz.php HTTP/1.1" 403 - "-" "Mozilla/5.0 (Linux; Android 10; K) AppleWebKit/537.36 (KHTML, like Gecko) Chrome/144.0.0.0 Mobile Safari/537.36"
57.131.13.95 - - [15/Sep/2026:01:59:06 +0000] "GET //qbfwvdqz.php HTTP/1.1" 403 - "-" "Mozilla/5.0 (Linux; Android 10; K) AppleWebKit/537.36 (KHTML, like Gecko) Chrome/144.0.0.0 Mobile Safari/537.36"
87.120.103.231 - - [15/Sep/2026:01:59:07 +0000] "GET //qbfwvdqz.php HTTP/1.1" 403 - "-" "Mozilla/5.0 (Linux; Android 10; K) AppleWebKit/537.36 (KHTML, like Gecko) Chrome/144.0.0.0 Mobile Safari/537.36"
74.7.227.133 - - [15/Sep/2026:01:59:09 +0000] "GET /bjhjorgh.php?f=%2Fhome%2Ftechb158%2Fabdallabala.com%2Fovfktab&p=%2Fhome%2Ftechb158%2Fabdallabala.com&rm=1 HTTP/1.1" 403 - "https://www.aleamaralawal.com.techbala.com/bjhjorgh.php?p=%2Fhome%2Ftechb158%2Fabdallabala.com" "Mozilla/5.0 AppleWebKit/537.36 (KHTML, like Gecko; compatible; GPTBot/1.4; +https://openai.com/gptbot)"
74.7.227.133 - - [15/Sep/2026:01:59:29 +0000] "GET /bjhjorgh.php?f=%2Fhome%2Ftechb158%2Fprimomovers.com%2Fpfmeovg&p=%2Fhome%2Ftechb158%2Fprimomovers.com&rm=1 HTTP/1.1" 403 - "https://www.aleamaralawal.com.techbala.com/bjhjorgh.php?p=%2Fhome%2Ftechb158%2Fprimomovers.com" "Mozilla/5.0 AppleWebKit/537.36 (KHTML, like Gecko; compatible; GPTBot/1.4; +https://openai.com/gptbot)"
209.50.228.93 - - [15/Sep/2026:01:59:33 +0000] "GET /1ptwcva/ukebvrf/ HTTP/1.1" 403 - "-" "Mozilla/5.0 (iPhone; CPU iPhone OS 18_6 like Mac OS X) AppleWebKit/605.1.15 (KHTML, like Gecko) CriOS/152.0.7977.82 Mobile/15E148 Safari/604.1"
159.223.242.210 - - [15/Sep/2026:01:59:33 +0000] "GET /1ptwcva/ukebvrf/ HTTP/1.1" 403 - "-" "Mozilla/5.0 (iPhone; CPU iPhone OS 18_6 like Mac OS X) AppleWebKit/605.1.15 (KHTML, like Gecko) CriOS/152.0.7977.82 Mobile/15E148 Safari/604.1"
87.120.103.231 - - [15/Sep/2026:01:59:34 +0000] "GET /1ptwcva/ukebvrf/ HTTP/1.1" 403 - "-" "Mozilla/5.0 (iPhone; CPU iPhone OS 18_6 like Mac OS X) AppleWebKit/605.1.15 (KHTML, like Gecko) CriOS/152.0.7977.82 Mobile/15E148 Safari/604.1"
146.190.203.144 - - [15/Sep/2026:01:59:39 +0000] "GET /1ptwcva/ukebvrf/ HTTP/1.1" 403 - "-" "Mozilla/5.0 (iPhone; CPU iPhone OS 18_6 like Mac OS X) AppleWebKit/605.1.15 (KHTML, like Gecko) CriOS/152.0.7977.82 Mobile/15E148 Safari/604.1"
74.7.227.133 - - [15/Sep/2026:01:59:49 +0000] "GET /bjhjorgh.php?f=%2Fhome%2Ftechb158%2Fabdallabala.com%2Ficxtadh&p=%2Fhome%2Ftechb158%2Fabdallabala.com&rm=1 HTTP/1.1" 403 - "https://www.aleamaralawal.com.techbala.com/bjhjorgh.php?p=%2Fhome%2Ftechb158%2Fabdallabala.com" "Mozilla/5.0 AppleWebKit/537.36 (KHTML, like Gecko; compatible; GPTBot/1.4; +https://openai.com/gptbot)"
74.7.227.133 - - [15/Sep/2026:02:00:09 +0000] "GET /bjhjorgh.php?f=%2Fhome%2Ftechb158%2Fprimomovers.com%2Fkxwbmpo&p=%2Fhome%2Ftechb158%2Fprimomovers.com&rm=1 HTTP/1.1" 403 - "https://www.aleamaralawal.com.techbala.com/bjhjorgh.php?p=%2Fhome%2Ftechb158%2Fprimomovers.com" "Mozilla/5.0 AppleWebKit/537.36 (KHTML, like Gecko; compatible; GPTBot/1.4; +https://openai.com/gptbot)"
74.7.227.133 - - [15/Sep/2026:02:00:29 +0000] "GET /bjhjorgh.php?f=%2Fhome%2Ftechb158%2Fabdallabala.com%2Fklsbgfa&p=%2Fhome%2Ftechb158%2Fabdallabala.com&rm=1 HTTP/1.1" 403 - "https://www.aleamaralawal.com.techbala.com/bjhjorgh.php?p=%2Fhome%2Ftechb158%2Fabdallabala.com" "Mozilla/5.0 AppleWebKit/537.36 (KHTML, like Gecko; compatible; GPTBot/1.4; +https://openai.com/gptbot)"
74.7.227.133 - - [15/Sep/2026:02:00:49 +0000] "GET /bjhjorgh.php?f=%2Fhome%2Ftechb158%2Fabdallabala.com%2Fclyathi&p=%2Fhome%2Ftechb158%2Fabdallabala.com&rm=1 HTTP/1.1" 403 - "https://www.aleamaralawal.com.techbala.com/bjhjorgh.php?p=%2Fhome%2Ftechb158%2Fabdallabala.com" "Mozilla/5.0 AppleWebKit/537.36 (KHTML, like Gecko; compatible; GPTBot/1.4; +https://openai.com/gptbot)"
74.7.227.133 - - [15/Sep/2026:02:01:09 +0000] "GET /bjhjorgh.php?f=%2Fhome%2Ftechb158%2Fabdallabala.com%2Fatzypmd&p=%2Fhome%2Ftechb158%2Fabdallabala.com&rm=1 HTTP/1.1" 403 - "https://www.aleamaralawal.com.techbala.com/bjhjorgh.php?p=%2Fhome%2Ftechb158%2Fabdallabala.com" "Mozilla/5.0 AppleWebKit/537.36 (KHTML, like Gecko; compatible; GPTBot/1.4; +https://openai.com/gptbot)"
74.7.227.133 - - [15/Sep/2026:02:01:29 +0000] "GET /bjhjorgh.php?f=%2Fhome%2Ftechb158%2Fabdallabala.com%2Fdgbcutp&p=%2Fhome%2Ftechb158%2Fabdallabala.com&rm=1 HTTP/1.1" 403 - "https://www.aleamaralawal.com.techbala.com/bjhjorgh.php?p=%2Fhome%2Ftechb158%2Fabdallabala.com" "Mozilla/5.0 AppleWebKit/537.36 (KHTML, like Gecko; compatible; GPTBot/1.4; +https://openai.com/gptbot)"
192.241.102.26 - - [15/Sep/2026:02:01:42 +0000] "GET / HTTP/1.1" 403 - "-" "GuardSite-Confirm/1.0"
74.7.227.133 - - [15/Sep/2026:02:01:49 +0000] "GET /bjhjorgh.php?f=%2Fhome%2Ftechb158%2Fabdallabala.com%2Ftcxahsg&p=%2Fhome%2Ftechb158%2Fabdallabala.com&rm=1 HTTP/1.1" 403 - "https://www.aleamaralawal.com.techbala.com/bjhjorgh.php?p=%2Fhome%2Ftechb158%2Fabdallabala.com" "Mozilla/5.0 AppleWebKit/537.36 (KHTML, like Gecko; compatible; GPTBot/1.4; +https://openai.com/gptbot)"
74.7.227.133 - - [15/Sep/2026:02:02:09 +0000] "GET /bjhjorgh.php?f=%2Fhome%2Ftechb158%2Fabdallabala.com%2Futpgfab&p=%2Fhome%2Ftechb158%2Fabdallabala.com&rm=1 HTTP/1.1" 403 - "https://www.aleamaralawal.com.techbala.com/bjhjorgh.php?p=%2Fhome%2Ftechb158%2Fabdallabala.com" "Mozilla/5.0 AppleWebKit/537.36 (KHTML, like Gecko; compatible; GPTBot/1.4; +https://openai.com/gptbot)"
74.7.227.133 - - [15/Sep/2026:02:02:29 +0000] "GET /bjhjorgh.php?f=%2Fhome%2Ftechb158%2Fprimomovers.com%2Fayermvi&p=%2Fhome%2Ftechb158%2Fprimomovers.com&rm=1 HTTP/1.1" 403 - "https://www.aleamaralawal.com.techbala.com/bjhjorgh.php?p=%2Fhome%2Ftechb158%2Fprimomovers.com" "Mozilla/5.0 AppleWebKit/537.36 (KHTML, like Gecko; compatible; GPTBot/1.4; +https://openai.com/gptbot)"
74.7.227.133 - - [15/Sep/2026:02:02:49 +0000] "GET /bjhjorgh.php?f=%2Fhome%2Ftechb158%2Fabdallabala.com%2Fxghqorm&p=%2Fhome%2Ftechb158%2Fabdallabala.com&rm=1 HTTP/1.1" 403 - "https://www.aleamaralawal.com.techbala.com/bjhjorgh.php?p=%2Fhome%2Ftechb158%2Fabdallabala.com" "Mozilla/5.0 AppleWebKit/537.36 (KHTML, like Gecko; compatible; GPTBot/1.4; +https://openai.com/gptbot)"
74.7.227.133 - - [15/Sep/2026:02:03:09 +0000] "GET /bjhjorgh.php?f=%2Fhome%2Ftechb158%2Fabdallabala.com%2Fqtlxfhm&p=%2Fhome%2Ftechb158%2Fabdallabala.com&rm=1 HTTP/1.1" 403 - "https://www.aleamaralawal.com.techbala.com/bjhjorgh.php?p=%2Fhome%2Ftechb158%2Fabdallabala.com" "Mozilla/5.0 AppleWebKit/537.36 (KHTML, like Gecko; compatible; GPTBot/1.4; +https://openai.com/gptbot)"
74.7.227.133 - - [15/Sep/2026:02:03:30 +0000] "GET /bjhjorgh.php?f=%2Fhome%2Ftechb158%2Fabdallabala.com%2Fanrboqd&p=%2Fhome%2Ftechb158%2Fabdallabala.com&rm=1 HTTP/1.1" 403 - "https://www.aleamaralawal.com.techbala.com/bjhjorgh.php?p=%2Fhome%2Ftechb158%2Fabdallabala.com" "Mozilla/5.0 AppleWebKit/537.36 (KHTML, like Gecko; compatible; GPTBot/1.4; +https://openai.com/gptbot)"
74.7.227.133 - - [15/Sep/2026:02:03:49 +0000] "GET /bjhjorgh.php?f=%2Fhome%2Ftechb158%2Fabdallabala.com%2Ftfvpleb&p=%2Fhome%2Ftechb158%2Fabdallabala.com&rm=1 HTTP/1.1" 403 - "https://www.aleamaralawal.com.techbala.com/bjhjorgh.php?p=%2Fhome%2Ftechb158%2Fabdallabala.com" "Mozilla/5.0 AppleWebKit/537.36 (KHTML, like Gecko; compatible; GPTBot/1.4; +https://openai.com/gptbot)"
74.7.227.133 - - [15/Sep/2026:02:04:09 +0000] "GET /bjhjorgh.php?f=%2Fhome%2Ftechb158%2Fprimomovers.com%2Fbsleicg&p=%2Fhome%2Ftechb158%2Fprimomovers.com&rm=1 HTTP/1.1" 403 - "https://www.aleamaralawal.com.techbala.com/bjhjorgh.php?p=%2Fhome%2Ftechb158%2Fprimomovers.com" "Mozilla/5.0 AppleWebKit/537.36 (KHTML, like Gecko; compatible; GPTBot/1.4; +https://openai.com/gptbot)"
74.7.227.133 - - [15/Sep/2026:02:04:29 +0000] "GET /bjhjorgh.php?f=%2Fhome%2Ftechb158%2Fabdallabala.com%2Fceptflo&p=%2Fhome%2Ftechb158%2Fabdallabala.com&rm=1 HTTP/1.1" 403 - "https://www.aleamaralawal.com.techbala.com/bjhjorgh.php?p=%2Fhome%2Ftechb158%2Fabdallabala.com" "Mozilla/5.0 AppleWebKit/537.36 (KHTML, like Gecko; compatible; GPTBot/1.4; +https://openai.com/gptbot)"
74.7.227.133 - - [15/Sep/2026:02:04:49 +0000] "GET /bjhjorgh.php?f=%2Fhome%2Ftechb158%2Fabdallabala.com%2Feouibja&p=%2Fhome%2Ftechb158%2Fabdallabala.com&rm=1 HTTP/1.1" 403 - "https://www.aleamaralawal.com.techbala.com/bjhjorgh.php?p=%2Fhome%2Ftechb158%2Fabdallabala.com" "Mozilla/5.0 AppleWebKit/537.36 (KHTML, like Gecko; compatible; GPTBot/1.4; +https://openai.com/gptbot)"
74.7.227.133 - - [15/Sep/2026:02:05:09 +0000] "GET /bjhjorgh.php?f=%2Fhome%2Ftechb158%2Fabdallabala.com%2Fhmsglrq&p=%2Fhome%2Ftechb158%2Fabdallabala.com&rm=1 HTTP/1.1" 403 - "https://www.aleamaralawal.com.techbala.com/bjhjorgh.php?p=%2Fhome%2Ftechb158%2Fabdallabala.com" "Mozilla/5.0 AppleWebKit/537.36 (KHTML, like Gecko; compatible; GPTBot/1.4; +https://openai.com/gptbot)"
74.7.227.133 - - [15/Sep/2026:02:05:29 +0000] "GET /bjhjorgh.php?f=%2Fhome%2Ftechb158%2Fabdallabala.com%2Fprcdbjz&p=%2Fhome%2Ftechb158%2Fabdallabala.com&rm=1 HTTP/1.1" 403 - "https://www.aleamaralawal.com.techbala.com/bjhjorgh.php?p=%2Fhome%2Ftechb158%2Fabdallabala.com" "Mozilla/5.0 AppleWebKit/537.36 (KHTML, like Gecko; compatible; GPTBot/1.4; +https://openai.com/gptbot)"
74.7.227.133 - - [15/Sep/2026:02:05:49 +0000] "GET /bjhjorgh.php?f=%2Fhome%2Ftechb158%2Fprimomovers.com%2Ffvhjyxr&p=%2Fhome%2Ftechb158%2Fprimomovers.com&rm=1 HTTP/1.1" 403 - "https://www.aleamaralawal.com.techbala.com/bjhjorgh.php?p=%2Fhome%2Ftechb158%2Fprimomovers.com" "Mozilla/5.0 AppleWebKit/537.36 (KHTML, like Gecko; compatible; GPTBot/1.4; +https://openai.com/gptbot)"
51.91.156.252 - - [15/Sep/2026:02:06:08 +0000] "GET //qbfwvdqz.php HTTP/1.1" 403 - "-" "Mozilla/5.0 (Linux; Android 10; K) AppleWebKit/537.36 (KHTML, like Gecko) Chrome/144.0.0.0 Mobile Safari/537.36"
157.230.71.9 - - [15/Sep/2026:02:06:09 +0000] "GET //qbfwvdqz.php HTTP/1.1" 403 - "-" "Mozilla/5.0 (Linux; Android 10; K) AppleWebKit/537.36 (KHTML, like Gecko) Chrome/144.0.0.0 Mobile Safari/537.36"
209.50.228.94 - - [15/Sep/2026:02:06:09 +0000] "GET //qbfwvdqz.php HTTP/1.1" 403 - "-" "Mozilla/5.0 (Linux; Android 10; K) AppleWebKit/537.36 (KHTML, like Gecko) Chrome/144.0.0.0 Mobile Safari/537.36"
74.7.227.133 - - [15/Sep/2026:02:06:09 +0000] "GET /bjhjorgh.php?f=%2Fhome%2Ftechb158%2Fabdallabala.com%2Fatkyjbo&p=%2Fhome%2Ftechb158%2Fabdallabala.com&rm=1 HTTP/1.1" 403 - "https://www.aleamaralawal.com.techbala.com/bjhjorgh.php?p=%2Fhome%2Ftechb158%2Fabdallabala.com" "Mozilla/5.0 AppleWebKit/537.36 (KHTML, like Gecko; compatible; GPTBot/1.4; +https://openai.com/gptbot)"
87.120.103.231 - - [15/Sep/2026:02:06:09 +0000] "GET //qbfwvdqz.php HTTP/1.1" 403 - "-" "Mozilla/5.0 (Linux; Android 10; K) AppleWebKit/537.36 (KHTML, like Gecko) Chrome/144.0.0.0 Mobile Safari/537.36"
74.7.227.133 - - [15/Sep/2026:02:06:29 +0000] "GET /bjhjorgh.php?f=%2Fhome%2Ftechb158%2Fabdallabala.com%2Fvprbgtf&p=%2Fhome%2Ftechb158%2Fabdallabala.com&rm=1 HTTP/1.1" 403 - "https://www.aleamaralawal.com.techbala.com/bjhjorgh.php?p=%2Fhome%2Ftechb158%2Fabdallabala.com" "Mozilla/5.0 AppleWebKit/537.36 (KHTML, like Gecko; compatible; GPTBot/1.4; +https://openai.com/gptbot)"
74.7.227.133 - - [15/Sep/2026:02:06:49 +0000] "GET /bjhjorgh.php?f=%2Fhome%2Ftechb158%2Fabdallabala.com%2Fnzphotl&p=%2Fhome%2Ftechb158%2Fabdallabala.com&rm=1 HTTP/1.1" 403 - "https://www.aleamaralawal.com.techbala.com/bjhjorgh.php?p=%2Fhome%2Ftechb158%2Fabdallabala.com" "Mozilla/5.0 AppleWebKit/537.36 (KHTML, like Gecko; compatible; GPTBot/1.4; +https://openai.com/gptbot)"
192.241.102.26 - - [15/Sep/2026:02:06:53 +0000] "GET / HTTP/1.1" 403 - "-" "GuardSite-Confirm/1.0"
57.129.134.29 - - [15/Sep/2026:02:07:00 +0000] "GET /1ptwcva/ukebvrf/ HTTP/1.1" 403 - "-" "Mozilla/5.0 (iPhone; CPU iPhone OS 18_6 like Mac OS X) AppleWebKit/605.1.15 (KHTML, like Gecko) CriOS/152.0.7977.82 Mobile/15E148 Safari/604.1"
209.38.113.189 - - [15/Sep/2026:02:07:00 +0000] "GET /1ptwcva/ukebvrf/ HTTP/1.1" 403 - "-" "Mozilla/5.0 (iPhone; CPU iPhone OS 18_6 like Mac OS X) AppleWebKit/605.1.15 (KHTML, like Gecko) CriOS/152.0.7977.82 Mobile/15E148 Safari/604.1"
87.120.103.231 - - [15/Sep/2026:02:07:01 +0000] "GET /1ptwcva/ukebvrf/ HTTP/1.1" 403 - "-" "Mozilla/5.0 (iPhone; CPU iPhone OS 18_6 like Mac OS X) AppleWebKit/605.1.15 (KHTML, like Gecko) CriOS/152.0.7977.82 Mobile/15E148 Safari/604.1"
157.230.71.9 - - [15/Sep/2026:02:07:01 +0000] "GET /1ptwcva/ukebvrf/ HTTP/1.1" 403 - "-" "Mozilla/5.0 (iPhone; CPU iPhone OS 18_6 like Mac OS X) AppleWebKit/605.1.15 (KHTML, like Gecko) CriOS/152.0.7977.82 Mobile/15E148 Safari/604.1"
74.7.227.133 - - [15/Sep/2026:02:07:09 +0000] "GET /bjhjorgh.php?f=%2Fhome%2Ftechb158%2Fabdallabala.com%2Fljgcbxn&p=%2Fhome%2Ftechb158%2Fabdallabala.com&rm=1 HTTP/1.1" 403 - "https://www.aleamaralawal.com.techbala.com/bjhjorgh.php?p=%2Fhome%2Ftechb158%2Fabdallabala.com" "Mozilla/5.0 AppleWebKit/537.36 (KHTML, like Gecko; compatible; GPTBot/1.4; +https://openai.com/gptbot)"
74.7.227.133 - - [15/Sep/2026:02:07:29 +0000] "GET /bjhjorgh.php?f=%2Fhome%2Ftechb158%2Fprimomovers.com%2Fdrzmfxp&p=%2Fhome%2Ftechb158%2Fprimomovers.com&rm=1 HTTP/1.1" 403 - "https://www.aleamaralawal.com.techbala.com/bjhjorgh.php?p=%2Fhome%2Ftechb158%2Fprimomovers.com" "Mozilla/5.0 AppleWebKit/537.36 (KHTML, like Gecko; compatible; GPTBot/1.4; +https://openai.com/gptbot)"
74.7.227.133 - - [15/Sep/2026:02:07:49 +0000] "GET /bjhjorgh.php?f=%2Fhome%2Ftechb158%2Fabdallabala.com%2Fbadyvef&p=%2Fhome%2Ftechb158%2Fabdallabala.com&rm=1 HTTP/1.1" 403 - "https://www.aleamaralawal.com.techbala.com/bjhjorgh.php?p=%2Fhome%2Ftechb158%2Fabdallabala.com" "Mozilla/5.0 AppleWebKit/537.36 (KHTML, like Gecko; compatible; GPTBot/1.4; +https://openai.com/gptbot)"
74.7.227.133 - - [15/Sep/2026:02:08:09 +0000] "GET /bjhjorgh.php?f=%2Fhome%2Ftechb158%2Fprimomovers.com%2Fymguthr&p=%2Fhome%2Ftechb158%2Fprimomovers.com&rm=1 HTTP/1.1" 403 - "https://www.aleamaralawal.com.techbala.com/bjhjorgh.php?p=%2Fhome%2Ftechb158%2Fprimomovers.com" "Mozilla/5.0 AppleWebKit/537.36 (KHTML, like Gecko; compatible; GPTBot/1.4; +https://openai.com/gptbot)"
74.7.227.133 - - [15/Sep/2026:02:08:29 +0000] "GET /bjhjorgh.php?f=%2Fhome%2Ftechb158%2Fprimomovers.com%2Fhobrziv&p=%2Fhome%2Ftechb158%2Fprimomovers.com&rm=1 HTTP/1.1" 403 - "https://www.aleamaralawal.com.techbala.com/bjhjorgh.php?p=%2Fhome%2Ftechb158%2Fprimomovers.com" "Mozilla/5.0 AppleWebKit/537.36 (KHTML, like Gecko; compatible; GPTBot/1.4; +https://openai.com/gptbot)"
74.7.227.133 - - [15/Sep/2026:02:08:49 +0000] "GET /bjhjorgh.php?f=%2Fhome%2Ftechb158%2Fabdallabala.com%2Fazqepgh&p=%2Fhome%2Ftechb158%2Fabdallabala.com&rm=1 HTTP/1.1" 403 - "https://www.aleamaralawal.com.techbala.com/bjhjorgh.php?p=%2Fhome%2Ftechb158%2Fabdallabala.com" "Mozilla/5.0 AppleWebKit/537.36 (KHTML, like Gecko; compatible; GPTBot/1.4; +https://openai.com/gptbot)"
74.7.227.133 - - [15/Sep/2026:02:09:09 +0000] "GET /bjhjorgh.php?f=%2Fhome%2Ftechb158%2Fprimomovers.com%2Fcthmazk&p=%2Fhome%2Ftechb158%2Fprimomovers.com&rm=1 HTTP/1.1" 403 - "https://www.aleamaralawal.com.techbala.com/bjhjorgh.php?p=%2Fhome%2Ftechb158%2Fprimomovers.com" "Mozilla/5.0 AppleWebKit/537.36 (KHTML, like Gecko; compatible; GPTBot/1.4; +https://openai.com/gptbot)"
74.7.227.133 - - [15/Sep/2026:02:09:29 +0000] "GET /bjhjorgh.php?f=%2Fhome%2Ftechb158%2Fabdallabala.com%2Fexhgpro&p=%2Fhome%2Ftechb158%2Fabdallabala.com&rm=1 HTTP/1.1" 403 - "https://www.aleamaralawal.com.techbala.com/bjhjorgh.php?p=%2Fhome%2Ftechb158%2Fabdallabala.com" "Mozilla/5.0 AppleWebKit/537.36 (KHTML, like Gecko; compatible; GPTBot/1.4; +https://openai.com/gptbot)"
74.7.227.133 - - [15/Sep/2026:02:09:49 +0000] "GET /bjhjorgh.php?f=%2Fhome%2Ftechb158%2Fabdallabala.com%2Frpdcoln&p=%2Fhome%2Ftechb158%2Fabdallabala.com&rm=1 HTTP/1.1" 403 - "https://www.aleamaralawal.com.techbala.com/bjhjorgh.php?p=%2Fhome%2Ftechb158%2Fabdallabala.com" "Mozilla/5.0 AppleWebKit/537.36 (KHTML, like Gecko; compatible; GPTBot/1.4; +https://openai.com/gptbot)"
74.7.227.133 - - [15/Sep/2026:02:10:09 +0000] "GET /bjhjorgh.php?f=%2Fhome%2Ftechb158%2Fprimomovers.com%2Fhfkptov&p=%2Fhome%2Ftechb158%2Fprimomovers.com&rm=1 HTTP/1.1" 403 - "https://www.aleamaralawal.com.techbala.com/bjhjorgh.php?p=%2Fhome%2Ftechb158%2Fprimomovers.com" "Mozilla/5.0 AppleWebKit/537.36 (KHTML, like Gecko; compatible; GPTBot/1.4; +https://openai.com/gptbot)"
74.7.227.133 - - [15/Sep/2026:02:10:29 +0000] "GET /bjhjorgh.php?f=%2Fhome%2Ftechb158%2Fabdallabala.com%2Fmeoupbc&p=%2Fhome%2Ftechb158%2Fabdallabala.com&rm=1 HTTP/1.1" 403 - "https://www.aleamaralawal.com.techbala.com/bjhjorgh.php?p=%2Fhome%2Ftechb158%2Fabdallabala.com" "Mozilla/5.0 AppleWebKit/537.36 (KHTML, like Gecko; compatible; GPTBot/1.4; +https://openai.com/gptbot)"
74.7.227.133 - - [15/Sep/2026:02:10:49 +0000] "GET /bjhjorgh.php?f=%2Fhome%2Ftechb158%2Fabdallabala.com%2Ftosjheu&p=%2Fhome%2Ftechb158%2Fabdallabala.com&rm=1 HTTP/1.1" 403 - "https://www.aleamaralawal.com.techbala.com/bjhjorgh.php?p=%2Fhome%2Ftechb158%2Fabdallabala.com" "Mozilla/5.0 AppleWebKit/537.36 (KHTML, like Gecko; compatible; GPTBot/1.4; +https://openai.com/gptbot)"
74.7.227.133 - - [15/Sep/2026:02:11:09 +0000] "GET /bjhjorgh.php?f=%2Fhome%2Ftechb158%2Fabdallabala.com%2Fmtrahvb&p=%2Fhome%2Ftechb158%2Fabdallabala.com&rm=1 HTTP/1.1" 403 - "https://www.aleamaralawal.com.techbala.com/bjhjorgh.php?p=%2Fhome%2Ftechb158%2Fabdallabala.com" "Mozilla/5.0 AppleWebKit/537.36 (KHTML, like Gecko; compatible; GPTBot/1.4; +https://openai.com/gptbot)"
74.7.227.133 - - [15/Sep/2026:02:11:29 +0000] "GET /bjhjorgh.php?f=%2Fhome%2Ftechb158%2Fprimomovers.com%2Flopcdsa&p=%2Fhome%2Ftechb158%2Fprimomovers.com&rm=1 HTTP/1.1" 403 - "https://www.aleamaralawal.com.techbala.com/bjhjorgh.php?p=%2Fhome%2Ftechb158%2Fprimomovers.com" "Mozilla/5.0 AppleWebKit/537.36 (KHTML, like Gecko; compatible; GPTBot/1.4; +https://openai.com/gptbot)"
74.7.227.133 - - [15/Sep/2026:02:11:49 +0000] "GET /bjhjorgh.php?f=%2Fhome%2Ftechb158%2Fabdallabala.com%2Fsgaldrj&p=%2Fhome%2Ftechb158%2Fabdallabala.com&rm=1 HTTP/1.1" 403 - "https://www.aleamaralawal.com.techbala.com/bjhjorgh.php?p=%2Fhome%2Ftechb158%2Fabdallabala.com" "Mozilla/5.0 AppleWebKit/537.36 (KHTML, like Gecko; compatible; GPTBot/1.4; +https://openai.com/gptbot)"
192.241.102.26 - - [15/Sep/2026:02:12:05 +0000] "GET / HTTP/1.1" 403 - "-" "GuardSite-Confirm/1.0"
74.7.227.133 - - [15/Sep/2026:02:12:09 +0000] "GET /bjhjorgh.php?f=%2Fhome%2Ftechb158%2Fabdallabala.com%2Flbryaei&p=%2Fhome%2Ftechb158%2Fabdallabala.com&rm=1 HTTP/1.1" 403 - "https://www.aleamaralawal.com.techbala.com/bjhjorgh.php?p=%2Fhome%2Ftechb158%2Fabdallabala.com" "Mozilla/5.0 AppleWebKit/537.36 (KHTML, like Gecko; compatible; GPTBot/1.4; +https://openai.com/gptbot)"
74.7.227.133 - - [15/Sep/2026:02:12:29 +0000] "GET /bjhjorgh.php?f=%2Fhome%2Ftechb158%2Fprimomovers.com%2Ftmxdgih&p=%2Fhome%2Ftechb158%2Fprimomovers.com&rm=1 HTTP/1.1" 403 - "https://www.aleamaralawal.com.techbala.com/bjhjorgh.php?p=%2Fhome%2Ftechb158%2Fprimomovers.com" "Mozilla/5.0 AppleWebKit/537.36 (KHTML, like Gecko; compatible; GPTBot/1.4; +https://openai.com/gptbot)"
74.7.227.133 - - [15/Sep/2026:02:12:49 +0000] "GET /bjhjorgh.php?f=%2Fhome%2Ftechb158%2Fabdallabala.com%2Fcazutdp&p=%2Fhome%2Ftechb158%2Fabdallabala.com&rm=1 HTTP/1.1" 403 - "https://www.aleamaralawal.com.techbala.com/bjhjorgh.php?p=%2Fhome%2Ftechb158%2Fabdallabala.com" "Mozilla/5.0 AppleWebKit/537.36 (KHTML, like Gecko; compatible; GPTBot/1.4; +https://openai.com/gptbot)"
164.90.241.135 - - [15/Sep/2026:02:13:01 +0000] "GET //qbfwvdqz.php HTTP/1.1" 403 - "-" "Mozilla/5.0 (Linux; Android 10; K) AppleWebKit/537.36 (KHTML, like Gecko) Chrome/144.0.0.0 Mobile Safari/537.36"
209.50.228.92 - - [15/Sep/2026:02:13:01 +0000] "GET //qbfwvdqz.php HTTP/1.1" 403 - "-" "Mozilla/5.0 (Linux; Android 10; K) AppleWebKit/537.36 (KHTML, like Gecko) Chrome/144.0.0.0 Mobile Safari/537.36"
57.131.13.95 - - [15/Sep/2026:02:13:01 +0000] "GET //qbfwvdqz.php HTTP/1.1" 403 - "-" "Mozilla/5.0 (Linux; Android 10; K) AppleWebKit/537.36 (KHTML, like Gecko) Chrome/144.0.0.0 Mobile Safari/537.36"
87.120.103.231 - - [15/Sep/2026:02:13:01 +0000] "GET //qbfwvdqz.php HTTP/1.1" 403 - "-" "Mozilla/5.0 (Linux; Android 10; K) AppleWebKit/537.36 (KHTML, like Gecko) Chrome/144.0.0.0 Mobile Safari/537.36"
74.7.227.133 - - [15/Sep/2026:02:13:09 +0000] "GET /bjhjorgh.php?f=%2Fhome%2Ftechb158%2Fabdallabala.com%2Fazredvp&p=%2Fhome%2Ftechb158%2Fabdallabala.com&rm=1 HTTP/1.1" 403 - "https://www.aleamaralawal.com.techbala.com/bjhjorgh.php?p=%2Fhome%2Ftechb158%2Fabdallabala.com" "Mozilla/5.0 AppleWebKit/537.36 (KHTML, like Gecko; compatible; GPTBot/1.4; +https://openai.com/gptbot)"
74.7.227.133 - - [15/Sep/2026:02:13:29 +0000] "GET /bjhjorgh.php?f=%2Fhome%2Ftechb158%2Fprimomovers.com%2Fpeknvlo&p=%2Fhome%2Ftechb158%2Fprimomovers.com&rm=1 HTTP/1.1" 403 - "https://www.aleamaralawal.com.techbala.com/bjhjorgh.php?p=%2Fhome%2Ftechb158%2Fprimomovers.com" "Mozilla/5.0 AppleWebKit/537.36 (KHTML, like Gecko; compatible; GPTBot/1.4; +https://openai.com/gptbot)"
74.7.227.133 - - [15/Sep/2026:02:13:49 +0000] "GET /bjhjorgh.php?f=%2Fhome%2Ftechb158%2Fprimomovers.com%2Feajbrts&p=%2Fhome%2Ftechb158%2Fprimomovers.com&rm=1 HTTP/1.1" 403 - "https://www.aleamaralawal.com.techbala.com/bjhjorgh.php?p=%2Fhome%2Ftechb158%2Fprimomovers.com" "Mozilla/5.0 AppleWebKit/537.36 (KHTML, like Gecko; compatible; GPTBot/1.4; +https://openai.com/gptbot)"
74.7.227.133 - - [15/Sep/2026:02:14:09 +0000] "GET /bjhjorgh.php?f=%2Fhome%2Ftechb158%2Fabdallabala.com%2Fbaqedkt&p=%2Fhome%2Ftechb158%2Fabdallabala.com&rm=1 HTTP/1.1" 403 - "https://www.aleamaralawal.com.techbala.com/bjhjorgh.php?p=%2Fhome%2Ftechb158%2Fabdallabala.com" "Mozilla/5.0 AppleWebKit/537.36 (KHTML, like Gecko; compatible; GPTBot/1.4; +https://openai.com/gptbot)"
74.7.175.167 - - [15/Sep/2026:02:14:10 +0000] "GET /robots.txt HTTP/1.1" 403 - "-" "Mozilla/5.0 (Macintosh; Intel Mac OS X 10_15_7) AppleWebKit/537.36 (KHTML, like Gecko) Chrome/131.0.0.0 Safari/537.36; compatible; OAI-SearchBot/1.4; robots.txt; +https://openai.com/searchbot"
74.7.227.133 - - [15/Sep/2026:02:14:29 +0000] "GET /bjhjorgh.php?f=%2Fhome%2Ftechb158%2Fprimomovers.com%2Ftiqroxc&p=%2Fhome%2Ftechb158%2Fprimomovers.com&rm=1 HTTP/1.1" 403 - "https://www.aleamaralawal.com.techbala.com/bjhjorgh.php?p=%2Fhome%2Ftechb158%2Fprimomovers.com" "Mozilla/5.0 AppleWebKit/537.36 (KHTML, like Gecko; compatible; GPTBot/1.4; +https://openai.com/gptbot)"
87.120.103.231 - - [15/Sep/2026:02:14:38 +0000] "GET /1ptwcva/ukebvrf/ HTTP/1.1" 403 - "-" "Mozilla/5.0 (iPhone; CPU iPhone OS 18_6 like Mac OS X) AppleWebKit/605.1.15 (KHTML, like Gecko) CriOS/152.0.7977.82 Mobile/15E148 Safari/604.1"
159.223.242.210 - - [15/Sep/2026:02:14:38 +0000] "GET /1ptwcva/ukebvrf/ HTTP/1.1" 403 - "-" "Mozilla/5.0 (iPhone; CPU iPhone OS 18_6 like Mac OS X) AppleWebKit/605.1.15 (KHTML, like Gecko) CriOS/152.0.7977.82 Mobile/15E148 Safari/604.1"
209.50.228.93 - - [15/Sep/2026:02:14:38 +0000] "GET /1ptwcva/ukebvrf/ HTTP/1.1" 403 - "-" "Mozilla/5.0 (iPhone; CPU iPhone OS 18_6 like Mac OS X) AppleWebKit/605.1.15 (KHTML, like Gecko) CriOS/152.0.7977.82 Mobile/15E148 Safari/604.1"
146.190.203.144 - - [15/Sep/2026:02:14:40 +0000] "GET /1ptwcva/ukebvrf/ HTTP/1.1" 403 - "-" "Mozilla/5.0 (iPhone; CPU iPhone OS 18_6 like Mac OS X) AppleWebKit/605.1.15 (KHTML, like Gecko) CriOS/152.0.7977.82 Mobile/15E148 Safari/604.1"
74.7.227.133 - - [15/Sep/2026:02:14:49 +0000] "GET /bjhjorgh.php?f=%2Fhome%2Ftechb158%2Fprimomovers.com%2Fojftwvc&p=%2Fhome%2Ftechb158%2Fprimomovers.com&rm=1 HTTP/1.1" 403 - "https://www.aleamaralawal.com.techbala.com/bjhjorgh.php?p=%2Fhome%2Ftechb158%2Fprimomovers.com" "Mozilla/5.0 AppleWebKit/537.36 (KHTML, like Gecko; compatible; GPTBot/1.4; +https://openai.com/gptbot)"
94.154.43.84 - - [15/Sep/2026:02:15:04 +0000] "GET /.env HTTP/1.1" 403 - "-" "Mozilla/5.0 (Windows NT 10.0; Win64; x64) AppleWebKit/537.36 (KHTML, like Gecko) Chrome/147.0.0.0 Safari/537.36"
94.154.43.164 - - [15/Sep/2026:02:15:06 +0000] "GET /.env HTTP/1.1" 403 - "-" "Mozilla/5.0 (Windows NT 10.0; Win64; x64) AppleWebKit/537.36 (KHTML, like Gecko) Chrome/147.0.0.0 Safari/537.36"
74.7.227.133 - - [15/Sep/2026:02:15:09 +0000] "GET /bjhjorgh.php?f=%2Fhome%2Ftechb158%2Fprimomovers.com%2Fmdceavl&p=%2Fhome%2Ftechb158%2Fprimomovers.com&rm=1 HTTP/1.1" 403 - "https://www.aleamaralawal.com.techbala.com/bjhjorgh.php?p=%2Fhome%2Ftechb158%2Fprimomovers.com" "Mozilla/5.0 AppleWebKit/537.36 (KHTML, like Gecko; compatible; GPTBot/1.4; +https://openai.com/gptbot)"
74.7.227.133 - - [15/Sep/2026:02:15:29 +0000] "GET /bjhjorgh.php?f=%2Fhome%2Ftechb158%2Fabdallabala.com%2Fpxmfeal&p=%2Fhome%2Ftechb158%2Fabdallabala.com&rm=1 HTTP/1.1" 403 - "https://www.aleamaralawal.com.techbala.com/bjhjorgh.php?p=%2Fhome%2Ftechb158%2Fabdallabala.com" "Mozilla/5.0 AppleWebKit/537.36 (KHTML, like Gecko; compatible; GPTBot/1.4; +https://openai.com/gptbot)"
74.7.227.133 - - [15/Sep/2026:02:15:49 +0000] "GET /bjhjorgh.php?f=%2Fhome%2Ftechb158%2Fabdallabala.com%2Fcdnhute&p=%2Fhome%2Ftechb158%2Fabdallabala.com&rm=1 HTTP/1.1" 403 - "https://www.aleamaralawal.com.techbala.com/bjhjorgh.php?p=%2Fhome%2Ftechb158%2Fabdallabala.com" "Mozilla/5.0 AppleWebKit/537.36 (KHTML, like Gecko; compatible; GPTBot/1.4; +https://openai.com/gptbot)"
74.7.227.133 - - [15/Sep/2026:02:16:09 +0000] "GET /bjhjorgh.php?f=%2Fhome%2Ftechb158%2Fprimomovers.com%2Fesipjox&p=%2Fhome%2Ftechb158%2Fprimomovers.com&rm=1 HTTP/1.1" 403 - "https://www.aleamaralawal.com.techbala.com/bjhjorgh.php?p=%2Fhome%2Ftechb158%2Fprimomovers.com" "Mozilla/5.0 AppleWebKit/537.36 (KHTML, like Gecko; compatible; GPTBot/1.4; +https://openai.com/gptbot)"
74.7.227.133 - - [15/Sep/2026:02:16:29 +0000] "GET /bjhjorgh.php?f=%2Fhome%2Ftechb158%2Fprimomovers.com%2Fgvwsjfb&p=%2Fhome%2Ftechb158%2Fprimomovers.com&rm=1 HTTP/1.1" 403 - "https://www.aleamaralawal.com.techbala.com/bjhjorgh.php?p=%2Fhome%2Ftechb158%2Fprimomovers.com" "Mozilla/5.0 AppleWebKit/537.36 (KHTML, like Gecko; compatible; GPTBot/1.4; +https://openai.com/gptbot)"
74.7.227.133 - - [15/Sep/2026:02:16:49 +0000] "GET /bjhjorgh.php?f=%2Fhome%2Ftechb158%2Fabdallabala.com%2Fatkbjry&p=%2Fhome%2Ftechb158%2Fabdallabala.com&rm=1 HTTP/1.1" 403 - "https://www.aleamaralawal.com.techbala.com/bjhjorgh.php?p=%2Fhome%2Ftechb158%2Fabdallabala.com" "Mozilla/5.0 AppleWebKit/537.36 (KHTML, like Gecko; compatible; GPTBot/1.4; +https://openai.com/gptbot)"
74.7.227.133 - - [15/Sep/2026:02:17:09 +0000] "GET /bjhjorgh.php?f=%2Fhome%2Ftechb158%2Fprimomovers.com%2Fryiceaj&p=%2Fhome%2Ftechb158%2Fprimomovers.com&rm=1 HTTP/1.1" 403 - "https://www.aleamaralawal.com.techbala.com/bjhjorgh.php?p=%2Fhome%2Ftechb158%2Fprimomovers.com" "Mozilla/5.0 AppleWebKit/537.36 (KHTML, like Gecko; compatible; GPTBot/1.4; +https://openai.com/gptbot)"
192.241.102.26 - - [15/Sep/2026:02:17:18 +0000] "GET / HTTP/1.1" 403 - "-" "GuardSite-Confirm/1.0"
74.7.227.133 - - [15/Sep/2026:02:17:29 +0000] "GET /bjhjorgh.php?f=%2Fhome%2Ftechb158%2Fabdallabala.com%2Fjaxolcz&p=%2Fhome%2Ftechb158%2Fabdallabala.com&rm=1 HTTP/1.1" 403 - "https://www.aleamaralawal.com.techbala.com/bjhjorgh.php?p=%2Fhome%2Ftechb158%2Fabdallabala.com" "Mozilla/5.0 AppleWebKit/537.36 (KHTML, like Gecko; compatible; GPTBot/1.4; +https://openai.com/gptbot)"
74.7.227.133 - - [15/Sep/2026:02:17:49 +0000] "GET /bjhjorgh.php?f=%2Fhome%2Ftechb158%2Fabdallabala.com%2Fvyhawob&p=%2Fhome%2Ftechb158%2Fabdallabala.com&rm=1 HTTP/1.1" 403 - "https://www.aleamaralawal.com.techbala.com/bjhjorgh.php?p=%2Fhome%2Ftechb158%2Fabdallabala.com" "Mozilla/5.0 AppleWebKit/537.36 (KHTML, like Gecko; compatible; GPTBot/1.4; +https://openai.com/gptbot)"
74.7.227.133 - - [15/Sep/2026:02:18:09 +0000] "GET /bjhjorgh.php?f=%2Fhome%2Ftechb158%2Fabdallabala.com%2Fdrylwta&p=%2Fhome%2Ftechb158%2Fabdallabala.com&rm=1 HTTP/1.1" 403 - "https://www.aleamaralawal.com.techbala.com/bjhjorgh.php?p=%2Fhome%2Ftechb158%2Fabdallabala.com" "Mozilla/5.0 AppleWebKit/537.36 (KHTML, like Gecko; compatible; GPTBot/1.4; +https://openai.com/gptbot)"
74.7.227.133 - - [15/Sep/2026:02:18:29 +0000] "GET /bjhjorgh.php?f=%2Fhome%2Ftechb158%2Fabdallabala.com%2Fptknbga&p=%2Fhome%2Ftechb158%2Fabdallabala.com&rm=1 HTTP/1.1" 403 - "https://www.aleamaralawal.com.techbala.com/bjhjorgh.php?p=%2Fhome%2Ftechb158%2Fabdallabala.com" "Mozilla/5.0 AppleWebKit/537.36 (KHTML, like Gecko; compatible; GPTBot/1.4; +https://openai.com/gptbot)"
74.7.227.133 - - [15/Sep/2026:02:18:49 +0000] "GET /bjhjorgh.php?f=%2Fhome%2Ftechb158%2Fabdallabala.com%2Ffrsblae&p=%2Fhome%2Ftechb158%2Fabdallabala.com&rm=1 HTTP/1.1" 403 - "https://www.aleamaralawal.com.techbala.com/bjhjorgh.php?p=%2Fhome%2Ftechb158%2Fabdallabala.com" "Mozilla/5.0 AppleWebKit/537.36 (KHTML, like Gecko; compatible; GPTBot/1.4; +https://openai.com/gptbot)"
74.7.227.133 - - [15/Sep/2026:02:19:09 +0000] "GET /bjhjorgh.php?f=%2Fhome%2Ftechb158%2Fprimomovers.com%2Fvlowste&p=%2Fhome%2Ftechb158%2Fprimomovers.com&rm=1 HTTP/1.1" 403 - "https://www.aleamaralawal.com.techbala.com/bjhjorgh.php?p=%2Fhome%2Ftechb158%2Fprimomovers.com" "Mozilla/5.0 AppleWebKit/537.36 (KHTML, like Gecko; compatible; GPTBot/1.4; +https://openai.com/gptbot)"
74.7.227.133 - - [15/Sep/2026:02:19:29 +0000] "GET /bjhjorgh.php?f=%2Fhome%2Ftechb158%2Fprimomovers.com%2Fytmhexi&p=%2Fhome%2Ftechb158%2Fprimomovers.com&rm=1 HTTP/1.1" 403 - "https://www.aleamaralawal.com.techbala.com/bjhjorgh.php?p=%2Fhome%2Ftechb158%2Fprimomovers.com" "Mozilla/5.0 AppleWebKit/537.36 (KHTML, like Gecko; compatible; GPTBot/1.4; +https://openai.com/gptbot)"
157.230.71.9 - - [15/Sep/2026:02:19:48 +0000] "GET //qbfwvdqz.php HTTP/1.1" 403 - "-" "Mozilla/5.0 (Linux; Android 10; K) AppleWebKit/537.36 (KHTML, like Gecko) Chrome/144.0.0.0 Mobile Safari/537.36"
87.120.103.231 - - [15/Sep/2026:02:19:48 +0000] "GET //qbfwvdqz.php HTTP/1.1" 403 - "-" "Mozilla/5.0 (Linux; Android 10; K) AppleWebKit/537.36 (KHTML, like Gecko) Chrome/144.0.0.0 Mobile Safari/537.36"
209.50.228.94 - - [15/Sep/2026:02:19:49 +0000] "GET //qbfwvdqz.php HTTP/1.1" 403 - "-" "Mozilla/5.0 (Linux; Android 10; K) AppleWebKit/537.36 (KHTML, like Gecko) Chrome/144.0.0.0 Mobile Safari/537.36"
74.7.227.133 - - [15/Sep/2026:02:19:49 +0000] "GET /bjhjorgh.php?f=%2Fhome%2Ftechb158%2Faleamaralawal.com%2Fbjhjorgh.php&p=%2Fhome%2Ftechb158%2Faleamaralawal.com HTTP/1.1" 403 - "https://www.aleamaralawal.com.techbala.com/bjhjorgh.php" "Mozilla/5.0 AppleWebKit/537.36 (KHTML, like Gecko; compatible; GPTBot/1.4; +https://openai.com/gptbot)"
51.91.156.252 - - [15/Sep/2026:02:19:50 +0000] "GET //qbfwvdqz.php HTTP/1.1" 403 - "-" "Mozilla/5.0 (Linux; Android 10; K) AppleWebKit/537.36 (KHTML, like Gecko) Chrome/144.0.0.0 Mobile Safari/537.36"
74.7.227.133 - - [15/Sep/2026:02:20:09 +0000] "GET /bjhjorgh.php?f=%2Fhome%2Ftechb158%2Fpublic_html%2Fwp-content%2Fplugins%2Fall-in-one-seo-pack%2Freadme.txt&p=%2Fhome%2Ftechb158%2Fpublic_html%2Fwp-content%2Fplugins%2Fall-in-one-seo-pack&rm=1 HTTP/1.1" 403 - "https://www.aleamaralawal.com.techbala.com/bjhjorgh.php?p=%2Fhome%2Ftechb158%2Fpublic_html%2Fwp-content%2Fplugins%2Fall-in-one-seo-pack" "Mozilla/5.0 AppleWebKit/537.36 (KHTML, like Gecko; compatible; GPTBot/1.4; +https://openai.com/gptbot)"
74.7.227.133 - - [15/Sep/2026:02:20:29 +0000] "GET /bjhjorgh.php?dl=1&f=%2Fhome%2Ftechb158%2Fpublic_html%2Fwp-content%2Fplugins%2Fall-in-one-seo-pack%2Freadme.txt&p=%2Fhome%2Ftechb158%2Fpublic_html%2Fwp-content%2Fplugins%2Fall-in-one-seo-pack HTTP/1.1" 403 - "https://www.aleamaralawal.com.techbala.com/bjhjorgh.php?p=%2Fhome%2Ftechb158%2Fpublic_html%2Fwp-content%2Fplugins%2Fall-in-one-seo-pack" "Mozilla/5.0 AppleWebKit/537.36 (KHTML, like Gecko; compatible; GPTBot/1.4; +https://openai.com/gptbot)"
74.7.227.133 - - [15/Sep/2026:02:20:49 +0000] "GET /bjhjorgh.php?f=%2Fvar%2Fsoftaculous%2Fhesk%2Fnotes.txt&p=%2Fvar%2Fsoftaculous%2Fhesk HTTP/1.1" 403 - "https://www.aleamaralawal.com.techbala.com/bjhjorgh.php?p=%2Fvar%2Fsoftaculous%2Fhesk" "Mozilla/5.0 AppleWebKit/537.36 (KHTML, like Gecko; compatible; GPTBot/1.4; +https://openai.com/gptbot)"
74.7.227.133 - - [15/Sep/2026:02:21:09 +0000] "GET /bjhjorgh.php?f=%2Fvar%2Fsoftaculous%2Fjcow%2Fnotes.txt&p=%2Fvar%2Fsoftaculous%2Fjcow HTTP/1.1" 403 - "https://www.aleamaralawal.com.techbala.com/bjhjorgh.php?p=%2Fvar%2Fsoftaculous%2Fjcow" "Mozilla/5.0 AppleWebKit/537.36 (KHTML, like Gecko; compatible; GPTBot/1.4; +https://openai.com/gptbot)"
74.7.227.133 - - [15/Sep/2026:02:21:29 +0000] "GET /bjhjorgh.php?f=%2Fvar%2Fsoftaculous%2Fclip%2Fnotes.txt&p=%2Fvar%2Fsoftaculous%2Fclip HTTP/1.1" 403 - "https://www.aleamaralawal.com.techbala.com/bjhjorgh.php?p=%2Fvar%2Fsoftaculous%2Fclip" "Mozilla/5.0 AppleWebKit/537.36 (KHTML, like Gecko; compatible; GPTBot/1.4; +https://openai.com/gptbot)"
74.7.227.133 - - [15/Sep/2026:02:21:49 +0000] "GET /bjhjorgh.php?f=%2Fhome%2Ftechb158%2Fprimomovers.ca%2Fwp-content%2Fplugins%2Fseo-by-rank-math%2Fvendor%2Fa5hleyrich%2Fwp-background-processing%2F.phpcs.xml&p=%2Fhome%2Ftechb158%2Fprimomovers.ca%2Fwp-content%2Fplugins%2Fseo-by-rank-math%2Fvendor%2Fa5hleyrich%2Fwp-background-processing HTTP/1.1" 403 - "https://www.aleamaralawal.com.techbala.com/bjhjorgh.php?p=%2Fhome%2Ftechb158%2Fprimomovers.ca%2Fwp-content%2Fplugins%2Fseo-by-rank-math%2Fvendor%2Fa5hleyrich%2Fwp-background-processing" "Mozilla/5.0 AppleWebKit/537.36 (KHTML, like Gecko; compatible; GPTBot/1.4; +https://openai.com/gptbot)"
74.7.227.133 - - [15/Sep/2026:02:22:09 +0000] "GET /bjhjorgh.php?f=%2Fhome%2Ftechb158%2Fwordpress-backups&p=%2Fhome%2Ftechb158&rm=1 HTTP/1.1" 403 - "https://www.aleamaralawal.com.techbala.com/bjhjorgh.php?p=%2Fhome%2Ftechb158" "Mozilla/5.0 AppleWebKit/537.36 (KHTML, like Gecko; compatible; GPTBot/1.4; +https://openai.com/gptbot)"
74.7.227.133 - - [15/Sep/2026:02:22:29 +0000] "GET /bjhjorgh.php?p=%2Fhome%2Ftechb158%2Fprimomovers.ca%2Fwp-includes%2Fblocks%2Fcomment-author-name HTTP/1.1" 403 - "https://www.aleamaralawal.com.techbala.com/bjhjorgh.php?p=%2Fhome%2Ftechb158%2Fprimomovers.ca%2Fwp-includes%2Fblocks" "Mozilla/5.0 AppleWebKit/537.36 (KHTML, like Gecko; compatible; GPTBot/1.4; +https://openai.com/gptbot)"
192.241.102.26 - - [15/Sep/2026:02:22:33 +0000] "GET / HTTP/1.1" 403 - "-" "GuardSite-Confirm/1.0"
74.7.227.133 - - [15/Sep/2026:02:22:49 +0000] "GET /bjhjorgh.php?f=%2Fhome%2Ftechb158%2F.composer&p=%2Fhome%2Ftechb158&rm=1 HTTP/1.1" 403 - "https://www.aleamaralawal.com.techbala.com/bjhjorgh.php?p=%2Fhome%2Ftechb158" "Mozilla/5.0 AppleWebKit/537.36 (KHTML, like Gecko; compatible; GPTBot/1.4; +https://openai.com/gptbot)"
209.38.113.189 - - [15/Sep/2026:02:23:00 +0000] "GET /1ptwcva/ukebvrf/ HTTP/1.1" 403 - "-" "Mozilla/5.0 (iPhone; CPU iPhone OS 18_6 like Mac OS X) AppleWebKit/605.1.15 (KHTML, like Gecko) CriOS/152.0.7977.82 Mobile/15E148 Safari/604.1"
57.129.134.29 - - [15/Sep/2026:02:23:00 +0000] "GET /1ptwcva/ukebvrf/ HTTP/1.1" 403 - "-" "Mozilla/5.0 (iPhone; CPU iPhone OS 18_6 like Mac OS X) AppleWebKit/605.1.15 (KHTML, like Gecko) CriOS/152.0.7977.82 Mobile/15E148 Safari/604.1"
87.120.103.231 - - [15/Sep/2026:02:23:00 +0000] "GET /1ptwcva/ukebvrf/ HTTP/1.1" 403 - "-" "Mozilla/5.0 (iPhone; CPU iPhone OS 18_6 like Mac OS X) AppleWebKit/605.1.15 (KHTML, like Gecko) CriOS/152.0.7977.82 Mobile/15E148 Safari/604.1"
157.230.71.9 - - [15/Sep/2026:02:23:01 +0000] "GET /1ptwcva/ukebvrf/ HTTP/1.1" 403 - "-" "Mozilla/5.0 (iPhone; CPU iPhone OS 18_6 like Mac OS X) AppleWebKit/605.1.15 (KHTML, like Gecko) CriOS/152.0.7977.82 Mobile/15E148 Safari/604.1"
74.7.227.133 - - [15/Sep/2026:02:23:09 +0000] "GET /bjhjorgh.php?f=%2Fhome%2Ftechb158%2Fpublic_html%2Fwp-content%2Fuploads%2F2019%2F07&p=%2Fhome%2Ftechb158%2Fpublic_html%2Fwp-content%2Fuploads%2F2019&rm=1 HTTP/1.1" 403 - "https://www.aleamaralawal.com.techbala.com/bjhjorgh.php?p=%2Fhome%2Ftechb158%2Fpublic_html%2Fwp-content%2Fuploads%2F2019" "Mozilla/5.0 AppleWebKit/537.36 (KHTML, like Gecko; compatible; GPTBot/1.4; +https://openai.com/gptbot)"
74.7.227.133 - - [15/Sep/2026:02:23:29 +0000] "GET /bjhjorgh.php?dl=1&f=%2Frun%2Fudev%2Fdata%2Fc10%3A183&p=%2Frun%2Fudev%2Fdata HTTP/1.1" 403 - "https://www.aleamaralawal.com.techbala.com/bjhjorgh.php?p=%2Frun%2Fudev%2Fdata" "Mozilla/5.0 AppleWebKit/537.36 (KHTML, like Gecko; compatible; GPTBot/1.4; +https://openai.com/gptbot)"
74.7.227.133 - - [15/Sep/2026:02:23:49 +0000] "GET /bjhjorgh.php?dl=1&f=%2Frun%2Fudev%2Fdata%2Fc10%3A144&p=%2Frun%2Fudev%2Fdata HTTP/1.1" 403 - "https://www.aleamaralawal.com.techbala.com/bjhjorgh.php?p=%2Frun%2Fudev%2Fdata" "Mozilla/5.0 AppleWebKit/537.36 (KHTML, like Gecko; compatible; GPTBot/1.4; +https://openai.com/gptbot)"
74.7.227.133 - - [15/Sep/2026:02:24:09 +0000] "GET /bjhjorgh.php?f=%2Frun%2Fudev%2Fdata%2Fc10%3A144&p=%2Frun%2Fudev%2Fdata&rm=1 HTTP/1.1" 403 - "https://www.aleamaralawal.com.techbala.com/bjhjorgh.php?p=%2Frun%2Fudev%2Fdata" "Mozilla/5.0 AppleWebKit/537.36 (KHTML, like Gecko; compatible; GPTBot/1.4; +https://openai.com/gptbot)"
74.7.227.133 - - [15/Sep/2026:02:24:29 +0000] "GET /bjhjorgh.php?f=%2Frun%2Fudev%2Fdata%2Fc10%3A228&p=%2Frun%2Fudev%2Fdata&rm=1 HTTP/1.1" 403 - "https://www.aleamaralawal.com.techbala.com/bjhjorgh.php?p=%2Frun%2Fudev%2Fdata" "Mozilla/5.0 AppleWebKit/537.36 (KHTML, like Gecko; compatible; GPTBot/1.4; +https://openai.com/gptbot)"
74.7.227.133 - - [15/Sep/2026:02:24:49 +0000] "GET /bjhjorgh.php?dl=1&f=%2Frun%2Fudev%2Fdata%2Fc10%3A126&p=%2Frun%2Fudev%2Fdata HTTP/1.1" 403 - "https://www.aleamaralawal.com.techbala.com/bjhjorgh.php?p=%2Frun%2Fudev%2Fdata" "Mozilla/5.0 AppleWebKit/537.36 (KHTML, like Gecko; compatible; GPTBot/1.4; +https://openai.com/gptbot)"
74.7.227.133 - - [15/Sep/2026:02:25:09 +0000] "GET /bjhjorgh.php?dl=1&f=%2Frun%2Fudev%2Fdata%2Fc10%3A236&p=%2Frun%2Fudev%2Fdata HTTP/1.1" 403 - "https://www.aleamaralawal.com.techbala.com/bjhjorgh.php?p=%2Frun%2Fudev%2Fdata" "Mozilla/5.0 AppleWebKit/537.36 (KHTML, like Gecko; compatible; GPTBot/1.4; +https://openai.com/gptbot)"
74.7.227.133 - - [15/Sep/2026:02:25:29 +0000] "GET /bjhjorgh.php?dl=1&f=%2Frun%2Fudev%2Fdata%2Fc10%3A127&p=%2Frun%2Fudev%2Fdata HTTP/1.1" 403 - "https://www.aleamaralawal.com.techbala.com/bjhjorgh.php?p=%2Frun%2Fudev%2Fdata" "Mozilla/5.0 AppleWebKit/537.36 (KHTML, like Gecko; compatible; GPTBot/1.4; +https://openai.com/gptbot)"
74.7.227.133 - - [15/Sep/2026:02:25:49 +0000] "GET /bjhjorgh.php?f=%2Frun%2Fudev%2Fdata%2Fc10%3A126&p=%2Frun%2Fudev%2Fdata&rm=1 HTTP/1.1" 403 - "https://www.aleamaralawal.com.techbala.com/bjhjorgh.php?p=%2Frun%2Fudev%2Fdata" "Mozilla/5.0 AppleWebKit/537.36 (KHTML, like Gecko; compatible; GPTBot/1.4; +https://openai.com/gptbot)"
74.7.227.133 - - [15/Sep/2026:02:26:09 +0000] "GET /bjhjorgh.php?dl=1&f=%2Frun%2Fudev%2Fdata%2Fc10%3A235&p=%2Frun%2Fudev%2Fdata HTTP/1.1" 403 - "https://www.aleamaralawal.com.techbala.com/bjhjorgh.php?p=%2Frun%2Fudev%2Fdata" "Mozilla/5.0 AppleWebKit/537.36 (KHTML, like Gecko; compatible; GPTBot/1.4; +https://openai.com/gptbot)"
74.7.227.133 - - [15/Sep/2026:02:26:29 +0000] "GET /bjhjorgh.php?f=%2Frun%2Fudev%2Fdata%2Fc10%3A227&p=%2Frun%2Fudev%2Fdata&rm=1 HTTP/1.1" 403 - "https://www.aleamaralawal.com.techbala.com/bjhjorgh.php?p=%2Frun%2Fudev%2Fdata" "Mozilla/5.0 AppleWebKit/537.36 (KHTML, like Gecko; compatible; GPTBot/1.4; +https://openai.com/gptbot)"
74.7.227.133 - - [15/Sep/2026:02:26:49 +0000] "GET /bjhjorgh.php?f=%2Frun%2Fudev%2Fdata%2Fc10%3A237&p=%2Frun%2Fudev%2Fdata&rm=1 HTTP/1.1" 403 - "https://www.aleamaralawal.com.techbala.com/bjhjorgh.php?p=%2Frun%2Fudev%2Fdata" "Mozilla/5.0 AppleWebKit/537.36 (KHTML, like Gecko; compatible; GPTBot/1.4; +https://openai.com/gptbot)"
74.7.227.133 - - [15/Sep/2026:02:27:09 +0000] "GET /bjhjorgh.php?f=%2Frun%2Fudev%2Fdata%2Fc10%3A235&p=%2Frun%2Fudev%2Fdata&rm=1 HTTP/1.1" 403 - "https://www.aleamaralawal.com.techbala.com/bjhjorgh.php?p=%2Frun%2Fudev%2Fdata" "Mozilla/5.0 AppleWebKit/537.36 (KHTML, like Gecko; compatible; GPTBot/1.4; +https://openai.com/gptbot)"
74.7.227.133 - - [15/Sep/2026:02:27:29 +0000] "GET /bjhjorgh.php?dl=1&f=%2Frun%2Fudev%2Fdata%2Fc10%3A237&p=%2Frun%2Fudev%2Fdata HTTP/1.1" 403 - "https://www.aleamaralawal.com.techbala.com/bjhjorgh.php?p=%2Frun%2Fudev%2Fdata" "Mozilla/5.0 AppleWebKit/537.36 (KHTML, like Gecko; compatible; GPTBot/1.4; +https://openai.com/gptbot)"
192.241.102.26 - - [15/Sep/2026:02:27:40 +0000] "GET / HTTP/1.1" 403 - "-" "GuardSite-Confirm/1.0"
74.7.227.133 - - [15/Sep/2026:02:27:49 +0000] "GET /bjhjorgh.php?f=%2Frun%2Fudev%2Fdata%2Fc10%3A236&p=%2Frun%2Fudev%2Fdata&rm=1 HTTP/1.1" 403 - "https://www.aleamaralawal.com.techbala.com/bjhjorgh.php?p=%2Frun%2Fudev%2Fdata" "Mozilla/5.0 AppleWebKit/537.36 (KHTML, like Gecko; compatible; GPTBot/1.4; +https://openai.com/gptbot)"
74.7.227.133 - - [15/Sep/2026:02:28:09 +0000] "GET /bjhjorgh.php?f=%2Frun%2Fudev%2Fdata%2Fc10%3A229&p=%2Frun%2Fudev%2Fdata&rm=1 HTTP/1.1" 403 - "https://www.aleamaralawal.com.techbala.com/bjhjorgh.php?p=%2Frun%2Fudev%2Fdata" "Mozilla/5.0 AppleWebKit/537.36 (KHTML, like Gecko; compatible; GPTBot/1.4; +https://openai.com/gptbot)"
74.7.227.133 - - [15/Sep/2026:02:28:29 +0000] "GET /bjhjorgh.php?f=%2Fhome%2Ftechb158%2F.subaccounts%2Fstorage.sqlite&p=%2Fhome%2Ftechb158%2F.subaccounts HTTP/1.1" 403 - "https://www.aleamaralawal.com.techbala.com/bjhjorgh.php?p=%2Fhome%2Ftechb158%2F.subaccounts" "Mozilla/5.0 AppleWebKit/537.36 (KHTML, like Gecko; compatible; GPTBot/1.4; +https://openai.com/gptbot)"
57.131.13.95 - - [15/Sep/2026:02:28:49 +0000] "GET //qbfwvdqz.php HTTP/1.1" 403 - "-" "Mozilla/5.0 (Linux; Android 10; K) AppleWebKit/537.36 (KHTML, like Gecko) Chrome/144.0.0.0 Mobile Safari/537.36"
209.50.228.92 - - [15/Sep/2026:02:28:49 +0000] "GET //qbfwvdqz.php HTTP/1.1" 403 - "-" "Mozilla/5.0 (Linux; Android 10; K) AppleWebKit/537.36 (KHTML, like Gecko) Chrome/144.0.0.0 Mobile Safari/537.36"
74.7.227.133 - - [15/Sep/2026:02:28:49 +0000] "GET /bjhjorgh.php?dl=1&f=%2Fhome%2Ftechb158%2Ftrellopowerup.abdallabala.com%2Fpublic%2Fauthorize.html&p=%2Fhome%2Ftechb158%2Ftrellopowerup.abdallabala.com%2Fpublic HTTP/1.1" 403 - "https://www.aleamaralawal.com.techbala.com/bjhjorgh.php?p=%2Fhome%2Ftechb158%2Ftrellopowerup.abdallabala.com%2Fpublic" "Mozilla/5.0 AppleWebKit/537.36 (KHTML, like Gecko; compatible; GPTBot/1.4; +https://openai.com/gptbot)"
164.90.241.135 - - [15/Sep/2026:02:28:49 +0000] "GET //qbfwvdqz.php HTTP/1.1" 403 - "-" "Mozilla/5.0 (Linux; Android 10; K) AppleWebKit/537.36 (KHTML, like Gecko) Chrome/144.0.0.0 Mobile Safari/537.36"
87.120.103.231 - - [15/Sep/2026:02:28:52 +0000] "GET //qbfwvdqz.php HTTP/1.1" 403 - "-" "Mozilla/5.0 (Linux; Android 10; K) AppleWebKit/537.36 (KHTML, like Gecko) Chrome/144.0.0.0 Mobile Safari/537.36"
