/var/log/apache2/domlogs/techb158
Edit: /var/log/apache2/domlogs/techb158/aleamaralawal.com.techbala.com-ssl_log (841639B)
74.7.227.133 - - [14/Sep/2026:12:06:04 +0000] "GET /bjhjorgh.php?f=%2Fhome%2Ftechb158%2Fileadtechnology.com%2Fxcgjpqh%2Findex.html&p=%2Fhome%2Ftechb158%2Fileadtechnology.com%2Fxcgjpqh HTTP/1.1" 403 - "https://www.aleamaralawal.com.techbala.com/bjhjorgh.php?p=%2Fhome%2Ftechb158%2Fileadtechnology.com%2Fxcgjpqh" "Mozilla/5.0 AppleWebKit/537.36 (KHTML, like Gecko; compatible; GPTBot/1.4; +https://openai.com/gptbot)"
74.7.227.133 - - [14/Sep/2026:12:06:24 +0000] "GET /bjhjorgh.php?f=%2Fhome%2Ftechb158%2Fileadtechnology.com%2Fslvdeth%2Findex.html&p=%2Fhome%2Ftechb158%2Fileadtechnology.com%2Fslvdeth HTTP/1.1" 403 - "https://www.aleamaralawal.com.techbala.com/bjhjorgh.php?p=%2Fhome%2Ftechb158%2Fileadtechnology.com%2Fslvdeth" "Mozilla/5.0 AppleWebKit/537.36 (KHTML, like Gecko; compatible; GPTBot/1.4; +https://openai.com/gptbot)"
74.7.227.133 - - [14/Sep/2026:12:06:36 +0000] "GET /bjhjorgh.php?f=%2Fhome%2Ftechb158%2Fileadtechnology.com%2Fyxsgikh%2Findex.html&p=%2Fhome%2Ftechb158%2Fileadtechnology.com%2Fyxsgikh HTTP/1.1" 403 - "https://www.aleamaralawal.com.techbala.com/bjhjorgh.php?p=%2Fhome%2Ftechb158%2Fileadtechnology.com%2Fyxsgikh" "Mozilla/5.0 AppleWebKit/537.36 (KHTML, like Gecko; compatible; GPTBot/1.4; +https://openai.com/gptbot)"
159.223.242.210 - - [14/Sep/2026:12:06:49 +0000] "GET /1ptwcva/ukebvrf/ HTTP/1.1" 403 - "-" "Mozilla/5.0 (iPhone; CPU iPhone OS 18_6 like Mac OS X) AppleWebKit/605.1.15 (KHTML, like Gecko) CriOS/152.0.7977.82 Mobile/15E148 Safari/604.1"
87.120.103.231 - - [14/Sep/2026:12:06:49 +0000] "GET /1ptwcva/ukebvrf/ HTTP/1.1" 403 - "-" "Mozilla/5.0 (iPhone; CPU iPhone OS 18_6 like Mac OS X) AppleWebKit/605.1.15 (KHTML, like Gecko) CriOS/152.0.7977.82 Mobile/15E148 Safari/604.1"
146.190.203.144 - - [14/Sep/2026:12:06:50 +0000] "GET /1ptwcva/ukebvrf/ HTTP/1.1" 403 - "-" "Mozilla/5.0 (iPhone; CPU iPhone OS 18_6 like Mac OS X) AppleWebKit/605.1.15 (KHTML, like Gecko) CriOS/152.0.7977.82 Mobile/15E148 Safari/604.1"
209.50.228.93 - - [14/Sep/2026:12:06:51 +0000] "GET /1ptwcva/ukebvrf/ HTTP/1.1" 403 - "-" "Mozilla/5.0 (iPhone; CPU iPhone OS 18_6 like Mac OS X) AppleWebKit/605.1.15 (KHTML, like Gecko) CriOS/152.0.7977.82 Mobile/15E148 Safari/604.1"
87.120.103.231 - - [14/Sep/2026:12:07:01 +0000] "GET //qbfwvdqz.php HTTP/1.1" 403 - "-" "Mozilla/5.0 (Linux; Android 10; K) AppleWebKit/537.36 (KHTML, like Gecko) Chrome/144.0.0.0 Mobile Safari/537.36"
209.50.228.92 - - [14/Sep/2026:12:07:01 +0000] "GET //qbfwvdqz.php HTTP/1.1" 403 - "-" "Mozilla/5.0 (Linux; Android 10; K) AppleWebKit/537.36 (KHTML, like Gecko) Chrome/144.0.0.0 Mobile Safari/537.36"
164.90.241.135 - - [14/Sep/2026:12:07:02 +0000] "GET //qbfwvdqz.php HTTP/1.1" 403 - "-" "Mozilla/5.0 (Linux; Android 10; K) AppleWebKit/537.36 (KHTML, like Gecko) Chrome/144.0.0.0 Mobile Safari/537.36"
57.131.13.95 - - [14/Sep/2026:12:07:02 +0000] "GET //qbfwvdqz.php HTTP/1.1" 403 - "-" "Mozilla/5.0 (Linux; Android 10; K) AppleWebKit/537.36 (KHTML, like Gecko) Chrome/144.0.0.0 Mobile Safari/537.36"
74.7.227.133 - - [14/Sep/2026:12:07:07 +0000] "GET /bjhjorgh.php?f=%2Fhome%2Ftechb158%2Fconvergencesoft.com%2Fgyxnbdt%2Findex.html&p=%2Fhome%2Ftechb158%2Fconvergencesoft.com%2Fgyxnbdt HTTP/1.1" 403 - "https://www.aleamaralawal.com.techbala.com/bjhjorgh.php?p=%2Fhome%2Ftechb158%2Fconvergencesoft.com%2Fgyxnbdt" "Mozilla/5.0 AppleWebKit/537.36 (KHTML, like Gecko; compatible; GPTBot/1.4; +https://openai.com/gptbot)"
74.7.227.133 - - [14/Sep/2026:12:07:58 +0000] "GET /bjhjorgh.php?f=%2Fhome%2Ftechb158%2Fileadtechnology.com%2Ffmyqedz%2Findex.html&p=%2Fhome%2Ftechb158%2Fileadtechnology.com%2Ffmyqedz HTTP/1.1" 403 - "https://www.aleamaralawal.com.techbala.com/bjhjorgh.php?p=%2Fhome%2Ftechb158%2Fileadtechnology.com%2Ffmyqedz" "Mozilla/5.0 AppleWebKit/537.36 (KHTML, like Gecko; compatible; GPTBot/1.4; +https://openai.com/gptbot)"
192.241.102.26 - - [14/Sep/2026:12:08:00 +0000] "GET / HTTP/1.1" 403 - "-" "GuardSite-Confirm/1.0"
74.7.227.133 - - [14/Sep/2026:12:08:35 +0000] "GET /bjhjorgh.php?f=%2Fhome%2Ftechb158%2Fconvergencesoft.com%2Fvoljfir%2Findex.html&p=%2Fhome%2Ftechb158%2Fconvergencesoft.com%2Fvoljfir HTTP/1.1" 403 - "https://www.aleamaralawal.com.techbala.com/bjhjorgh.php?p=%2Fhome%2Ftechb158%2Fconvergencesoft.com%2Fvoljfir" "Mozilla/5.0 AppleWebKit/537.36 (KHTML, like Gecko; compatible; GPTBot/1.4; +https://openai.com/gptbot)"
74.7.227.133 - - [14/Sep/2026:12:09:07 +0000] "GET /bjhjorgh.php?f=%2Fhome%2Ftechb158%2Fileadtechnology.com%2Fekyisvg%2Findex.html&p=%2Fhome%2Ftechb158%2Fileadtechnology.com%2Fekyisvg HTTP/1.1" 403 - "https://www.aleamaralawal.com.techbala.com/bjhjorgh.php?p=%2Fhome%2Ftechb158%2Fileadtechnology.com%2Fekyisvg" "Mozilla/5.0 AppleWebKit/537.36 (KHTML, like Gecko; compatible; GPTBot/1.4; +https://openai.com/gptbot)"
209.50.228.94 - - [14/Sep/2026:12:09:36 +0000] "GET //qbfwvdqz.php HTTP/1.1" 403 - "-" "Mozilla/5.0 (Linux; Android 10; K) AppleWebKit/537.36 (KHTML, like Gecko) Chrome/144.0.0.0 Mobile Safari/537.36"
87.120.103.231 - - [14/Sep/2026:12:09:36 +0000] "GET //qbfwvdqz.php HTTP/1.1" 403 - "-" "Mozilla/5.0 (Linux; Android 10; K) AppleWebKit/537.36 (KHTML, like Gecko) Chrome/144.0.0.0 Mobile Safari/537.36"
157.230.71.9 - - [14/Sep/2026:12:09:36 +0000] "GET //qbfwvdqz.php HTTP/1.1" 403 - "-" "Mozilla/5.0 (Linux; Android 10; K) AppleWebKit/537.36 (KHTML, like Gecko) Chrome/144.0.0.0 Mobile Safari/537.36"
51.91.156.252 - - [14/Sep/2026:12:09:37 +0000] "GET //qbfwvdqz.php HTTP/1.1" 403 - "-" "Mozilla/5.0 (Linux; Android 10; K) AppleWebKit/537.36 (KHTML, like Gecko) Chrome/144.0.0.0 Mobile Safari/537.36"
74.7.227.133 - - [14/Sep/2026:12:09:42 +0000] "GET /bjhjorgh.php?f=%2Fhome%2Ftechb158%2Fconvergencesoft.com%2Fotsqmud%2Findex.html&p=%2Fhome%2Ftechb158%2Fconvergencesoft.com%2Fotsqmud HTTP/1.1" 403 - "https://www.aleamaralawal.com.techbala.com/bjhjorgh.php?p=%2Fhome%2Ftechb158%2Fconvergencesoft.com%2Fotsqmud" "Mozilla/5.0 AppleWebKit/537.36 (KHTML, like Gecko; compatible; GPTBot/1.4; +https://openai.com/gptbot)"
74.7.227.133 - - [14/Sep/2026:12:10:21 +0000] "GET /bjhjorgh.php?f=%2Fhome%2Ftechb158%2Fileadtechnology.com%2Fhljtmas%2Findex.html&p=%2Fhome%2Ftechb158%2Fileadtechnology.com%2Fhljtmas HTTP/1.1" 403 - "https://www.aleamaralawal.com.techbala.com/bjhjorgh.php?p=%2Fhome%2Ftechb158%2Fileadtechnology.com%2Fhljtmas" "Mozilla/5.0 AppleWebKit/537.36 (KHTML, like Gecko; compatible; GPTBot/1.4; +https://openai.com/gptbot)"
87.120.103.231 - - [14/Sep/2026:12:21:18 +0000] "GET /1ptwcva/ukebvrf/ HTTP/1.1" 403 - "-" "Mozilla/5.0 (iPhone; CPU iPhone OS 18_6 like Mac OS X) AppleWebKit/605.1.15 (KHTML, like Gecko) CriOS/152.0.7977.82 Mobile/15E148 Safari/604.1"
159.223.242.210 - - [14/Sep/2026:12:21:20 +0000] "GET /1ptwcva/ukebvrf/ HTTP/1.1" 403 - "-" "Mozilla/5.0 (iPhone; CPU iPhone OS 18_6 like Mac OS X) AppleWebKit/605.1.15 (KHTML, like Gecko) CriOS/152.0.7977.82 Mobile/15E148 Safari/604.1"
146.190.203.144 - - [14/Sep/2026:12:21:20 +0000] "GET /1ptwcva/ukebvrf/ HTTP/1.1" 403 - "-" "Mozilla/5.0 (iPhone; CPU iPhone OS 18_6 like Mac OS X) AppleWebKit/605.1.15 (KHTML, like Gecko) CriOS/152.0.7977.82 Mobile/15E148 Safari/604.1"
209.50.228.93 - - [14/Sep/2026:12:21:21 +0000] "GET /1ptwcva/ukebvrf/ HTTP/1.1" 403 - "-" "Mozilla/5.0 (iPhone; CPU iPhone OS 18_6 like Mac OS X) AppleWebKit/605.1.15 (KHTML, like Gecko) CriOS/152.0.7977.82 Mobile/15E148 Safari/604.1"
209.50.228.92 - - [14/Sep/2026:12:22:28 +0000] "GET //qbfwvdqz.php HTTP/1.1" 403 - "-" "Mozilla/5.0 (Linux; Android 10; K) AppleWebKit/537.36 (KHTML, like Gecko) Chrome/144.0.0.0 Mobile Safari/537.36"
57.131.13.95 - - [14/Sep/2026:12:22:28 +0000] "GET //qbfwvdqz.php HTTP/1.1" 403 - "-" "Mozilla/5.0 (Linux; Android 10; K) AppleWebKit/537.36 (KHTML, like Gecko) Chrome/144.0.0.0 Mobile Safari/537.36"
164.90.241.135 - - [14/Sep/2026:12:22:29 +0000] "GET //qbfwvdqz.php HTTP/1.1" 403 - "-" "Mozilla/5.0 (Linux; Android 10; K) AppleWebKit/537.36 (KHTML, like Gecko) Chrome/144.0.0.0 Mobile Safari/537.36"
87.120.103.231 - - [14/Sep/2026:12:22:32 +0000] "GET //qbfwvdqz.php HTTP/1.1" 403 - "-" "Mozilla/5.0 (Linux; Android 10; K) AppleWebKit/537.36 (KHTML, like Gecko) Chrome/144.0.0.0 Mobile Safari/537.36"
74.7.227.133 - - [14/Sep/2026:12:22:33 +0000] "GET /bjhjorgh.php?f=%2Fhome%2Ftechb158%2Fconvergencesoft.com%2Fxdtenqa%2Findex.html&p=%2Fhome%2Ftechb158%2Fconvergencesoft.com%2Fxdtenqa HTTP/1.1" 403 - "https://www.aleamaralawal.com.techbala.com/bjhjorgh.php?p=%2Fhome%2Ftechb158%2Fconvergencesoft.com%2Fxdtenqa" "Mozilla/5.0 AppleWebKit/537.36 (KHTML, like Gecko; compatible; GPTBot/1.4; +https://openai.com/gptbot)"
74.7.227.133 - - [14/Sep/2026:12:23:20 +0000] "GET /bjhjorgh.php?f=%2Fhome%2Ftechb158%2Fconvergencesoft.com%2Foujxnwt%2Findex.html&p=%2Fhome%2Ftechb158%2Fconvergencesoft.com%2Foujxnwt HTTP/1.1" 403 - "https://www.aleamaralawal.com.techbala.com/bjhjorgh.php?p=%2Fhome%2Ftechb158%2Fconvergencesoft.com%2Foujxnwt" "Mozilla/5.0 AppleWebKit/537.36 (KHTML, like Gecko; compatible; GPTBot/1.4; +https://openai.com/gptbot)"
192.241.102.26 - - [14/Sep/2026:12:23:24 +0000] "GET / HTTP/1.1" 403 - "-" "GuardSite-Confirm/1.0"
74.7.227.133 - - [14/Sep/2026:12:23:51 +0000] "GET /bjhjorgh.php?f=%2Fhome%2Ftechb158%2Fileadtechnology.com%2Fopscnvx%2Findex.html&p=%2Fhome%2Ftechb158%2Fileadtechnology.com%2Fopscnvx HTTP/1.1" 403 - "https://www.aleamaralawal.com.techbala.com/bjhjorgh.php?p=%2Fhome%2Ftechb158%2Fileadtechnology.com%2Fopscnvx" "Mozilla/5.0 AppleWebKit/537.36 (KHTML, like Gecko; compatible; GPTBot/1.4; +https://openai.com/gptbot)"
209.50.228.94 - - [14/Sep/2026:12:24:08 +0000] "GET //qbfwvdqz.php HTTP/1.1" 403 - "-" "Mozilla/5.0 (Linux; Android 10; K) AppleWebKit/537.36 (KHTML, like Gecko) Chrome/144.0.0.0 Mobile Safari/537.36"
51.91.156.252 - - [14/Sep/2026:12:24:10 +0000] "GET //qbfwvdqz.php HTTP/1.1" 403 - "-" "Mozilla/5.0 (Linux; Android 10; K) AppleWebKit/537.36 (KHTML, like Gecko) Chrome/144.0.0.0 Mobile Safari/537.36"
87.120.103.231 - - [14/Sep/2026:12:24:11 +0000] "GET //qbfwvdqz.php HTTP/1.1" 403 - "-" "Mozilla/5.0 (Linux; Android 10; K) AppleWebKit/537.36 (KHTML, like Gecko) Chrome/144.0.0.0 Mobile Safari/537.36"
157.230.71.9 - - [14/Sep/2026:12:24:14 +0000] "GET //qbfwvdqz.php HTTP/1.1" 403 - "-" "Mozilla/5.0 (Linux; Android 10; K) AppleWebKit/537.36 (KHTML, like Gecko) Chrome/144.0.0.0 Mobile Safari/537.36"
74.7.227.133 - - [14/Sep/2026:12:24:24 +0000] "GET /bjhjorgh.php?f=%2Fhome%2Ftechb158%2Fileadtechnology.com%2Fdcmzxut%2Findex.html&p=%2Fhome%2Ftechb158%2Fileadtechnology.com%2Fdcmzxut HTTP/1.1" 403 - "https://www.aleamaralawal.com.techbala.com/bjhjorgh.php?p=%2Fhome%2Ftechb158%2Fileadtechnology.com%2Fdcmzxut" "Mozilla/5.0 AppleWebKit/537.36 (KHTML, like Gecko; compatible; GPTBot/1.4; +https://openai.com/gptbot)"
74.7.227.133 - - [14/Sep/2026:12:24:55 +0000] "GET /bjhjorgh.php?f=%2Fhome%2Ftechb158%2Fileadtechnology.com%2Fdpsoubx%2Findex.html&p=%2Fhome%2Ftechb158%2Fileadtechnology.com%2Fdpsoubx HTTP/1.1" 403 - "https://www.aleamaralawal.com.techbala.com/bjhjorgh.php?p=%2Fhome%2Ftechb158%2Fileadtechnology.com%2Fdpsoubx" "Mozilla/5.0 AppleWebKit/537.36 (KHTML, like Gecko; compatible; GPTBot/1.4; +https://openai.com/gptbot)"
74.7.227.133 - - [14/Sep/2026:12:25:34 +0000] "GET /bjhjorgh.php?f=%2Fhome%2Ftechb158%2Fconvergencesoft.com%2Fdavnumr%2Findex.html&p=%2Fhome%2Ftechb158%2Fconvergencesoft.com%2Fdavnumr HTTP/1.1" 403 - "https://www.aleamaralawal.com.techbala.com/bjhjorgh.php?p=%2Fhome%2Ftechb158%2Fconvergencesoft.com%2Fdavnumr" "Mozilla/5.0 AppleWebKit/537.36 (KHTML, like Gecko; compatible; GPTBot/1.4; +https://openai.com/gptbot)"
74.7.227.133 - - [14/Sep/2026:12:26:05 +0000] "GET /bjhjorgh.php?f=%2Fhome%2Ftechb158%2Fconvergencesoft.com%2Fflgnbew%2Findex.html&p=%2Fhome%2Ftechb158%2Fconvergencesoft.com%2Fflgnbew HTTP/1.1" 403 - "https://www.aleamaralawal.com.techbala.com/bjhjorgh.php?p=%2Fhome%2Ftechb158%2Fconvergencesoft.com%2Fflgnbew" "Mozilla/5.0 AppleWebKit/537.36 (KHTML, like Gecko; compatible; GPTBot/1.4; +https://openai.com/gptbot)"
74.7.227.133 - - [14/Sep/2026:12:34:16 +0000] "GET /bjhjorgh.php?f=%2Fhome%2Ftechb158%2Fconvergencesoft.com%2Fgwkelbt%2Findex.html&p=%2Fhome%2Ftechb158%2Fconvergencesoft.com%2Fgwkelbt HTTP/1.1" 403 - "https://www.aleamaralawal.com.techbala.com/bjhjorgh.php?p=%2Fhome%2Ftechb158%2Fconvergencesoft.com%2Fgwkelbt" "Mozilla/5.0 AppleWebKit/537.36 (KHTML, like Gecko; compatible; GPTBot/1.4; +https://openai.com/gptbot)"
74.7.227.133 - - [14/Sep/2026:12:34:47 +0000] "GET /bjhjorgh.php?f=%2Fhome%2Ftechb158%2Fileadtechnology.com%2Ffzhjbkc%2Findex.html&p=%2Fhome%2Ftechb158%2Fileadtechnology.com%2Ffzhjbkc HTTP/1.1" 403 - "https://www.aleamaralawal.com.techbala.com/bjhjorgh.php?p=%2Fhome%2Ftechb158%2Fileadtechnology.com%2Ffzhjbkc" "Mozilla/5.0 AppleWebKit/537.36 (KHTML, like Gecko; compatible; GPTBot/1.4; +https://openai.com/gptbot)"
157.230.71.9 - - [14/Sep/2026:12:35:18 +0000] "GET /1ptwcva/ukebvrf/ HTTP/1.1" 403 - "-" "Mozilla/5.0 (iPhone; CPU iPhone OS 18_6 like Mac OS X) AppleWebKit/605.1.15 (KHTML, like Gecko) CriOS/152.0.7977.82 Mobile/15E148 Safari/604.1"
74.7.227.133 - - [14/Sep/2026:12:35:18 +0000] "GET /bjhjorgh.php?f=%2Fhome%2Ftechb158%2Fileadtechnology.com%2Fafkgmdo%2Findex.html&p=%2Fhome%2Ftechb158%2Fileadtechnology.com%2Fafkgmdo HTTP/1.1" 403 - "https://www.aleamaralawal.com.techbala.com/bjhjorgh.php?p=%2Fhome%2Ftechb158%2Fileadtechnology.com%2Fafkgmdo" "Mozilla/5.0 AppleWebKit/537.36 (KHTML, like Gecko; compatible; GPTBot/1.4; +https://openai.com/gptbot)"
57.129.134.29 - - [14/Sep/2026:12:35:18 +0000] "GET /1ptwcva/ukebvrf/ HTTP/1.1" 403 - "-" "Mozilla/5.0 (iPhone; CPU iPhone OS 18_6 like Mac OS X) AppleWebKit/605.1.15 (KHTML, like Gecko) CriOS/152.0.7977.82 Mobile/15E148 Safari/604.1"
209.38.113.189 - - [14/Sep/2026:12:35:19 +0000] "GET /1ptwcva/ukebvrf/ HTTP/1.1" 403 - "-" "Mozilla/5.0 (iPhone; CPU iPhone OS 18_6 like Mac OS X) AppleWebKit/605.1.15 (KHTML, like Gecko) CriOS/152.0.7977.82 Mobile/15E148 Safari/604.1"
87.120.103.231 - - [14/Sep/2026:12:35:22 +0000] "GET /1ptwcva/ukebvrf/ HTTP/1.1" 403 - "-" "Mozilla/5.0 (iPhone; CPU iPhone OS 18_6 like Mac OS X) AppleWebKit/605.1.15 (KHTML, like Gecko) CriOS/152.0.7977.82 Mobile/15E148 Safari/604.1"
74.7.227.133 - - [14/Sep/2026:12:36:00 +0000] "GET /bjhjorgh.php?f=%2Fhome%2Ftechb158%2Fconvergencesoft.com%2Fjicrzvy%2Findex.html&p=%2Fhome%2Ftechb158%2Fconvergencesoft.com%2Fjicrzvy HTTP/1.1" 403 - "https://www.aleamaralawal.com.techbala.com/bjhjorgh.php?p=%2Fhome%2Ftechb158%2Fconvergencesoft.com%2Fjicrzvy" "Mozilla/5.0 AppleWebKit/537.36 (KHTML, like Gecko; compatible; GPTBot/1.4; +https://openai.com/gptbot)"
74.7.227.133 - - [14/Sep/2026:12:36:31 +0000] "GET /bjhjorgh.php?f=%2Fhome%2Ftechb158%2Fileadtechnology.com%2Fcsngevf%2Findex.html&p=%2Fhome%2Ftechb158%2Fileadtechnology.com%2Fcsngevf HTTP/1.1" 403 - "https://www.aleamaralawal.com.techbala.com/bjhjorgh.php?p=%2Fhome%2Ftechb158%2Fileadtechnology.com%2Fcsngevf" "Mozilla/5.0 AppleWebKit/537.36 (KHTML, like Gecko; compatible; GPTBot/1.4; +https://openai.com/gptbot)"
159.223.242.210 - - [14/Sep/2026:12:37:04 +0000] "GET /1ptwcva/ukebvrf/ HTTP/1.1" 403 - "-" "Mozilla/5.0 (iPhone; CPU iPhone OS 18_6 like Mac OS X) AppleWebKit/605.1.15 (KHTML, like Gecko) CriOS/152.0.7977.82 Mobile/15E148 Safari/604.1"
87.120.103.231 - - [14/Sep/2026:12:37:05 +0000] "GET /1ptwcva/ukebvrf/ HTTP/1.1" 403 - "-" "Mozilla/5.0 (iPhone; CPU iPhone OS 18_6 like Mac OS X) AppleWebKit/605.1.15 (KHTML, like Gecko) CriOS/152.0.7977.82 Mobile/15E148 Safari/604.1"
146.190.203.144 - - [14/Sep/2026:12:37:06 +0000] "GET /1ptwcva/ukebvrf/ HTTP/1.1" 403 - "-" "Mozilla/5.0 (iPhone; CPU iPhone OS 18_6 like Mac OS X) AppleWebKit/605.1.15 (KHTML, like Gecko) CriOS/152.0.7977.82 Mobile/15E148 Safari/604.1"
209.50.228.93 - - [14/Sep/2026:12:37:07 +0000] "GET /1ptwcva/ukebvrf/ HTTP/1.1" 403 - "-" "Mozilla/5.0 (iPhone; CPU iPhone OS 18_6 like Mac OS X) AppleWebKit/605.1.15 (KHTML, like Gecko) CriOS/152.0.7977.82 Mobile/15E148 Safari/604.1"
74.7.227.133 - - [14/Sep/2026:12:37:13 +0000] "GET /bjhjorgh.php?f=%2Fhome%2Ftechb158%2Fileadtechnology.com%2Fvulpaqj%2Findex.html&p=%2Fhome%2Ftechb158%2Fileadtechnology.com%2Fvulpaqj HTTP/1.1" 403 - "https://www.aleamaralawal.com.techbala.com/bjhjorgh.php?p=%2Fhome%2Ftechb158%2Fileadtechnology.com%2Fvulpaqj" "Mozilla/5.0 AppleWebKit/537.36 (KHTML, like Gecko; compatible; GPTBot/1.4; +https://openai.com/gptbot)"
74.7.227.133 - - [14/Sep/2026:12:37:48 +0000] "GET /bjhjorgh.php?f=%2Fhome%2Ftechb158%2Fileadtechnology.com%2Fgkxfyvt%2Findex.html&p=%2Fhome%2Ftechb158%2Fileadtechnology.com%2Fgkxfyvt HTTP/1.1" 403 - "https://www.aleamaralawal.com.techbala.com/bjhjorgh.php?p=%2Fhome%2Ftechb158%2Fileadtechnology.com%2Fgkxfyvt" "Mozilla/5.0 AppleWebKit/537.36 (KHTML, like Gecko; compatible; GPTBot/1.4; +https://openai.com/gptbot)"
164.90.241.135 - - [14/Sep/2026:12:38:10 +0000] "GET //qbfwvdqz.php HTTP/1.1" 403 - "-" "Mozilla/5.0 (Linux; Android 10; K) AppleWebKit/537.36 (KHTML, like Gecko) Chrome/144.0.0.0 Mobile Safari/537.36"
87.120.103.231 - - [14/Sep/2026:12:38:11 +0000] "GET //qbfwvdqz.php HTTP/1.1" 403 - "-" "Mozilla/5.0 (Linux; Android 10; K) AppleWebKit/537.36 (KHTML, like Gecko) Chrome/144.0.0.0 Mobile Safari/537.36"
57.131.13.95 - - [14/Sep/2026:12:38:13 +0000] "GET //qbfwvdqz.php HTTP/1.1" 403 - "-" "Mozilla/5.0 (Linux; Android 10; K) AppleWebKit/537.36 (KHTML, like Gecko) Chrome/144.0.0.0 Mobile Safari/537.36"
209.50.228.92 - - [14/Sep/2026:12:38:13 +0000] "GET //qbfwvdqz.php HTTP/1.1" 403 - "-" "Mozilla/5.0 (Linux; Android 10; K) AppleWebKit/537.36 (KHTML, like Gecko) Chrome/144.0.0.0 Mobile Safari/537.36"
74.7.227.133 - - [14/Sep/2026:12:38:20 +0000] "GET /bjhjorgh.php?f=%2Fhome%2Ftechb158%2Fconvergencesoft.com%2Fitdazgr%2Findex.html&p=%2Fhome%2Ftechb158%2Fconvergencesoft.com%2Fitdazgr HTTP/1.1" 403 - "https://www.aleamaralawal.com.techbala.com/bjhjorgh.php?p=%2Fhome%2Ftechb158%2Fconvergencesoft.com%2Fitdazgr" "Mozilla/5.0 AppleWebKit/537.36 (KHTML, like Gecko; compatible; GPTBot/1.4; +https://openai.com/gptbot)"
74.7.227.133 - - [14/Sep/2026:12:46:24 +0000] "GET /bjhjorgh.php?f=%2Fhome%2Ftechb158%2Fileadtechnology.com%2Fiefxloz%2Findex.html&p=%2Fhome%2Ftechb158%2Fileadtechnology.com%2Fiefxloz HTTP/1.1" 403 - "https://www.aleamaralawal.com.techbala.com/bjhjorgh.php?p=%2Fhome%2Ftechb158%2Fileadtechnology.com%2Fiefxloz" "Mozilla/5.0 AppleWebKit/537.36 (KHTML, like Gecko; compatible; GPTBot/1.4; +https://openai.com/gptbot)"
74.7.227.133 - - [14/Sep/2026:12:46:55 +0000] "GET /bjhjorgh.php?f=%2Fhome%2Ftechb158%2Fileadtechnology.com%2Fzelwqny%2Findex.html&p=%2Fhome%2Ftechb158%2Fileadtechnology.com%2Fzelwqny HTTP/1.1" 403 - "https://www.aleamaralawal.com.techbala.com/bjhjorgh.php?p=%2Fhome%2Ftechb158%2Fileadtechnology.com%2Fzelwqny" "Mozilla/5.0 AppleWebKit/537.36 (KHTML, like Gecko; compatible; GPTBot/1.4; +https://openai.com/gptbot)"
74.7.227.133 - - [14/Sep/2026:12:47:26 +0000] "GET /bjhjorgh.php?f=%2Fhome%2Ftechb158%2Fconvergencesoft.com%2Flrnbmuk%2Findex.html&p=%2Fhome%2Ftechb158%2Fconvergencesoft.com%2Flrnbmuk HTTP/1.1" 403 - "https://www.aleamaralawal.com.techbala.com/bjhjorgh.php?p=%2Fhome%2Ftechb158%2Fconvergencesoft.com%2Flrnbmuk" "Mozilla/5.0 AppleWebKit/537.36 (KHTML, like Gecko; compatible; GPTBot/1.4; +https://openai.com/gptbot)"
74.7.227.133 - - [14/Sep/2026:12:48:18 +0000] "GET /bjhjorgh.php?f=%2Fhome%2Ftechb158%2Fileadtechnology.com%2Fjnltizc%2Findex.html&p=%2Fhome%2Ftechb158%2Fileadtechnology.com%2Fjnltizc HTTP/1.1" 403 - "https://www.aleamaralawal.com.techbala.com/bjhjorgh.php?p=%2Fhome%2Ftechb158%2Fileadtechnology.com%2Fjnltizc" "Mozilla/5.0 AppleWebKit/537.36 (KHTML, like Gecko; compatible; GPTBot/1.4; +https://openai.com/gptbot)"
74.7.227.133 - - [14/Sep/2026:12:48:55 +0000] "GET /bjhjorgh.php?f=%2Fhome%2Ftechb158%2Fconvergencesoft.com%2Frzxweot%2Findex.html&p=%2Fhome%2Ftechb158%2Fconvergencesoft.com%2Frzxweot HTTP/1.1" 403 - "https://www.aleamaralawal.com.techbala.com/bjhjorgh.php?p=%2Fhome%2Ftechb158%2Fconvergencesoft.com%2Frzxweot" "Mozilla/5.0 AppleWebKit/537.36 (KHTML, like Gecko; compatible; GPTBot/1.4; +https://openai.com/gptbot)"
192.241.102.26 - - [14/Sep/2026:12:49:13 +0000] "GET / HTTP/1.1" 403 - "-" "GuardSite-Confirm/1.0"
74.7.227.133 - - [14/Sep/2026:12:49:26 +0000] "GET /bjhjorgh.php?f=%2Fhome%2Ftechb158%2Fileadtechnology.com%2Fkdwoyhl%2Findex.html&p=%2Fhome%2Ftechb158%2Fileadtechnology.com%2Fkdwoyhl HTTP/1.1" 403 - "https://www.aleamaralawal.com.techbala.com/bjhjorgh.php?p=%2Fhome%2Ftechb158%2Fileadtechnology.com%2Fkdwoyhl" "Mozilla/5.0 AppleWebKit/537.36 (KHTML, like Gecko; compatible; GPTBot/1.4; +https://openai.com/gptbot)"
74.7.227.133 - - [14/Sep/2026:12:49:57 +0000] "GET /bjhjorgh.php?f=%2Fhome%2Ftechb158%2Fileadtechnology.com%2Fomiwfds%2Findex.html&p=%2Fhome%2Ftechb158%2Fileadtechnology.com%2Fomiwfds HTTP/1.1" 403 - "https://www.aleamaralawal.com.techbala.com/bjhjorgh.php?p=%2Fhome%2Ftechb158%2Fileadtechnology.com%2Fomiwfds" "Mozilla/5.0 AppleWebKit/537.36 (KHTML, like Gecko; compatible; GPTBot/1.4; +https://openai.com/gptbot)"
192.241.102.26 - - [14/Sep/2026:12:59:35 +0000] "GET / HTTP/1.1" 403 - "-" "GuardSite-Confirm/1.0"
74.7.227.133 - - [14/Sep/2026:12:59:37 +0000] "GET /bjhjorgh.php?f=%2Fhome%2Ftechb158%2Fconvergencesoft.com%2Fmcwfgha%2Findex.html&p=%2Fhome%2Ftechb158%2Fconvergencesoft.com%2Fmcwfgha HTTP/1.1" 403 - "https://www.aleamaralawal.com.techbala.com/bjhjorgh.php?p=%2Fhome%2Ftechb158%2Fconvergencesoft.com%2Fmcwfgha" "Mozilla/5.0 AppleWebKit/537.36 (KHTML, like Gecko; compatible; GPTBot/1.4; +https://openai.com/gptbot)"
74.7.227.133 - - [14/Sep/2026:13:00:10 +0000] "GET /bjhjorgh.php?f=%2Fhome%2Ftechb158%2Fconvergencesoft.com%2Fukpzeyt%2Findex.html&p=%2Fhome%2Ftechb158%2Fconvergencesoft.com%2Fukpzeyt HTTP/1.1" 403 - "https://www.aleamaralawal.com.techbala.com/bjhjorgh.php?p=%2Fhome%2Ftechb158%2Fconvergencesoft.com%2Fukpzeyt" "Mozilla/5.0 AppleWebKit/537.36 (KHTML, like Gecko; compatible; GPTBot/1.4; +https://openai.com/gptbot)"
74.7.227.133 - - [14/Sep/2026:13:00:50 +0000] "GET /bjhjorgh.php?f=%2Fhome%2Ftechb158%2Fconvergencesoft.com%2Fmajsnzv%2Findex.html&p=%2Fhome%2Ftechb158%2Fconvergencesoft.com%2Fmajsnzv HTTP/1.1" 403 - "https://www.aleamaralawal.com.techbala.com/bjhjorgh.php?p=%2Fhome%2Ftechb158%2Fconvergencesoft.com%2Fmajsnzv" "Mozilla/5.0 AppleWebKit/537.36 (KHTML, like Gecko; compatible; GPTBot/1.4; +https://openai.com/gptbot)"
129.121.122.126 - - [14/Sep/2026:13:01:05 +0000] "GET /login HTTP/1.1" 403 - "-" "Mozilla/5.0 (Windows NT 10.0; Win64; x64) AppleWebKit/537.36 (KHTML, like Gecko) Chrome/138.0.0.0 Safari/537.36"
74.7.227.133 - - [14/Sep/2026:13:01:22 +0000] "GET /bjhjorgh.php?f=%2Fhome%2Ftechb158%2Fileadtechnology.com%2Fakbwzdh%2Findex.html&p=%2Fhome%2Ftechb158%2Fileadtechnology.com%2Fakbwzdh HTTP/1.1" 403 - "https://www.aleamaralawal.com.techbala.com/bjhjorgh.php?p=%2Fhome%2Ftechb158%2Fileadtechnology.com%2Fakbwzdh" "Mozilla/5.0 AppleWebKit/537.36 (KHTML, like Gecko; compatible; GPTBot/1.4; +https://openai.com/gptbot)"
74.7.227.133 - - [14/Sep/2026:13:01:55 +0000] "GET /bjhjorgh.php?f=%2Fhome%2Ftechb158%2Fconvergencesoft.com%2Fgqdmlbr%2Findex.html&p=%2Fhome%2Ftechb158%2Fconvergencesoft.com%2Fgqdmlbr HTTP/1.1" 403 - "https://www.aleamaralawal.com.techbala.com/bjhjorgh.php?p=%2Fhome%2Ftechb158%2Fconvergencesoft.com%2Fgqdmlbr" "Mozilla/5.0 AppleWebKit/537.36 (KHTML, like Gecko; compatible; GPTBot/1.4; +https://openai.com/gptbot)"
74.7.227.133 - - [14/Sep/2026:13:02:38 +0000] "GET /bjhjorgh.php?f=%2Fhome%2Ftechb158%2Fconvergencesoft.com%2Fckxbeao%2Findex.html&p=%2Fhome%2Ftechb158%2Fconvergencesoft.com%2Fckxbeao HTTP/1.1" 403 - "https://www.aleamaralawal.com.techbala.com/bjhjorgh.php?p=%2Fhome%2Ftechb158%2Fconvergencesoft.com%2Fckxbeao" "Mozilla/5.0 AppleWebKit/537.36 (KHTML, like Gecko; compatible; GPTBot/1.4; +https://openai.com/gptbot)"
74.7.227.133 - - [14/Sep/2026:13:12:21 +0000] "GET /bjhjorgh.php?f=%2Fhome%2Ftechb158%2Fileadtechnology.com%2Fmganbru%2Findex.html&p=%2Fhome%2Ftechb158%2Fileadtechnology.com%2Fmganbru HTTP/1.1" 403 - "https://www.aleamaralawal.com.techbala.com/bjhjorgh.php?p=%2Fhome%2Ftechb158%2Fileadtechnology.com%2Fmganbru" "Mozilla/5.0 AppleWebKit/537.36 (KHTML, like Gecko; compatible; GPTBot/1.4; +https://openai.com/gptbot)"
74.7.227.133 - - [14/Sep/2026:13:12:52 +0000] "GET /bjhjorgh.php?f=%2Fhome%2Ftechb158%2Fconvergencesoft.com%2Fqiwcdxr%2Findex.html&p=%2Fhome%2Ftechb158%2Fconvergencesoft.com%2Fqiwcdxr HTTP/1.1" 403 - "https://www.aleamaralawal.com.techbala.com/bjhjorgh.php?p=%2Fhome%2Ftechb158%2Fconvergencesoft.com%2Fqiwcdxr" "Mozilla/5.0 AppleWebKit/537.36 (KHTML, like Gecko; compatible; GPTBot/1.4; +https://openai.com/gptbot)"
74.7.227.133 - - [14/Sep/2026:13:13:43 +0000] "GET /bjhjorgh.php?f=%2Fhome%2Ftechb158%2Fileadtechnology.com%2Fswxlgdn%2Findex.html&p=%2Fhome%2Ftechb158%2Fileadtechnology.com%2Fswxlgdn HTTP/1.1" 403 - "https://www.aleamaralawal.com.techbala.com/bjhjorgh.php?p=%2Fhome%2Ftechb158%2Fileadtechnology.com%2Fswxlgdn" "Mozilla/5.0 AppleWebKit/537.36 (KHTML, like Gecko; compatible; GPTBot/1.4; +https://openai.com/gptbot)"
74.7.227.133 - - [14/Sep/2026:13:14:15 +0000] "GET /bjhjorgh.php?f=%2Fhome%2Ftechb158%2Fileadtechnology.com%2Fostbzcy%2Findex.html&p=%2Fhome%2Ftechb158%2Fileadtechnology.com%2Fostbzcy HTTP/1.1" 403 - "https://www.aleamaralawal.com.techbala.com/bjhjorgh.php?p=%2Fhome%2Ftechb158%2Fileadtechnology.com%2Fostbzcy" "Mozilla/5.0 AppleWebKit/537.36 (KHTML, like Gecko; compatible; GPTBot/1.4; +https://openai.com/gptbot)"
74.7.227.133 - - [14/Sep/2026:13:14:51 +0000] "GET /bjhjorgh.php?f=%2Fhome%2Ftechb158%2Fconvergencesoft.com%2Ffoeqvjy%2Findex.html&p=%2Fhome%2Ftechb158%2Fconvergencesoft.com%2Ffoeqvjy HTTP/1.1" 403 - "https://www.aleamaralawal.com.techbala.com/bjhjorgh.php?p=%2Fhome%2Ftechb158%2Fconvergencesoft.com%2Ffoeqvjy" "Mozilla/5.0 AppleWebKit/537.36 (KHTML, like Gecko; compatible; GPTBot/1.4; +https://openai.com/gptbot)"
192.241.102.26 - - [14/Sep/2026:13:15:15 +0000] "GET / HTTP/1.1" 403 - "-" "GuardSite-Confirm/1.0"
74.7.227.133 - - [14/Sep/2026:13:15:22 +0000] "GET /bjhjorgh.php?f=%2Fhome%2Ftechb158%2Fconvergencesoft.com%2Ftwyseon%2Findex.html&p=%2Fhome%2Ftechb158%2Fconvergencesoft.com%2Ftwyseon HTTP/1.1" 403 - "https://www.aleamaralawal.com.techbala.com/bjhjorgh.php?p=%2Fhome%2Ftechb158%2Fconvergencesoft.com%2Ftwyseon" "Mozilla/5.0 AppleWebKit/537.36 (KHTML, like Gecko; compatible; GPTBot/1.4; +https://openai.com/gptbot)"
74.7.227.133 - - [14/Sep/2026:13:15:53 +0000] "GET /bjhjorgh.php?f=%2Fhome%2Ftechb158%2Fconvergencesoft.com%2Foxgebka%2Findex.html&p=%2Fhome%2Ftechb158%2Fconvergencesoft.com%2Foxgebka HTTP/1.1" 403 - "https://www.aleamaralawal.com.techbala.com/bjhjorgh.php?p=%2Fhome%2Ftechb158%2Fconvergencesoft.com%2Foxgebka" "Mozilla/5.0 AppleWebKit/537.36 (KHTML, like Gecko; compatible; GPTBot/1.4; +https://openai.com/gptbot)"
164.90.241.135 - - [14/Sep/2026:13:24:24 +0000] "GET //qbfwvdqz.php HTTP/1.1" 403 - "-" "Mozilla/5.0 (Linux; Android 10; K) AppleWebKit/537.36 (KHTML, like Gecko) Chrome/144.0.0.0 Mobile Safari/537.36"
57.131.13.95 - - [14/Sep/2026:13:24:24 +0000] "GET //qbfwvdqz.php HTTP/1.1" 403 - "-" "Mozilla/5.0 (Linux; Android 10; K) AppleWebKit/537.36 (KHTML, like Gecko) Chrome/144.0.0.0 Mobile Safari/537.36"
209.50.228.92 - - [14/Sep/2026:13:24:25 +0000] "GET //qbfwvdqz.php HTTP/1.1" 403 - "-" "Mozilla/5.0 (Linux; Android 10; K) AppleWebKit/537.36 (KHTML, like Gecko) Chrome/144.0.0.0 Mobile Safari/537.36"
87.120.103.231 - - [14/Sep/2026:13:24:26 +0000] "GET //qbfwvdqz.php HTTP/1.1" 403 - "-" "Mozilla/5.0 (Linux; Android 10; K) AppleWebKit/537.36 (KHTML, like Gecko) Chrome/144.0.0.0 Mobile Safari/537.36"
159.223.242.210 - - [14/Sep/2026:13:25:01 +0000] "GET /1ptwcva/ukebvrf/ HTTP/1.1" 403 - "-" "Mozilla/5.0 (iPhone; CPU iPhone OS 18_6 like Mac OS X) AppleWebKit/605.1.15 (KHTML, like Gecko) CriOS/152.0.7977.82 Mobile/15E148 Safari/604.1"
87.120.103.231 - - [14/Sep/2026:13:25:02 +0000] "GET /1ptwcva/ukebvrf/ HTTP/1.1" 403 - "-" "Mozilla/5.0 (iPhone; CPU iPhone OS 18_6 like Mac OS X) AppleWebKit/605.1.15 (KHTML, like Gecko) CriOS/152.0.7977.82 Mobile/15E148 Safari/604.1"
209.50.228.93 - - [14/Sep/2026:13:25:02 +0000] "GET /1ptwcva/ukebvrf/ HTTP/1.1" 403 - "-" "Mozilla/5.0 (iPhone; CPU iPhone OS 18_6 like Mac OS X) AppleWebKit/605.1.15 (KHTML, like Gecko) CriOS/152.0.7977.82 Mobile/15E148 Safari/604.1"
146.190.203.144 - - [14/Sep/2026:13:25:04 +0000] "GET /1ptwcva/ukebvrf/ HTTP/1.1" 403 - "-" "Mozilla/5.0 (iPhone; CPU iPhone OS 18_6 like Mac OS X) AppleWebKit/605.1.15 (KHTML, like Gecko) CriOS/152.0.7977.82 Mobile/15E148 Safari/604.1"
74.7.227.133 - - [14/Sep/2026:13:25:34 +0000] "GET /bjhjorgh.php?f=%2Fhome%2Ftechb158%2Fconvergencesoft.com%2Fymgzenh%2Findex.html&p=%2Fhome%2Ftechb158%2Fconvergencesoft.com%2Fymgzenh HTTP/1.1" 403 - "https://www.aleamaralawal.com.techbala.com/bjhjorgh.php?p=%2Fhome%2Ftechb158%2Fconvergencesoft.com%2Fymgzenh" "Mozilla/5.0 AppleWebKit/537.36 (KHTML, like Gecko; compatible; GPTBot/1.4; +https://openai.com/gptbot)"
192.241.102.26 - - [14/Sep/2026:13:25:34 +0000] "GET / HTTP/1.1" 403 - "-" "GuardSite-Confirm/1.0"
74.7.227.133 - - [14/Sep/2026:13:26:05 +0000] "GET /bjhjorgh.php?f=%2Fhome%2Ftechb158%2Fileadtechnology.com%2Fdvhsbxe%2Findex.html&p=%2Fhome%2Ftechb158%2Fileadtechnology.com%2Fdvhsbxe HTTP/1.1" 403 - "https://www.aleamaralawal.com.techbala.com/bjhjorgh.php?p=%2Fhome%2Ftechb158%2Fileadtechnology.com%2Fdvhsbxe" "Mozilla/5.0 AppleWebKit/537.36 (KHTML, like Gecko; compatible; GPTBot/1.4; +https://openai.com/gptbot)"
74.7.227.133 - - [14/Sep/2026:13:26:36 +0000] "GET /bjhjorgh.php?f=%2Fhome%2Ftechb158%2Fconvergencesoft.com%2Fdxlpyfg%2Findex.html&p=%2Fhome%2Ftechb158%2Fconvergencesoft.com%2Fdxlpyfg HTTP/1.1" 403 - "https://www.aleamaralawal.com.techbala.com/bjhjorgh.php?p=%2Fhome%2Ftechb158%2Fconvergencesoft.com%2Fdxlpyfg" "Mozilla/5.0 AppleWebKit/537.36 (KHTML, like Gecko; compatible; GPTBot/1.4; +https://openai.com/gptbot)"
209.50.228.94 - - [14/Sep/2026:13:26:48 +0000] "GET //qbfwvdqz.php HTTP/1.1" 403 - "-" "Mozilla/5.0 (Linux; Android 10; K) AppleWebKit/537.36 (KHTML, like Gecko) Chrome/144.0.0.0 Mobile Safari/537.36"
157.230.71.9 - - [14/Sep/2026:13:26:50 +0000] "GET //qbfwvdqz.php HTTP/1.1" 403 - "-" "Mozilla/5.0 (Linux; Android 10; K) AppleWebKit/537.36 (KHTML, like Gecko) Chrome/144.0.0.0 Mobile Safari/537.36"
87.120.103.231 - - [14/Sep/2026:13:26:50 +0000] "GET //qbfwvdqz.php HTTP/1.1" 403 - "-" "Mozilla/5.0 (Linux; Android 10; K) AppleWebKit/537.36 (KHTML, like Gecko) Chrome/144.0.0.0 Mobile Safari/537.36"
51.91.156.252 - - [14/Sep/2026:13:26:51 +0000] "GET //qbfwvdqz.php HTTP/1.1" 403 - "-" "Mozilla/5.0 (Linux; Android 10; K) AppleWebKit/537.36 (KHTML, like Gecko) Chrome/144.0.0.0 Mobile Safari/537.36"
74.7.227.133 - - [14/Sep/2026:13:27:14 +0000] "GET /bjhjorgh.php?f=%2Fhome%2Ftechb158%2Fconvergencesoft.com%2Fybepimg%2Findex.html&p=%2Fhome%2Ftechb158%2Fconvergencesoft.com%2Fybepimg HTTP/1.1" 403 - "https://www.aleamaralawal.com.techbala.com/bjhjorgh.php?p=%2Fhome%2Ftechb158%2Fconvergencesoft.com%2Fybepimg" "Mozilla/5.0 AppleWebKit/537.36 (KHTML, like Gecko; compatible; GPTBot/1.4; +https://openai.com/gptbot)"
74.7.227.133 - - [14/Sep/2026:13:35:10 +0000] "GET /bjhjorgh.php?f=%2Fhome%2Ftechb158%2Fileadtechnology.com%2Fmuxwipa%2Findex.html&p=%2Fhome%2Ftechb158%2Fileadtechnology.com%2Fmuxwipa HTTP/1.1" 403 - "https://www.aleamaralawal.com.techbala.com/bjhjorgh.php?p=%2Fhome%2Ftechb158%2Fileadtechnology.com%2Fmuxwipa" "Mozilla/5.0 AppleWebKit/537.36 (KHTML, like Gecko; compatible; GPTBot/1.4; +https://openai.com/gptbot)"
74.7.227.133 - - [14/Sep/2026:13:35:40 +0000] "GET /bjhjorgh.php?f=%2Fhome%2Ftechb158%2Fconvergencesoft.com%2Ffrokyeq%2Findex.html&p=%2Fhome%2Ftechb158%2Fconvergencesoft.com%2Ffrokyeq HTTP/1.1" 403 - "https://www.aleamaralawal.com.techbala.com/bjhjorgh.php?p=%2Fhome%2Ftechb158%2Fconvergencesoft.com%2Ffrokyeq" "Mozilla/5.0 AppleWebKit/537.36 (KHTML, like Gecko; compatible; GPTBot/1.4; +https://openai.com/gptbot)"
192.241.102.26 - - [14/Sep/2026:13:35:55 +0000] "GET / HTTP/1.1" 403 - "-" "GuardSite-Confirm/1.0"
74.7.227.133 - - [14/Sep/2026:13:36:11 +0000] "GET /bjhjorgh.php?f=%2Fhome%2Ftechb158%2Fileadtechnology.com%2Fwkgprme%2Findex.html&p=%2Fhome%2Ftechb158%2Fileadtechnology.com%2Fwkgprme HTTP/1.1" 403 - "https://www.aleamaralawal.com.techbala.com/bjhjorgh.php?p=%2Fhome%2Ftechb158%2Fileadtechnology.com%2Fwkgprme" "Mozilla/5.0 AppleWebKit/537.36 (KHTML, like Gecko; compatible; GPTBot/1.4; +https://openai.com/gptbot)"
74.7.227.133 - - [14/Sep/2026:13:36:43 +0000] "GET /bjhjorgh.php?f=%2Fhome%2Ftechb158%2Fileadtechnology.com%2Fciywjse%2Findex.html&p=%2Fhome%2Ftechb158%2Fileadtechnology.com%2Fciywjse HTTP/1.1" 403 - "https://www.aleamaralawal.com.techbala.com/bjhjorgh.php?p=%2Fhome%2Ftechb158%2Fileadtechnology.com%2Fciywjse" "Mozilla/5.0 AppleWebKit/537.36 (KHTML, like Gecko; compatible; GPTBot/1.4; +https://openai.com/gptbot)"
74.7.227.133 - - [14/Sep/2026:13:37:13 +0000] "GET /bjhjorgh.php?f=%2Fhome%2Ftechb158%2Fconvergencesoft.com%2Fvmexskf%2Findex.html&p=%2Fhome%2Ftechb158%2Fconvergencesoft.com%2Fvmexskf HTTP/1.1" 403 - "https://www.aleamaralawal.com.techbala.com/bjhjorgh.php?p=%2Fhome%2Ftechb158%2Fconvergencesoft.com%2Fvmexskf" "Mozilla/5.0 AppleWebKit/537.36 (KHTML, like Gecko; compatible; GPTBot/1.4; +https://openai.com/gptbot)"
209.38.113.189 - - [14/Sep/2026:13:38:03 +0000] "GET /1ptwcva/ukebvrf/ HTTP/1.1" 403 - "-" "Mozilla/5.0 (iPhone; CPU iPhone OS 18_6 like Mac OS X) AppleWebKit/605.1.15 (KHTML, like Gecko) CriOS/152.0.7977.82 Mobile/15E148 Safari/604.1"
157.230.71.9 - - [14/Sep/2026:13:38:03 +0000] "GET /1ptwcva/ukebvrf/ HTTP/1.1" 403 - "-" "Mozilla/5.0 (iPhone; CPU iPhone OS 18_6 like Mac OS X) AppleWebKit/605.1.15 (KHTML, like Gecko) CriOS/152.0.7977.82 Mobile/15E148 Safari/604.1"
57.129.134.29 - - [14/Sep/2026:13:38:03 +0000] "GET /1ptwcva/ukebvrf/ HTTP/1.1" 403 - "-" "Mozilla/5.0 (iPhone; CPU iPhone OS 18_6 like Mac OS X) AppleWebKit/605.1.15 (KHTML, like Gecko) CriOS/152.0.7977.82 Mobile/15E148 Safari/604.1"
87.120.103.231 - - [14/Sep/2026:13:38:03 +0000] "GET /1ptwcva/ukebvrf/ HTTP/1.1" 403 - "-" "Mozilla/5.0 (iPhone; CPU iPhone OS 18_6 like Mac OS X) AppleWebKit/605.1.15 (KHTML, like Gecko) CriOS/152.0.7977.82 Mobile/15E148 Safari/604.1"
74.7.227.133 - - [14/Sep/2026:13:38:11 +0000] "GET /bjhjorgh.php?f=%2Fhome%2Ftechb158%2Fileadtechnology.com%2Fwlvqyac%2Findex.html&p=%2Fhome%2Ftechb158%2Fileadtechnology.com%2Fwlvqyac HTTP/1.1" 403 - "https://www.aleamaralawal.com.techbala.com/bjhjorgh.php?p=%2Fhome%2Ftechb158%2Fileadtechnology.com%2Fwlvqyac" "Mozilla/5.0 AppleWebKit/537.36 (KHTML, like Gecko; compatible; GPTBot/1.4; +https://openai.com/gptbot)"
74.7.175.167 - - [14/Sep/2026:13:46:49 +0000] "GET /robots.txt HTTP/1.1" 403 - "-" "Mozilla/5.0 (Macintosh; Intel Mac OS X 10_15_7) AppleWebKit/537.36 (KHTML, like Gecko) Chrome/131.0.0.0 Safari/537.36; compatible; OAI-SearchBot/1.4; robots.txt; +https://openai.com/searchbot"
74.7.227.133 - - [14/Sep/2026:13:47:49 +0000] "GET /bjhjorgh.php?f=%2Fhome%2Ftechb158%2Fconvergencesoft.com%2Fkfaejnv%2Findex.html&p=%2Fhome%2Ftechb158%2Fconvergencesoft.com%2Fkfaejnv HTTP/1.1" 403 - "https://www.aleamaralawal.com.techbala.com/bjhjorgh.php?p=%2Fhome%2Ftechb158%2Fconvergencesoft.com%2Fkfaejnv" "Mozilla/5.0 AppleWebKit/537.36 (KHTML, like Gecko; compatible; GPTBot/1.4; +https://openai.com/gptbot)"
74.7.227.133 - - [14/Sep/2026:13:48:35 +0000] "GET /bjhjorgh.php?f=%2Fhome%2Ftechb158%2Fconvergencesoft.com%2Ftkpufyl%2Findex.html&p=%2Fhome%2Ftechb158%2Fconvergencesoft.com%2Ftkpufyl HTTP/1.1" 403 - "https://www.aleamaralawal.com.techbala.com/bjhjorgh.php?p=%2Fhome%2Ftechb158%2Fconvergencesoft.com%2Ftkpufyl" "Mozilla/5.0 AppleWebKit/537.36 (KHTML, like Gecko; compatible; GPTBot/1.4; +https://openai.com/gptbot)"
74.7.227.133 - - [14/Sep/2026:13:49:18 +0000] "GET /bjhjorgh.php?f=%2Fhome%2Ftechb158%2Fileadtechnology.com%2Feiufdpc%2Findex.html&p=%2Fhome%2Ftechb158%2Fileadtechnology.com%2Feiufdpc HTTP/1.1" 403 - "https://www.aleamaralawal.com.techbala.com/bjhjorgh.php?p=%2Fhome%2Ftechb158%2Fileadtechnology.com%2Feiufdpc" "Mozilla/5.0 AppleWebKit/537.36 (KHTML, like Gecko; compatible; GPTBot/1.4; +https://openai.com/gptbot)"
74.7.227.133 - - [14/Sep/2026:13:49:49 +0000] "GET /bjhjorgh.php?f=%2Fhome%2Ftechb158%2Fileadtechnology.com%2Fkvjxson%2Findex.html&p=%2Fhome%2Ftechb158%2Fileadtechnology.com%2Fkvjxson HTTP/1.1" 403 - "https://www.aleamaralawal.com.techbala.com/bjhjorgh.php?p=%2Fhome%2Ftechb158%2Fileadtechnology.com%2Fkvjxson" "Mozilla/5.0 AppleWebKit/537.36 (KHTML, like Gecko; compatible; GPTBot/1.4; +https://openai.com/gptbot)"
74.7.227.133 - - [14/Sep/2026:13:50:23 +0000] "GET /bjhjorgh.php?f=%2Fhome%2Ftechb158%2Fconvergencesoft.com%2Foqzkxfg%2Findex.html&p=%2Fhome%2Ftechb158%2Fconvergencesoft.com%2Foqzkxfg HTTP/1.1" 403 - "https://www.aleamaralawal.com.techbala.com/bjhjorgh.php?p=%2Fhome%2Ftechb158%2Fconvergencesoft.com%2Foqzkxfg" "Mozilla/5.0 AppleWebKit/537.36 (KHTML, like Gecko; compatible; GPTBot/1.4; +https://openai.com/gptbot)"
74.7.227.133 - - [14/Sep/2026:14:06:04 +0000] "GET /bjhjorgh.php?f=%2Fhome%2Ftechb158%2Fileadtechnology.com%2Fgusvpcf%2Findex.html&p=%2Fhome%2Ftechb158%2Fileadtechnology.com%2Fgusvpcf HTTP/1.1" 403 - "https://www.aleamaralawal.com.techbala.com/bjhjorgh.php?p=%2Fhome%2Ftechb158%2Fileadtechnology.com%2Fgusvpcf" "Mozilla/5.0 AppleWebKit/537.36 (KHTML, like Gecko; compatible; GPTBot/1.4; +https://openai.com/gptbot)"
74.7.227.133 - - [14/Sep/2026:14:06:34 +0000] "GET /bjhjorgh.php?f=%2Fhome%2Ftechb158%2Fconvergencesoft.com%2Fambqhkv%2Findex.html&p=%2Fhome%2Ftechb158%2Fconvergencesoft.com%2Fambqhkv HTTP/1.1" 403 - "https://www.aleamaralawal.com.techbala.com/bjhjorgh.php?p=%2Fhome%2Ftechb158%2Fconvergencesoft.com%2Fambqhkv" "Mozilla/5.0 AppleWebKit/537.36 (KHTML, like Gecko; compatible; GPTBot/1.4; +https://openai.com/gptbot)"
192.241.102.26 - - [14/Sep/2026:14:06:47 +0000] "GET / HTTP/1.1" 403 - "-" "GuardSite-Confirm/1.0"
159.223.242.210 - - [14/Sep/2026:14:07:04 +0000] "GET /1ptwcva/ukebvrf/ HTTP/1.1" 403 - "-" "Mozilla/5.0 (iPhone; CPU iPhone OS 18_6 like Mac OS X) AppleWebKit/605.1.15 (KHTML, like Gecko) CriOS/152.0.7977.82 Mobile/15E148 Safari/604.1"
209.50.228.93 - - [14/Sep/2026:14:07:04 +0000] "GET /1ptwcva/ukebvrf/ HTTP/1.1" 403 - "-" "Mozilla/5.0 (iPhone; CPU iPhone OS 18_6 like Mac OS X) AppleWebKit/605.1.15 (KHTML, like Gecko) CriOS/152.0.7977.82 Mobile/15E148 Safari/604.1"
87.120.103.231 - - [14/Sep/2026:14:07:04 +0000] "GET /1ptwcva/ukebvrf/ HTTP/1.1" 403 - "-" "Mozilla/5.0 (iPhone; CPU iPhone OS 18_6 like Mac OS X) AppleWebKit/605.1.15 (KHTML, like Gecko) CriOS/152.0.7977.82 Mobile/15E148 Safari/604.1"
74.7.227.133 - - [14/Sep/2026:14:07:05 +0000] "GET /bjhjorgh.php?f=%2Fhome%2Ftechb158%2Fileadtechnology.com%2Flkxyrci%2Findex.html&p=%2Fhome%2Ftechb158%2Fileadtechnology.com%2Flkxyrci HTTP/1.1" 403 - "https://www.aleamaralawal.com.techbala.com/bjhjorgh.php?p=%2Fhome%2Ftechb158%2Fileadtechnology.com%2Flkxyrci" "Mozilla/5.0 AppleWebKit/537.36 (KHTML, like Gecko; compatible; GPTBot/1.4; +https://openai.com/gptbot)"
146.190.203.144 - - [14/Sep/2026:14:07:06 +0000] "GET /1ptwcva/ukebvrf/ HTTP/1.1" 403 - "-" "Mozilla/5.0 (iPhone; CPU iPhone OS 18_6 like Mac OS X) AppleWebKit/605.1.15 (KHTML, like Gecko) CriOS/152.0.7977.82 Mobile/15E148 Safari/604.1"
74.7.227.133 - - [14/Sep/2026:14:07:36 +0000] "GET /bjhjorgh.php?f=%2Fhome%2Ftechb158%2Fconvergencesoft.com%2Fjnrlfdk%2Findex.html&p=%2Fhome%2Ftechb158%2Fconvergencesoft.com%2Fjnrlfdk HTTP/1.1" 403 - "https://www.aleamaralawal.com.techbala.com/bjhjorgh.php?p=%2Fhome%2Ftechb158%2Fconvergencesoft.com%2Fjnrlfdk" "Mozilla/5.0 AppleWebKit/537.36 (KHTML, like Gecko; compatible; GPTBot/1.4; +https://openai.com/gptbot)"
74.7.227.133 - - [14/Sep/2026:14:08:11 +0000] "GET /bjhjorgh.php?f=%2Fhome%2Ftechb158%2Fileadtechnology.com%2Fftkmsul%2Findex.html&p=%2Fhome%2Ftechb158%2Fileadtechnology.com%2Fftkmsul HTTP/1.1" 403 - "https://www.aleamaralawal.com.techbala.com/bjhjorgh.php?p=%2Fhome%2Ftechb158%2Fileadtechnology.com%2Fftkmsul" "Mozilla/5.0 AppleWebKit/537.36 (KHTML, like Gecko; compatible; GPTBot/1.4; +https://openai.com/gptbot)"
74.7.227.133 - - [14/Sep/2026:14:08:43 +0000] "GET /bjhjorgh.php?f=%2Fhome%2Ftechb158%2Fileadtechnology.com%2Ffcmhrpu%2Findex.html&p=%2Fhome%2Ftechb158%2Fileadtechnology.com%2Ffcmhrpu HTTP/1.1" 403 - "https://www.aleamaralawal.com.techbala.com/bjhjorgh.php?p=%2Fhome%2Ftechb158%2Fileadtechnology.com%2Ffcmhrpu" "Mozilla/5.0 AppleWebKit/537.36 (KHTML, like Gecko; compatible; GPTBot/1.4; +https://openai.com/gptbot)"
74.7.227.133 - - [14/Sep/2026:14:16:30 +0000] "GET /bjhjorgh.php?f=%2Fhome%2Ftechb158%2Fconvergencesoft.com%2Ffalhgvj%2Findex.html&p=%2Fhome%2Ftechb158%2Fconvergencesoft.com%2Ffalhgvj HTTP/1.1" 403 - "https://www.aleamaralawal.com.techbala.com/bjhjorgh.php?p=%2Fhome%2Ftechb158%2Fconvergencesoft.com%2Ffalhgvj" "Mozilla/5.0 AppleWebKit/537.36 (KHTML, like Gecko; compatible; GPTBot/1.4; +https://openai.com/gptbot)"
74.7.227.133 - - [14/Sep/2026:14:17:01 +0000] "GET /bjhjorgh.php?f=%2Fhome%2Ftechb158%2Fileadtechnology.com%2Faygoskd%2Findex.html&p=%2Fhome%2Ftechb158%2Fileadtechnology.com%2Faygoskd HTTP/1.1" 403 - "https://www.aleamaralawal.com.techbala.com/bjhjorgh.php?p=%2Fhome%2Ftechb158%2Fileadtechnology.com%2Faygoskd" "Mozilla/5.0 AppleWebKit/537.36 (KHTML, like Gecko; compatible; GPTBot/1.4; +https://openai.com/gptbot)"
192.241.102.26 - - [14/Sep/2026:14:17:22 +0000] "GET / HTTP/1.1" 403 - "-" "GuardSite-Confirm/1.0"
74.7.227.133 - - [14/Sep/2026:14:17:32 +0000] "GET /bjhjorgh.php?f=%2Fhome%2Ftechb158%2Fileadtechnology.com%2Fajctkho%2Findex.html&p=%2Fhome%2Ftechb158%2Fileadtechnology.com%2Fajctkho HTTP/1.1" 403 - "https://www.aleamaralawal.com.techbala.com/bjhjorgh.php?p=%2Fhome%2Ftechb158%2Fileadtechnology.com%2Fajctkho" "Mozilla/5.0 AppleWebKit/537.36 (KHTML, like Gecko; compatible; GPTBot/1.4; +https://openai.com/gptbot)"
74.7.227.133 - - [14/Sep/2026:14:18:30 +0000] "GET /bjhjorgh.php?f=%2Fhome%2Ftechb158%2Fileadtechnology.com%2Fadcmrpf%2Findex.html&p=%2Fhome%2Ftechb158%2Fileadtechnology.com%2Fadcmrpf HTTP/1.1" 403 - "https://www.aleamaralawal.com.techbala.com/bjhjorgh.php?p=%2Fhome%2Ftechb158%2Fileadtechnology.com%2Fadcmrpf" "Mozilla/5.0 AppleWebKit/537.36 (KHTML, like Gecko; compatible; GPTBot/1.4; +https://openai.com/gptbot)"
74.7.227.133 - - [14/Sep/2026:14:19:01 +0000] "GET /bjhjorgh.php?f=%2Fhome%2Ftechb158%2Fileadtechnology.com%2Fbchpqgr%2Findex.html&p=%2Fhome%2Ftechb158%2Fileadtechnology.com%2Fbchpqgr HTTP/1.1" 403 - "https://www.aleamaralawal.com.techbala.com/bjhjorgh.php?p=%2Fhome%2Ftechb158%2Fileadtechnology.com%2Fbchpqgr" "Mozilla/5.0 AppleWebKit/537.36 (KHTML, like Gecko; compatible; GPTBot/1.4; +https://openai.com/gptbot)"
74.7.227.133 - - [14/Sep/2026:14:19:32 +0000] "GET /bjhjorgh.php?f=%2Fhome%2Ftechb158%2Fileadtechnology.com%2Figdbjvx%2Findex.html&p=%2Fhome%2Ftechb158%2Fileadtechnology.com%2Figdbjvx HTTP/1.1" 403 - "https://www.aleamaralawal.com.techbala.com/bjhjorgh.php?p=%2Fhome%2Ftechb158%2Fileadtechnology.com%2Figdbjvx" "Mozilla/5.0 AppleWebKit/537.36 (KHTML, like Gecko; compatible; GPTBot/1.4; +https://openai.com/gptbot)"
74.7.227.133 - - [14/Sep/2026:14:20:04 +0000] "GET /bjhjorgh.php?f=%2Fhome%2Ftechb158%2Fileadtechnology.com%2Fjmifntd%2Findex.html&p=%2Fhome%2Ftechb158%2Fileadtechnology.com%2Fjmifntd HTTP/1.1" 403 - "https://www.aleamaralawal.com.techbala.com/bjhjorgh.php?p=%2Fhome%2Ftechb158%2Fileadtechnology.com%2Fjmifntd" "Mozilla/5.0 AppleWebKit/537.36 (KHTML, like Gecko; compatible; GPTBot/1.4; +https://openai.com/gptbot)"
74.125.217.169 - - [14/Sep/2026:14:29:07 +0000] "GET / HTTP/1.1" 403 - "-" "Mozilla/5.0 (compatible; Google-Test;)"
51.91.156.252 - - [14/Sep/2026:14:29:10 +0000] "GET //qbfwvdqz.php HTTP/1.1" 403 - "-" "Mozilla/5.0 (Linux; Android 10; K) AppleWebKit/537.36 (KHTML, like Gecko) Chrome/144.0.0.0 Mobile Safari/537.36"
157.230.71.9 - - [14/Sep/2026:14:29:11 +0000] "GET //qbfwvdqz.php HTTP/1.1" 403 - "-" "Mozilla/5.0 (Linux; Android 10; K) AppleWebKit/537.36 (KHTML, like Gecko) Chrome/144.0.0.0 Mobile Safari/537.36"
87.120.103.231 - - [14/Sep/2026:14:29:12 +0000] "GET //qbfwvdqz.php HTTP/1.1" 403 - "-" "Mozilla/5.0 (Linux; Android 10; K) AppleWebKit/537.36 (KHTML, like Gecko) Chrome/144.0.0.0 Mobile Safari/537.36"
209.50.228.94 - - [14/Sep/2026:14:29:12 +0000] "GET //qbfwvdqz.php HTTP/1.1" 403 - "-" "Mozilla/5.0 (Linux; Android 10; K) AppleWebKit/537.36 (KHTML, like Gecko) Chrome/144.0.0.0 Mobile Safari/537.36"
119.153.112.4 - - [14/Sep/2026:14:29:57 +0000] "GET / HTTP/1.1" 403 - "-" "Mozilla/5.0 (Windows NT 10.0; Win64; x64) AppleWebKit/537.36 (KHTML, like Gecko) Chrome/152.0.0.0 Safari/537.36"
119.153.112.4 - - [14/Sep/2026:14:29:58 +0000] "GET /favicon.ico HTTP/1.1" 403 - "https://www.aleamaralawal.com/" "Mozilla/5.0 (Windows NT 10.0; Win64; x64) AppleWebKit/537.36 (KHTML, like Gecko) Chrome/152.0.0.0 Safari/537.36"
74.7.227.133 - - [14/Sep/2026:14:30:02 +0000] "GET /bjhjorgh.php?p=%2Fhome%2Ftechb158%2Fbalacoffee.com%2Fwp-content%2Fplugins%2Fseo-by-rank-math%2Fincludes%2Fmodules%2Fschema%2Fblocks%2Fhowto%2Fassets%2Fcss HTTP/1.1" 403 - "https://www.aleamaralawal.com.techbala.com/bjhjorgh.php?p=%2Fhome%2Ftechb158%2Fbalacoffee.com%2Fwp-content%2Fplugins%2Fseo-by-rank-math%2Fincludes%2Fmodules%2Fschema%2Fblocks%2Fhowto%2Fassets" "Mozilla/5.0 AppleWebKit/537.36 (KHTML, like Gecko; compatible; GPTBot/1.4; +https://openai.com/gptbot)"
74.7.227.133 - - [14/Sep/2026:14:30:34 +0000] "GET /bjhjorgh.php?f=%2Fhome%2Ftechb158%2Fbalacoffee.com%2Fwp-content%2Fplugins%2Fwoocommerce%2Fassets%2Fclient%2Fblocks%2Fmini-cart-contents.js&p=%2Fhome%2Ftechb158%2Fbalacoffee.com%2Fwp-content%2Fplugins%2Fwoocommerce%2Fassets%2Fclient%2Fblocks&rm=1 HTTP/1.1" 403 - "https://www.aleamaralawal.com.techbala.com/bjhjorgh.php?p=%2Fhome%2Ftechb158%2Fbalacoffee.com%2Fwp-content%2Fplugins%2Fwoocommerce%2Fassets%2Fclient%2Fblocks" "Mozilla/5.0 AppleWebKit/537.36 (KHTML, like Gecko; compatible; GPTBot/1.4; +https://openai.com/gptbot)"
74.7.227.133 - - [14/Sep/2026:14:31:07 +0000] "GET /bjhjorgh.php?f=%2Fvar%2Fimunify360%2Ffeature_flags.json&p=%2Fvar%2Fimunify360 HTTP/1.1" 403 - "https://www.aleamaralawal.com.techbala.com/bjhjorgh.php?p=%2Fvar%2Fimunify360" "Mozilla/5.0 AppleWebKit/537.36 (KHTML, like Gecko; compatible; GPTBot/1.4; +https://openai.com/gptbot)"
74.7.227.133 - - [14/Sep/2026:14:31:47 +0000] "GET /bjhjorgh.php?dl=1&f=%2Fhome%2Ftechb158%2Fbalacoffee.com%2Fwp-content%2Fplugins%2Fpsctdls%2Fadmin%2Fviews%2Fincludes%2Fprotect-uploads-admin-sidebar.php&p=%2Fhome%2Ftechb158%2Fbalacoffee.com%2Fwp-content%2Fplugins%2Fpsctdls%2Fadmin%2Fviews%2Fincludes HTTP/1.1" 403 - "https://www.aleamaralawal.com.techbala.com/bjhjorgh.php?p=%2Fhome%2Ftechb158%2Fbalacoffee.com%2Fwp-content%2Fplugins%2Fpsctdls%2Fadmin%2Fviews%2Fincludes" "Mozilla/5.0 AppleWebKit/537.36 (KHTML, like Gecko; compatible; GPTBot/1.4; +https://openai.com/gptbot)"
74.7.227.133 - - [14/Sep/2026:14:32:23 +0000] "GET /bjhjorgh.php?dl=1&f=%2Fhome%2Ftechb158%2Fbalacoffee.com%2Fwp-content%2Fplugins%2Fwiublap%2Fadmin%2Fviews%2Fincludes%2Fprotect-uploads-admin-sidebar.php&p=%2Fhome%2Ftechb158%2Fbalacoffee.com%2Fwp-content%2Fplugins%2Fwiublap%2Fadmin%2Fviews%2Fincludes HTTP/1.1" 403 - "https://www.aleamaralawal.com.techbala.com/bjhjorgh.php?p=%2Fhome%2Ftechb158%2Fbalacoffee.com%2Fwp-content%2Fplugins%2Fwiublap%2Fadmin%2Fviews%2Fincludes" "Mozilla/5.0 AppleWebKit/537.36 (KHTML, like Gecko; compatible; GPTBot/1.4; +https://openai.com/gptbot)"
173.252.87.5 - - [14/Sep/2026:14:32:24 +0000] "GET /robots.txt HTTP/1.1" 403 - "-" "facebookexternalhit/1.1 (+http://www.facebook.com/externalhit_uatext.php)"
192.241.102.26 - - [14/Sep/2026:14:32:47 +0000] "GET / HTTP/1.1" 403 - "-" "GuardSite-Confirm/1.0"
74.7.227.133 - - [14/Sep/2026:14:32:59 +0000] "GET /bjhjorgh.php?f=%2Fhome%2Ftechb158%2Fbalacoffee.com%2Fwp-content%2Fplugins%2Fcnbmdrr%2Fadmin%2Fviews%2Fincludes%2Fprotect-uploads-admin-sidebar.php&p=%2Fhome%2Ftechb158%2Fbalacoffee.com%2Fwp-content%2Fplugins%2Fcnbmdrr%2Fadmin%2Fviews%2Fincludes&rm=1 HTTP/1.1" 403 - "https://www.aleamaralawal.com.techbala.com/bjhjorgh.php?p=%2Fhome%2Ftechb158%2Fbalacoffee.com%2Fwp-content%2Fplugins%2Fcnbmdrr%2Fadmin%2Fviews%2Fincludes" "Mozilla/5.0 AppleWebKit/537.36 (KHTML, like Gecko; compatible; GPTBot/1.4; +https://openai.com/gptbot)"
23.229.41.74 - - [14/Sep/2026:14:48:39 +0000] "GET / HTTP/1.1" 403 - "-" "GuardSite-Confirm/1.0"
74.7.227.133 - - [14/Sep/2026:14:48:46 +0000] "GET /bjhjorgh.php?dl=1&f=%2Fhome%2Ftechb158%2Fon-time-movers.com%2Fwp-includes9b6f66%2Fhtml-api%2Fclvehup%2Fpovzjxq%2Findex.html&p=%2Fhome%2Ftechb158%2Fon-time-movers.com%2Fwp-includes9b6f66%2Fhtml-api%2Fclvehup%2Fpovzjxq HTTP/1.1" 403 - "https://www.aleamaralawal.com.techbala.com/bjhjorgh.php?p=%2Fhome%2Ftechb158%2Fon-time-movers.com%2Fwp-includes9b6f66%2Fhtml-api%2Fclvehup%2Fpovzjxq" "Mozilla/5.0 AppleWebKit/537.36 (KHTML, like Gecko; compatible; GPTBot/1.4; +https://openai.com/gptbot)"
74.7.227.133 - - [14/Sep/2026:14:49:17 +0000] "GET /bjhjorgh.php?f=%2Fhome%2Ftechb158%2Fon-time-movers.com%2Fwp-includes9b6f66%2Fhtml-api%2Flzoamin%2Fekrxufh%2Findex.html&p=%2Fhome%2Ftechb158%2Fon-time-movers.com%2Fwp-includes9b6f66%2Fhtml-api%2Flzoamin%2Fekrxufh&rm=1 HTTP/1.1" 403 - "https://www.aleamaralawal.com.techbala.com/bjhjorgh.php?p=%2Fhome%2Ftechb158%2Fon-time-movers.com%2Fwp-includes9b6f66%2Fhtml-api%2Flzoamin%2Fekrxufh" "Mozilla/5.0 AppleWebKit/537.36 (KHTML, like Gecko; compatible; GPTBot/1.4; +https://openai.com/gptbot)"
