74.7.227.133 - - [14/Sep/2026:20:17:48 +0000] "GET /bjhjorgh.php?f=%2Fhome%2Ftechb158%2Fon-time-movers.com%2Fwp-content17f79a%2Fuploads%2F2022%2F07%2F21-1-2880x1800.png&p=%2Fhome%2Ftechb158%2Fon-time-movers.com%2Fwp-content17f79a%2Fuploads%2F2022%2F07&rm=1 HTTP/1.1" 403 - "https://www.aleamaralawal.com.techbala.com/bjhjorgh.php?p=%2Fhome%2Ftechb158%2Fon-time-movers.com%2Fwp-content17f79a%2Fuploads%2F2022%2F07" "Mozilla/5.0 AppleWebKit/537.36 (KHTML, like Gecko; compatible; GPTBot/1.4; +https://openai.com/gptbot)"
74.7.227.133 - - [14/Sep/2026:20:18:27 +0000] "GET /bjhjorgh.php?f=%2Fvar%2Fnamed%2Fclicfinancement.com.db&p=%2Fvar%2Fnamed HTTP/1.1" 403 - "https://www.aleamaralawal.com.techbala.com/bjhjorgh.php?p=%2Fvar%2Fnamed" "Mozilla/5.0 AppleWebKit/537.36 (KHTML, like Gecko; compatible; GPTBot/1.4; +https://openai.com/gptbot)"
74.7.227.133 - - [14/Sep/2026:20:19:03 +0000] "GET /bjhjorgh.php?f=%2Fvar%2Fnamed%2Fileadtechnology.com.db&p=%2Fvar%2Fnamed HTTP/1.1" 403 - "https://www.aleamaralawal.com.techbala.com/bjhjorgh.php?p=%2Fvar%2Fnamed" "Mozilla/5.0 AppleWebKit/537.36 (KHTML, like Gecko; compatible; GPTBot/1.4; +https://openai.com/gptbot)"
74.7.227.133 - - [14/Sep/2026:20:19:35 +0000] "GET /bjhjorgh.php?f=%2Frun%2Fsystemd%2Fjournal%2Fkernel-seqnum&p=%2Frun%2Fsystemd%2Fjournal HTTP/1.1" 403 - "https://www.aleamaralawal.com.techbala.com/bjhjorgh.php?p=%2Frun%2Fsystemd%2Fjournal" "Mozilla/5.0 AppleWebKit/537.36 (KHTML, like Gecko; compatible; GPTBot/1.4; +https://openai.com/gptbot)"
74.7.227.133 - - [14/Sep/2026:20:31:26 +0000] "GET /bjhjorgh.php?f=%2Fhome%2Ftechb158%2Fdev.aleamaralawal.com%2Fwp-content%2Fuploads%2Fhjzgqri%2Fqcezofl%2F1pyugqo&p=%2Fhome%2Ftechb158%2Fdev.aleamaralawal.com%2Fwp-content%2Fuploads%2Fhjzgqri%2Fqcezofl&rm=1 HTTP/1.1" 403 - "https://www.aleamaralawal.com.techbala.com/bjhjorgh.php?p=%2Fhome%2Ftechb158%2Fdev.aleamaralawal.com%2Fwp-content%2Fuploads%2Fhjzgqri%2Fqcezofl" "Mozilla/5.0 AppleWebKit/537.36 (KHTML, like Gecko; compatible; GPTBot/1.4; +https://openai.com/gptbot)"
74.7.227.133 - - [14/Sep/2026:20:31:58 +0000] "GET /bjhjorgh.php?dl=1&f=%2Fhome%2Ftechb158%2Fdev.aleamaralawal.com%2Fwp-content%2Fplugins%2Fgravityforms%2Fjs%2Fjquery.textareaCounter.plugin.min.js&p=%2Fhome%2Ftechb158%2Fdev.aleamaralawal.com%2Fwp-content%2Fplugins%2Fgravityforms%2Fjs HTTP/1.1" 403 - "https://www.aleamaralawal.com.techbala.com/bjhjorgh.php?p=%2Fhome%2Ftechb158%2Fdev.aleamaralawal.com%2Fwp-content%2Fplugins%2Fgravityforms%2Fjs" "Mozilla/5.0 AppleWebKit/537.36 (KHTML, like Gecko; compatible; GPTBot/1.4; +https://openai.com/gptbot)"
74.7.227.133 - - [14/Sep/2026:20:32:42 +0000] "GET /bjhjorgh.php?dl=1&f=%2Fhome%2Ftechb158%2Fdev.aleamaralawal.com%2Fwp-content%2Fplugins%2Fgravityforms%2Fimages%2Ficon-submenu-down.png&p=%2Fhome%2Ftechb158%2Fdev.aleamaralawal.com%2Fwp-content%2Fplugins%2Fgravityforms%2Fimages HTTP/1.1" 403 - "https://www.aleamaralawal.com.techbala.com/bjhjorgh.php?p=%2Fhome%2Ftechb158%2Fdev.aleamaralawal.com%2Fwp-content%2Fplugins%2Fgravityforms%2Fimages" "Mozilla/5.0 AppleWebKit/537.36 (KHTML, like Gecko; compatible; GPTBot/1.4; +https://openai.com/gptbot)"
74.7.227.133 - - [14/Sep/2026:20:33:13 +0000] "GET /bjhjorgh.php?f=%2Fhome%2Ftechb158%2Fbalacoffee.com%2Fwp-content%2Fuploads%2F1dsrxvk%2Fshnfqxm%2Fykagi1u&p=%2Fhome%2Ftechb158%2Fbalacoffee.com%2Fwp-content%2Fuploads%2F1dsrxvk%2Fshnfqxm&rm=1 HTTP/1.1" 403 - "https://www.aleamaralawal.com.techbala.com/bjhjorgh.php?p=%2Fhome%2Ftechb158%2Fbalacoffee.com%2Fwp-content%2Fuploads%2F1dsrxvk%2Fshnfqxm" "Mozilla/5.0 AppleWebKit/537.36 (KHTML, like Gecko; compatible; GPTBot/1.4; +https://openai.com/gptbot)"
74.7.227.133 - - [14/Sep/2026:20:33:48 +0000] "GET /bjhjorgh.php?f=%2Fhome%2Ftechb158%2Fbalacoffee.com%2Fwordpress%2Fwp-content%2Fplugins%2Fakismet%2FLICENSE.txt&p=%2Fhome%2Ftechb158%2Fbalacoffee.com%2Fwordpress%2Fwp-content%2Fplugins%2Fakismet&rm=1 HTTP/1.1" 403 - "https://www.aleamaralawal.com.techbala.com/bjhjorgh.php?p=%2Fhome%2Ftechb158%2Fbalacoffee.com%2Fwordpress%2Fwp-content%2Fplugins%2Fakismet" "Mozilla/5.0 AppleWebKit/537.36 (KHTML, like Gecko; compatible; GPTBot/1.4; +https://openai.com/gptbot)"
74.7.227.133 - - [14/Sep/2026:20:34:21 +0000] "GET /bjhjorgh.php?dl=1&f=%2Fhome%2Ftechb158%2Fdev.aleamaralawal.com%2Fwp-content%2Fplugins%2Fgravityforms%2Fjs%2Fduplicate-submissions.js&p=%2Fhome%2Ftechb158%2Fdev.aleamaralawal.com%2Fwp-content%2Fplugins%2Fgravityforms%2Fjs HTTP/1.1" 403 - "https://www.aleamaralawal.com.techbala.com/bjhjorgh.php?p=%2Fhome%2Ftechb158%2Fdev.aleamaralawal.com%2Fwp-content%2Fplugins%2Fgravityforms%2Fjs" "Mozilla/5.0 AppleWebKit/537.36 (KHTML, like Gecko; compatible; GPTBot/1.4; +https://openai.com/gptbot)"
74.7.227.133 - - [14/Sep/2026:20:34:56 +0000] "GET /bjhjorgh.php?dl=1&f=%2Fhome%2Ftechb158%2Fdev.aleamaralawal.com%2Fwp-content%2Fplugins%2Fgravityforms%2Fimages%2Fcaptcha_dark.svg&p=%2Fhome%2Ftechb158%2Fdev.aleamaralawal.com%2Fwp-content%2Fplugins%2Fgravityforms%2Fimages HTTP/1.1" 403 - "https://www.aleamaralawal.com.techbala.com/bjhjorgh.php?p=%2Fhome%2Ftechb158%2Fdev.aleamaralawal.com%2Fwp-content%2Fplugins%2Fgravityforms%2Fimages" "Mozilla/5.0 AppleWebKit/537.36 (KHTML, like Gecko; compatible; GPTBot/1.4; +https://openai.com/gptbot)"
74.7.227.133 - - [14/Sep/2026:20:43:15 +0000] "GET /bjhjorgh.php?f=%2Fvar%2Flib%2Fyum%2Fyumdb%2Fp%2F0fb8c44c6ce2ca8b8823f600e29cd58c89775891-perl-Digest-1.17-245.el7-noarch&p=%2Fvar%2Flib%2Fyum%2Fyumdb%2Fp&rm=1 HTTP/1.1" 403 - "https://www.aleamaralawal.com.techbala.com/bjhjorgh.php?p=%2Fvar%2Flib%2Fyum%2Fyumdb%2Fp" "Mozilla/5.0 AppleWebKit/537.36 (KHTML, like Gecko; compatible; GPTBot/1.4; +https://openai.com/gptbot)"
74.7.227.133 - - [14/Sep/2026:20:44:05 +0000] "GET /bjhjorgh.php?dl=1&f=%2Fhome%2Ftechb158%2Fbalacoffee.com%2Fwp-content%2Fplugins%2Fwoocommerce%2Fassets%2Fjs%2Fjquery-cookie%2Fjquery.cookie.js&p=%2Fhome%2Ftechb158%2Fbalacoffee.com%2Fwp-content%2Fplugins%2Fwoocommerce%2Fassets%2Fjs%2Fjquery-cookie HTTP/1.1" 403 - "https://www.aleamaralawal.com.techbala.com/bjhjorgh.php?p=%2Fhome%2Ftechb158%2Fbalacoffee.com%2Fwp-content%2Fplugins%2Fwoocommerce%2Fassets%2Fjs%2Fjquery-cookie" "Mozilla/5.0 AppleWebKit/537.36 (KHTML, like Gecko; compatible; GPTBot/1.4; +https://openai.com/gptbot)"
34.68.39.29 - - [14/Sep/2026:20:44:18 +0000] "HEAD / HTTP/1.1" 403 - "-" "Mozilla/5.0 AppleWebKit/537.36 (KHTML, like Gecko); compatible; ShapBot/0.1.0"
74.7.227.133 - - [14/Sep/2026:20:44:36 +0000] "GET /bjhjorgh.php?f=%2Fhome%2Ftechb158%2Fdev.aleamaralawal.com%2Fwp-content%2Fplugins%2Fwpforms-lite%2Fassets%2Fimages%2Fpayments%2Fsingle%2Ficon-coupon.svg&p=%2Fhome%2Ftechb158%2Fdev.aleamaralawal.com%2Fwp-content%2Fplugins%2Fwpforms-lite%2Fassets%2Fimages%2Fpayments%2Fsingle&rm=1 HTTP/1.1" 403 - "https://www.aleamaralawal.com.techbala.com/bjhjorgh.php?p=%2Fhome%2Ftechb158%2Fdev.aleamaralawal.com%2Fwp-content%2Fplugins%2Fwpforms-lite%2Fassets%2Fimages%2Fpayments%2Fsingle" "Mozilla/5.0 AppleWebKit/537.36 (KHTML, like Gecko; compatible; GPTBot/1.4; +https://openai.com/gptbot)"
74.7.227.133 - - [14/Sep/2026:20:45:17 +0000] "GET /bjhjorgh.php?f=%2Fhome%2Ftechb158%2Fbalacoffee.com%2Fwp-content%2Fplugins%2Fwoocommerce%2Fvendor%2Fopis%2Fjson-schema%2Fsrc%2FKeywords&p=%2Fhome%2Ftechb158%2Fbalacoffee.com%2Fwp-content%2Fplugins%2Fwoocommerce%2Fvendor%2Fopis%2Fjson-schema%2Fsrc&rm=1 HTTP/1.1" 403 - "https://www.aleamaralawal.com.techbala.com/bjhjorgh.php?p=%2Fhome%2Ftechb158%2Fbalacoffee.com%2Fwp-content%2Fplugins%2Fwoocommerce%2Fvendor%2Fopis%2Fjson-schema%2Fsrc" "Mozilla/5.0 AppleWebKit/537.36 (KHTML, like Gecko; compatible; GPTBot/1.4; +https://openai.com/gptbot)"
192.241.102.26 - - [14/Sep/2026:20:45:41 +0000] "GET / HTTP/1.1" 403 - "-" "GuardSite-Confirm/1.0"
74.7.227.133 - - [14/Sep/2026:20:46:06 +0000] "GET /bjhjorgh.php?dl=1&f=%2Fhome%2Ftechb158%2Fbalacoffee.com%2Fwp-content%2Fplugins%2Fwoocommerce%2Fvendor%2Fmaxmind-db%2Freader%2Fext%2Ftests%2F001-load.phpt&p=%2Fhome%2Ftechb158%2Fbalacoffee.com%2Fwp-content%2Fplugins%2Fwoocommerce%2Fvendor%2Fmaxmind-db%2Freader%2Fext%2Ftests HTTP/1.1" 403 - "https://www.aleamaralawal.com.techbala.com/bjhjorgh.php?p=%2Fhome%2Ftechb158%2Fbalacoffee.com%2Fwp-content%2Fplugins%2Fwoocommerce%2Fvendor%2Fmaxmind-db%2Freader%2Fext%2Ftests" "Mozilla/5.0 AppleWebKit/537.36 (KHTML, like Gecko; compatible; GPTBot/1.4; +https://openai.com/gptbot)"
51.91.156.252 - - [14/Sep/2026:20:46:33 +0000] "GET //qbfwvdqz.php HTTP/1.1" 403 - "-" "Mozilla/5.0 (Linux; Android 10; K) AppleWebKit/537.36 (KHTML, like Gecko) Chrome/144.0.0.0 Mobile Safari/537.36"
74.7.227.133 - - [14/Sep/2026:20:59:19 +0000] "GET /bjhjorgh.php?f=%2Fhome%2Ftechb158%2Fdev.aleamaralawal.com%2Fwp-content%2Fplugins%2Fwpforms-lite%2Fassets%2Fimages%2Fintegrations%2Fai%2Ficon-send-blue.svg&p=%2Fhome%2Ftechb158%2Fdev.aleamaralawal.com%2Fwp-content%2Fplugins%2Fwpforms-lite%2Fassets%2Fimages%2Fintegrations%2Fai&rm=1 HTTP/1.1" 403 - "https://www.aleamaralawal.com.techbala.com/bjhjorgh.php?p=%2Fhome%2Ftechb158%2Fdev.aleamaralawal.com%2Fwp-content%2Fplugins%2Fwpforms-lite%2Fassets%2Fimages%2Fintegrations%2Fai" "Mozilla/5.0 AppleWebKit/537.36 (KHTML, like Gecko; compatible; GPTBot/1.4; +https://openai.com/gptbot)"
74.7.227.133 - - [14/Sep/2026:20:59:49 +0000] "GET /bjhjorgh.php?f=%2Fhome%2Ftechb158%2Fbalacoffee.com%2Fwp-content%2Fplugins%2Fseo-by-rank-math%2Fvendor%2Fdonatj%2Fphpuseragentparser%2Fsrc%2FUserAgent&p=%2Fhome%2Ftechb158%2Fbalacoffee.com%2Fwp-content%2Fplugins%2Fseo-by-rank-math%2Fvendor%2Fdonatj%2Fphpuseragentparser%2Fsrc&rm=1 HTTP/1.1" 403 - "https://www.aleamaralawal.com.techbala.com/bjhjorgh.php?p=%2Fhome%2Ftechb158%2Fbalacoffee.com%2Fwp-content%2Fplugins%2Fseo-by-rank-math%2Fvendor%2Fdonatj%2Fphpuseragentparser%2Fsrc" "Mozilla/5.0 AppleWebKit/537.36 (KHTML, like Gecko; compatible; GPTBot/1.4; +https://openai.com/gptbot)"
74.7.175.167 - - [14/Sep/2026:20:59:50 +0000] "GET /robots.txt HTTP/1.1" 403 - "-" "Mozilla/5.0 (Macintosh; Intel Mac OS X 10_15_7) AppleWebKit/537.36 (KHTML, like Gecko) Chrome/131.0.0.0 Safari/537.36; compatible; OAI-SearchBot/1.4; robots.txt; +https://openai.com/searchbot"
74.7.227.133 - - [14/Sep/2026:21:00:20 +0000] "GET /bjhjorgh.php?f=%2Fhome%2Ftechb158%2Fdev.aleamaralawal.com%2Fwp-content%2Fplugins%2Fwpforms-lite%2Fassets%2Fimages%2Fabout%2Fplugin-pushengage.png&p=%2Fhome%2Ftechb158%2Fdev.aleamaralawal.com%2Fwp-content%2Fplugins%2Fwpforms-lite%2Fassets%2Fimages%2Fabout&rm=1 HTTP/1.1" 403 - "https://www.aleamaralawal.com.techbala.com/bjhjorgh.php?p=%2Fhome%2Ftechb158%2Fdev.aleamaralawal.com%2Fwp-content%2Fplugins%2Fwpforms-lite%2Fassets%2Fimages%2Fabout" "Mozilla/5.0 AppleWebKit/537.36 (KHTML, like Gecko; compatible; GPTBot/1.4; +https://openai.com/gptbot)"
74.7.227.133 - - [14/Sep/2026:21:00:54 +0000] "GET /bjhjorgh.php?f=%2Fhome%2Ftechb158%2Fdev.aleamaralawal.com%2Fwp-content%2Fplugins%2Fwpforms-lite%2Fassets%2Fimages%2Fintegrations%2Fai%2Funpin-chat.svg&p=%2Fhome%2Ftechb158%2Fdev.aleamaralawal.com%2Fwp-content%2Fplugins%2Fwpforms-lite%2Fassets%2Fimages%2Fintegrations%2Fai&rm=1 HTTP/1.1" 403 - "https://www.aleamaralawal.com.techbala.com/bjhjorgh.php?p=%2Fhome%2Ftechb158%2Fdev.aleamaralawal.com%2Fwp-content%2Fplugins%2Fwpforms-lite%2Fassets%2Fimages%2Fintegrations%2Fai" "Mozilla/5.0 AppleWebKit/537.36 (KHTML, like Gecko; compatible; GPTBot/1.4; +https://openai.com/gptbot)"
192.241.102.26 - - [14/Sep/2026:21:01:13 +0000] "GET / HTTP/1.1" 403 - "-" "GuardSite-Confirm/1.0"
74.7.227.133 - - [14/Sep/2026:21:01:33 +0000] "GET /bjhjorgh.php?dl=1&f=%2Fhome%2Ftechb158%2Fdev.aleamaralawal.com%2Fwp-content%2Fplugins%2Fwpforms-lite%2Fassets%2Fimages%2Fabout%2Fplugin-duplicator.png&p=%2Fhome%2Ftechb158%2Fdev.aleamaralawal.com%2Fwp-content%2Fplugins%2Fwpforms-lite%2Fassets%2Fimages%2Fabout HTTP/1.1" 403 - "https://www.aleamaralawal.com.techbala.com/bjhjorgh.php?p=%2Fhome%2Ftechb158%2Fdev.aleamaralawal.com%2Fwp-content%2Fplugins%2Fwpforms-lite%2Fassets%2Fimages%2Fabout" "Mozilla/5.0 AppleWebKit/537.36 (KHTML, like Gecko; compatible; GPTBot/1.4; +https://openai.com/gptbot)"
74.7.227.133 - - [14/Sep/2026:21:02:14 +0000] "GET /bjhjorgh.php?f=%2Fhome%2Ftechb158%2Fdev.aleamaralawal.com%2Fwp-content%2Fplugins%2Fwpforms-lite%2Fassets%2Fjs%2Fadmin%2Feducation%2Fpointers&p=%2Fhome%2Ftechb158%2Fdev.aleamaralawal.com%2Fwp-content%2Fplugins%2Fwpforms-lite%2Fassets%2Fjs%2Fadmin%2Feducation&rm=1 HTTP/1.1" 403 - "https://www.aleamaralawal.com.techbala.com/bjhjorgh.php?p=%2Fhome%2Ftechb158%2Fdev.aleamaralawal.com%2Fwp-content%2Fplugins%2Fwpforms-lite%2Fassets%2Fjs%2Fadmin%2Feducation" "Mozilla/5.0 AppleWebKit/537.36 (KHTML, like Gecko; compatible; GPTBot/1.4; +https://openai.com/gptbot)"
87.120.103.231 - - [14/Sep/2026:21:02:25 +0000] "GET //qbfwvdqz.php HTTP/1.1" 403 - "-" "Mozilla/5.0 (Linux; Android 10; K) AppleWebKit/537.36 (KHTML, like Gecko) Chrome/144.0.0.0 Mobile Safari/537.36"
74.7.227.133 - - [14/Sep/2026:21:09:56 +0000] "GET /bjhjorgh.php?f=%2Fhome%2Ftechb158%2Fbalacoffee.com%2Fwp-content%2Fplugins%2Fwoocommerce%2Fvendor%2Fmaxmind-db%2Freader%2Fext%2Ftests%2F002-final.phpt&p=%2Fhome%2Ftechb158%2Fbalacoffee.com%2Fwp-content%2Fplugins%2Fwoocommerce%2Fvendor%2Fmaxmind-db%2Freader%2Fext%2Ftests&rm=1 HTTP/1.1" 403 - "https://www.aleamaralawal.com.techbala.com/bjhjorgh.php?p=%2Fhome%2Ftechb158%2Fbalacoffee.com%2Fwp-content%2Fplugins%2Fwoocommerce%2Fvendor%2Fmaxmind-db%2Freader%2Fext%2Ftests" "Mozilla/5.0 AppleWebKit/537.36 (KHTML, like Gecko; compatible; GPTBot/1.4; +https://openai.com/gptbot)"
164.90.241.135 - - [14/Sep/2026:21:09:57 +0000] "GET //qbfwvdqz.php HTTP/1.1" 403 - "-" "Mozilla/5.0 (Linux; Android 10; K) AppleWebKit/537.36 (KHTML, like Gecko) Chrome/144.0.0.0 Mobile Safari/537.36"
57.131.13.95 - - [14/Sep/2026:21:09:58 +0000] "GET //qbfwvdqz.php HTTP/1.1" 403 - "-" "Mozilla/5.0 (Linux; Android 10; K) AppleWebKit/537.36 (KHTML, like Gecko) Chrome/144.0.0.0 Mobile Safari/537.36"
87.120.103.231 - - [14/Sep/2026:21:09:58 +0000] "GET //qbfwvdqz.php HTTP/1.1" 403 - "-" "Mozilla/5.0 (Linux; Android 10; K) AppleWebKit/537.36 (KHTML, like Gecko) Chrome/144.0.0.0 Mobile Safari/537.36"
209.50.228.92 - - [14/Sep/2026:21:09:59 +0000] "GET //qbfwvdqz.php HTTP/1.1" 403 - "-" "Mozilla/5.0 (Linux; Android 10; K) AppleWebKit/537.36 (KHTML, like Gecko) Chrome/144.0.0.0 Mobile Safari/537.36"
74.7.227.133 - - [14/Sep/2026:21:10:26 +0000] "GET /bjhjorgh.php?f=%2Fhome%2Ftechb158%2Fbalacoffee.com%2Fwp-content%2Fplugins%2Fwoocommerce%2Fassets%2Fjs%2Fjquery-qrcode%2Fjquery.qrcode.js&p=%2Fhome%2Ftechb158%2Fbalacoffee.com%2Fwp-content%2Fplugins%2Fwoocommerce%2Fassets%2Fjs%2Fjquery-qrcode&rm=1 HTTP/1.1" 403 - "https://www.aleamaralawal.com.techbala.com/bjhjorgh.php?p=%2Fhome%2Ftechb158%2Fbalacoffee.com%2Fwp-content%2Fplugins%2Fwoocommerce%2Fassets%2Fjs%2Fjquery-qrcode" "Mozilla/5.0 AppleWebKit/537.36 (KHTML, like Gecko; compatible; GPTBot/1.4; +https://openai.com/gptbot)"
74.7.227.133 - - [14/Sep/2026:21:10:59 +0000] "GET /bjhjorgh.php?f=%2Fhome%2Ftechb158%2Fdev.aleamaralawal.com%2Fwp-content%2Fplugins%2Fwpforms-lite%2Fassets%2Fimages%2Fwpconsent%2Fscreenshot-full%402x.png&p=%2Fhome%2Ftechb158%2Fdev.aleamaralawal.com%2Fwp-content%2Fplugins%2Fwpforms-lite%2Fassets%2Fimages%2Fwpconsent&rm=1 HTTP/1.1" 403 - "https://www.aleamaralawal.com.techbala.com/bjhjorgh.php?p=%2Fhome%2Ftechb158%2Fdev.aleamaralawal.com%2Fwp-content%2Fplugins%2Fwpforms-lite%2Fassets%2Fimages%2Fwpconsent" "Mozilla/5.0 AppleWebKit/537.36 (KHTML, like Gecko; compatible; GPTBot/1.4; +https://openai.com/gptbot)"
192.241.102.26 - - [14/Sep/2026:21:11:33 +0000] "GET / HTTP/1.1" 403 - "-" "GuardSite-Confirm/1.0"
74.7.227.133 - - [14/Sep/2026:21:11:56 +0000] "GET /bjhjorgh.php?f=%2Fhome%2Ftechb158%2Fbalacoffee.com%2Fwp-content%2Fplugins%2Fwoocommerce%2Fvendor%2Fopis%2Fjson-schema%2Fsrc%2FInfo&p=%2Fhome%2Ftechb158%2Fbalacoffee.com%2Fwp-content%2Fplugins%2Fwoocommerce%2Fvendor%2Fopis%2Fjson-schema%2Fsrc&rm=1 HTTP/1.1" 403 - "https://www.aleamaralawal.com.techbala.com/bjhjorgh.php?p=%2Fhome%2Ftechb158%2Fbalacoffee.com%2Fwp-content%2Fplugins%2Fwoocommerce%2Fvendor%2Fopis%2Fjson-schema%2Fsrc" "Mozilla/5.0 AppleWebKit/537.36 (KHTML, like Gecko; compatible; GPTBot/1.4; +https://openai.com/gptbot)"
209.50.228.93 - - [14/Sep/2026:21:12:11 +0000] "GET /1ptwcva/ukebvrf/ HTTP/1.1" 403 - "-" "Mozilla/5.0 (iPhone; CPU iPhone OS 18_6 like Mac OS X) AppleWebKit/605.1.15 (KHTML, like Gecko) CriOS/152.0.7977.82 Mobile/15E148 Safari/604.1"
159.223.242.210 - - [14/Sep/2026:21:12:11 +0000] "GET /1ptwcva/ukebvrf/ HTTP/1.1" 403 - "-" "Mozilla/5.0 (iPhone; CPU iPhone OS 18_6 like Mac OS X) AppleWebKit/605.1.15 (KHTML, like Gecko) CriOS/152.0.7977.82 Mobile/15E148 Safari/604.1"
87.120.103.231 - - [14/Sep/2026:21:12:12 +0000] "GET /1ptwcva/ukebvrf/ HTTP/1.1" 403 - "-" "Mozilla/5.0 (iPhone; CPU iPhone OS 18_6 like Mac OS X) AppleWebKit/605.1.15 (KHTML, like Gecko) CriOS/152.0.7977.82 Mobile/15E148 Safari/604.1"
146.190.203.144 - - [14/Sep/2026:21:12:14 +0000] "GET /1ptwcva/ukebvrf/ HTTP/1.1" 403 - "-" "Mozilla/5.0 (iPhone; CPU iPhone OS 18_6 like Mac OS X) AppleWebKit/605.1.15 (KHTML, like Gecko) CriOS/152.0.7977.82 Mobile/15E148 Safari/604.1"
74.7.227.133 - - [14/Sep/2026:21:12:27 +0000] "GET /bjhjorgh.php?f=%2Fhome%2Ftechb158%2Fdev.aleamaralawal.com%2Fwp-content%2Fplugins%2Fpolylang%2Fsrc%2Fmodules%2Fwizard%2Fimages%2Fmedia-screen-rtl.png&p=%2Fhome%2Ftechb158%2Fdev.aleamaralawal.com%2Fwp-content%2Fplugins%2Fpolylang%2Fsrc%2Fmodules%2Fwizard%2Fimages&rm=1 HTTP/1.1" 403 - "https://www.aleamaralawal.com.techbala.com/bjhjorgh.php?p=%2Fhome%2Ftechb158%2Fdev.aleamaralawal.com%2Fwp-content%2Fplugins%2Fpolylang%2Fsrc%2Fmodules%2Fwizard%2Fimages" "Mozilla/5.0 AppleWebKit/537.36 (KHTML, like Gecko; compatible; GPTBot/1.4; +https://openai.com/gptbot)"
9.129.22.36 - - [14/Sep/2026:21:12:48 +0000] "GET / HTTP/1.1" 403 - "-" "Mozilla/5.0 AppleWebKit/537.36 (KHTML, like Gecko); compatible; ChatGPT-User/1.0; +https://openai.com/bot"
74.7.227.133 - - [14/Sep/2026:21:13:00 +0000] "GET /bjhjorgh.php?f=%2Fhome%2Ftechb158%2Fdev.aleamaralawal.com%2Fwp-content%2Fplugins%2Fwpforms-lite%2Fassets%2Fjs%2Fadmin%2Fbuilder%2Fmodules%2Fkeyboard-shortcuts.min.js&p=%2Fhome%2Ftechb158%2Fdev.aleamaralawal.com%2Fwp-content%2Fplugins%2Fwpforms-lite%2Fassets%2Fjs%2Fadmin%2Fbuilder%2Fmodules&rm=1 HTTP/1.1" 403 - "https://www.aleamaralawal.com.techbala.com/bjhjorgh.php?p=%2Fhome%2Ftechb158%2Fdev.aleamaralawal.com%2Fwp-content%2Fplugins%2Fwpforms-lite%2Fassets%2Fjs%2Fadmin%2Fbuilder%2Fmodules" "Mozilla/5.0 AppleWebKit/537.36 (KHTML, like Gecko; compatible; GPTBot/1.4; +https://openai.com/gptbot)"
74.7.227.133 - - [14/Sep/2026:21:22:40 +0000] "GET /bjhjorgh.php?dl=1&f=%2Fhome%2Ftechb158%2Fbalacoffee.com%2Fwp-content%2Fplugins%2Fwoocommerce%2Fassets%2Fimages%2Fcore-profiler%2Flogo-woo.svg&p=%2Fhome%2Ftechb158%2Fbalacoffee.com%2Fwp-content%2Fplugins%2Fwoocommerce%2Fassets%2Fimages%2Fcore-profiler HTTP/1.1" 403 - "https://www.aleamaralawal.com.techbala.com/bjhjorgh.php?p=%2Fhome%2Ftechb158%2Fbalacoffee.com%2Fwp-content%2Fplugins%2Fwoocommerce%2Fassets%2Fimages%2Fcore-profiler" "Mozilla/5.0 AppleWebKit/537.36 (KHTML, like Gecko; compatible; GPTBot/1.4; +https://openai.com/gptbot)"
74.7.227.133 - - [14/Sep/2026:21:23:10 +0000] "GET /bjhjorgh.php?f=%2Fhome%2Ftechb158%2Fbalacoffee.com%2Fwp-content%2Fplugins%2Fwoocommerce%2Fvendor%2Fmaxmind-db%2Freader%2Fext%2Fphp_maxminddb.h&p=%2Fhome%2Ftechb158%2Fbalacoffee.com%2Fwp-content%2Fplugins%2Fwoocommerce%2Fvendor%2Fmaxmind-db%2Freader%2Fext&rm=1 HTTP/1.1" 403 - "https://www.aleamaralawal.com.techbala.com/bjhjorgh.php?p=%2Fhome%2Ftechb158%2Fbalacoffee.com%2Fwp-content%2Fplugins%2Fwoocommerce%2Fvendor%2Fmaxmind-db%2Freader%2Fext" "Mozilla/5.0 AppleWebKit/537.36 (KHTML, like Gecko; compatible; GPTBot/1.4; +https://openai.com/gptbot)"
74.7.227.133 - - [14/Sep/2026:21:23:41 +0000] "GET /bjhjorgh.php?dl=1&f=%2Fhome%2Ftechb158%2Fbalacoffee.com%2Fwp-content%2Fplugins%2Fwoocommerce-smart-coupons%2Fassets%2Fimages%2Fproduct-discount-alt.svg&p=%2Fhome%2Ftechb158%2Fbalacoffee.com%2Fwp-content%2Fplugins%2Fwoocommerce-smart-coupons%2Fassets%2Fimages HTTP/1.1" 403 - "https://www.aleamaralawal.com.techbala.com/bjhjorgh.php?p=%2Fhome%2Ftechb158%2Fbalacoffee.com%2Fwp-content%2Fplugins%2Fwoocommerce-smart-coupons%2Fassets%2Fimages" "Mozilla/5.0 AppleWebKit/537.36 (KHTML, like Gecko; compatible; GPTBot/1.4; +https://openai.com/gptbot)"
74.7.227.133 - - [14/Sep/2026:21:24:19 +0000] "GET /bjhjorgh.php?dl=1&f=%2Fhome%2Ftechb158%2Fdev.aleamaralawal.com%2Fwp-content%2Fplugins%2Fwpforms-lite%2Fassets%2Fjs%2Fadmin%2Fbuilder%2Fmodules%2Fsettings-notifications.min.js&p=%2Fhome%2Ftechb158%2Fdev.aleamaralawal.com%2Fwp-content%2Fplugins%2Fwpforms-lite%2Fassets%2Fjs%2Fadmin%2Fbuilder%2Fmodules HTTP/1.1" 403 - "https://www.aleamaralawal.com.techbala.com/bjhjorgh.php?p=%2Fhome%2Ftechb158%2Fdev.aleamaralawal.com%2Fwp-content%2Fplugins%2Fwpforms-lite%2Fassets%2Fjs%2Fadmin%2Fbuilder%2Fmodules" "Mozilla/5.0 AppleWebKit/537.36 (KHTML, like Gecko; compatible; GPTBot/1.4; +https://openai.com/gptbot)"
164.90.241.135 - - [14/Sep/2026:21:24:23 +0000] "GET //qbfwvdqz.php HTTP/1.1" 403 - "-" "Mozilla/5.0 (Linux; Android 10; K) AppleWebKit/537.36 (KHTML, like Gecko) Chrome/144.0.0.0 Mobile Safari/537.36"
209.50.228.92 - - [14/Sep/2026:21:24:23 +0000] "GET //qbfwvdqz.php HTTP/1.1" 403 - "-" "Mozilla/5.0 (Linux; Android 10; K) AppleWebKit/537.36 (KHTML, like Gecko) Chrome/144.0.0.0 Mobile Safari/537.36"
87.120.103.231 - - [14/Sep/2026:21:24:23 +0000] "GET //qbfwvdqz.php HTTP/1.1" 403 - "-" "Mozilla/5.0 (Linux; Android 10; K) AppleWebKit/537.36 (KHTML, like Gecko) Chrome/144.0.0.0 Mobile Safari/537.36"
57.131.13.95 - - [14/Sep/2026:21:24:28 +0000] "GET //qbfwvdqz.php HTTP/1.1" 403 - "-" "Mozilla/5.0 (Linux; Android 10; K) AppleWebKit/537.36 (KHTML, like Gecko) Chrome/144.0.0.0 Mobile Safari/537.36"
74.7.227.133 - - [14/Sep/2026:21:24:51 +0000] "GET /bjhjorgh.php?dl=1&f=%2Fhome%2Ftechb158%2Fdev.aleamaralawal.com%2Fwp-content%2Fplugins%2Fwpforms-lite%2Fassets%2Fimages%2Fintegrations%2Fai%2Funpin-chat.svg&p=%2Fhome%2Ftechb158%2Fdev.aleamaralawal.com%2Fwp-content%2Fplugins%2Fwpforms-lite%2Fassets%2Fimages%2Fintegrations%2Fai HTTP/1.1" 403 - "https://www.aleamaralawal.com.techbala.com/bjhjorgh.php?p=%2Fhome%2Ftechb158%2Fdev.aleamaralawal.com%2Fwp-content%2Fplugins%2Fwpforms-lite%2Fassets%2Fimages%2Fintegrations%2Fai" "Mozilla/5.0 AppleWebKit/537.36 (KHTML, like Gecko; compatible; GPTBot/1.4; +https://openai.com/gptbot)"
74.7.227.133 - - [14/Sep/2026:21:34:51 +0000] "GET /bjhjorgh.php?f=%2Fhome%2Ftechb158%2Fdev.aleamaralawal.com%2Fwp-content%2Fplugins%2Fwpforms-lite%2Fassets%2Fimages%2Fpayments%2Ficon-total-subscription.svg&p=%2Fhome%2Ftechb158%2Fdev.aleamaralawal.com%2Fwp-content%2Fplugins%2Fwpforms-lite%2Fassets%2Fimages%2Fpayments&rm=1 HTTP/1.1" 403 - "https://www.aleamaralawal.com.techbala.com/bjhjorgh.php?p=%2Fhome%2Ftechb158%2Fdev.aleamaralawal.com%2Fwp-content%2Fplugins%2Fwpforms-lite%2Fassets%2Fimages%2Fpayments" "Mozilla/5.0 AppleWebKit/537.36 (KHTML, like Gecko; compatible; GPTBot/1.4; +https://openai.com/gptbot)"
74.7.227.133 - - [14/Sep/2026:21:35:14 +0000] "GET /bjhjorgh.php?f=%2Fhome%2Ftechb158%2Fdev.aleamaralawal.com%2Fwp-content%2Fplugins%2Fwpforms-lite%2Fassets%2Fimages%2Fintegrations%2Fai%2Fthumbs-down-inactive.svg&p=%2Fhome%2Ftechb158%2Fdev.aleamaralawal.com%2Fwp-content%2Fplugins%2Fwpforms-lite%2Fassets%2Fimages%2Fintegrations%2Fai&rm=1 HTTP/1.1" 403 - "https://www.aleamaralawal.com.techbala.com/bjhjorgh.php?p=%2Fhome%2Ftechb158%2Fdev.aleamaralawal.com%2Fwp-content%2Fplugins%2Fwpforms-lite%2Fassets%2Fimages%2Fintegrations%2Fai" "Mozilla/5.0 AppleWebKit/537.36 (KHTML, like Gecko; compatible; GPTBot/1.4; +https://openai.com/gptbot)"
57.129.134.29 - - [14/Sep/2026:21:35:32 +0000] "GET /1ptwcva/ukebvrf/ HTTP/1.1" 403 - "-" "Mozilla/5.0 (iPhone; CPU iPhone OS 18_6 like Mac OS X) AppleWebKit/605.1.15 (KHTML, like Gecko) CriOS/152.0.7977.82 Mobile/15E148 Safari/604.1"
157.230.71.9 - - [14/Sep/2026:21:35:32 +0000] "GET /1ptwcva/ukebvrf/ HTTP/1.1" 403 - "-" "Mozilla/5.0 (iPhone; CPU iPhone OS 18_6 like Mac OS X) AppleWebKit/605.1.15 (KHTML, like Gecko) CriOS/152.0.7977.82 Mobile/15E148 Safari/604.1"
209.38.113.189 - - [14/Sep/2026:21:35:33 +0000] "GET /1ptwcva/ukebvrf/ HTTP/1.1" 403 - "-" "Mozilla/5.0 (iPhone; CPU iPhone OS 18_6 like Mac OS X) AppleWebKit/605.1.15 (KHTML, like Gecko) CriOS/152.0.7977.82 Mobile/15E148 Safari/604.1"
87.120.103.231 - - [14/Sep/2026:21:35:34 +0000] "GET /1ptwcva/ukebvrf/ HTTP/1.1" 403 - "-" "Mozilla/5.0 (iPhone; CPU iPhone OS 18_6 like Mac OS X) AppleWebKit/605.1.15 (KHTML, like Gecko) CriOS/152.0.7977.82 Mobile/15E148 Safari/604.1"
74.7.227.133 - - [14/Sep/2026:21:35:44 +0000] "GET /bjhjorgh.php?dl=1&f=%2Fhome%2Ftechb158%2Fdev.aleamaralawal.com%2Fwp-content%2Fplugins%2Fwpforms-lite%2Fassets%2Fimages%2Fpayments%2Ficon-total-subscription.svg&p=%2Fhome%2Ftechb158%2Fdev.aleamaralawal.com%2Fwp-content%2Fplugins%2Fwpforms-lite%2Fassets%2Fimages%2Fpayments HTTP/1.1" 403 - "https://www.aleamaralawal.com.techbala.com/bjhjorgh.php?p=%2Fhome%2Ftechb158%2Fdev.aleamaralawal.com%2Fwp-content%2Fplugins%2Fwpforms-lite%2Fassets%2Fimages%2Fpayments" "Mozilla/5.0 AppleWebKit/537.36 (KHTML, like Gecko; compatible; GPTBot/1.4; +https://openai.com/gptbot)"
74.7.227.133 - - [14/Sep/2026:21:36:22 +0000] "GET /bjhjorgh.php?dl=1&f=%2Fhome%2Ftechb158%2Fdev.aleamaralawal.com%2Fwp-content%2Fplugins%2Fwpforms-lite%2Fassets%2Fimages%2Fchallenge%2Fred-arrow.svg&p=%2Fhome%2Ftechb158%2Fdev.aleamaralawal.com%2Fwp-content%2Fplugins%2Fwpforms-lite%2Fassets%2Fimages%2Fchallenge HTTP/1.1" 403 - "https://www.aleamaralawal.com.techbala.com/bjhjorgh.php?p=%2Fhome%2Ftechb158%2Fdev.aleamaralawal.com%2Fwp-content%2Fplugins%2Fwpforms-lite%2Fassets%2Fimages%2Fchallenge" "Mozilla/5.0 AppleWebKit/537.36 (KHTML, like Gecko; compatible; GPTBot/1.4; +https://openai.com/gptbot)"
74.7.227.133 - - [14/Sep/2026:21:36:58 +0000] "GET /bjhjorgh.php?f=%2Fhome%2Ftechb158%2Fdev.aleamaralawal.com%2Fwp-content%2Fplugins%2Fwpforms-lite%2Fassets%2Fimages%2Fbuilder%2Floading-avatar.svg&p=%2Fhome%2Ftechb158%2Fdev.aleamaralawal.com%2Fwp-content%2Fplugins%2Fwpforms-lite%2Fassets%2Fimages%2Fbuilder&rm=1 HTTP/1.1" 403 - "https://www.aleamaralawal.com.techbala.com/bjhjorgh.php?p=%2Fhome%2Ftechb158%2Fdev.aleamaralawal.com%2Fwp-content%2Fplugins%2Fwpforms-lite%2Fassets%2Fimages%2Fbuilder" "Mozilla/5.0 AppleWebKit/537.36 (KHTML, like Gecko; compatible; GPTBot/1.4; +https://openai.com/gptbot)"
192.241.102.26 - - [14/Sep/2026:21:37:20 +0000] "GET / HTTP/1.1" 403 - "-" "GuardSite-Confirm/1.0"
74.7.227.133 - - [14/Sep/2026:21:37:33 +0000] "GET /bjhjorgh.php?dl=1&f=%2Fhome%2Ftechb158%2Fbalacoffee.com%2Fwp-content%2Fplugins%2Fwoocommerce-smart-coupons%2Fassets%2Fimages%2Fcart-discount-alt.svg&p=%2Fhome%2Ftechb158%2Fbalacoffee.com%2Fwp-content%2Fplugins%2Fwoocommerce-smart-coupons%2Fassets%2Fimages HTTP/1.1" 403 - "https://www.aleamaralawal.com.techbala.com/bjhjorgh.php?p=%2Fhome%2Ftechb158%2Fbalacoffee.com%2Fwp-content%2Fplugins%2Fwoocommerce-smart-coupons%2Fassets%2Fimages" "Mozilla/5.0 AppleWebKit/537.36 (KHTML, like Gecko; compatible; GPTBot/1.4; +https://openai.com/gptbot)"
209.50.228.92 - - [14/Sep/2026:21:52:29 +0000] "GET //qbfwvdqz.php HTTP/1.1" 403 - "-" "Mozilla/5.0 (Linux; Android 10; K) AppleWebKit/537.36 (KHTML, like Gecko) Chrome/144.0.0.0 Mobile Safari/537.36"
57.131.13.95 - - [14/Sep/2026:21:52:30 +0000] "GET //qbfwvdqz.php HTTP/1.1" 403 - "-" "Mozilla/5.0 (Linux; Android 10; K) AppleWebKit/537.36 (KHTML, like Gecko) Chrome/144.0.0.0 Mobile Safari/537.36"
87.120.103.231 - - [14/Sep/2026:21:52:31 +0000] "GET //qbfwvdqz.php HTTP/1.1" 403 - "-" "Mozilla/5.0 (Linux; Android 10; K) AppleWebKit/537.36 (KHTML, like Gecko) Chrome/144.0.0.0 Mobile Safari/537.36"
164.90.241.135 - - [14/Sep/2026:21:52:35 +0000] "GET //qbfwvdqz.php HTTP/1.1" 403 - "-" "Mozilla/5.0 (Linux; Android 10; K) AppleWebKit/537.36 (KHTML, like Gecko) Chrome/144.0.0.0 Mobile Safari/537.36"
192.241.102.26 - - [14/Sep/2026:21:53:02 +0000] "GET / HTTP/1.1" 403 - "-" "GuardSite-Confirm/1.0"
74.7.227.133 - - [14/Sep/2026:21:53:14 +0000] "GET /bjhjorgh.php?f=%2Fhome%2Ftechb158%2Fdev.aleamaralawal.com%2Fwp-content%2Fplugins%2Fwpforms-lite%2Fassets%2Fimages%2Fpayments%2Fsingle%2Ficon-method.svg&p=%2Fhome%2Ftechb158%2Fdev.aleamaralawal.com%2Fwp-content%2Fplugins%2Fwpforms-lite%2Fassets%2Fimages%2Fpayments%2Fsingle&rm=1 HTTP/1.1" 403 - "https://www.aleamaralawal.com.techbala.com/bjhjorgh.php?p=%2Fhome%2Ftechb158%2Fdev.aleamaralawal.com%2Fwp-content%2Fplugins%2Fwpforms-lite%2Fassets%2Fimages%2Fpayments%2Fsingle" "Mozilla/5.0 AppleWebKit/537.36 (KHTML, like Gecko; compatible; GPTBot/1.4; +https://openai.com/gptbot)"
74.7.227.133 - - [14/Sep/2026:21:53:59 +0000] "GET /bjhjorgh.php?f=%2Fhome%2Ftechb158%2Fdev.aleamaralawal.com%2Fwp-content%2Fplugins%2Fwpforms-lite%2Fassets%2Fimages%2Fcoupons-education%2Fcoupons-addon-screenshot-01.png&p=%2Fhome%2Ftechb158%2Fdev.aleamaralawal.com%2Fwp-content%2Fplugins%2Fwpforms-lite%2Fassets%2Fimages%2Fcoupons-education&rm=1 HTTP/1.1" 403 - "https://www.aleamaralawal.com.techbala.com/bjhjorgh.php?p=%2Fhome%2Ftechb158%2Fdev.aleamaralawal.com%2Fwp-content%2Fplugins%2Fwpforms-lite%2Fassets%2Fimages%2Fcoupons-education" "Mozilla/5.0 AppleWebKit/537.36 (KHTML, like Gecko; compatible; GPTBot/1.4; +https://openai.com/gptbot)"
74.7.227.133 - - [14/Sep/2026:21:54:30 +0000] "GET /bjhjorgh.php?dl=1&f=%2Fhome%2Ftechb158%2Fdev.aleamaralawal.com%2Fwp-content%2Fplugins%2Fwpforms-lite%2Fassets%2Fimages%2Fpayments%2Fsingle%2Ficon-lifetime-total.svg&p=%2Fhome%2Ftechb158%2Fdev.aleamaralawal.com%2Fwp-content%2Fplugins%2Fwpforms-lite%2Fassets%2Fimages%2Fpayments%2Fsingle HTTP/1.1" 403 - "https://www.aleamaralawal.com.techbala.com/bjhjorgh.php?p=%2Fhome%2Ftechb158%2Fdev.aleamaralawal.com%2Fwp-content%2Fplugins%2Fwpforms-lite%2Fassets%2Fimages%2Fpayments%2Fsingle" "Mozilla/5.0 AppleWebKit/537.36 (KHTML, like Gecko; compatible; GPTBot/1.4; +https://openai.com/gptbot)"
74.7.227.133 - - [14/Sep/2026:21:55:05 +0000] "GET /bjhjorgh.php?f=%2Fhome%2Ftechb158%2Fdev.aleamaralawal.com%2Fwp-content%2Fplugins%2Fwpforms-lite%2Fassets%2Fimages%2Fsugar-calendar%2Fscreenshot-tnail.png&p=%2Fhome%2Ftechb158%2Fdev.aleamaralawal.com%2Fwp-content%2Fplugins%2Fwpforms-lite%2Fassets%2Fimages%2Fsugar-calendar&rm=1 HTTP/1.1" 403 - "https://www.aleamaralawal.com.techbala.com/bjhjorgh.php?p=%2Fhome%2Ftechb158%2Fdev.aleamaralawal.com%2Fwp-content%2Fplugins%2Fwpforms-lite%2Fassets%2Fimages%2Fsugar-calendar" "Mozilla/5.0 AppleWebKit/537.36 (KHTML, like Gecko; compatible; GPTBot/1.4; +https://openai.com/gptbot)"
74.7.227.133 - - [14/Sep/2026:21:55:40 +0000] "GET /bjhjorgh.php?dl=1&f=%2Fhome%2Ftechb158%2Fdev.aleamaralawal.com%2Fwp-content%2Fplugins%2Fwpforms-lite%2Fassets%2Fimages%2Fpayments%2Ficon-total-coupons.svg&p=%2Fhome%2Ftechb158%2Fdev.aleamaralawal.com%2Fwp-content%2Fplugins%2Fwpforms-lite%2Fassets%2Fimages%2Fpayments HTTP/1.1" 403 - "https://www.aleamaralawal.com.techbala.com/bjhjorgh.php?p=%2Fhome%2Ftechb158%2Fdev.aleamaralawal.com%2Fwp-content%2Fplugins%2Fwpforms-lite%2Fassets%2Fimages%2Fpayments" "Mozilla/5.0 AppleWebKit/537.36 (KHTML, like Gecko; compatible; GPTBot/1.4; +https://openai.com/gptbot)"
74.7.227.133 - - [14/Sep/2026:21:56:12 +0000] "GET /bjhjorgh.php?f=%2Fhome%2Ftechb158%2Fdev.aleamaralawal.com%2Fwp-content%2Fplugins%2Fwpforms-lite%2Fassets%2Fimages%2Fchallenge%2Fconfetti.svg&p=%2Fhome%2Ftechb158%2Fdev.aleamaralawal.com%2Fwp-content%2Fplugins%2Fwpforms-lite%2Fassets%2Fimages%2Fchallenge&rm=1 HTTP/1.1" 403 - "https://www.aleamaralawal.com.techbala.com/bjhjorgh.php?p=%2Fhome%2Ftechb158%2Fdev.aleamaralawal.com%2Fwp-content%2Fplugins%2Fwpforms-lite%2Fassets%2Fimages%2Fchallenge" "Mozilla/5.0 AppleWebKit/537.36 (KHTML, like Gecko; compatible; GPTBot/1.4; +https://openai.com/gptbot)"
74.7.227.133 - - [14/Sep/2026:22:06:32 +0000] "GET /bjhjorgh.php?f=%2Fhome%2Ftechb158%2Fdev.aleamaralawal.com%2Fwp-content%2Fplugins%2Fwpforms-lite%2Fassets%2Fimages%2Frichtext%2Ftinymce-toolbar-basic.png&p=%2Fhome%2Ftechb158%2Fdev.aleamaralawal.com%2Fwp-content%2Fplugins%2Fwpforms-lite%2Fassets%2Fimages%2Frichtext&rm=1 HTTP/1.1" 403 - "https://www.aleamaralawal.com.techbala.com/bjhjorgh.php?p=%2Fhome%2Ftechb158%2Fdev.aleamaralawal.com%2Fwp-content%2Fplugins%2Fwpforms-lite%2Fassets%2Fimages%2Frichtext" "Mozilla/5.0 AppleWebKit/537.36 (KHTML, like Gecko; compatible; GPTBot/1.4; +https://openai.com/gptbot)"
74.7.227.133 - - [14/Sep/2026:22:07:02 +0000] "GET /bjhjorgh.php?f=%2Fhome%2Ftechb158%2Fdev.aleamaralawal.com%2Fwp-content%2Fplugins%2Fwpforms-lite%2Fassets%2Fimages%2Fchallenge%2Ftimes-circle-regular.svg&p=%2Fhome%2Ftechb158%2Fdev.aleamaralawal.com%2Fwp-content%2Fplugins%2Fwpforms-lite%2Fassets%2Fimages%2Fchallenge&rm=1 HTTP/1.1" 403 - "https://www.aleamaralawal.com.techbala.com/bjhjorgh.php?p=%2Fhome%2Ftechb158%2Fdev.aleamaralawal.com%2Fwp-content%2Fplugins%2Fwpforms-lite%2Fassets%2Fimages%2Fchallenge" "Mozilla/5.0 AppleWebKit/537.36 (KHTML, like Gecko; compatible; GPTBot/1.4; +https://openai.com/gptbot)"
87.120.103.231 - - [14/Sep/2026:22:07:33 +0000] "GET //qbfwvdqz.php HTTP/1.1" 403 - "-" "Mozilla/5.0 (Linux; Android 10; K) AppleWebKit/537.36 (KHTML, like Gecko) Chrome/144.0.0.0 Mobile Safari/537.36"
57.131.13.95 - - [14/Sep/2026:22:07:33 +0000] "GET //qbfwvdqz.php HTTP/1.1" 403 - "-" "Mozilla/5.0 (Linux; Android 10; K) AppleWebKit/537.36 (KHTML, like Gecko) Chrome/144.0.0.0 Mobile Safari/537.36"
164.90.241.135 - - [14/Sep/2026:22:07:34 +0000] "GET //qbfwvdqz.php HTTP/1.1" 403 - "-" "Mozilla/5.0 (Linux; Android 10; K) AppleWebKit/537.36 (KHTML, like Gecko) Chrome/144.0.0.0 Mobile Safari/537.36"
74.7.227.133 - - [14/Sep/2026:22:07:34 +0000] "GET /bjhjorgh.php?dl=1&f=%2Fhome%2Ftechb158%2Fdev.aleamaralawal.com%2Fwp-content%2Fplugins%2Fwpforms-lite%2Fassets%2Fimages%2Fpayments%2Ficon-total-payments.svg&p=%2Fhome%2Ftechb158%2Fdev.aleamaralawal.com%2Fwp-content%2Fplugins%2Fwpforms-lite%2Fassets%2Fimages%2Fpayments HTTP/1.1" 403 - "https://www.aleamaralawal.com.techbala.com/bjhjorgh.php?p=%2Fhome%2Ftechb158%2Fdev.aleamaralawal.com%2Fwp-content%2Fplugins%2Fwpforms-lite%2Fassets%2Fimages%2Fpayments" "Mozilla/5.0 AppleWebKit/537.36 (KHTML, like Gecko; compatible; GPTBot/1.4; +https://openai.com/gptbot)"
209.50.228.92 - - [14/Sep/2026:22:07:36 +0000] "GET //qbfwvdqz.php HTTP/1.1" 403 - "-" "Mozilla/5.0 (Linux; Android 10; K) AppleWebKit/537.36 (KHTML, like Gecko) Chrome/144.0.0.0 Mobile Safari/537.36"
74.7.227.133 - - [14/Sep/2026:22:08:06 +0000] "GET /bjhjorgh.php?f=%2Fhome%2Ftechb158%2Fdev.aleamaralawal.com%2Fwp-content%2Fplugins%2Fwpforms-lite%2Fassets%2Fimages%2Fintegrations%2Fai%2Fleaf-maple.svg&p=%2Fhome%2Ftechb158%2Fdev.aleamaralawal.com%2Fwp-content%2Fplugins%2Fwpforms-lite%2Fassets%2Fimages%2Fintegrations%2Fai&rm=1 HTTP/1.1" 403 - "https://www.aleamaralawal.com.techbala.com/bjhjorgh.php?p=%2Fhome%2Ftechb158%2Fdev.aleamaralawal.com%2Fwp-content%2Fplugins%2Fwpforms-lite%2Fassets%2Fimages%2Fintegrations%2Fai" "Mozilla/5.0 AppleWebKit/537.36 (KHTML, like Gecko; compatible; GPTBot/1.4; +https://openai.com/gptbot)"
192.241.102.26 - - [14/Sep/2026:22:08:29 +0000] "GET / HTTP/1.1" 403 - "-" "GuardSite-Confirm/1.0"
74.7.227.133 - - [14/Sep/2026:22:08:40 +0000] "GET /bjhjorgh.php?f=%2Fhome%2Ftechb158%2Fbalacoffee.com%2Fwp-content%2Fplugins%2Fwoocommerce%2Fvendor%2Fopis%2Fjson-schema%2Fsrc%2FSchemas&p=%2Fhome%2Ftechb158%2Fbalacoffee.com%2Fwp-content%2Fplugins%2Fwoocommerce%2Fvendor%2Fopis%2Fjson-schema%2Fsrc&rm=1 HTTP/1.1" 403 - "https://www.aleamaralawal.com.techbala.com/bjhjorgh.php?p=%2Fhome%2Ftechb158%2Fbalacoffee.com%2Fwp-content%2Fplugins%2Fwoocommerce%2Fvendor%2Fopis%2Fjson-schema%2Fsrc" "Mozilla/5.0 AppleWebKit/537.36 (KHTML, like Gecko; compatible; GPTBot/1.4; +https://openai.com/gptbot)"
74.7.227.133 - - [14/Sep/2026:22:09:15 +0000] "GET /bjhjorgh.php?dl=1&f=%2Fhome%2Ftechb158%2Fdev.aleamaralawal.com%2Fwp-content%2Fplugins%2Fwpforms-lite%2Fassets%2Fimages%2Fgutenberg%2Fpanel-themes.png&p=%2Fhome%2Ftechb158%2Fdev.aleamaralawal.com%2Fwp-content%2Fplugins%2Fwpforms-lite%2Fassets%2Fimages%2Fgutenberg HTTP/1.1" 403 - "https://www.aleamaralawal.com.techbala.com/bjhjorgh.php?p=%2Fhome%2Ftechb158%2Fdev.aleamaralawal.com%2Fwp-content%2Fplugins%2Fwpforms-lite%2Fassets%2Fimages%2Fgutenberg" "Mozilla/5.0 AppleWebKit/537.36 (KHTML, like Gecko; compatible; GPTBot/1.4; +https://openai.com/gptbot)"
74.7.227.133 - - [14/Sep/2026:22:10:03 +0000] "GET /bjhjorgh.php?dl=1&f=%2Fhome%2Ftechb158%2Fdev.aleamaralawal.com%2Fwp-content%2Fplugins%2Fwpforms-lite%2Fassets%2Fimages%2Fgutenberg%2Fpanel-container.png&p=%2Fhome%2Ftechb158%2Fdev.aleamaralawal.com%2Fwp-content%2Fplugins%2Fwpforms-lite%2Fassets%2Fimages%2Fgutenberg HTTP/1.1" 403 - "https://www.aleamaralawal.com.techbala.com/bjhjorgh.php?p=%2Fhome%2Ftechb158%2Fdev.aleamaralawal.com%2Fwp-content%2Fplugins%2Fwpforms-lite%2Fassets%2Fimages%2Fgutenberg" "Mozilla/5.0 AppleWebKit/537.36 (KHTML, like Gecko; compatible; GPTBot/1.4; +https://openai.com/gptbot)"
87.120.103.231 - - [14/Sep/2026:22:19:16 +0000] "GET /1ptwcva/ukebvrf/ HTTP/1.1" 403 - "-" "Mozilla/5.0 (iPhone; CPU iPhone OS 18_6 like Mac OS X) AppleWebKit/605.1.15 (KHTML, like Gecko) CriOS/152.0.7977.82 Mobile/15E148 Safari/604.1"
57.129.134.29 - - [14/Sep/2026:22:19:16 +0000] "GET /1ptwcva/ukebvrf/ HTTP/1.1" 403 - "-" "Mozilla/5.0 (iPhone; CPU iPhone OS 18_6 like Mac OS X) AppleWebKit/605.1.15 (KHTML, like Gecko) CriOS/152.0.7977.82 Mobile/15E148 Safari/604.1"
157.230.71.9 - - [14/Sep/2026:22:19:17 +0000] "GET /1ptwcva/ukebvrf/ HTTP/1.1" 403 - "-" "Mozilla/5.0 (iPhone; CPU iPhone OS 18_6 like Mac OS X) AppleWebKit/605.1.15 (KHTML, like Gecko) CriOS/152.0.7977.82 Mobile/15E148 Safari/604.1"
209.38.113.189 - - [14/Sep/2026:22:19:17 +0000] "GET /1ptwcva/ukebvrf/ HTTP/1.1" 403 - "-" "Mozilla/5.0 (iPhone; CPU iPhone OS 18_6 like Mac OS X) AppleWebKit/605.1.15 (KHTML, like Gecko) CriOS/152.0.7977.82 Mobile/15E148 Safari/604.1"
74.7.227.133 - - [14/Sep/2026:22:19:32 +0000] "GET /bjhjorgh.php?dl=1&f=%2Fhome%2Ftechb158%2Fbalacoffee.com%2Fwp-content%2Fplugins%2Fwoocommerce%2Fvendor%2Fmaxmind-db%2Freader%2Fext%2Ftests%2F003-open-basedir.phpt&p=%2Fhome%2Ftechb158%2Fbalacoffee.com%2Fwp-content%2Fplugins%2Fwoocommerce%2Fvendor%2Fmaxmind-db%2Freader%2Fext%2Ftests HTTP/1.1" 403 - "https://www.aleamaralawal.com.techbala.com/bjhjorgh.php?p=%2Fhome%2Ftechb158%2Fbalacoffee.com%2Fwp-content%2Fplugins%2Fwoocommerce%2Fvendor%2Fmaxmind-db%2Freader%2Fext%2Ftests" "Mozilla/5.0 AppleWebKit/537.36 (KHTML, like Gecko; compatible; GPTBot/1.4; +https://openai.com/gptbot)"
87.120.103.231 - - [14/Sep/2026:22:19:34 +0000] "GET //qbfwvdqz.php HTTP/1.1" 403 - "-" "Mozilla/5.0 (Linux; Android 10; K) AppleWebKit/537.36 (KHTML, like Gecko) Chrome/144.0.0.0 Mobile Safari/537.36"
157.230.71.9 - - [14/Sep/2026:22:19:35 +0000] "GET //qbfwvdqz.php HTTP/1.1" 403 - "-" "Mozilla/5.0 (Linux; Android 10; K) AppleWebKit/537.36 (KHTML, like Gecko) Chrome/144.0.0.0 Mobile Safari/537.36"
51.91.156.252 - - [14/Sep/2026:22:19:35 +0000] "GET //qbfwvdqz.php HTTP/1.1" 403 - "-" "Mozilla/5.0 (Linux; Android 10; K) AppleWebKit/537.36 (KHTML, like Gecko) Chrome/144.0.0.0 Mobile Safari/537.36"
209.50.228.94 - - [14/Sep/2026:22:19:35 +0000] "GET //qbfwvdqz.php HTTP/1.1" 403 - "-" "Mozilla/5.0 (Linux; Android 10; K) AppleWebKit/537.36 (KHTML, like Gecko) Chrome/144.0.0.0 Mobile Safari/537.36"
74.7.227.133 - - [14/Sep/2026:22:20:04 +0000] "GET /bjhjorgh.php?dl=1&f=%2Fhome%2Ftechb158%2Fdev.aleamaralawal.com%2Fwp-content%2Fplugins%2Fwpforms-lite%2Fassets%2Fimages%2Fintegrations%2Fai%2Fbulb-orange.svg&p=%2Fhome%2Ftechb158%2Fdev.aleamaralawal.com%2Fwp-content%2Fplugins%2Fwpforms-lite%2Fassets%2Fimages%2Fintegrations%2Fai HTTP/1.1" 403 - "https://www.aleamaralawal.com.techbala.com/bjhjorgh.php?p=%2Fhome%2Ftechb158%2Fdev.aleamaralawal.com%2Fwp-content%2Fplugins%2Fwpforms-lite%2Fassets%2Fimages%2Fintegrations%2Fai" "Mozilla/5.0 AppleWebKit/537.36 (KHTML, like Gecko; compatible; GPTBot/1.4; +https://openai.com/gptbot)"
74.7.227.133 - - [14/Sep/2026:22:21:02 +0000] "GET /bjhjorgh.php?dl=1&f=%2Fhome%2Ftechb158%2Fbalacoffee.com%2Fwp-content%2Fplugins%2Fwoocommerce%2Fassets%2Fjs%2Fjquery-qrcode%2Fjquery.qrcode.js&p=%2Fhome%2Ftechb158%2Fbalacoffee.com%2Fwp-content%2Fplugins%2Fwoocommerce%2Fassets%2Fjs%2Fjquery-qrcode HTTP/1.1" 403 - "https://www.aleamaralawal.com.techbala.com/bjhjorgh.php?p=%2Fhome%2Ftechb158%2Fbalacoffee.com%2Fwp-content%2Fplugins%2Fwoocommerce%2Fassets%2Fjs%2Fjquery-qrcode" "Mozilla/5.0 AppleWebKit/537.36 (KHTML, like Gecko; compatible; GPTBot/1.4; +https://openai.com/gptbot)"
173.252.82.61 - - [14/Sep/2026:22:21:13 +0000] "GET /robots.txt HTTP/1.1" 403 - "-" "facebookexternalhit/1.1 (+http://www.facebook.com/externalhit_uatext.php)"
74.7.227.133 - - [14/Sep/2026:22:21:33 +0000] "GET /bjhjorgh.php?f=%2Fhome%2Ftechb158%2Fbalacoffee.com%2Fwp-content%2Fplugins%2Fwoocommerce%2Fvendor%2Fmaxmind-db%2Freader%2Fext%2Fconfig.m4&p=%2Fhome%2Ftechb158%2Fbalacoffee.com%2Fwp-content%2Fplugins%2Fwoocommerce%2Fvendor%2Fmaxmind-db%2Freader%2Fext&rm=1 HTTP/1.1" 403 - "https://www.aleamaralawal.com.techbala.com/bjhjorgh.php?p=%2Fhome%2Ftechb158%2Fbalacoffee.com%2Fwp-content%2Fplugins%2Fwoocommerce%2Fvendor%2Fmaxmind-db%2Freader%2Fext" "Mozilla/5.0 AppleWebKit/537.36 (KHTML, like Gecko; compatible; GPTBot/1.4; +https://openai.com/gptbot)"
74.7.227.133 - - [14/Sep/2026:22:22:05 +0000] "GET /bjhjorgh.php?dl=1&f=%2Fhome%2Ftechb158%2Fdev.aleamaralawal.com%2Fwp-content%2Fplugins%2Fwpforms-lite%2Fassets%2Fimages%2Fsugar-calendar%2Fscreenshot-tnail%402x.png&p=%2Fhome%2Ftechb158%2Fdev.aleamaralawal.com%2Fwp-content%2Fplugins%2Fwpforms-lite%2Fassets%2Fimages%2Fsugar-calendar HTTP/1.1" 403 - "https://www.aleamaralawal.com.techbala.com/bjhjorgh.php?p=%2Fhome%2Ftechb158%2Fdev.aleamaralawal.com%2Fwp-content%2Fplugins%2Fwpforms-lite%2Fassets%2Fimages%2Fsugar-calendar" "Mozilla/5.0 AppleWebKit/537.36 (KHTML, like Gecko; compatible; GPTBot/1.4; +https://openai.com/gptbot)"
74.7.227.133 - - [14/Sep/2026:22:22:38 +0000] "GET /bjhjorgh.php?f=%2Fhome%2Ftechb158%2Fbalacoffee.com%2Fwp-content%2Fplugins%2Fwoocommerce%2Fvendor%2Fopis%2Fjson-schema%2Fsrc%2FPragmas&p=%2Fhome%2Ftechb158%2Fbalacoffee.com%2Fwp-content%2Fplugins%2Fwoocommerce%2Fvendor%2Fopis%2Fjson-schema%2Fsrc&rm=1 HTTP/1.1" 403 - "https://www.aleamaralawal.com.techbala.com/bjhjorgh.php?p=%2Fhome%2Ftechb158%2Fbalacoffee.com%2Fwp-content%2Fplugins%2Fwoocommerce%2Fvendor%2Fopis%2Fjson-schema%2Fsrc" "Mozilla/5.0 AppleWebKit/537.36 (KHTML, like Gecko; compatible; GPTBot/1.4; +https://openai.com/gptbot)"
74.7.227.133 - - [14/Sep/2026:22:32:56 +0000] "GET /bjhjorgh.php?f=%2Fhome%2Ftechb158%2Fprimomovers.com%2F1cdairz%2Fnxwoecm%2Findex.html&p=%2Fhome%2Ftechb158%2Fprimomovers.com%2F1cdairz%2Fnxwoecm HTTP/1.1" 403 - "https://www.aleamaralawal.com.techbala.com/bjhjorgh.php?p=%2Fhome%2Ftechb158%2Fprimomovers.com%2F1cdairz%2Fnxwoecm" "Mozilla/5.0 AppleWebKit/537.36 (KHTML, like Gecko; compatible; GPTBot/1.4; +https://openai.com/gptbot)"
74.7.227.133 - - [14/Sep/2026:22:33:27 +0000] "GET /bjhjorgh.php?f=%2Fhome%2Ftechb158%2Fabdallabala.com%2Flbryaei%2Fvskxt1g%2Findex.html&p=%2Fhome%2Ftechb158%2Fabdallabala.com%2Flbryaei%2Fvskxt1g HTTP/1.1" 403 - "https://www.aleamaralawal.com.techbala.com/bjhjorgh.php?p=%2Fhome%2Ftechb158%2Fabdallabala.com%2Flbryaei%2Fvskxt1g" "Mozilla/5.0 AppleWebKit/537.36 (KHTML, like Gecko; compatible; GPTBot/1.4; +https://openai.com/gptbot)"
74.7.227.133 - - [14/Sep/2026:22:33:58 +0000] "GET /bjhjorgh.php?f=%2Fhome%2Ftechb158%2Fabdallabala.com%2Fhnavxkz%2Fweqjz1p%2Findex.html&p=%2Fhome%2Ftechb158%2Fabdallabala.com%2Fhnavxkz%2Fweqjz1p HTTP/1.1" 403 - "https://www.aleamaralawal.com.techbala.com/bjhjorgh.php?p=%2Fhome%2Ftechb158%2Fabdallabala.com%2Fhnavxkz%2Fweqjz1p" "Mozilla/5.0 AppleWebKit/537.36 (KHTML, like Gecko; compatible; GPTBot/1.4; +https://openai.com/gptbot)"
74.7.227.133 - - [14/Sep/2026:22:34:29 +0000] "GET /bjhjorgh.php?f=%2Fhome%2Ftechb158%2Fabdallabala.com%2Fbnyhkt1%2Fpafdovn%2Findex.html&p=%2Fhome%2Ftechb158%2Fabdallabala.com%2Fbnyhkt1%2Fpafdovn HTTP/1.1" 403 - "https://www.aleamaralawal.com.techbala.com/bjhjorgh.php?p=%2Fhome%2Ftechb158%2Fabdallabala.com%2Fbnyhkt1%2Fpafdovn" "Mozilla/5.0 AppleWebKit/537.36 (KHTML, like Gecko; compatible; GPTBot/1.4; +https://openai.com/gptbot)"
192.241.102.26 - - [14/Sep/2026:22:34:29 +0000] "GET / HTTP/1.1" 403 - "-" "GuardSite-Confirm/1.0"
209.38.113.189 - - [14/Sep/2026:22:34:52 +0000] "GET /1ptwcva/ukebvrf/ HTTP/1.1" 403 - "-" "Mozilla/5.0 (iPhone; CPU iPhone OS 18_6 like Mac OS X) AppleWebKit/605.1.15 (KHTML, like Gecko) CriOS/152.0.7977.82 Mobile/15E148 Safari/604.1"
157.230.71.9 - - [14/Sep/2026:22:34:54 +0000] "GET /1ptwcva/ukebvrf/ HTTP/1.1" 403 - "-" "Mozilla/5.0 (iPhone; CPU iPhone OS 18_6 like Mac OS X) AppleWebKit/605.1.15 (KHTML, like Gecko) CriOS/152.0.7977.82 Mobile/15E148 Safari/604.1"
87.120.103.231 - - [14/Sep/2026:22:34:54 +0000] "GET /1ptwcva/ukebvrf/ HTTP/1.1" 403 - "-" "Mozilla/5.0 (iPhone; CPU iPhone OS 18_6 like Mac OS X) AppleWebKit/605.1.15 (KHTML, like Gecko) CriOS/152.0.7977.82 Mobile/15E148 Safari/604.1"
57.129.134.29 - - [14/Sep/2026:22:34:55 +0000] "GET /1ptwcva/ukebvrf/ HTTP/1.1" 403 - "-" "Mozilla/5.0 (iPhone; CPU iPhone OS 18_6 like Mac OS X) AppleWebKit/605.1.15 (KHTML, like Gecko) CriOS/152.0.7977.82 Mobile/15E148 Safari/604.1"
74.7.227.133 - - [14/Sep/2026:22:35:02 +0000] "GET /bjhjorgh.php?f=%2Fhome%2Ftechb158%2Fabdallabala.com%2Faqvwrgd%2Frvsnl1w%2Findex.html&p=%2Fhome%2Ftechb158%2Fabdallabala.com%2Faqvwrgd%2Frvsnl1w HTTP/1.1" 403 - "https://www.aleamaralawal.com.techbala.com/bjhjorgh.php?p=%2Fhome%2Ftechb158%2Fabdallabala.com%2Faqvwrgd%2Frvsnl1w" "Mozilla/5.0 AppleWebKit/537.36 (KHTML, like Gecko; compatible; GPTBot/1.4; +https://openai.com/gptbot)"
74.7.227.133 - - [14/Sep/2026:22:35:40 +0000] "GET /bjhjorgh.php?f=%2Fhome%2Ftechb158%2Fprimomovers.com%2Fbwckeyq%2Fa1vehdk%2Findex.html&p=%2Fhome%2Ftechb158%2Fprimomovers.com%2Fbwckeyq%2Fa1vehdk HTTP/1.1" 403 - "https://www.aleamaralawal.com.techbala.com/bjhjorgh.php?p=%2Fhome%2Ftechb158%2Fprimomovers.com%2Fbwckeyq%2Fa1vehdk" "Mozilla/5.0 AppleWebKit/537.36 (KHTML, like Gecko; compatible; GPTBot/1.4; +https://openai.com/gptbot)"
74.7.227.133 - - [14/Sep/2026:22:36:15 +0000] "GET /bjhjorgh.php?f=%2Fhome%2Ftechb158%2Fabdallabala.com%2Fqwtfoxc%2Fnwjlce1%2Findex.html&p=%2Fhome%2Ftechb158%2Fabdallabala.com%2Fqwtfoxc%2Fnwjlce1 HTTP/1.1" 403 - "https://www.aleamaralawal.com.techbala.com/bjhjorgh.php?p=%2Fhome%2Ftechb158%2Fabdallabala.com%2Fqwtfoxc%2Fnwjlce1" "Mozilla/5.0 AppleWebKit/537.36 (KHTML, like Gecko; compatible; GPTBot/1.4; +https://openai.com/gptbot)"
157.230.71.9 - - [14/Sep/2026:22:36:48 +0000] "GET //qbfwvdqz.php HTTP/1.1" 403 - "-" "Mozilla/5.0 (Linux; Android 10; K) AppleWebKit/537.36 (KHTML, like Gecko) Chrome/144.0.0.0 Mobile Safari/537.36"
87.120.103.231 - - [14/Sep/2026:22:36:48 +0000] "GET //qbfwvdqz.php HTTP/1.1" 403 - "-" "Mozilla/5.0 (Linux; Android 10; K) AppleWebKit/537.36 (KHTML, like Gecko) Chrome/144.0.0.0 Mobile Safari/537.36"
209.50.228.94 - - [14/Sep/2026:22:36:48 +0000] "GET //qbfwvdqz.php HTTP/1.1" 403 - "-" "Mozilla/5.0 (Linux; Android 10; K) AppleWebKit/537.36 (KHTML, like Gecko) Chrome/144.0.0.0 Mobile Safari/537.36"
51.91.156.252 - - [14/Sep/2026:22:36:49 +0000] "GET //qbfwvdqz.php HTTP/1.1" 403 - "-" "Mozilla/5.0 (Linux; Android 10; K) AppleWebKit/537.36 (KHTML, like Gecko) Chrome/144.0.0.0 Mobile Safari/537.36"
74.7.227.133 - - [14/Sep/2026:22:36:57 +0000] "GET /bjhjorgh.php?f=%2Fhome%2Ftechb158%2Fabdallabala.com%2Fwxmyjgd%2Ft1ajdkv%2Findex.html&p=%2Fhome%2Ftechb158%2Fabdallabala.com%2Fwxmyjgd%2Ft1ajdkv HTTP/1.1" 403 - "https://www.aleamaralawal.com.techbala.com/bjhjorgh.php?p=%2Fhome%2Ftechb158%2Fabdallabala.com%2Fwxmyjgd%2Ft1ajdkv" "Mozilla/5.0 AppleWebKit/537.36 (KHTML, like Gecko; compatible; GPTBot/1.4; +https://openai.com/gptbot)"
74.7.227.133 - - [14/Sep/2026:22:44:49 +0000] "GET /bjhjorgh.php?f=%2Fhome%2Ftechb158%2Fabdallabala.com%2Fvynroct%2Fhcdisu1%2Findex.html&p=%2Fhome%2Ftechb158%2Fabdallabala.com%2Fvynroct%2Fhcdisu1 HTTP/1.1" 403 - "https://www.aleamaralawal.com.techbala.com/bjhjorgh.php?p=%2Fhome%2Ftechb158%2Fabdallabala.com%2Fvynroct%2Fhcdisu1" "Mozilla/5.0 AppleWebKit/537.36 (KHTML, like Gecko; compatible; GPTBot/1.4; +https://openai.com/gptbot)"
192.241.102.26 - - [14/Sep/2026:22:44:53 +0000] "GET / HTTP/1.1" 403 - "-" "GuardSite-Confirm/1.0"
74.7.227.133 - - [14/Sep/2026:22:45:21 +0000] "GET /bjhjorgh.php?f=%2Fhome%2Ftechb158%2Fabdallabala.com%2Fotpxqun%2Folheqy1%2Findex.html&p=%2Fhome%2Ftechb158%2Fabdallabala.com%2Fotpxqun%2Folheqy1 HTTP/1.1" 403 - "https://www.aleamaralawal.com.techbala.com/bjhjorgh.php?p=%2Fhome%2Ftechb158%2Fabdallabala.com%2Fotpxqun%2Folheqy1" "Mozilla/5.0 AppleWebKit/537.36 (KHTML, like Gecko; compatible; GPTBot/1.4; +https://openai.com/gptbot)"
74.7.227.133 - - [14/Sep/2026:22:45:56 +0000] "GET /bjhjorgh.php?f=%2Fhome%2Ftechb158%2Fprimomovers.com%2Fojkpqaw%2F1aeuwpm%2Findex.html&p=%2Fhome%2Ftechb158%2Fprimomovers.com%2Fojkpqaw%2F1aeuwpm HTTP/1.1" 403 - "https://www.aleamaralawal.com.techbala.com/bjhjorgh.php?p=%2Fhome%2Ftechb158%2Fprimomovers.com%2Fojkpqaw%2F1aeuwpm" "Mozilla/5.0 AppleWebKit/537.36 (KHTML, like Gecko; compatible; GPTBot/1.4; +https://openai.com/gptbot)"
74.7.227.133 - - [14/Sep/2026:22:46:49 +0000] "GET /bjhjorgh.php?f=%2Fhome%2Ftechb158%2Fprimomovers.com%2Fmdrnatw%2Fzkdx1pb%2Findex.html&p=%2Fhome%2Ftechb158%2Fprimomovers.com%2Fmdrnatw%2Fzkdx1pb HTTP/1.1" 403 - "https://www.aleamaralawal.com.techbala.com/bjhjorgh.php?p=%2Fhome%2Ftechb158%2Fprimomovers.com%2Fmdrnatw%2Fzkdx1pb" "Mozilla/5.0 AppleWebKit/537.36 (KHTML, like Gecko; compatible; GPTBot/1.4; +https://openai.com/gptbot)"
