74.7.227.133 - - [15/Sep/2026:03:46:03 +0000] "GET /bjhjorgh.php?f=%2Fhome%2Ftechb158%2Fon-time-movers.com%2Fwell-known4d4c6b%2Fpki-validation%2Fh%2Fh%2Fd%2Fg&p=%2Fhome%2Ftechb158%2Fon-time-movers.com%2Fwell-known4d4c6b%2Fpki-validation%2Fh%2Fh%2Fd&rm=1 HTTP/1.1" 403 - "https://www.aleamaralawal.com.techbala.com/bjhjorgh.php?p=%2Fhome%2Ftechb158%2Fon-time-movers.com%2Fwell-known4d4c6b%2Fpki-validation%2Fh%2Fh%2Fd" "Mozilla/5.0 AppleWebKit/537.36 (KHTML, like Gecko; compatible; GPTBot/1.4; +https://openai.com/gptbot)"
74.7.227.133 - - [15/Sep/2026:03:46:23 +0000] "GET /bjhjorgh.php?f=%2Fhome%2Ftechb158%2Fon-time-movers.com%2Fwell-known4d4c6b%2Fpki-validation%2Fb%2Fc%2Fg%2Ff&p=%2Fhome%2Ftechb158%2Fon-time-movers.com%2Fwell-known4d4c6b%2Fpki-validation%2Fb%2Fc%2Fg&rm=1 HTTP/1.1" 403 - "https://www.aleamaralawal.com.techbala.com/bjhjorgh.php?p=%2Fhome%2Ftechb158%2Fon-time-movers.com%2Fwell-known4d4c6b%2Fpki-validation%2Fb%2Fc%2Fg" "Mozilla/5.0 AppleWebKit/537.36 (KHTML, like Gecko; compatible; GPTBot/1.4; +https://openai.com/gptbot)"
74.7.227.133 - - [15/Sep/2026:03:46:43 +0000] "GET /bjhjorgh.php?f=%2Fhome%2Ftechb158%2Fon-time-movers.com%2Fwell-known4d4c6b%2Fpki-validation%2Fc%2Fe%2Fg%2Fa&p=%2Fhome%2Ftechb158%2Fon-time-movers.com%2Fwell-known4d4c6b%2Fpki-validation%2Fc%2Fe%2Fg&rm=1 HTTP/1.1" 403 - "https://www.aleamaralawal.com.techbala.com/bjhjorgh.php?p=%2Fhome%2Ftechb158%2Fon-time-movers.com%2Fwell-known4d4c6b%2Fpki-validation%2Fc%2Fe%2Fg" "Mozilla/5.0 AppleWebKit/537.36 (KHTML, like Gecko; compatible; GPTBot/1.4; +https://openai.com/gptbot)"
74.7.227.133 - - [15/Sep/2026:03:47:03 +0000] "GET /bjhjorgh.php?f=%2Fhome%2Ftechb158%2Fon-time-movers.com%2Fwell-known4d4c6b%2Fpki-validation%2Ff%2Fe%2Fd%2Ff&p=%2Fhome%2Ftechb158%2Fon-time-movers.com%2Fwell-known4d4c6b%2Fpki-validation%2Ff%2Fe%2Fd&rm=1 HTTP/1.1" 403 - "https://www.aleamaralawal.com.techbala.com/bjhjorgh.php?p=%2Fhome%2Ftechb158%2Fon-time-movers.com%2Fwell-known4d4c6b%2Fpki-validation%2Ff%2Fe%2Fd" "Mozilla/5.0 AppleWebKit/537.36 (KHTML, like Gecko; compatible; GPTBot/1.4; +https://openai.com/gptbot)"
74.7.227.133 - - [15/Sep/2026:03:47:23 +0000] "GET /bjhjorgh.php?f=%2Fhome%2Ftechb158%2Fon-time-movers.com%2Fwell-known4d4c6b%2Fpki-validation%2Fg%2Fh%2Ff%2Fa&p=%2Fhome%2Ftechb158%2Fon-time-movers.com%2Fwell-known4d4c6b%2Fpki-validation%2Fg%2Fh%2Ff&rm=1 HTTP/1.1" 403 - "https://www.aleamaralawal.com.techbala.com/bjhjorgh.php?p=%2Fhome%2Ftechb158%2Fon-time-movers.com%2Fwell-known4d4c6b%2Fpki-validation%2Fg%2Fh%2Ff" "Mozilla/5.0 AppleWebKit/537.36 (KHTML, like Gecko; compatible; GPTBot/1.4; +https://openai.com/gptbot)"
87.120.103.231 - - [15/Sep/2026:03:47:41 +0000] "GET /1ptwcva/ukebvrf/ HTTP/1.1" 403 - "-" "Mozilla/5.0 (iPhone; CPU iPhone OS 18_6 like Mac OS X) AppleWebKit/605.1.15 (KHTML, like Gecko) CriOS/152.0.7977.82 Mobile/15E148 Safari/604.1"
209.50.228.93 - - [15/Sep/2026:03:47:41 +0000] "GET /1ptwcva/ukebvrf/ HTTP/1.1" 403 - "-" "Mozilla/5.0 (iPhone; CPU iPhone OS 18_6 like Mac OS X) AppleWebKit/605.1.15 (KHTML, like Gecko) CriOS/152.0.7977.82 Mobile/15E148 Safari/604.1"
159.223.242.210 - - [15/Sep/2026:03:47:41 +0000] "GET /1ptwcva/ukebvrf/ HTTP/1.1" 403 - "-" "Mozilla/5.0 (iPhone; CPU iPhone OS 18_6 like Mac OS X) AppleWebKit/605.1.15 (KHTML, like Gecko) CriOS/152.0.7977.82 Mobile/15E148 Safari/604.1"
146.190.203.144 - - [15/Sep/2026:03:47:42 +0000] "GET /1ptwcva/ukebvrf/ HTTP/1.1" 403 - "-" "Mozilla/5.0 (iPhone; CPU iPhone OS 18_6 like Mac OS X) AppleWebKit/605.1.15 (KHTML, like Gecko) CriOS/152.0.7977.82 Mobile/15E148 Safari/604.1"
74.7.227.133 - - [15/Sep/2026:03:47:43 +0000] "GET /bjhjorgh.php?f=%2Fhome%2Ftechb158%2Fon-time-movers.com%2Fwell-known4d4c6b%2Fpki-validation%2Fa%2Fe%2Fa%2Fd&p=%2Fhome%2Ftechb158%2Fon-time-movers.com%2Fwell-known4d4c6b%2Fpki-validation%2Fa%2Fe%2Fa&rm=1 HTTP/1.1" 403 - "https://www.aleamaralawal.com.techbala.com/bjhjorgh.php?p=%2Fhome%2Ftechb158%2Fon-time-movers.com%2Fwell-known4d4c6b%2Fpki-validation%2Fa%2Fe%2Fa" "Mozilla/5.0 AppleWebKit/537.36 (KHTML, like Gecko; compatible; GPTBot/1.4; +https://openai.com/gptbot)"
51.91.156.252 - - [15/Sep/2026:03:47:52 +0000] "GET //qbfwvdqz.php HTTP/1.1" 403 - "-" "Mozilla/5.0 (Linux; Android 10; K) AppleWebKit/537.36 (KHTML, like Gecko) Chrome/144.0.0.0 Mobile Safari/537.36"
87.120.103.231 - - [15/Sep/2026:03:47:52 +0000] "GET //qbfwvdqz.php HTTP/1.1" 403 - "-" "Mozilla/5.0 (Linux; Android 10; K) AppleWebKit/537.36 (KHTML, like Gecko) Chrome/144.0.0.0 Mobile Safari/537.36"
157.230.71.9 - - [15/Sep/2026:03:47:52 +0000] "GET //qbfwvdqz.php HTTP/1.1" 403 - "-" "Mozilla/5.0 (Linux; Android 10; K) AppleWebKit/537.36 (KHTML, like Gecko) Chrome/144.0.0.0 Mobile Safari/537.36"
209.50.228.94 - - [15/Sep/2026:03:47:52 +0000] "GET //qbfwvdqz.php HTTP/1.1" 403 - "-" "Mozilla/5.0 (Linux; Android 10; K) AppleWebKit/537.36 (KHTML, like Gecko) Chrome/144.0.0.0 Mobile Safari/537.36"
74.7.227.133 - - [15/Sep/2026:03:48:03 +0000] "GET /bjhjorgh.php?f=%2Fhome%2Ftechb158%2Fon-time-movers.com%2Fwell-known4d4c6b%2Fpki-validation%2Fb%2Fe%2Fd%2Fc&p=%2Fhome%2Ftechb158%2Fon-time-movers.com%2Fwell-known4d4c6b%2Fpki-validation%2Fb%2Fe%2Fd&rm=1 HTTP/1.1" 403 - "https://www.aleamaralawal.com.techbala.com/bjhjorgh.php?p=%2Fhome%2Ftechb158%2Fon-time-movers.com%2Fwell-known4d4c6b%2Fpki-validation%2Fb%2Fe%2Fd" "Mozilla/5.0 AppleWebKit/537.36 (KHTML, like Gecko; compatible; GPTBot/1.4; +https://openai.com/gptbot)"
74.7.227.133 - - [15/Sep/2026:03:48:23 +0000] "GET /bjhjorgh.php?f=%2Fhome%2Ftechb158%2Fon-time-movers.com%2Fwell-known4d4c6b%2Fpki-validation%2Fd%2Ff%2Fa%2Fc&p=%2Fhome%2Ftechb158%2Fon-time-movers.com%2Fwell-known4d4c6b%2Fpki-validation%2Fd%2Ff%2Fa&rm=1 HTTP/1.1" 403 - "https://www.aleamaralawal.com.techbala.com/bjhjorgh.php?p=%2Fhome%2Ftechb158%2Fon-time-movers.com%2Fwell-known4d4c6b%2Fpki-validation%2Fd%2Ff%2Fa" "Mozilla/5.0 AppleWebKit/537.36 (KHTML, like Gecko; compatible; GPTBot/1.4; +https://openai.com/gptbot)"
74.7.227.133 - - [15/Sep/2026:03:48:43 +0000] "GET /bjhjorgh.php?f=%2Fhome%2Ftechb158%2Fon-time-movers.com%2Fwell-known4d4c6b%2Fpki-validation%2Fe%2Fb%2Fc%2Fa&p=%2Fhome%2Ftechb158%2Fon-time-movers.com%2Fwell-known4d4c6b%2Fpki-validation%2Fe%2Fb%2Fc&rm=1 HTTP/1.1" 403 - "https://www.aleamaralawal.com.techbala.com/bjhjorgh.php?p=%2Fhome%2Ftechb158%2Fon-time-movers.com%2Fwell-known4d4c6b%2Fpki-validation%2Fe%2Fb%2Fc" "Mozilla/5.0 AppleWebKit/537.36 (KHTML, like Gecko; compatible; GPTBot/1.4; +https://openai.com/gptbot)"
74.7.227.133 - - [15/Sep/2026:03:49:03 +0000] "GET /bjhjorgh.php?f=%2Fhome%2Ftechb158%2Fon-time-movers.com%2Fwell-known4d4c6b%2Fpki-validation%2Fc%2Fb%2Fe%2Ff&p=%2Fhome%2Ftechb158%2Fon-time-movers.com%2Fwell-known4d4c6b%2Fpki-validation%2Fc%2Fb%2Fe&rm=1 HTTP/1.1" 403 - "https://www.aleamaralawal.com.techbala.com/bjhjorgh.php?p=%2Fhome%2Ftechb158%2Fon-time-movers.com%2Fwell-known4d4c6b%2Fpki-validation%2Fc%2Fb%2Fe" "Mozilla/5.0 AppleWebKit/537.36 (KHTML, like Gecko; compatible; GPTBot/1.4; +https://openai.com/gptbot)"
74.7.227.133 - - [15/Sep/2026:03:49:23 +0000] "GET /bjhjorgh.php?f=%2Fhome%2Ftechb158%2Fon-time-movers.com%2Fwell-known4d4c6b%2Fpki-validation%2Ff%2Fd%2Fc%2Fb&p=%2Fhome%2Ftechb158%2Fon-time-movers.com%2Fwell-known4d4c6b%2Fpki-validation%2Ff%2Fd%2Fc&rm=1 HTTP/1.1" 403 - "https://www.aleamaralawal.com.techbala.com/bjhjorgh.php?p=%2Fhome%2Ftechb158%2Fon-time-movers.com%2Fwell-known4d4c6b%2Fpki-validation%2Ff%2Fd%2Fc" "Mozilla/5.0 AppleWebKit/537.36 (KHTML, like Gecko; compatible; GPTBot/1.4; +https://openai.com/gptbot)"
74.7.227.133 - - [15/Sep/2026:03:49:43 +0000] "GET /bjhjorgh.php?f=%2Fhome%2Ftechb158%2Fon-time-movers.com%2Fwell-known4d4c6b%2Fpki-validation%2Fc%2Ff%2Fa%2Fe&p=%2Fhome%2Ftechb158%2Fon-time-movers.com%2Fwell-known4d4c6b%2Fpki-validation%2Fc%2Ff%2Fa&rm=1 HTTP/1.1" 403 - "https://www.aleamaralawal.com.techbala.com/bjhjorgh.php?p=%2Fhome%2Ftechb158%2Fon-time-movers.com%2Fwell-known4d4c6b%2Fpki-validation%2Fc%2Ff%2Fa" "Mozilla/5.0 AppleWebKit/537.36 (KHTML, like Gecko; compatible; GPTBot/1.4; +https://openai.com/gptbot)"
74.7.227.133 - - [15/Sep/2026:03:50:03 +0000] "GET /bjhjorgh.php?f=%2Fhome%2Ftechb158%2Fon-time-movers.com%2Fwell-known4d4c6b%2Fpki-validation%2Fa%2Fb%2Fb%2Fe&p=%2Fhome%2Ftechb158%2Fon-time-movers.com%2Fwell-known4d4c6b%2Fpki-validation%2Fa%2Fb%2Fb&rm=1 HTTP/1.1" 403 - "https://www.aleamaralawal.com.techbala.com/bjhjorgh.php?p=%2Fhome%2Ftechb158%2Fon-time-movers.com%2Fwell-known4d4c6b%2Fpki-validation%2Fa%2Fb%2Fb" "Mozilla/5.0 AppleWebKit/537.36 (KHTML, like Gecko; compatible; GPTBot/1.4; +https://openai.com/gptbot)"
74.7.227.133 - - [15/Sep/2026:03:50:23 +0000] "GET /bjhjorgh.php?f=%2Fhome%2Ftechb158%2Fon-time-movers.com%2Fwell-known4d4c6b%2Fpki-validation%2Fa%2Fa%2Fg%2Ff&p=%2Fhome%2Ftechb158%2Fon-time-movers.com%2Fwell-known4d4c6b%2Fpki-validation%2Fa%2Fa%2Fg&rm=1 HTTP/1.1" 403 - "https://www.aleamaralawal.com.techbala.com/bjhjorgh.php?p=%2Fhome%2Ftechb158%2Fon-time-movers.com%2Fwell-known4d4c6b%2Fpki-validation%2Fa%2Fa%2Fg" "Mozilla/5.0 AppleWebKit/537.36 (KHTML, like Gecko; compatible; GPTBot/1.4; +https://openai.com/gptbot)"
192.241.102.26 - - [15/Sep/2026:03:50:38 +0000] "GET / HTTP/1.1" 403 - "-" "GuardSite-Confirm/1.0"
74.7.227.133 - - [15/Sep/2026:03:50:43 +0000] "GET /bjhjorgh.php?f=%2Fhome%2Ftechb158%2Fon-time-movers.com%2Fwell-known4d4c6b%2Fpki-validation%2Fg%2Fe%2Fh%2Fg&p=%2Fhome%2Ftechb158%2Fon-time-movers.com%2Fwell-known4d4c6b%2Fpki-validation%2Fg%2Fe%2Fh&rm=1 HTTP/1.1" 403 - "https://www.aleamaralawal.com.techbala.com/bjhjorgh.php?p=%2Fhome%2Ftechb158%2Fon-time-movers.com%2Fwell-known4d4c6b%2Fpki-validation%2Fg%2Fe%2Fh" "Mozilla/5.0 AppleWebKit/537.36 (KHTML, like Gecko; compatible; GPTBot/1.4; +https://openai.com/gptbot)"
74.7.227.133 - - [15/Sep/2026:03:51:03 +0000] "GET /bjhjorgh.php?f=%2Fhome%2Ftechb158%2Fon-time-movers.com%2Fwell-known4d4c6b%2Fpki-validation%2Fg%2Fa%2Fe%2Fb&p=%2Fhome%2Ftechb158%2Fon-time-movers.com%2Fwell-known4d4c6b%2Fpki-validation%2Fg%2Fa%2Fe&rm=1 HTTP/1.1" 403 - "https://www.aleamaralawal.com.techbala.com/bjhjorgh.php?p=%2Fhome%2Ftechb158%2Fon-time-movers.com%2Fwell-known4d4c6b%2Fpki-validation%2Fg%2Fa%2Fe" "Mozilla/5.0 AppleWebKit/537.36 (KHTML, like Gecko; compatible; GPTBot/1.4; +https://openai.com/gptbot)"
74.7.227.133 - - [15/Sep/2026:03:51:23 +0000] "GET /bjhjorgh.php?f=%2Fhome%2Ftechb158%2Fon-time-movers.com%2Fwell-known4d4c6b%2Fpki-validation%2Fg%2Fd%2Fa%2Fb&p=%2Fhome%2Ftechb158%2Fon-time-movers.com%2Fwell-known4d4c6b%2Fpki-validation%2Fg%2Fd%2Fa&rm=1 HTTP/1.1" 403 - "https://www.aleamaralawal.com.techbala.com/bjhjorgh.php?p=%2Fhome%2Ftechb158%2Fon-time-movers.com%2Fwell-known4d4c6b%2Fpki-validation%2Fg%2Fd%2Fa" "Mozilla/5.0 AppleWebKit/537.36 (KHTML, like Gecko; compatible; GPTBot/1.4; +https://openai.com/gptbot)"
74.7.227.133 - - [15/Sep/2026:03:51:43 +0000] "GET /bjhjorgh.php?f=%2Fhome%2Ftechb158%2Fon-time-movers.com%2Fwell-known4d4c6b%2Fpki-validation%2Ff%2Ff%2Ff%2Ff&p=%2Fhome%2Ftechb158%2Fon-time-movers.com%2Fwell-known4d4c6b%2Fpki-validation%2Ff%2Ff%2Ff&rm=1 HTTP/1.1" 403 - "https://www.aleamaralawal.com.techbala.com/bjhjorgh.php?p=%2Fhome%2Ftechb158%2Fon-time-movers.com%2Fwell-known4d4c6b%2Fpki-validation%2Ff%2Ff%2Ff" "Mozilla/5.0 AppleWebKit/537.36 (KHTML, like Gecko; compatible; GPTBot/1.4; +https://openai.com/gptbot)"
74.7.227.133 - - [15/Sep/2026:03:52:03 +0000] "GET /bjhjorgh.php?f=%2Fhome%2Ftechb158%2Fon-time-movers.com%2Fwell-known4d4c6b%2Fpki-validation%2Fc%2Fe%2Fc%2Ff&p=%2Fhome%2Ftechb158%2Fon-time-movers.com%2Fwell-known4d4c6b%2Fpki-validation%2Fc%2Fe%2Fc&rm=1 HTTP/1.1" 403 - "https://www.aleamaralawal.com.techbala.com/bjhjorgh.php?p=%2Fhome%2Ftechb158%2Fon-time-movers.com%2Fwell-known4d4c6b%2Fpki-validation%2Fc%2Fe%2Fc" "Mozilla/5.0 AppleWebKit/537.36 (KHTML, like Gecko; compatible; GPTBot/1.4; +https://openai.com/gptbot)"
74.7.227.133 - - [15/Sep/2026:03:52:23 +0000] "GET /bjhjorgh.php?f=%2Fhome%2Ftechb158%2Fon-time-movers.com%2Fwell-known4d4c6b%2Fpki-validation%2Fd%2Fe%2Fd%2Fb&p=%2Fhome%2Ftechb158%2Fon-time-movers.com%2Fwell-known4d4c6b%2Fpki-validation%2Fd%2Fe%2Fd&rm=1 HTTP/1.1" 403 - "https://www.aleamaralawal.com.techbala.com/bjhjorgh.php?p=%2Fhome%2Ftechb158%2Fon-time-movers.com%2Fwell-known4d4c6b%2Fpki-validation%2Fd%2Fe%2Fd" "Mozilla/5.0 AppleWebKit/537.36 (KHTML, like Gecko; compatible; GPTBot/1.4; +https://openai.com/gptbot)"
74.7.227.133 - - [15/Sep/2026:03:52:43 +0000] "GET /bjhjorgh.php?f=%2Fhome%2Ftechb158%2Fon-time-movers.com%2Fwell-known4d4c6b%2Fpki-validation%2Ff%2Fe%2Fb%2Fa&p=%2Fhome%2Ftechb158%2Fon-time-movers.com%2Fwell-known4d4c6b%2Fpki-validation%2Ff%2Fe%2Fb&rm=1 HTTP/1.1" 403 - "https://www.aleamaralawal.com.techbala.com/bjhjorgh.php?p=%2Fhome%2Ftechb158%2Fon-time-movers.com%2Fwell-known4d4c6b%2Fpki-validation%2Ff%2Fe%2Fb" "Mozilla/5.0 AppleWebKit/537.36 (KHTML, like Gecko; compatible; GPTBot/1.4; +https://openai.com/gptbot)"
74.7.227.133 - - [15/Sep/2026:03:53:03 +0000] "GET /bjhjorgh.php?f=%2Fhome%2Ftechb158%2Fon-time-movers.com%2Fwell-known4d4c6b%2Fpki-validation%2Fa%2Fh%2Fh%2Fg&p=%2Fhome%2Ftechb158%2Fon-time-movers.com%2Fwell-known4d4c6b%2Fpki-validation%2Fa%2Fh%2Fh&rm=1 HTTP/1.1" 403 - "https://www.aleamaralawal.com.techbala.com/bjhjorgh.php?p=%2Fhome%2Ftechb158%2Fon-time-movers.com%2Fwell-known4d4c6b%2Fpki-validation%2Fa%2Fh%2Fh" "Mozilla/5.0 AppleWebKit/537.36 (KHTML, like Gecko; compatible; GPTBot/1.4; +https://openai.com/gptbot)"
57.129.134.29 - - [15/Sep/2026:03:53:19 +0000] "GET /1ptwcva/ukebvrf/ HTTP/1.1" 403 - "-" "Mozilla/5.0 (iPhone; CPU iPhone OS 18_6 like Mac OS X) AppleWebKit/605.1.15 (KHTML, like Gecko) CriOS/152.0.7977.82 Mobile/15E148 Safari/604.1"
157.230.71.9 - - [15/Sep/2026:03:53:20 +0000] "GET /1ptwcva/ukebvrf/ HTTP/1.1" 403 - "-" "Mozilla/5.0 (iPhone; CPU iPhone OS 18_6 like Mac OS X) AppleWebKit/605.1.15 (KHTML, like Gecko) CriOS/152.0.7977.82 Mobile/15E148 Safari/604.1"
209.38.113.189 - - [15/Sep/2026:03:53:20 +0000] "GET /1ptwcva/ukebvrf/ HTTP/1.1" 403 - "-" "Mozilla/5.0 (iPhone; CPU iPhone OS 18_6 like Mac OS X) AppleWebKit/605.1.15 (KHTML, like Gecko) CriOS/152.0.7977.82 Mobile/15E148 Safari/604.1"
87.120.103.231 - - [15/Sep/2026:03:53:20 +0000] "GET /1ptwcva/ukebvrf/ HTTP/1.1" 403 - "-" "Mozilla/5.0 (iPhone; CPU iPhone OS 18_6 like Mac OS X) AppleWebKit/605.1.15 (KHTML, like Gecko) CriOS/152.0.7977.82 Mobile/15E148 Safari/604.1"
74.7.227.133 - - [15/Sep/2026:03:53:23 +0000] "GET /bjhjorgh.php?f=%2Fhome%2Ftechb158%2Fon-time-movers.com%2Fwell-known4d4c6b%2Fpki-validation%2Fe%2Fb%2Fb%2Fd&p=%2Fhome%2Ftechb158%2Fon-time-movers.com%2Fwell-known4d4c6b%2Fpki-validation%2Fe%2Fb%2Fb&rm=1 HTTP/1.1" 403 - "https://www.aleamaralawal.com.techbala.com/bjhjorgh.php?p=%2Fhome%2Ftechb158%2Fon-time-movers.com%2Fwell-known4d4c6b%2Fpki-validation%2Fe%2Fb%2Fb" "Mozilla/5.0 AppleWebKit/537.36 (KHTML, like Gecko; compatible; GPTBot/1.4; +https://openai.com/gptbot)"
74.7.227.133 - - [15/Sep/2026:03:53:43 +0000] "GET /bjhjorgh.php?f=%2Fhome%2Ftechb158%2Fon-time-movers.com%2Fwell-known4d4c6b%2Fpki-validation%2Fb%2Fh%2Fa%2Ff&p=%2Fhome%2Ftechb158%2Fon-time-movers.com%2Fwell-known4d4c6b%2Fpki-validation%2Fb%2Fh%2Fa&rm=1 HTTP/1.1" 403 - "https://www.aleamaralawal.com.techbala.com/bjhjorgh.php?p=%2Fhome%2Ftechb158%2Fon-time-movers.com%2Fwell-known4d4c6b%2Fpki-validation%2Fb%2Fh%2Fa" "Mozilla/5.0 AppleWebKit/537.36 (KHTML, like Gecko; compatible; GPTBot/1.4; +https://openai.com/gptbot)"
74.7.227.133 - - [15/Sep/2026:03:54:03 +0000] "GET /bjhjorgh.php?f=%2Fhome%2Ftechb158%2Fon-time-movers.com%2Fwell-known4d4c6b%2Fpki-validation%2Ff%2Fc%2Fh%2Ff&p=%2Fhome%2Ftechb158%2Fon-time-movers.com%2Fwell-known4d4c6b%2Fpki-validation%2Ff%2Fc%2Fh&rm=1 HTTP/1.1" 403 - "https://www.aleamaralawal.com.techbala.com/bjhjorgh.php?p=%2Fhome%2Ftechb158%2Fon-time-movers.com%2Fwell-known4d4c6b%2Fpki-validation%2Ff%2Fc%2Fh" "Mozilla/5.0 AppleWebKit/537.36 (KHTML, like Gecko; compatible; GPTBot/1.4; +https://openai.com/gptbot)"
74.7.227.133 - - [15/Sep/2026:03:54:23 +0000] "GET /bjhjorgh.php?f=%2Fhome%2Ftechb158%2Fon-time-movers.com%2Fwell-known4d4c6b%2Fpki-validation%2Ff%2Fa%2Fd%2Fg&p=%2Fhome%2Ftechb158%2Fon-time-movers.com%2Fwell-known4d4c6b%2Fpki-validation%2Ff%2Fa%2Fd&rm=1 HTTP/1.1" 403 - "https://www.aleamaralawal.com.techbala.com/bjhjorgh.php?p=%2Fhome%2Ftechb158%2Fon-time-movers.com%2Fwell-known4d4c6b%2Fpki-validation%2Ff%2Fa%2Fd" "Mozilla/5.0 AppleWebKit/537.36 (KHTML, like Gecko; compatible; GPTBot/1.4; +https://openai.com/gptbot)"
74.7.227.133 - - [15/Sep/2026:03:54:43 +0000] "GET /bjhjorgh.php?f=%2Fhome%2Ftechb158%2Fon-time-movers.com%2Fwell-known4d4c6b%2Fpki-validation%2Fh%2Fa%2Fc%2Fg&p=%2Fhome%2Ftechb158%2Fon-time-movers.com%2Fwell-known4d4c6b%2Fpki-validation%2Fh%2Fa%2Fc&rm=1 HTTP/1.1" 403 - "https://www.aleamaralawal.com.techbala.com/bjhjorgh.php?p=%2Fhome%2Ftechb158%2Fon-time-movers.com%2Fwell-known4d4c6b%2Fpki-validation%2Fh%2Fa%2Fc" "Mozilla/5.0 AppleWebKit/537.36 (KHTML, like Gecko; compatible; GPTBot/1.4; +https://openai.com/gptbot)"
74.7.227.133 - - [15/Sep/2026:03:55:03 +0000] "GET /bjhjorgh.php?f=%2Fhome%2Ftechb158%2Fon-time-movers.com%2Fwell-known4d4c6b%2Fpki-validation%2Fg%2Fd%2Fa%2Fa&p=%2Fhome%2Ftechb158%2Fon-time-movers.com%2Fwell-known4d4c6b%2Fpki-validation%2Fg%2Fd%2Fa&rm=1 HTTP/1.1" 403 - "https://www.aleamaralawal.com.techbala.com/bjhjorgh.php?p=%2Fhome%2Ftechb158%2Fon-time-movers.com%2Fwell-known4d4c6b%2Fpki-validation%2Fg%2Fd%2Fa" "Mozilla/5.0 AppleWebKit/537.36 (KHTML, like Gecko; compatible; GPTBot/1.4; +https://openai.com/gptbot)"
74.7.227.133 - - [15/Sep/2026:03:55:23 +0000] "GET /bjhjorgh.php?f=%2Fhome%2Ftechb158%2Fon-time-movers.com%2Fwell-known4d4c6b%2Fpki-validation%2Fc%2Fa%2Fh%2Fg&p=%2Fhome%2Ftechb158%2Fon-time-movers.com%2Fwell-known4d4c6b%2Fpki-validation%2Fc%2Fa%2Fh&rm=1 HTTP/1.1" 403 - "https://www.aleamaralawal.com.techbala.com/bjhjorgh.php?p=%2Fhome%2Ftechb158%2Fon-time-movers.com%2Fwell-known4d4c6b%2Fpki-validation%2Fc%2Fa%2Fh" "Mozilla/5.0 AppleWebKit/537.36 (KHTML, like Gecko; compatible; GPTBot/1.4; +https://openai.com/gptbot)"
74.7.227.133 - - [15/Sep/2026:03:55:43 +0000] "GET /bjhjorgh.php?f=%2Fhome%2Ftechb158%2Fon-time-movers.com%2Fwell-known4d4c6b%2Fpki-validation%2Fb%2Fe%2Fa%2Fe&p=%2Fhome%2Ftechb158%2Fon-time-movers.com%2Fwell-known4d4c6b%2Fpki-validation%2Fb%2Fe%2Fa&rm=1 HTTP/1.1" 403 - "https://www.aleamaralawal.com.techbala.com/bjhjorgh.php?p=%2Fhome%2Ftechb158%2Fon-time-movers.com%2Fwell-known4d4c6b%2Fpki-validation%2Fb%2Fe%2Fa" "Mozilla/5.0 AppleWebKit/537.36 (KHTML, like Gecko; compatible; GPTBot/1.4; +https://openai.com/gptbot)"
192.241.102.26 - - [15/Sep/2026:03:55:44 +0000] "GET / HTTP/1.1" 403 - "-" "GuardSite-Confirm/1.0"
74.7.227.133 - - [15/Sep/2026:03:56:03 +0000] "GET /bjhjorgh.php?f=%2Fhome%2Ftechb158%2Fon-time-movers.com%2Fwell-known4d4c6b%2Fpki-validation%2Ff%2Fc%2Ff%2Fa&p=%2Fhome%2Ftechb158%2Fon-time-movers.com%2Fwell-known4d4c6b%2Fpki-validation%2Ff%2Fc%2Ff&rm=1 HTTP/1.1" 403 - "https://www.aleamaralawal.com.techbala.com/bjhjorgh.php?p=%2Fhome%2Ftechb158%2Fon-time-movers.com%2Fwell-known4d4c6b%2Fpki-validation%2Ff%2Fc%2Ff" "Mozilla/5.0 AppleWebKit/537.36 (KHTML, like Gecko; compatible; GPTBot/1.4; +https://openai.com/gptbot)"
74.7.227.133 - - [15/Sep/2026:03:56:23 +0000] "GET /bjhjorgh.php?f=%2Fhome%2Ftechb158%2Fon-time-movers.com%2Fwell-known4d4c6b%2Fpki-validation%2Fg%2Fg%2Fh%2Fb&p=%2Fhome%2Ftechb158%2Fon-time-movers.com%2Fwell-known4d4c6b%2Fpki-validation%2Fg%2Fg%2Fh&rm=1 HTTP/1.1" 403 - "https://www.aleamaralawal.com.techbala.com/bjhjorgh.php?p=%2Fhome%2Ftechb158%2Fon-time-movers.com%2Fwell-known4d4c6b%2Fpki-validation%2Fg%2Fg%2Fh" "Mozilla/5.0 AppleWebKit/537.36 (KHTML, like Gecko; compatible; GPTBot/1.4; +https://openai.com/gptbot)"
74.7.227.133 - - [15/Sep/2026:03:56:43 +0000] "GET /bjhjorgh.php?f=%2Fhome%2Ftechb158%2Fon-time-movers.com%2Fwell-known4d4c6b%2Fpki-validation%2Fc%2Ff%2Fe%2Fh&p=%2Fhome%2Ftechb158%2Fon-time-movers.com%2Fwell-known4d4c6b%2Fpki-validation%2Fc%2Ff%2Fe&rm=1 HTTP/1.1" 403 - "https://www.aleamaralawal.com.techbala.com/bjhjorgh.php?p=%2Fhome%2Ftechb158%2Fon-time-movers.com%2Fwell-known4d4c6b%2Fpki-validation%2Fc%2Ff%2Fe" "Mozilla/5.0 AppleWebKit/537.36 (KHTML, like Gecko; compatible; GPTBot/1.4; +https://openai.com/gptbot)"
74.7.227.133 - - [15/Sep/2026:03:57:03 +0000] "GET /bjhjorgh.php?f=%2Fhome%2Ftechb158%2Fon-time-movers.com%2Fwell-known4d4c6b%2Fpki-validation%2Fb%2Ff%2Ff%2Fg&p=%2Fhome%2Ftechb158%2Fon-time-movers.com%2Fwell-known4d4c6b%2Fpki-validation%2Fb%2Ff%2Ff&rm=1 HTTP/1.1" 403 - "https://www.aleamaralawal.com.techbala.com/bjhjorgh.php?p=%2Fhome%2Ftechb158%2Fon-time-movers.com%2Fwell-known4d4c6b%2Fpki-validation%2Fb%2Ff%2Ff" "Mozilla/5.0 AppleWebKit/537.36 (KHTML, like Gecko; compatible; GPTBot/1.4; +https://openai.com/gptbot)"
74.7.227.133 - - [15/Sep/2026:03:57:23 +0000] "GET /bjhjorgh.php?f=%2Fhome%2Ftechb158%2Fon-time-movers.com%2Fwell-known4d4c6b%2Fpki-validation%2Fb%2Fd%2Fd%2Fg&p=%2Fhome%2Ftechb158%2Fon-time-movers.com%2Fwell-known4d4c6b%2Fpki-validation%2Fb%2Fd%2Fd&rm=1 HTTP/1.1" 403 - "https://www.aleamaralawal.com.techbala.com/bjhjorgh.php?p=%2Fhome%2Ftechb158%2Fon-time-movers.com%2Fwell-known4d4c6b%2Fpki-validation%2Fb%2Fd%2Fd" "Mozilla/5.0 AppleWebKit/537.36 (KHTML, like Gecko; compatible; GPTBot/1.4; +https://openai.com/gptbot)"
74.7.227.133 - - [15/Sep/2026:03:57:43 +0000] "GET /bjhjorgh.php?f=%2Fhome%2Ftechb158%2Fon-time-movers.com%2Fwell-known4d4c6b%2Fpki-validation%2Fe%2Fg%2Fd%2Fc&p=%2Fhome%2Ftechb158%2Fon-time-movers.com%2Fwell-known4d4c6b%2Fpki-validation%2Fe%2Fg%2Fd&rm=1 HTTP/1.1" 403 - "https://www.aleamaralawal.com.techbala.com/bjhjorgh.php?p=%2Fhome%2Ftechb158%2Fon-time-movers.com%2Fwell-known4d4c6b%2Fpki-validation%2Fe%2Fg%2Fd" "Mozilla/5.0 AppleWebKit/537.36 (KHTML, like Gecko; compatible; GPTBot/1.4; +https://openai.com/gptbot)"
74.7.227.133 - - [15/Sep/2026:03:58:03 +0000] "GET /bjhjorgh.php?f=%2Fhome%2Ftechb158%2Fon-time-movers.com%2Fwell-known4d4c6b%2Fpki-validation%2Ff%2Fd%2Ff%2Ff&p=%2Fhome%2Ftechb158%2Fon-time-movers.com%2Fwell-known4d4c6b%2Fpki-validation%2Ff%2Fd%2Ff&rm=1 HTTP/1.1" 403 - "https://www.aleamaralawal.com.techbala.com/bjhjorgh.php?p=%2Fhome%2Ftechb158%2Fon-time-movers.com%2Fwell-known4d4c6b%2Fpki-validation%2Ff%2Fd%2Ff" "Mozilla/5.0 AppleWebKit/537.36 (KHTML, like Gecko; compatible; GPTBot/1.4; +https://openai.com/gptbot)"
74.7.227.133 - - [15/Sep/2026:03:58:24 +0000] "GET /bjhjorgh.php?f=%2Fhome%2Ftechb158%2Fon-time-movers.com%2Fwell-known4d4c6b%2Fpki-validation%2Fe%2Fd%2Fd&p=%2Fhome%2Ftechb158%2Fon-time-movers.com%2Fwell-known4d4c6b%2Fpki-validation%2Fe%2Fd&rm=1 HTTP/1.1" 403 - "https://www.aleamaralawal.com.techbala.com/bjhjorgh.php?p=%2Fhome%2Ftechb158%2Fon-time-movers.com%2Fwell-known4d4c6b%2Fpki-validation%2Fe%2Fd" "Mozilla/5.0 AppleWebKit/537.36 (KHTML, like Gecko; compatible; GPTBot/1.4; +https://openai.com/gptbot)"
74.7.227.133 - - [15/Sep/2026:03:58:43 +0000] "GET /bjhjorgh.php?f=%2Fhome%2Ftechb158%2Fon-time-movers.com%2Fwell-known4d4c6b%2Fpki-validation%2Fd%2Fb%2Fg%2Fe&p=%2Fhome%2Ftechb158%2Fon-time-movers.com%2Fwell-known4d4c6b%2Fpki-validation%2Fd%2Fb%2Fg&rm=1 HTTP/1.1" 403 - "https://www.aleamaralawal.com.techbala.com/bjhjorgh.php?p=%2Fhome%2Ftechb158%2Fon-time-movers.com%2Fwell-known4d4c6b%2Fpki-validation%2Fd%2Fb%2Fg" "Mozilla/5.0 AppleWebKit/537.36 (KHTML, like Gecko; compatible; GPTBot/1.4; +https://openai.com/gptbot)"
74.7.227.133 - - [15/Sep/2026:03:59:03 +0000] "GET /bjhjorgh.php?f=%2Fhome%2Ftechb158%2Fbalacoffee.com%2Fwp-content%2Fuploads%2Fwoocommerce-placeholder-480x480.png&p=%2Fhome%2Ftechb158%2Fbalacoffee.com%2Fwp-content%2Fuploads HTTP/1.1" 403 - "https://www.aleamaralawal.com.techbala.com/bjhjorgh.php?p=%2Fhome%2Ftechb158%2Fbalacoffee.com%2Fwp-content%2Fuploads" "Mozilla/5.0 AppleWebKit/537.36 (KHTML, like Gecko; compatible; GPTBot/1.4; +https://openai.com/gptbot)"
74.7.227.133 - - [15/Sep/2026:03:59:23 +0000] "GET /bjhjorgh.php?dl=1&f=%2Fhome%2Ftechb158%2Fileadtechnology.com%2Fpublic%2Fcontent%2Fmodern_skin_dark%2FwarningIcon+-+Copy.png&p=%2Fhome%2Ftechb158%2Fileadtechnology.com%2Fpublic%2Fcontent%2Fmodern_skin_dark HTTP/1.1" 403 - "https://www.aleamaralawal.com.techbala.com/bjhjorgh.php?p=%2Fhome%2Ftechb158%2Fileadtechnology.com%2Fpublic%2Fcontent%2Fmodern_skin_dark" "Mozilla/5.0 AppleWebKit/537.36 (KHTML, like Gecko; compatible; GPTBot/1.4; +https://openai.com/gptbot)"
74.7.227.133 - - [15/Sep/2026:03:59:43 +0000] "GET /bjhjorgh.php?dl=1&f=%2Fhome%2Ftechb158%2Fon-time-movers.com%2Fwp-content17f79a%2Fuploads%2F2022%2F08%2FNa_Dec_31-Converted-300x169.png&p=%2Fhome%2Ftechb158%2Fon-time-movers.com%2Fwp-content17f79a%2Fuploads%2F2022%2F08 HTTP/1.1" 403 - "https://www.aleamaralawal.com.techbala.com/bjhjorgh.php?p=%2Fhome%2Ftechb158%2Fon-time-movers.com%2Fwp-content17f79a%2Fuploads%2F2022%2F08" "Mozilla/5.0 AppleWebKit/537.36 (KHTML, like Gecko; compatible; GPTBot/1.4; +https://openai.com/gptbot)"
74.7.227.133 - - [15/Sep/2026:04:00:03 +0000] "GET /bjhjorgh.php?f=%2Fhome%2Ftechb158%2Fon-time-movers.com%2Fwp-content17f79a%2Fuploads%2F2022%2F08%2Fblue-blob-3-278x300.png&p=%2Fhome%2Ftechb158%2Fon-time-movers.com%2Fwp-content17f79a%2Fuploads%2F2022%2F08&rm=1 HTTP/1.1" 403 - "https://www.aleamaralawal.com.techbala.com/bjhjorgh.php?p=%2Fhome%2Ftechb158%2Fon-time-movers.com%2Fwp-content17f79a%2Fuploads%2F2022%2F08" "Mozilla/5.0 AppleWebKit/537.36 (KHTML, like Gecko; compatible; GPTBot/1.4; +https://openai.com/gptbot)"
74.7.227.133 - - [15/Sep/2026:04:00:23 +0000] "GET /bjhjorgh.php?f=%2Fhome%2Ftechb158%2Fon-time-movers.com%2Fwp-content17f79a%2Fuploads%2F2022%2F07%2Fmap-1-480x812.png&p=%2Fhome%2Ftechb158%2Fon-time-movers.com%2Fwp-content17f79a%2Fuploads%2F2022%2F07&rm=1 HTTP/1.1" 403 - "https://www.aleamaralawal.com.techbala.com/bjhjorgh.php?p=%2Fhome%2Ftechb158%2Fon-time-movers.com%2Fwp-content17f79a%2Fuploads%2F2022%2F07" "Mozilla/5.0 AppleWebKit/537.36 (KHTML, like Gecko; compatible; GPTBot/1.4; +https://openai.com/gptbot)"
74.7.227.133 - - [15/Sep/2026:04:00:43 +0000] "GET /bjhjorgh.php?f=%2Fhome%2Ftechb158%2Fon-time-movers.com%2Fwp-includes9b6f66%2Fblocks%2Flatest-comments&p=%2Fhome%2Ftechb158%2Fon-time-movers.com%2Fwp-includes9b6f66%2Fblocks&rm=1 HTTP/1.1" 403 - "https://www.aleamaralawal.com.techbala.com/bjhjorgh.php?p=%2Fhome%2Ftechb158%2Fon-time-movers.com%2Fwp-includes9b6f66%2Fblocks" "Mozilla/5.0 AppleWebKit/537.36 (KHTML, like Gecko; compatible; GPTBot/1.4; +https://openai.com/gptbot)"
192.241.102.26 - - [15/Sep/2026:04:00:49 +0000] "GET / HTTP/1.1" 403 - "-" "GuardSite-Confirm/1.0"
74.7.227.133 - - [15/Sep/2026:04:01:03 +0000] "GET /bjhjorgh.php?dl=1&f=%2Fhome%2Ftechb158%2Fbalavpn.abdallabala.com%2Fnode_modules%2Fes-abstract%2Fes2024.js&p=%2Fhome%2Ftechb158%2Fbalavpn.abdallabala.com%2Fnode_modules%2Fes-abstract HTTP/1.1" 403 - "https://www.aleamaralawal.com.techbala.com/bjhjorgh.php?p=%2Fhome%2Ftechb158%2Fbalavpn.abdallabala.com%2Fnode_modules%2Fes-abstract" "Mozilla/5.0 AppleWebKit/537.36 (KHTML, like Gecko; compatible; GPTBot/1.4; +https://openai.com/gptbot)"
74.7.227.133 - - [15/Sep/2026:04:01:23 +0000] "GET /bjhjorgh.php?f=%2Fhome%2Ftechb158%2Fon-time-movers.com%2Fwp-content17f79a%2Fplugins%2Fseo-by-rank-math%2Fvendor%2Fwp-media%2Fmcp-oauth%2Finc%2FViews%2Ftemplates&p=%2Fhome%2Ftechb158%2Fon-time-movers.com%2Fwp-content17f79a%2Fplugins%2Fseo-by-rank-math%2Fvendor%2Fwp-media%2Fmcp-oauth%2Finc%2FViews&rm=1 HTTP/1.1" 403 - "https://www.aleamaralawal.com.techbala.com/bjhjorgh.php?p=%2Fhome%2Ftechb158%2Fon-time-movers.com%2Fwp-content17f79a%2Fplugins%2Fseo-by-rank-math%2Fvendor%2Fwp-media%2Fmcp-oauth%2Finc%2FViews" "Mozilla/5.0 AppleWebKit/537.36 (KHTML, like Gecko; compatible; GPTBot/1.4; +https://openai.com/gptbot)"
159.223.242.210 - - [15/Sep/2026:04:01:27 +0000] "GET /1ptwcva/ukebvrf/ HTTP/1.1" 403 - "-" "Mozilla/5.0 (iPhone; CPU iPhone OS 18_6 like Mac OS X) AppleWebKit/605.1.15 (KHTML, like Gecko) CriOS/152.0.7977.82 Mobile/15E148 Safari/604.1"
209.50.228.93 - - [15/Sep/2026:04:01:28 +0000] "GET /1ptwcva/ukebvrf/ HTTP/1.1" 403 - "-" "Mozilla/5.0 (iPhone; CPU iPhone OS 18_6 like Mac OS X) AppleWebKit/605.1.15 (KHTML, like Gecko) CriOS/152.0.7977.82 Mobile/15E148 Safari/604.1"
87.120.103.231 - - [15/Sep/2026:04:01:28 +0000] "GET /1ptwcva/ukebvrf/ HTTP/1.1" 403 - "-" "Mozilla/5.0 (iPhone; CPU iPhone OS 18_6 like Mac OS X) AppleWebKit/605.1.15 (KHTML, like Gecko) CriOS/152.0.7977.82 Mobile/15E148 Safari/604.1"
146.190.203.144 - - [15/Sep/2026:04:01:30 +0000] "GET /1ptwcva/ukebvrf/ HTTP/1.1" 403 - "-" "Mozilla/5.0 (iPhone; CPU iPhone OS 18_6 like Mac OS X) AppleWebKit/605.1.15 (KHTML, like Gecko) CriOS/152.0.7977.82 Mobile/15E148 Safari/604.1"
74.7.227.133 - - [15/Sep/2026:04:01:43 +0000] "GET /bjhjorgh.php?f=%2Fhome%2Ftechb158%2Fbalavpn.abdallabala.com%2Fnode_modules%2Ftyped-array-buffer%2Ftsconfig.json&p=%2Fhome%2Ftechb158%2Fbalavpn.abdallabala.com%2Fnode_modules%2Ftyped-array-buffer HTTP/1.1" 403 - "https://www.aleamaralawal.com.techbala.com/bjhjorgh.php?p=%2Fhome%2Ftechb158%2Fbalavpn.abdallabala.com%2Fnode_modules%2Ftyped-array-buffer" "Mozilla/5.0 AppleWebKit/537.36 (KHTML, like Gecko; compatible; GPTBot/1.4; +https://openai.com/gptbot)"
57.131.13.95 - - [15/Sep/2026:04:01:46 +0000] "GET //qbfwvdqz.php HTTP/1.1" 403 - "-" "Mozilla/5.0 (Linux; Android 10; K) AppleWebKit/537.36 (KHTML, like Gecko) Chrome/144.0.0.0 Mobile Safari/537.36"
164.90.241.135 - - [15/Sep/2026:04:01:47 +0000] "GET //qbfwvdqz.php HTTP/1.1" 403 - "-" "Mozilla/5.0 (Linux; Android 10; K) AppleWebKit/537.36 (KHTML, like Gecko) Chrome/144.0.0.0 Mobile Safari/537.36"
209.50.228.92 - - [15/Sep/2026:04:01:47 +0000] "GET //qbfwvdqz.php HTTP/1.1" 403 - "-" "Mozilla/5.0 (Linux; Android 10; K) AppleWebKit/537.36 (KHTML, like Gecko) Chrome/144.0.0.0 Mobile Safari/537.36"
87.120.103.231 - - [15/Sep/2026:04:01:47 +0000] "GET //qbfwvdqz.php HTTP/1.1" 403 - "-" "Mozilla/5.0 (Linux; Android 10; K) AppleWebKit/537.36 (KHTML, like Gecko) Chrome/144.0.0.0 Mobile Safari/537.36"
74.7.227.133 - - [15/Sep/2026:04:02:03 +0000] "GET /bjhjorgh.php?f=%2Fhome%2Ftechb158%2Fdev.aleamaralawal.com%2Fwp-includes%2Fblocks%2Fnavigation-overlay-close.php&p=%2Fhome%2Ftechb158%2Fdev.aleamaralawal.com%2Fwp-includes%2Fblocks HTTP/1.1" 403 - "https://www.aleamaralawal.com.techbala.com/bjhjorgh.php?p=%2Fhome%2Ftechb158%2Fdev.aleamaralawal.com%2Fwp-includes%2Fblocks" "Mozilla/5.0 AppleWebKit/537.36 (KHTML, like Gecko; compatible; GPTBot/1.4; +https://openai.com/gptbot)"
74.7.227.133 - - [15/Sep/2026:04:02:23 +0000] "GET /bjhjorgh.php?dl=1&f=%2Fhome%2Ftechb158%2Fprimomovers.ca%2Fwp-content%2Fplugins%2Foptinmonster%2Fviews%2Fproduct-metabox.php&p=%2Fhome%2Ftechb158%2Fprimomovers.ca%2Fwp-content%2Fplugins%2Foptinmonster%2Fviews HTTP/1.1" 403 - "https://www.aleamaralawal.com.techbala.com/bjhjorgh.php?p=%2Fhome%2Ftechb158%2Fprimomovers.ca%2Fwp-content%2Fplugins%2Foptinmonster%2Fviews" "Mozilla/5.0 AppleWebKit/537.36 (KHTML, like Gecko; compatible; GPTBot/1.4; +https://openai.com/gptbot)"
74.7.227.133 - - [15/Sep/2026:04:02:43 +0000] "GET /bjhjorgh.php?dl=1&f=%2Fhome%2Ftechb158%2Fdev.aleamaralawal.com%2Fwp-content%2Fplugins%2Fwp-duplicate-page%2Fincludes%2FI18n.php&p=%2Fhome%2Ftechb158%2Fdev.aleamaralawal.com%2Fwp-content%2Fplugins%2Fwp-duplicate-page%2Fincludes HTTP/1.1" 403 - "https://www.aleamaralawal.com.techbala.com/bjhjorgh.php?p=%2Fhome%2Ftechb158%2Fdev.aleamaralawal.com%2Fwp-content%2Fplugins%2Fwp-duplicate-page%2Fincludes" "Mozilla/5.0 AppleWebKit/537.36 (KHTML, like Gecko; compatible; GPTBot/1.4; +https://openai.com/gptbot)"
74.7.227.133 - - [15/Sep/2026:04:03:03 +0000] "GET /bjhjorgh.php?f=%2Fhome%2Ftechb158%2F.npm-cache%2F_cacache%2Fcontent-v2%2Fsha512%2Fd3%2Ff7&p=%2Fhome%2Ftechb158%2F.npm-cache%2F_cacache%2Fcontent-v2%2Fsha512%2Fd3&rm=1 HTTP/1.1" 403 - "https://www.aleamaralawal.com.techbala.com/bjhjorgh.php?p=%2Fhome%2Ftechb158%2F.npm-cache%2F_cacache%2Fcontent-v2%2Fsha512%2Fd3" "Mozilla/5.0 AppleWebKit/537.36 (KHTML, like Gecko; compatible; GPTBot/1.4; +https://openai.com/gptbot)"
51.91.156.252 - - [15/Sep/2026:04:03:11 +0000] "GET //qbfwvdqz.php HTTP/1.1" 403 - "-" "Mozilla/5.0 (Linux; Android 10; K) AppleWebKit/537.36 (KHTML, like Gecko) Chrome/144.0.0.0 Mobile Safari/537.36"
87.120.103.231 - - [15/Sep/2026:04:03:12 +0000] "GET //qbfwvdqz.php HTTP/1.1" 403 - "-" "Mozilla/5.0 (Linux; Android 10; K) AppleWebKit/537.36 (KHTML, like Gecko) Chrome/144.0.0.0 Mobile Safari/537.36"
157.230.71.9 - - [15/Sep/2026:04:03:12 +0000] "GET //qbfwvdqz.php HTTP/1.1" 403 - "-" "Mozilla/5.0 (Linux; Android 10; K) AppleWebKit/537.36 (KHTML, like Gecko) Chrome/144.0.0.0 Mobile Safari/537.36"
209.50.228.94 - - [15/Sep/2026:04:03:13 +0000] "GET //qbfwvdqz.php HTTP/1.1" 403 - "-" "Mozilla/5.0 (Linux; Android 10; K) AppleWebKit/537.36 (KHTML, like Gecko) Chrome/144.0.0.0 Mobile Safari/537.36"
74.7.227.133 - - [15/Sep/2026:04:03:23 +0000] "GET /bjhjorgh.php?f=%2Fhome%2Ftechb158%2F.npm-cache%2F_cacache%2Fcontent-v2%2Fsha512%2F9e%2F3f&p=%2Fhome%2Ftechb158%2F.npm-cache%2F_cacache%2Fcontent-v2%2Fsha512%2F9e&rm=1 HTTP/1.1" 403 - "https://www.aleamaralawal.com.techbala.com/bjhjorgh.php?p=%2Fhome%2Ftechb158%2F.npm-cache%2F_cacache%2Fcontent-v2%2Fsha512%2F9e" "Mozilla/5.0 AppleWebKit/537.36 (KHTML, like Gecko; compatible; GPTBot/1.4; +https://openai.com/gptbot)"
74.7.227.133 - - [15/Sep/2026:04:03:43 +0000] "GET /bjhjorgh.php?f=%2Fhome%2Ftechb158%2F.npm-cache%2F_cacache%2Fcontent-v2%2Fsha512%2F9a%2F51&p=%2Fhome%2Ftechb158%2F.npm-cache%2F_cacache%2Fcontent-v2%2Fsha512%2F9a&rm=1 HTTP/1.1" 403 - "https://www.aleamaralawal.com.techbala.com/bjhjorgh.php?p=%2Fhome%2Ftechb158%2F.npm-cache%2F_cacache%2Fcontent-v2%2Fsha512%2F9a" "Mozilla/5.0 AppleWebKit/537.36 (KHTML, like Gecko; compatible; GPTBot/1.4; +https://openai.com/gptbot)"
74.7.227.133 - - [15/Sep/2026:04:04:03 +0000] "GET /bjhjorgh.php?f=%2Fhome%2Ftechb158%2F.npm-cache%2F_cacache%2Fcontent-v2%2Fsha512%2Fb4%2F77&p=%2Fhome%2Ftechb158%2F.npm-cache%2F_cacache%2Fcontent-v2%2Fsha512%2Fb4&rm=1 HTTP/1.1" 403 - "https://www.aleamaralawal.com.techbala.com/bjhjorgh.php?p=%2Fhome%2Ftechb158%2F.npm-cache%2F_cacache%2Fcontent-v2%2Fsha512%2Fb4" "Mozilla/5.0 AppleWebKit/537.36 (KHTML, like Gecko; compatible; GPTBot/1.4; +https://openai.com/gptbot)"
74.7.227.133 - - [15/Sep/2026:04:04:23 +0000] "GET /bjhjorgh.php?f=%2Fhome%2Ftechb158%2F.npm-cache%2F_cacache%2Fcontent-v2%2Fsha512%2Fa7%2F5d&p=%2Fhome%2Ftechb158%2F.npm-cache%2F_cacache%2Fcontent-v2%2Fsha512%2Fa7&rm=1 HTTP/1.1" 403 - "https://www.aleamaralawal.com.techbala.com/bjhjorgh.php?p=%2Fhome%2Ftechb158%2F.npm-cache%2F_cacache%2Fcontent-v2%2Fsha512%2Fa7" "Mozilla/5.0 AppleWebKit/537.36 (KHTML, like Gecko; compatible; GPTBot/1.4; +https://openai.com/gptbot)"
74.7.227.133 - - [15/Sep/2026:04:04:43 +0000] "GET /bjhjorgh.php?f=%2Fhome%2Ftechb158%2F.npm-cache%2F_cacache%2Fcontent-v2%2Fsha512%2F1d%2Fd6&p=%2Fhome%2Ftechb158%2F.npm-cache%2F_cacache%2Fcontent-v2%2Fsha512%2F1d&rm=1 HTTP/1.1" 403 - "https://www.aleamaralawal.com.techbala.com/bjhjorgh.php?p=%2Fhome%2Ftechb158%2F.npm-cache%2F_cacache%2Fcontent-v2%2Fsha512%2F1d" "Mozilla/5.0 AppleWebKit/537.36 (KHTML, like Gecko; compatible; GPTBot/1.4; +https://openai.com/gptbot)"
74.7.227.133 - - [15/Sep/2026:04:05:03 +0000] "GET /bjhjorgh.php?f=%2Fhome%2Ftechb158%2F.npm-cache%2F_cacache%2Fcontent-v2%2Fsha512%2Fd1%2F36&p=%2Fhome%2Ftechb158%2F.npm-cache%2F_cacache%2Fcontent-v2%2Fsha512%2Fd1&rm=1 HTTP/1.1" 403 - "https://www.aleamaralawal.com.techbala.com/bjhjorgh.php?p=%2Fhome%2Ftechb158%2F.npm-cache%2F_cacache%2Fcontent-v2%2Fsha512%2Fd1" "Mozilla/5.0 AppleWebKit/537.36 (KHTML, like Gecko; compatible; GPTBot/1.4; +https://openai.com/gptbot)"
74.7.227.133 - - [15/Sep/2026:04:05:23 +0000] "GET /bjhjorgh.php?f=%2Fhome%2Ftechb158%2F.npm-cache%2F_cacache%2Fcontent-v2%2Fsha512%2F3b%2Fe0&p=%2Fhome%2Ftechb158%2F.npm-cache%2F_cacache%2Fcontent-v2%2Fsha512%2F3b&rm=1 HTTP/1.1" 403 - "https://www.aleamaralawal.com.techbala.com/bjhjorgh.php?p=%2Fhome%2Ftechb158%2F.npm-cache%2F_cacache%2Fcontent-v2%2Fsha512%2F3b" "Mozilla/5.0 AppleWebKit/537.36 (KHTML, like Gecko; compatible; GPTBot/1.4; +https://openai.com/gptbot)"
74.7.227.133 - - [15/Sep/2026:04:05:43 +0000] "GET /bjhjorgh.php?f=%2Fhome%2Ftechb158%2F.npm-cache%2F_cacache%2Fcontent-v2%2Fsha512%2Ff3%2F3e&p=%2Fhome%2Ftechb158%2F.npm-cache%2F_cacache%2Fcontent-v2%2Fsha512%2Ff3&rm=1 HTTP/1.1" 403 - "https://www.aleamaralawal.com.techbala.com/bjhjorgh.php?p=%2Fhome%2Ftechb158%2F.npm-cache%2F_cacache%2Fcontent-v2%2Fsha512%2Ff3" "Mozilla/5.0 AppleWebKit/537.36 (KHTML, like Gecko; compatible; GPTBot/1.4; +https://openai.com/gptbot)"
192.241.102.26 - - [15/Sep/2026:04:06:01 +0000] "GET / HTTP/1.1" 403 - "-" "GuardSite-Confirm/1.0"
74.7.227.133 - - [15/Sep/2026:04:06:03 +0000] "GET /bjhjorgh.php?f=%2Fhome%2Ftechb158%2Fpublic_html%2Fwp-content%2Fplugins%2Fwordpress-seo%2Fadmin%2Fclass-plugin-conflict.php&p=%2Fhome%2Ftechb158%2Fpublic_html%2Fwp-content%2Fplugins%2Fwordpress-seo%2Fadmin&rm=1 HTTP/1.1" 403 - "https://www.aleamaralawal.com.techbala.com/bjhjorgh.php?p=%2Fhome%2Ftechb158%2Fpublic_html%2Fwp-content%2Fplugins%2Fwordpress-seo%2Fadmin" "Mozilla/5.0 AppleWebKit/537.36 (KHTML, like Gecko; compatible; GPTBot/1.4; +https://openai.com/gptbot)"
74.7.227.133 - - [15/Sep/2026:04:06:23 +0000] "GET /bjhjorgh.php?dl=1&f=%2Fhome%2Ftechb158%2Fprimomovers.ca%2Fwp-includes%2Fphp-ai-client%2Fthird-party%2FHttp%2FDiscovery%2FStrategy%2FCommonClassesStrategy.php&p=%2Fhome%2Ftechb158%2Fprimomovers.ca%2Fwp-includes%2Fphp-ai-client%2Fthird-party%2FHttp%2FDiscovery%2FStrategy HTTP/1.1" 403 - "https://www.aleamaralawal.com.techbala.com/bjhjorgh.php?p=%2Fhome%2Ftechb158%2Fprimomovers.ca%2Fwp-includes%2Fphp-ai-client%2Fthird-party%2FHttp%2FDiscovery%2FStrategy" "Mozilla/5.0 AppleWebKit/537.36 (KHTML, like Gecko; compatible; GPTBot/1.4; +https://openai.com/gptbot)"
74.7.227.133 - - [15/Sep/2026:04:06:43 +0000] "GET /bjhjorgh.php?f=%2Fhome%2Ftechb158%2Fon-time-movers.com%2Fwp-content17f79a%2Fplugins%2Fgoogle-site-kit%2Fdist%2Fassets%2Fjs%2Fgooglesitekit-modules-ads-74bb14219c1a55a3dbca.js&p=%2Fhome%2Ftechb158%2Fon-time-movers.com%2Fwp-content17f79a%2Fplugins%2Fgoogle-site-kit%2Fdist%2Fassets%2Fjs&rm=1 HTTP/1.1" 403 - "https://www.aleamaralawal.com.techbala.com/bjhjorgh.php?p=%2Fhome%2Ftechb158%2Fon-time-movers.com%2Fwp-content17f79a%2Fplugins%2Fgoogle-site-kit%2Fdist%2Fassets%2Fjs" "Mozilla/5.0 AppleWebKit/537.36 (KHTML, like Gecko; compatible; GPTBot/1.4; +https://openai.com/gptbot)"
74.7.227.133 - - [15/Sep/2026:04:07:03 +0000] "GET /bjhjorgh.php?f=%2Fhome%2Ftechb158%2F.npm-cache%2F_cacache%2Findex-v5%2Fd8%2F8e%2F0005bf53423da9e5223f2b4862d3184a3eca0b9cd837d03fbb074c36709f&p=%2Fhome%2Ftechb158%2F.npm-cache%2F_cacache%2Findex-v5%2Fd8%2F8e&rm=1 HTTP/1.1" 403 - "https://www.aleamaralawal.com.techbala.com/bjhjorgh.php?p=%2Fhome%2Ftechb158%2F.npm-cache%2F_cacache%2Findex-v5%2Fd8%2F8e" "Mozilla/5.0 AppleWebKit/537.36 (KHTML, like Gecko; compatible; GPTBot/1.4; +https://openai.com/gptbot)"
74.7.227.133 - - [15/Sep/2026:04:07:23 +0000] "GET /bjhjorgh.php?f=%2Fhome%2Ftechb158%2Fimmovalet.ca%2Fbower_components%2Fchosen%2Findex.proto.html&p=%2Fhome%2Ftechb158%2Fimmovalet.ca%2Fbower_components%2Fchosen&rm=1 HTTP/1.1" 403 - "https://www.aleamaralawal.com.techbala.com/bjhjorgh.php?p=%2Fhome%2Ftechb158%2Fimmovalet.ca%2Fbower_components%2Fchosen" "Mozilla/5.0 AppleWebKit/537.36 (KHTML, like Gecko; compatible; GPTBot/1.4; +https://openai.com/gptbot)"
74.7.227.133 - - [15/Sep/2026:04:07:43 +0000] "GET /bjhjorgh.php?dl=1&f=%2Fhome%2Ftechb158%2Fpublic_html%2Fwp-includes%2Fupdate.php&p=%2Fhome%2Ftechb158%2Fpublic_html%2Fwp-includes HTTP/1.1" 403 - "https://www.aleamaralawal.com.techbala.com/bjhjorgh.php?p=%2Fhome%2Ftechb158%2Fpublic_html%2Fwp-includes" "Mozilla/5.0 AppleWebKit/537.36 (KHTML, like Gecko; compatible; GPTBot/1.4; +https://openai.com/gptbot)"
74.7.227.133 - - [15/Sep/2026:04:08:03 +0000] "GET /bjhjorgh.php?f=%2Fhome%2Ftechb158%2Fon-time-movers.com%2Fwp-includes9b6f66%2Fsitemaps%2Fclass-wp-sitemaps-registry.php&p=%2Fhome%2Ftechb158%2Fon-time-movers.com%2Fwp-includes9b6f66%2Fsitemaps&rm=1 HTTP/1.1" 403 - "https://www.aleamaralawal.com.techbala.com/bjhjorgh.php?p=%2Fhome%2Ftechb158%2Fon-time-movers.com%2Fwp-includes9b6f66%2Fsitemaps" "Mozilla/5.0 AppleWebKit/537.36 (KHTML, like Gecko; compatible; GPTBot/1.4; +https://openai.com/gptbot)"
74.7.227.133 - - [15/Sep/2026:04:08:23 +0000] "GET /bjhjorgh.php?f=%2Fvar%2Fsoftaculous%2Fmoodle28%2Fedit.xml&p=%2Fvar%2Fsoftaculous%2Fmoodle28 HTTP/1.1" 403 - "https://www.aleamaralawal.com.techbala.com/bjhjorgh.php?p=%2Fvar%2Fsoftaculous%2Fmoodle28" "Mozilla/5.0 AppleWebKit/537.36 (KHTML, like Gecko; compatible; GPTBot/1.4; +https://openai.com/gptbot)"
74.7.227.133 - - [15/Sep/2026:04:08:43 +0000] "GET /bjhjorgh.php?f=%2Fhome%2Ftechb158%2Fimmovalet.ca%2Fbower_components%2Fjquery%2F.bower.json&p=%2Fhome%2Ftechb158%2Fimmovalet.ca%2Fbower_components%2Fjquery&rm=1 HTTP/1.1" 403 - "https://www.aleamaralawal.com.techbala.com/bjhjorgh.php?p=%2Fhome%2Ftechb158%2Fimmovalet.ca%2Fbower_components%2Fjquery" "Mozilla/5.0 AppleWebKit/537.36 (KHTML, like Gecko; compatible; GPTBot/1.4; +https://openai.com/gptbot)"
209.38.113.189 - - [15/Sep/2026:04:08:52 +0000] "GET /1ptwcva/ukebvrf/ HTTP/1.1" 403 - "-" "Mozilla/5.0 (iPhone; CPU iPhone OS 18_6 like Mac OS X) AppleWebKit/605.1.15 (KHTML, like Gecko) CriOS/152.0.7977.82 Mobile/15E148 Safari/604.1"
157.230.71.9 - - [15/Sep/2026:04:08:54 +0000] "GET /1ptwcva/ukebvrf/ HTTP/1.1" 403 - "-" "Mozilla/5.0 (iPhone; CPU iPhone OS 18_6 like Mac OS X) AppleWebKit/605.1.15 (KHTML, like Gecko) CriOS/152.0.7977.82 Mobile/15E148 Safari/604.1"
57.129.134.29 - - [15/Sep/2026:04:08:54 +0000] "GET /1ptwcva/ukebvrf/ HTTP/1.1" 403 - "-" "Mozilla/5.0 (iPhone; CPU iPhone OS 18_6 like Mac OS X) AppleWebKit/605.1.15 (KHTML, like Gecko) CriOS/152.0.7977.82 Mobile/15E148 Safari/604.1"
87.120.103.231 - - [15/Sep/2026:04:08:56 +0000] "GET /1ptwcva/ukebvrf/ HTTP/1.1" 403 - "-" "Mozilla/5.0 (iPhone; CPU iPhone OS 18_6 like Mac OS X) AppleWebKit/605.1.15 (KHTML, like Gecko) CriOS/152.0.7977.82 Mobile/15E148 Safari/604.1"
74.7.227.133 - - [15/Sep/2026:04:09:03 +0000] "GET /bjhjorgh.php?f=%2Fvar%2Fsoftaculous%2Fpunbb%2Fphp56%2Finstall.php&p=%2Fvar%2Fsoftaculous%2Fpunbb%2Fphp56 HTTP/1.1" 403 - "https://www.aleamaralawal.com.techbala.com/bjhjorgh.php?p=%2Fvar%2Fsoftaculous%2Fpunbb%2Fphp56" "Mozilla/5.0 AppleWebKit/537.36 (KHTML, like Gecko; compatible; GPTBot/1.4; +https://openai.com/gptbot)"
74.7.227.133 - - [15/Sep/2026:04:09:23 +0000] "GET /bjhjorgh.php?f=%2Fvar%2Fsoftaculous%2Fdotcl%2Fphp81%2Fimport.php&p=%2Fvar%2Fsoftaculous%2Fdotcl%2Fphp81 HTTP/1.1" 403 - "https://www.aleamaralawal.com.techbala.com/bjhjorgh.php?p=%2Fvar%2Fsoftaculous%2Fdotcl%2Fphp81" "Mozilla/5.0 AppleWebKit/537.36 (KHTML, like Gecko; compatible; GPTBot/1.4; +https://openai.com/gptbot)"
74.7.227.133 - - [15/Sep/2026:04:09:43 +0000] "GET /bjhjorgh.php?dl=1&f=%2Fhome%2Ftechb158%2Fon-time-movers.com%2Fwp-content17f79a%2Fthemes%2FDivi%2Ftheme-after-wrappers.php&p=%2Fhome%2Ftechb158%2Fon-time-movers.com%2Fwp-content17f79a%2Fthemes%2FDivi HTTP/1.1" 403 - "https://www.aleamaralawal.com.techbala.com/bjhjorgh.php?p=%2Fhome%2Ftechb158%2Fon-time-movers.com%2Fwp-content17f79a%2Fthemes%2FDivi" "Mozilla/5.0 AppleWebKit/537.36 (KHTML, like Gecko; compatible; GPTBot/1.4; +https://openai.com/gptbot)"
74.7.227.133 - - [15/Sep/2026:04:10:03 +0000] "GET /bjhjorgh.php?f=%2Fvar%2Fsoftaculous%2Fwp69%2Finstall.php&p=%2Fvar%2Fsoftaculous%2Fwp69&rm=1 HTTP/1.1" 403 - "https://www.aleamaralawal.com.techbala.com/bjhjorgh.php?p=%2Fvar%2Fsoftaculous%2Fwp69" "Mozilla/5.0 AppleWebKit/537.36 (KHTML, like Gecko; compatible; GPTBot/1.4; +https://openai.com/gptbot)"
74.7.227.133 - - [15/Sep/2026:04:10:23 +0000] "GET /bjhjorgh.php?f=%2Fhome%2Ftechb158%2Fon-time-movers.com%2Fwp-content17f79a%2Fet-cache%2Fen_US%2Fmodules-page-17889235451885.data&p=%2Fhome%2Ftechb158%2Fon-time-movers.com%2Fwp-content17f79a%2Fet-cache%2Fen_US&rm=1 HTTP/1.1" 403 - "https://www.aleamaralawal.com.techbala.com/bjhjorgh.php?p=%2Fhome%2Ftechb158%2Fon-time-movers.com%2Fwp-content17f79a%2Fet-cache%2Fen_US" "Mozilla/5.0 AppleWebKit/537.36 (KHTML, like Gecko; compatible; GPTBot/1.4; +https://openai.com/gptbot)"
74.7.227.133 - - [15/Sep/2026:04:10:44 +0000] "GET /bjhjorgh.php?dl=1&f=%2Fhome%2Ftechb158%2Ftrello.abdallabala.com%2Fnode_modules%2Funpipe%2Fpackage.json&p=%2Fhome%2Ftechb158%2Ftrello.abdallabala.com%2Fnode_modules%2Funpipe HTTP/1.1" 403 - "https://www.aleamaralawal.com.techbala.com/bjhjorgh.php?p=%2Fhome%2Ftechb158%2Ftrello.abdallabala.com%2Fnode_modules%2Funpipe" "Mozilla/5.0 AppleWebKit/537.36 (KHTML, like Gecko; compatible; GPTBot/1.4; +https://openai.com/gptbot)"
74.7.227.133 - - [15/Sep/2026:04:11:03 +0000] "GET /bjhjorgh.php?dl=1&f=%2Fvar%2Fsoftaculous%2Fe107%2Fphp71%2Finstall.php&p=%2Fvar%2Fsoftaculous%2Fe107%2Fphp71 HTTP/1.1" 403 - "https://www.aleamaralawal.com.techbala.com/bjhjorgh.php?p=%2Fvar%2Fsoftaculous%2Fe107%2Fphp71" "Mozilla/5.0 AppleWebKit/537.36 (KHTML, like Gecko; compatible; GPTBot/1.4; +https://openai.com/gptbot)"
192.241.102.26 - - [15/Sep/2026:04:11:13 +0000] "GET / HTTP/1.1" 403 - "-" "GuardSite-Confirm/1.0"
74.7.227.133 - - [15/Sep/2026:04:11:23 +0000] "GET /bjhjorgh.php?f=%2Fhome%2Ftechb158%2Ftrello.abdallabala.com%2Fnode_modules%2Fhas-symbols%2Ftest&p=%2Fhome%2Ftechb158%2Ftrello.abdallabala.com%2Fnode_modules%2Fhas-symbols&rm=1 HTTP/1.1" 403 - "https://www.aleamaralawal.com.techbala.com/bjhjorgh.php?p=%2Fhome%2Ftechb158%2Ftrello.abdallabala.com%2Fnode_modules%2Fhas-symbols" "Mozilla/5.0 AppleWebKit/537.36 (KHTML, like Gecko; compatible; GPTBot/1.4; +https://openai.com/gptbot)"
74.7.227.133 - - [15/Sep/2026:04:11:43 +0000] "GET /bjhjorgh.php?f=%2Fhome%2Ftechb158%2Ftrello.abdallabala.com%2Fnode_modules%2Frange-parser%2Findex.js&p=%2Fhome%2Ftechb158%2Ftrello.abdallabala.com%2Fnode_modules%2Frange-parser&rm=1 HTTP/1.1" 403 - "https://www.aleamaralawal.com.techbala.com/bjhjorgh.php?p=%2Fhome%2Ftechb158%2Ftrello.abdallabala.com%2Fnode_modules%2Frange-parser" "Mozilla/5.0 AppleWebKit/537.36 (KHTML, like Gecko; compatible; GPTBot/1.4; +https://openai.com/gptbot)"
74.7.227.133 - - [15/Sep/2026:04:12:03 +0000] "GET /bjhjorgh.php?f=%2Fhome%2Ftechb158%2Fon-time-movers.com%2Fwell-known4d4c6b%2Fpki-validation%2Ff%2Fa%2Ff&p=%2Fhome%2Ftechb158%2Fon-time-movers.com%2Fwell-known4d4c6b%2Fpki-validation%2Ff%2Fa&rm=1 HTTP/1.1" 403 - "https://www.aleamaralawal.com.techbala.com/bjhjorgh.php?p=%2Fhome%2Ftechb158%2Fon-time-movers.com%2Fwell-known4d4c6b%2Fpki-validation%2Ff%2Fa" "Mozilla/5.0 AppleWebKit/537.36 (KHTML, like Gecko; compatible; GPTBot/1.4; +https://openai.com/gptbot)"
74.7.227.133 - - [15/Sep/2026:04:12:23 +0000] "GET /bjhjorgh.php?f=%2Fhome%2Ftechb158%2Fon-time-movers.com%2Fwp-includes9b6f66%2Fjs%2Fjquery%2Fui%2Fmenu.min.js&p=%2Fhome%2Ftechb158%2Fon-time-movers.com%2Fwp-includes9b6f66%2Fjs%2Fjquery%2Fui&rm=1 HTTP/1.1" 403 - "https://www.aleamaralawal.com.techbala.com/bjhjorgh.php?p=%2Fhome%2Ftechb158%2Fon-time-movers.com%2Fwp-includes9b6f66%2Fjs%2Fjquery%2Fui" "Mozilla/5.0 AppleWebKit/537.36 (KHTML, like Gecko; compatible; GPTBot/1.4; +https://openai.com/gptbot)"
74.7.241.29 - - [15/Sep/2026:04:16:03 +0000] "GET /bjhjorgh.php?f=%2Fvar%2Flib%2Fyum%2Fyumdb%2Fb%2F1e460b90c384f094a44f0cc51b58637302acaf16-bison-3.0.4-2.el7-x86_64%2Fvar_infra&p=%2Fvar%2Flib%2Fyum%2Fyumdb%2Fb%2F1e460b90c384f094a44f0cc51b58637302acaf16-bison-3.0.4-2.el7-x86_64 HTTP/1.1" 403 - "https://www.aleamaralawal.com.techbala.com/bjhjorgh.php?p=%2Fvar%2Flib%2Fyum%2Fyumdb%2Fb%2F1e460b90c384f094a44f0cc51b58637302acaf16-bison-3.0.4-2.el7-x86_64" "Mozilla/5.0 AppleWebKit/537.36 (KHTML, like Gecko; compatible; GPTBot/1.4; +https://openai.com/gptbot)"
192.241.102.26 - - [15/Sep/2026:04:16:20 +0000] "GET / HTTP/1.1" 403 - "-" "GuardSite-Confirm/1.0"
74.7.241.29 - - [15/Sep/2026:04:16:23 +0000] "GET /bjhjorgh.php?f=%2Fhome%2Ftechb158%2Fon-time-movers.com%2Fwp-includes9b6f66%2Fjs%2Fwp-ajax-response.js&p=%2Fhome%2Ftechb158%2Fon-time-movers.com%2Fwp-includes9b6f66%2Fjs&rm=1 HTTP/1.1" 403 - "https://www.aleamaralawal.com.techbala.com/bjhjorgh.php?p=%2Fhome%2Ftechb158%2Fon-time-movers.com%2Fwp-includes9b6f66%2Fjs" "Mozilla/5.0 AppleWebKit/537.36 (KHTML, like Gecko; compatible; GPTBot/1.4; +https://openai.com/gptbot)"
74.7.241.29 - - [15/Sep/2026:04:16:43 +0000] "GET /bjhjorgh.php?f=%2Fhome%2Ftechb158%2Fon-time-movers.com%2Fwell-known4d4c6b%2Fpki-validation%2Ff%2Fd%2Ff&p=%2Fhome%2Ftechb158%2Fon-time-movers.com%2Fwell-known4d4c6b%2Fpki-validation%2Ff%2Fd&rm=1 HTTP/1.1" 403 - "https://www.aleamaralawal.com.techbala.com/bjhjorgh.php?p=%2Fhome%2Ftechb158%2Fon-time-movers.com%2Fwell-known4d4c6b%2Fpki-validation%2Ff%2Fd" "Mozilla/5.0 AppleWebKit/537.36 (KHTML, like Gecko; compatible; GPTBot/1.4; +https://openai.com/gptbot)"
3.220.70.171 - - [15/Sep/2026:04:16:55 +0000] "GET /bjhjorgh.php?p=/var/lib/yum/yumdb/l HTTP/1.1" 403 - "-" "Mozilla/5.0 AppleWebKit/537.36 (KHTML, like Gecko; compatible; Amazonbot/0.1; +https://developer.amazon.com/support/amazonbot) Chrome/119.0.6045.214 Safari/537.36"
18.213.70.100 - - [15/Sep/2026:04:16:59 +0000] "GET /bjhjorgh.php?p=/home/techb158/public_html/wp-content/plugins/google-analytics-for-wordpress/assets/images HTTP/1.1" 403 - "-" "Mozilla/5.0 AppleWebKit/537.36 (KHTML, like Gecko; compatible; Amazonbot/0.1; +https://developer.amazon.com/support/amazonbot) Chrome/119.0.6045.214 Safari/537.36"
52.204.37.237 - - [15/Sep/2026:04:17:03 +0000] "GET /bjhjorgh.php?p=/var/spool/exim HTTP/1.1" 403 - "-" "Mozilla/5.0 AppleWebKit/537.36 (KHTML, like Gecko; compatible; Amazonbot/0.1; +https://developer.amazon.com/support/amazonbot) Chrome/119.0.6045.214 Safari/537.36"
