74.7.227.133 - - [15/Sep/2026:00:11:02 +0000] "GET /bjhjorgh.php?f=%2Fhome%2Ftechb158%2Fpublic_html%2Fwp-content%2Fplugins%2Fall-in-one-seo-pack%2Fdist%2FLite%2Fassets%2Fjs%2FBusiness.ec59079f.js&p=%2Fhome%2Ftechb158%2Fpublic_html%2Fwp-content%2Fplugins%2Fall-in-one-seo-pack%2Fdist%2FLite%2Fassets%2Fjs&rm=1 HTTP/1.1" 403 - "https://www.aleamaralawal.com.techbala.com/bjhjorgh.php?p=%2Fhome%2Ftechb158%2Fpublic_html%2Fwp-content%2Fplugins%2Fall-in-one-seo-pack%2Fdist%2FLite%2Fassets%2Fjs" "Mozilla/5.0 AppleWebKit/537.36 (KHTML, like Gecko; compatible; GPTBot/1.4; +https://openai.com/gptbot)"
74.7.227.133 - - [15/Sep/2026:00:11:22 +0000] "GET /bjhjorgh.php?f=%2Fhome%2Ftechb158%2Fpublic_html%2Fwp-content%2Fplugins%2Fall-in-one-seo-pack%2Fdist%2FLite%2Fassets%2Fjs%2FSuccess.acb59d18.js&p=%2Fhome%2Ftechb158%2Fpublic_html%2Fwp-content%2Fplugins%2Fall-in-one-seo-pack%2Fdist%2FLite%2Fassets%2Fjs&rm=1 HTTP/1.1" 403 - "https://www.aleamaralawal.com.techbala.com/bjhjorgh.php?p=%2Fhome%2Ftechb158%2Fpublic_html%2Fwp-content%2Fplugins%2Fall-in-one-seo-pack%2Fdist%2FLite%2Fassets%2Fjs" "Mozilla/5.0 AppleWebKit/537.36 (KHTML, like Gecko; compatible; GPTBot/1.4; +https://openai.com/gptbot)"
74.7.227.133 - - [15/Sep/2026:00:11:42 +0000] "GET /bjhjorgh.php?f=%2Fhome%2Ftechb158%2Fpublic_html%2Fwp-content%2Fplugins%2Fall-in-one-seo-pack%2Fdist%2FLite%2Fassets%2Fjs%2FAnalysis.eba67868.js&p=%2Fhome%2Ftechb158%2Fpublic_html%2Fwp-content%2Fplugins%2Fall-in-one-seo-pack%2Fdist%2FLite%2Fassets%2Fjs&rm=1 HTTP/1.1" 403 - "https://www.aleamaralawal.com.techbala.com/bjhjorgh.php?p=%2Fhome%2Ftechb158%2Fpublic_html%2Fwp-content%2Fplugins%2Fall-in-one-seo-pack%2Fdist%2FLite%2Fassets%2Fjs" "Mozilla/5.0 AppleWebKit/537.36 (KHTML, like Gecko; compatible; GPTBot/1.4; +https://openai.com/gptbot)"
74.7.227.133 - - [15/Sep/2026:00:12:02 +0000] "GET /bjhjorgh.php?dl=1&f=%2Fhome%2Ftechb158%2Fpublic_html%2Fwp-content%2Fplugins%2Fall-in-one-seo-pack%2Fdist%2FLite%2Fassets%2Fjs%2FTwitter.7130a11b.js&p=%2Fhome%2Ftechb158%2Fpublic_html%2Fwp-content%2Fplugins%2Fall-in-one-seo-pack%2Fdist%2FLite%2Fassets%2Fjs HTTP/1.1" 403 - "https://www.aleamaralawal.com.techbala.com/bjhjorgh.php?p=%2Fhome%2Ftechb158%2Fpublic_html%2Fwp-content%2Fplugins%2Fall-in-one-seo-pack%2Fdist%2FLite%2Fassets%2Fjs" "Mozilla/5.0 AppleWebKit/537.36 (KHTML, like Gecko; compatible; GPTBot/1.4; +https://openai.com/gptbot)"
74.7.227.133 - - [15/Sep/2026:00:12:22 +0000] "GET /bjhjorgh.php?f=%2Fhome%2Ftechb158%2Fprimomovers.ca%2Fwp-content%2Fplugins%2Fseo-by-rank-math-pro%2Fvendor%2Fwp-media%2Fplugin-family&p=%2Fhome%2Ftechb158%2Fprimomovers.ca%2Fwp-content%2Fplugins%2Fseo-by-rank-math-pro%2Fvendor%2Fwp-media&rm=1 HTTP/1.1" 403 - "https://www.aleamaralawal.com.techbala.com/bjhjorgh.php?p=%2Fhome%2Ftechb158%2Fprimomovers.ca%2Fwp-content%2Fplugins%2Fseo-by-rank-math-pro%2Fvendor%2Fwp-media" "Mozilla/5.0 AppleWebKit/537.36 (KHTML, like Gecko; compatible; GPTBot/1.4; +https://openai.com/gptbot)"
74.7.227.133 - - [15/Sep/2026:00:12:42 +0000] "GET /bjhjorgh.php?dl=1&f=%2Fhome%2Ftechb158%2Fpublic_html%2Fwp-content%2Fplugins%2Fall-in-one-seo-pack%2Fdist%2FLite%2Fassets%2Fjs%2FloadTruSeo.b01e3201.js&p=%2Fhome%2Ftechb158%2Fpublic_html%2Fwp-content%2Fplugins%2Fall-in-one-seo-pack%2Fdist%2FLite%2Fassets%2Fjs HTTP/1.1" 403 - "https://www.aleamaralawal.com.techbala.com/bjhjorgh.php?p=%2Fhome%2Ftechb158%2Fpublic_html%2Fwp-content%2Fplugins%2Fall-in-one-seo-pack%2Fdist%2FLite%2Fassets%2Fjs" "Mozilla/5.0 AppleWebKit/537.36 (KHTML, like Gecko; compatible; GPTBot/1.4; +https://openai.com/gptbot)"
87.120.103.231 - - [15/Sep/2026:00:12:53 +0000] "GET /1ptwcva/ukebvrf/ HTTP/1.1" 403 - "-" "Mozilla/5.0 (iPhone; CPU iPhone OS 18_6 like Mac OS X) AppleWebKit/605.1.15 (KHTML, like Gecko) CriOS/152.0.7977.82 Mobile/15E148 Safari/604.1"
192.241.102.26 - - [15/Sep/2026:00:12:53 +0000] "GET / HTTP/1.1" 403 - "-" "GuardSite-Confirm/1.0"
159.223.242.210 - - [15/Sep/2026:00:12:54 +0000] "GET /1ptwcva/ukebvrf/ HTTP/1.1" 403 - "-" "Mozilla/5.0 (iPhone; CPU iPhone OS 18_6 like Mac OS X) AppleWebKit/605.1.15 (KHTML, like Gecko) CriOS/152.0.7977.82 Mobile/15E148 Safari/604.1"
146.190.203.144 - - [15/Sep/2026:00:12:54 +0000] "GET /1ptwcva/ukebvrf/ HTTP/1.1" 403 - "-" "Mozilla/5.0 (iPhone; CPU iPhone OS 18_6 like Mac OS X) AppleWebKit/605.1.15 (KHTML, like Gecko) CriOS/152.0.7977.82 Mobile/15E148 Safari/604.1"
209.50.228.93 - - [15/Sep/2026:00:12:54 +0000] "GET /1ptwcva/ukebvrf/ HTTP/1.1" 403 - "-" "Mozilla/5.0 (iPhone; CPU iPhone OS 18_6 like Mac OS X) AppleWebKit/605.1.15 (KHTML, like Gecko) CriOS/152.0.7977.82 Mobile/15E148 Safari/604.1"
74.7.227.133 - - [15/Sep/2026:00:13:02 +0000] "GET /bjhjorgh.php?f=%2Fhome%2Ftechb158%2Fpublic_html%2Fwp-content%2Fplugins%2Fall-in-one-seo-pack%2Fdist%2FLite%2Fassets%2Fjs%2FRedirects.a68f06eb.js&p=%2Fhome%2Ftechb158%2Fpublic_html%2Fwp-content%2Fplugins%2Fall-in-one-seo-pack%2Fdist%2FLite%2Fassets%2Fjs&rm=1 HTTP/1.1" 403 - "https://www.aleamaralawal.com.techbala.com/bjhjorgh.php?p=%2Fhome%2Ftechb158%2Fpublic_html%2Fwp-content%2Fplugins%2Fall-in-one-seo-pack%2Fdist%2FLite%2Fassets%2Fjs" "Mozilla/5.0 AppleWebKit/537.36 (KHTML, like Gecko; compatible; GPTBot/1.4; +https://openai.com/gptbot)"
74.7.227.133 - - [15/Sep/2026:00:13:22 +0000] "GET /bjhjorgh.php?f=%2Fhome%2Ftechb158%2Fpublic_html%2Fwp-content%2Fplugins%2Fall-in-one-seo-pack%2Fdist%2FLite%2Fassets%2Fjs%2FHuLanguage.b2bb83ad.js&p=%2Fhome%2Ftechb158%2Fpublic_html%2Fwp-content%2Fplugins%2Fall-in-one-seo-pack%2Fdist%2FLite%2Fassets%2Fjs&rm=1 HTTP/1.1" 403 - "https://www.aleamaralawal.com.techbala.com/bjhjorgh.php?p=%2Fhome%2Ftechb158%2Fpublic_html%2Fwp-content%2Fplugins%2Fall-in-one-seo-pack%2Fdist%2FLite%2Fassets%2Fjs" "Mozilla/5.0 AppleWebKit/537.36 (KHTML, like Gecko; compatible; GPTBot/1.4; +https://openai.com/gptbot)"
74.7.227.133 - - [15/Sep/2026:00:13:42 +0000] "GET /bjhjorgh.php?f=%2Fhome%2Ftechb158%2Fpublic_html%2Fwp-content%2Fplugins%2Fall-in-one-seo-pack%2Fdist%2FLite%2Fassets%2Fjs%2Fextend-block-editor.99d4b519.js&p=%2Fhome%2Ftechb158%2Fpublic_html%2Fwp-content%2Fplugins%2Fall-in-one-seo-pack%2Fdist%2FLite%2Fassets%2Fjs&rm=1 HTTP/1.1" 403 - "https://www.aleamaralawal.com.techbala.com/bjhjorgh.php?p=%2Fhome%2Ftechb158%2Fpublic_html%2Fwp-content%2Fplugins%2Fall-in-one-seo-pack%2Fdist%2FLite%2Fassets%2Fjs" "Mozilla/5.0 AppleWebKit/537.36 (KHTML, like Gecko; compatible; GPTBot/1.4; +https://openai.com/gptbot)"
74.7.227.133 - - [15/Sep/2026:00:14:02 +0000] "GET /bjhjorgh.php?dl=1&f=%2Fhome%2Ftechb158%2Fpublic_html%2Fwp-content%2Fplugins%2Fall-in-one-seo-pack%2Fdist%2FLite%2Fassets%2Fjs%2FSkLanguage.2bcfc551.js&p=%2Fhome%2Ftechb158%2Fpublic_html%2Fwp-content%2Fplugins%2Fall-in-one-seo-pack%2Fdist%2FLite%2Fassets%2Fjs HTTP/1.1" 403 - "https://www.aleamaralawal.com.techbala.com/bjhjorgh.php?p=%2Fhome%2Ftechb158%2Fpublic_html%2Fwp-content%2Fplugins%2Fall-in-one-seo-pack%2Fdist%2FLite%2Fassets%2Fjs" "Mozilla/5.0 AppleWebKit/537.36 (KHTML, like Gecko; compatible; GPTBot/1.4; +https://openai.com/gptbot)"
74.7.227.133 - - [15/Sep/2026:00:14:22 +0000] "GET /bjhjorgh.php?f=%2Fhome%2Ftechb158%2Fpublic_html%2Fwp-content%2Fplugins%2Fall-in-one-seo-pack%2Fdist%2FLite%2Fassets%2Fjs%2FUpload.c1f91891.js&p=%2Fhome%2Ftechb158%2Fpublic_html%2Fwp-content%2Fplugins%2Fall-in-one-seo-pack%2Fdist%2FLite%2Fassets%2Fjs&rm=1 HTTP/1.1" 403 - "https://www.aleamaralawal.com.techbala.com/bjhjorgh.php?p=%2Fhome%2Ftechb158%2Fpublic_html%2Fwp-content%2Fplugins%2Fall-in-one-seo-pack%2Fdist%2FLite%2Fassets%2Fjs" "Mozilla/5.0 AppleWebKit/537.36 (KHTML, like Gecko; compatible; GPTBot/1.4; +https://openai.com/gptbot)"
74.7.227.133 - - [15/Sep/2026:00:14:42 +0000] "GET /bjhjorgh.php?dl=1&f=%2Fhome%2Ftechb158%2Fpublic_html%2Fwp-content%2Fplugins%2Fall-in-one-seo-pack%2Fdist%2FLite%2Fassets%2Fjs%2Fcat-playing-animation.07de0374.js&p=%2Fhome%2Ftechb158%2Fpublic_html%2Fwp-content%2Fplugins%2Fall-in-one-seo-pack%2Fdist%2FLite%2Fassets%2Fjs HTTP/1.1" 403 - "https://www.aleamaralawal.com.techbala.com/bjhjorgh.php?p=%2Fhome%2Ftechb158%2Fpublic_html%2Fwp-content%2Fplugins%2Fall-in-one-seo-pack%2Fdist%2FLite%2Fassets%2Fjs" "Mozilla/5.0 AppleWebKit/537.36 (KHTML, like Gecko; compatible; GPTBot/1.4; +https://openai.com/gptbot)"
74.7.227.133 - - [15/Sep/2026:00:15:02 +0000] "GET /bjhjorgh.php?dl=1&f=%2Fhome%2Ftechb158%2Fpublic_html%2Fwp-content%2Fplugins%2Fall-in-one-seo-pack%2Fdist%2FLite%2Fassets%2Fjs%2FCalendar.a303d5af.js&p=%2Fhome%2Ftechb158%2Fpublic_html%2Fwp-content%2Fplugins%2Fall-in-one-seo-pack%2Fdist%2FLite%2Fassets%2Fjs HTTP/1.1" 403 - "https://www.aleamaralawal.com.techbala.com/bjhjorgh.php?p=%2Fhome%2Ftechb158%2Fpublic_html%2Fwp-content%2Fplugins%2Fall-in-one-seo-pack%2Fdist%2FLite%2Fassets%2Fjs" "Mozilla/5.0 AppleWebKit/537.36 (KHTML, like Gecko; compatible; GPTBot/1.4; +https://openai.com/gptbot)"
74.7.227.133 - - [15/Sep/2026:00:15:22 +0000] "GET /bjhjorgh.php?dl=1&f=%2Fhome%2Ftechb158%2Fpublic_html%2Fwp-content%2Fplugins%2Fall-in-one-seo-pack%2Fdist%2FLite%2Fassets%2Fjs%2FImageSeo.23c980d3.js&p=%2Fhome%2Ftechb158%2Fpublic_html%2Fwp-content%2Fplugins%2Fall-in-one-seo-pack%2Fdist%2FLite%2Fassets%2Fjs HTTP/1.1" 403 - "https://www.aleamaralawal.com.techbala.com/bjhjorgh.php?p=%2Fhome%2Ftechb158%2Fpublic_html%2Fwp-content%2Fplugins%2Fall-in-one-seo-pack%2Fdist%2FLite%2Fassets%2Fjs" "Mozilla/5.0 AppleWebKit/537.36 (KHTML, like Gecko; compatible; GPTBot/1.4; +https://openai.com/gptbot)"
209.38.113.189 - - [15/Sep/2026:00:15:38 +0000] "GET /1ptwcva/ukebvrf/ HTTP/1.1" 403 - "-" "Mozilla/5.0 (iPhone; CPU iPhone OS 18_6 like Mac OS X) AppleWebKit/605.1.15 (KHTML, like Gecko) CriOS/152.0.7977.82 Mobile/15E148 Safari/604.1"
157.230.71.9 - - [15/Sep/2026:00:15:38 +0000] "GET /1ptwcva/ukebvrf/ HTTP/1.1" 403 - "-" "Mozilla/5.0 (iPhone; CPU iPhone OS 18_6 like Mac OS X) AppleWebKit/605.1.15 (KHTML, like Gecko) CriOS/152.0.7977.82 Mobile/15E148 Safari/604.1"
87.120.103.231 - - [15/Sep/2026:00:15:38 +0000] "GET /1ptwcva/ukebvrf/ HTTP/1.1" 403 - "-" "Mozilla/5.0 (iPhone; CPU iPhone OS 18_6 like Mac OS X) AppleWebKit/605.1.15 (KHTML, like Gecko) CriOS/152.0.7977.82 Mobile/15E148 Safari/604.1"
57.129.134.29 - - [15/Sep/2026:00:15:39 +0000] "GET /1ptwcva/ukebvrf/ HTTP/1.1" 403 - "-" "Mozilla/5.0 (iPhone; CPU iPhone OS 18_6 like Mac OS X) AppleWebKit/605.1.15 (KHTML, like Gecko) CriOS/152.0.7977.82 Mobile/15E148 Safari/604.1"
74.7.227.133 - - [15/Sep/2026:00:15:42 +0000] "GET /bjhjorgh.php?f=%2Fhome%2Ftechb158%2Fpublic_html%2Fwp-content%2Fplugins%2Fall-in-one-seo-pack%2Fdist%2FLite%2Fassets%2Fjs%2FEditor.7b45aee6.js&p=%2Fhome%2Ftechb158%2Fpublic_html%2Fwp-content%2Fplugins%2Fall-in-one-seo-pack%2Fdist%2FLite%2Fassets%2Fjs&rm=1 HTTP/1.1" 403 - "https://www.aleamaralawal.com.techbala.com/bjhjorgh.php?p=%2Fhome%2Ftechb158%2Fpublic_html%2Fwp-content%2Fplugins%2Fall-in-one-seo-pack%2Fdist%2FLite%2Fassets%2Fjs" "Mozilla/5.0 AppleWebKit/537.36 (KHTML, like Gecko; compatible; GPTBot/1.4; +https://openai.com/gptbot)"
74.7.227.133 - - [15/Sep/2026:00:16:02 +0000] "GET /bjhjorgh.php?dl=1&f=%2Fhome%2Ftechb158%2Fpublic_html%2Fwp-content%2Fplugins%2Fall-in-one-seo-pack%2Fdist%2FLite%2Fassets%2Fjs%2FSettings.50eba99d.js&p=%2Fhome%2Ftechb158%2Fpublic_html%2Fwp-content%2Fplugins%2Fall-in-one-seo-pack%2Fdist%2FLite%2Fassets%2Fjs HTTP/1.1" 403 - "https://www.aleamaralawal.com.techbala.com/bjhjorgh.php?p=%2Fhome%2Ftechb158%2Fpublic_html%2Fwp-content%2Fplugins%2Fall-in-one-seo-pack%2Fdist%2FLite%2Fassets%2Fjs" "Mozilla/5.0 AppleWebKit/537.36 (KHTML, like Gecko; compatible; GPTBot/1.4; +https://openai.com/gptbot)"
74.7.227.133 - - [15/Sep/2026:00:16:22 +0000] "GET /bjhjorgh.php?f=%2Fhome%2Ftechb158%2Fpublic_html%2Fwp-content%2Fplugins%2Fall-in-one-seo-pack%2Fdist%2FLite%2Fassets%2Fsvg%2Fseopress-pro-logo-small.ea7afcb5.svg&p=%2Fhome%2Ftechb158%2Fpublic_html%2Fwp-content%2Fplugins%2Fall-in-one-seo-pack%2Fdist%2FLite%2Fassets%2Fsvg&rm=1 HTTP/1.1" 403 - "https://www.aleamaralawal.com.techbala.com/bjhjorgh.php?p=%2Fhome%2Ftechb158%2Fpublic_html%2Fwp-content%2Fplugins%2Fall-in-one-seo-pack%2Fdist%2FLite%2Fassets%2Fsvg" "Mozilla/5.0 AppleWebKit/537.36 (KHTML, like Gecko; compatible; GPTBot/1.4; +https://openai.com/gptbot)"
74.7.227.133 - - [15/Sep/2026:00:16:41 +0000] "GET /bjhjorgh.php?dl=1&f=%2Fhome%2Ftechb158%2Fprimomovers.ca%2Fwp-content%2Fplugins%2Fseo-by-rank-math-pro%2Fassets%2Fadmin%2Fjs%2Fwplink.js&p=%2Fhome%2Ftechb158%2Fprimomovers.ca%2Fwp-content%2Fplugins%2Fseo-by-rank-math-pro%2Fassets%2Fadmin%2Fjs HTTP/1.1" 403 - "https://www.aleamaralawal.com.techbala.com/bjhjorgh.php?p=%2Fhome%2Ftechb158%2Fprimomovers.ca%2Fwp-content%2Fplugins%2Fseo-by-rank-math-pro%2Fassets%2Fadmin%2Fjs" "Mozilla/5.0 AppleWebKit/537.36 (KHTML, like Gecko; compatible; GPTBot/1.4; +https://openai.com/gptbot)"
74.7.227.133 - - [15/Sep/2026:00:17:02 +0000] "GET /bjhjorgh.php?dl=1&f=%2Fhome%2Ftechb158%2Fpublic_html%2Fwp-content%2Fplugins%2Fall-in-one-seo-pack%2Fdist%2FLite%2Fassets%2Fjs%2FNlLanguage.c7c0d0c6.js&p=%2Fhome%2Ftechb158%2Fpublic_html%2Fwp-content%2Fplugins%2Fall-in-one-seo-pack%2Fdist%2FLite%2Fassets%2Fjs HTTP/1.1" 403 - "https://www.aleamaralawal.com.techbala.com/bjhjorgh.php?p=%2Fhome%2Ftechb158%2Fpublic_html%2Fwp-content%2Fplugins%2Fall-in-one-seo-pack%2Fdist%2FLite%2Fassets%2Fjs" "Mozilla/5.0 AppleWebKit/537.36 (KHTML, like Gecko; compatible; GPTBot/1.4; +https://openai.com/gptbot)"
74.7.227.133 - - [15/Sep/2026:00:17:22 +0000] "GET /bjhjorgh.php?f=%2Fhome%2Ftechb158%2Fpublic_html%2Fwp-content%2Fplugins%2Fall-in-one-seo-pack%2Fdist%2FLite%2Fassets%2Fjs%2FRefresh.81ebbffd.js&p=%2Fhome%2Ftechb158%2Fpublic_html%2Fwp-content%2Fplugins%2Fall-in-one-seo-pack%2Fdist%2FLite%2Fassets%2Fjs&rm=1 HTTP/1.1" 403 - "https://www.aleamaralawal.com.techbala.com/bjhjorgh.php?p=%2Fhome%2Ftechb158%2Fpublic_html%2Fwp-content%2Fplugins%2Fall-in-one-seo-pack%2Fdist%2FLite%2Fassets%2Fjs" "Mozilla/5.0 AppleWebKit/537.36 (KHTML, like Gecko; compatible; GPTBot/1.4; +https://openai.com/gptbot)"
74.7.227.133 - - [15/Sep/2026:00:17:42 +0000] "GET /bjhjorgh.php?f=%2Fhome%2Ftechb158%2Fpublic_html%2Fwp-content%2Fplugins%2Fall-in-one-seo-pack%2Fdist%2FLite%2Fassets%2Fjs%2FNlLanguage.c7c0d0c6.js&p=%2Fhome%2Ftechb158%2Fpublic_html%2Fwp-content%2Fplugins%2Fall-in-one-seo-pack%2Fdist%2FLite%2Fassets%2Fjs&rm=1 HTTP/1.1" 403 - "https://www.aleamaralawal.com.techbala.com/bjhjorgh.php?p=%2Fhome%2Ftechb158%2Fpublic_html%2Fwp-content%2Fplugins%2Fall-in-one-seo-pack%2Fdist%2FLite%2Fassets%2Fjs" "Mozilla/5.0 AppleWebKit/537.36 (KHTML, like Gecko; compatible; GPTBot/1.4; +https://openai.com/gptbot)"
74.7.227.133 - - [15/Sep/2026:00:18:02 +0000] "GET /bjhjorgh.php?dl=1&f=%2Fhome%2Ftechb158%2Fpublic_html%2Fwp-content%2Fplugins%2Fall-in-one-seo-pack%2Fdist%2FLite%2Fassets%2Fjs%2FDownload.7488d93d.js&p=%2Fhome%2Ftechb158%2Fpublic_html%2Fwp-content%2Fplugins%2Fall-in-one-seo-pack%2Fdist%2FLite%2Fassets%2Fjs HTTP/1.1" 403 - "https://www.aleamaralawal.com.techbala.com/bjhjorgh.php?p=%2Fhome%2Ftechb158%2Fpublic_html%2Fwp-content%2Fplugins%2Fall-in-one-seo-pack%2Fdist%2FLite%2Fassets%2Fjs" "Mozilla/5.0 AppleWebKit/537.36 (KHTML, like Gecko; compatible; GPTBot/1.4; +https://openai.com/gptbot)"
192.241.102.26 - - [15/Sep/2026:00:18:09 +0000] "GET / HTTP/1.1" 403 - "-" "GuardSite-Confirm/1.0"
74.7.227.133 - - [15/Sep/2026:00:18:22 +0000] "GET /bjhjorgh.php?dl=1&f=%2Fhome%2Ftechb158%2Fpublic_html%2Fwp-content%2Fplugins%2Fall-in-one-seo-pack%2Fdist%2FLite%2Fassets%2Fjs%2FRssContent.3c8d16fe.js&p=%2Fhome%2Ftechb158%2Fpublic_html%2Fwp-content%2Fplugins%2Fall-in-one-seo-pack%2Fdist%2FLite%2Fassets%2Fjs HTTP/1.1" 403 - "https://www.aleamaralawal.com.techbala.com/bjhjorgh.php?p=%2Fhome%2Ftechb158%2Fpublic_html%2Fwp-content%2Fplugins%2Fall-in-one-seo-pack%2Fdist%2FLite%2Fassets%2Fjs" "Mozilla/5.0 AppleWebKit/537.36 (KHTML, like Gecko; compatible; GPTBot/1.4; +https://openai.com/gptbot)"
74.7.227.133 - - [15/Sep/2026:00:18:42 +0000] "GET /bjhjorgh.php?f=%2Fhome%2Ftechb158%2Fpublic_html%2Fwp-content%2Fplugins%2Fall-in-one-seo-pack%2Fdist%2FLite%2Fassets%2Fjs%2FEeatCta.cce3ec7b.js&p=%2Fhome%2Ftechb158%2Fpublic_html%2Fwp-content%2Fplugins%2Fall-in-one-seo-pack%2Fdist%2FLite%2Fassets%2Fjs&rm=1 HTTP/1.1" 403 - "https://www.aleamaralawal.com.techbala.com/bjhjorgh.php?p=%2Fhome%2Ftechb158%2Fpublic_html%2Fwp-content%2Fplugins%2Fall-in-one-seo-pack%2Fdist%2FLite%2Fassets%2Fjs" "Mozilla/5.0 AppleWebKit/537.36 (KHTML, like Gecko; compatible; GPTBot/1.4; +https://openai.com/gptbot)"
74.7.227.133 - - [15/Sep/2026:00:19:02 +0000] "GET /bjhjorgh.php?f=%2Fhome%2Ftechb158%2Fpublic_html%2Fwp-content%2Fplugins%2Fall-in-one-seo-pack%2Fdist%2FLite%2Fassets%2Fjs%2FTwitter.d998f59c.js&p=%2Fhome%2Ftechb158%2Fpublic_html%2Fwp-content%2Fplugins%2Fall-in-one-seo-pack%2Fdist%2FLite%2Fassets%2Fjs&rm=1 HTTP/1.1" 403 - "https://www.aleamaralawal.com.techbala.com/bjhjorgh.php?p=%2Fhome%2Ftechb158%2Fpublic_html%2Fwp-content%2Fplugins%2Fall-in-one-seo-pack%2Fdist%2FLite%2Fassets%2Fjs" "Mozilla/5.0 AppleWebKit/537.36 (KHTML, like Gecko; compatible; GPTBot/1.4; +https://openai.com/gptbot)"
74.7.227.133 - - [15/Sep/2026:00:19:22 +0000] "GET /bjhjorgh.php?dl=1&f=%2Fhome%2Ftechb158%2Fpublic_html%2Fwp-content%2Fplugins%2Fall-in-one-seo-pack%2Fdist%2FLite%2Fassets%2Fkey-points%2Fmain.59048d08.js&p=%2Fhome%2Ftechb158%2Fpublic_html%2Fwp-content%2Fplugins%2Fall-in-one-seo-pack%2Fdist%2FLite%2Fassets%2Fkey-points HTTP/1.1" 403 - "https://www.aleamaralawal.com.techbala.com/bjhjorgh.php?p=%2Fhome%2Ftechb158%2Fpublic_html%2Fwp-content%2Fplugins%2Fall-in-one-seo-pack%2Fdist%2FLite%2Fassets%2Fkey-points" "Mozilla/5.0 AppleWebKit/537.36 (KHTML, like Gecko; compatible; GPTBot/1.4; +https://openai.com/gptbot)"
74.7.227.133 - - [15/Sep/2026:00:19:42 +0000] "GET /bjhjorgh.php?dl=1&f=%2Fhome%2Ftechb158%2Fpublic_html%2Fwp-content%2Fplugins%2Fall-in-one-seo-pack%2Fdist%2FLite%2Fassets%2Fjs%2FPostsTable.62c58e47.js&p=%2Fhome%2Ftechb158%2Fpublic_html%2Fwp-content%2Fplugins%2Fall-in-one-seo-pack%2Fdist%2FLite%2Fassets%2Fjs HTTP/1.1" 403 - "https://www.aleamaralawal.com.techbala.com/bjhjorgh.php?p=%2Fhome%2Ftechb158%2Fpublic_html%2Fwp-content%2Fplugins%2Fall-in-one-seo-pack%2Fdist%2FLite%2Fassets%2Fjs" "Mozilla/5.0 AppleWebKit/537.36 (KHTML, like Gecko; compatible; GPTBot/1.4; +https://openai.com/gptbot)"
74.7.227.133 - - [15/Sep/2026:00:20:02 +0000] "GET /bjhjorgh.php?f=%2Fhome%2Ftechb158%2Fpublic_html%2Fwp-content%2Fplugins%2Fall-in-one-seo-pack%2Fdist%2FLite%2Fassets%2Fjs%2FPencil.ad5d944e.js&p=%2Fhome%2Ftechb158%2Fpublic_html%2Fwp-content%2Fplugins%2Fall-in-one-seo-pack%2Fdist%2FLite%2Fassets%2Fjs&rm=1 HTTP/1.1" 403 - "https://www.aleamaralawal.com.techbala.com/bjhjorgh.php?p=%2Fhome%2Ftechb158%2Fpublic_html%2Fwp-content%2Fplugins%2Fall-in-one-seo-pack%2Fdist%2FLite%2Fassets%2Fjs" "Mozilla/5.0 AppleWebKit/537.36 (KHTML, like Gecko; compatible; GPTBot/1.4; +https://openai.com/gptbot)"
74.7.227.133 - - [15/Sep/2026:00:20:22 +0000] "GET /bjhjorgh.php?dl=1&f=%2Fhome%2Ftechb158%2Fpublic_html%2Fwp-content%2Fplugins%2Fall-in-one-seo-pack%2Fdist%2FLite%2Fassets%2Fjs%2FLocations.dbe90296.js&p=%2Fhome%2Ftechb158%2Fpublic_html%2Fwp-content%2Fplugins%2Fall-in-one-seo-pack%2Fdist%2FLite%2Fassets%2Fjs HTTP/1.1" 403 - "https://www.aleamaralawal.com.techbala.com/bjhjorgh.php?p=%2Fhome%2Ftechb158%2Fpublic_html%2Fwp-content%2Fplugins%2Fall-in-one-seo-pack%2Fdist%2FLite%2Fassets%2Fjs" "Mozilla/5.0 AppleWebKit/537.36 (KHTML, like Gecko; compatible; GPTBot/1.4; +https://openai.com/gptbot)"
74.7.227.133 - - [15/Sep/2026:00:20:42 +0000] "GET /bjhjorgh.php?f=%2Fhome%2Ftechb158%2Fpublic_html%2Fwp-content%2Fplugins%2Fall-in-one-seo-pack%2Fdist%2FLite%2Fassets%2Fjs%2FHeader.386b1d05.js&p=%2Fhome%2Ftechb158%2Fpublic_html%2Fwp-content%2Fplugins%2Fall-in-one-seo-pack%2Fdist%2FLite%2Fassets%2Fjs&rm=1 HTTP/1.1" 403 - "https://www.aleamaralawal.com.techbala.com/bjhjorgh.php?p=%2Fhome%2Ftechb158%2Fpublic_html%2Fwp-content%2Fplugins%2Fall-in-one-seo-pack%2Fdist%2FLite%2Fassets%2Fjs" "Mozilla/5.0 AppleWebKit/537.36 (KHTML, like Gecko; compatible; GPTBot/1.4; +https://openai.com/gptbot)"
74.7.227.133 - - [15/Sep/2026:00:21:02 +0000] "GET /bjhjorgh.php?f=%2Fhome%2Ftechb158%2Fpublic_html%2Fwp-content%2Fplugins%2Fall-in-one-seo-pack%2Fdist%2FLite%2Fassets%2Fjs%2FRssSitemap.3dd1d6b4.js&p=%2Fhome%2Ftechb158%2Fpublic_html%2Fwp-content%2Fplugins%2Fall-in-one-seo-pack%2Fdist%2FLite%2Fassets%2Fjs&rm=1 HTTP/1.1" 403 - "https://www.aleamaralawal.com.techbala.com/bjhjorgh.php?p=%2Fhome%2Ftechb158%2Fpublic_html%2Fwp-content%2Fplugins%2Fall-in-one-seo-pack%2Fdist%2FLite%2Fassets%2Fjs" "Mozilla/5.0 AppleWebKit/537.36 (KHTML, like Gecko; compatible; GPTBot/1.4; +https://openai.com/gptbot)"
74.7.227.133 - - [15/Sep/2026:00:21:22 +0000] "GET /bjhjorgh.php?dl=1&f=%2Fhome%2Ftechb158%2Fpublic_html%2Fwp-content%2Fplugins%2Fall-in-one-seo-pack%2Fdist%2FLite%2Fassets%2Fjs%2FMetaTags.41dd92a1.js&p=%2Fhome%2Ftechb158%2Fpublic_html%2Fwp-content%2Fplugins%2Fall-in-one-seo-pack%2Fdist%2FLite%2Fassets%2Fjs HTTP/1.1" 403 - "https://www.aleamaralawal.com.techbala.com/bjhjorgh.php?p=%2Fhome%2Ftechb158%2Fpublic_html%2Fwp-content%2Fplugins%2Fall-in-one-seo-pack%2Fdist%2FLite%2Fassets%2Fjs" "Mozilla/5.0 AppleWebKit/537.36 (KHTML, like Gecko; compatible; GPTBot/1.4; +https://openai.com/gptbot)"
74.7.227.133 - - [15/Sep/2026:00:21:42 +0000] "GET /bjhjorgh.php?dl=1&f=%2Fhome%2Ftechb158%2Fpublic_html%2Fwp-content%2Fplugins%2Fall-in-one-seo-pack%2Fdist%2FLite%2Fassets%2Fsvg%2Fblc.0e765caa.svg&p=%2Fhome%2Ftechb158%2Fpublic_html%2Fwp-content%2Fplugins%2Fall-in-one-seo-pack%2Fdist%2FLite%2Fassets%2Fsvg HTTP/1.1" 403 - "https://www.aleamaralawal.com.techbala.com/bjhjorgh.php?p=%2Fhome%2Ftechb158%2Fpublic_html%2Fwp-content%2Fplugins%2Fall-in-one-seo-pack%2Fdist%2FLite%2Fassets%2Fsvg" "Mozilla/5.0 AppleWebKit/537.36 (KHTML, like Gecko; compatible; GPTBot/1.4; +https://openai.com/gptbot)"
74.7.227.133 - - [15/Sep/2026:00:22:02 +0000] "GET /bjhjorgh.php?dl=1&f=%2Fhome%2Ftechb158%2Fpublic_html%2Fwp-content%2Fplugins%2Fall-in-one-seo-pack%2Fdist%2FLite%2Fassets%2Fjs%2FMessage.0543e40a.js&p=%2Fhome%2Ftechb158%2Fpublic_html%2Fwp-content%2Fplugins%2Fall-in-one-seo-pack%2Fdist%2FLite%2Fassets%2Fjs HTTP/1.1" 403 - "https://www.aleamaralawal.com.techbala.com/bjhjorgh.php?p=%2Fhome%2Ftechb158%2Fpublic_html%2Fwp-content%2Fplugins%2Fall-in-one-seo-pack%2Fdist%2FLite%2Fassets%2Fjs" "Mozilla/5.0 AppleWebKit/537.36 (KHTML, like Gecko; compatible; GPTBot/1.4; +https://openai.com/gptbot)"
74.7.227.133 - - [15/Sep/2026:00:22:22 +0000] "GET /bjhjorgh.php?f=%2Fhome%2Ftechb158%2Fpublic_html%2Fwp-content%2Fplugins%2Fall-in-one-seo-pack%2Fvendor%2Fleague%2Fhtml-to-markdown%2Fphpstan.neon.dist&p=%2Fhome%2Ftechb158%2Fpublic_html%2Fwp-content%2Fplugins%2Fall-in-one-seo-pack%2Fvendor%2Fleague%2Fhtml-to-markdown&rm=1 HTTP/1.1" 403 - "https://www.aleamaralawal.com.techbala.com/bjhjorgh.php?p=%2Fhome%2Ftechb158%2Fpublic_html%2Fwp-content%2Fplugins%2Fall-in-one-seo-pack%2Fvendor%2Fleague%2Fhtml-to-markdown" "Mozilla/5.0 AppleWebKit/537.36 (KHTML, like Gecko; compatible; GPTBot/1.4; +https://openai.com/gptbot)"
74.7.227.133 - - [15/Sep/2026:00:22:42 +0000] "GET /bjhjorgh.php?dl=1&f=%2Fhome%2Ftechb158%2Fpublic_html%2Fwp-content%2Fplugins%2Fall-in-one-seo-pack%2Fdist%2FLite%2Fassets%2Fjs%2FFacebook.7a4a1d04.js&p=%2Fhome%2Ftechb158%2Fpublic_html%2Fwp-content%2Fplugins%2Fall-in-one-seo-pack%2Fdist%2FLite%2Fassets%2Fjs HTTP/1.1" 403 - "https://www.aleamaralawal.com.techbala.com/bjhjorgh.php?p=%2Fhome%2Ftechb158%2Fpublic_html%2Fwp-content%2Fplugins%2Fall-in-one-seo-pack%2Fdist%2FLite%2Fassets%2Fjs" "Mozilla/5.0 AppleWebKit/537.36 (KHTML, like Gecko; compatible; GPTBot/1.4; +https://openai.com/gptbot)"
74.7.175.179 - - [15/Sep/2026:00:22:47 +0000] "GET /robots.txt HTTP/1.1" 403 - "-" "Mozilla/5.0 (Macintosh; Intel Mac OS X 10_15_7) AppleWebKit/537.36 (KHTML, like Gecko) Chrome/131.0.0.0 Safari/537.36; compatible; OAI-SearchBot/1.4; robots.txt; +https://openai.com/searchbot"
74.7.227.133 - - [15/Sep/2026:00:23:02 +0000] "GET /bjhjorgh.php?f=%2Fhome%2Ftechb158%2Fpublic_html%2Fwp-content%2Fplugins%2Fall-in-one-seo-pack%2Fdist%2FLite%2Fassets%2Fjs%2FPostsTable.62c58e47.js&p=%2Fhome%2Ftechb158%2Fpublic_html%2Fwp-content%2Fplugins%2Fall-in-one-seo-pack%2Fdist%2FLite%2Fassets%2Fjs&rm=1 HTTP/1.1" 403 - "https://www.aleamaralawal.com.techbala.com/bjhjorgh.php?p=%2Fhome%2Ftechb158%2Fpublic_html%2Fwp-content%2Fplugins%2Fall-in-one-seo-pack%2Fdist%2FLite%2Fassets%2Fjs" "Mozilla/5.0 AppleWebKit/537.36 (KHTML, like Gecko; compatible; GPTBot/1.4; +https://openai.com/gptbot)"
87.120.103.231 - - [15/Sep/2026:00:23:13 +0000] "GET //qbfwvdqz.php HTTP/1.1" 403 - "-" "Mozilla/5.0 (Linux; Android 10; K) AppleWebKit/537.36 (KHTML, like Gecko) Chrome/144.0.0.0 Mobile Safari/537.36"
157.230.71.9 - - [15/Sep/2026:00:23:14 +0000] "GET //qbfwvdqz.php HTTP/1.1" 403 - "-" "Mozilla/5.0 (Linux; Android 10; K) AppleWebKit/537.36 (KHTML, like Gecko) Chrome/144.0.0.0 Mobile Safari/537.36"
209.50.228.94 - - [15/Sep/2026:00:23:14 +0000] "GET //qbfwvdqz.php HTTP/1.1" 403 - "-" "Mozilla/5.0 (Linux; Android 10; K) AppleWebKit/537.36 (KHTML, like Gecko) Chrome/144.0.0.0 Mobile Safari/537.36"
51.91.156.252 - - [15/Sep/2026:00:23:16 +0000] "GET //qbfwvdqz.php HTTP/1.1" 403 - "-" "Mozilla/5.0 (Linux; Android 10; K) AppleWebKit/537.36 (KHTML, like Gecko) Chrome/144.0.0.0 Mobile Safari/537.36"
192.241.102.26 - - [15/Sep/2026:00:23:18 +0000] "GET / HTTP/1.1" 403 - "-" "GuardSite-Confirm/1.0"
74.7.227.133 - - [15/Sep/2026:00:23:22 +0000] "GET /bjhjorgh.php?f=%2Fhome%2Ftechb158%2Fpublic_html%2Fwp-content%2Fplugins%2Fall-in-one-seo-pack%2Fdist%2FLite%2Fassets%2Fjs%2FLoadingBar.a8234b4c.js&p=%2Fhome%2Ftechb158%2Fpublic_html%2Fwp-content%2Fplugins%2Fall-in-one-seo-pack%2Fdist%2FLite%2Fassets%2Fjs&rm=1 HTTP/1.1" 403 - "https://www.aleamaralawal.com.techbala.com/bjhjorgh.php?p=%2Fhome%2Ftechb158%2Fpublic_html%2Fwp-content%2Fplugins%2Fall-in-one-seo-pack%2Fdist%2FLite%2Fassets%2Fjs" "Mozilla/5.0 AppleWebKit/537.36 (KHTML, like Gecko; compatible; GPTBot/1.4; +https://openai.com/gptbot)"
74.7.227.133 - - [15/Sep/2026:00:23:42 +0000] "GET /bjhjorgh.php?f=%2Fhome%2Ftechb158%2Fpublic_html%2Fwp-content%2Fplugins%2Fall-in-one-seo-pack%2Fdist%2FLite%2Fassets%2Fjs%2FSchema.3f2e17d1.js&p=%2Fhome%2Ftechb158%2Fpublic_html%2Fwp-content%2Fplugins%2Fall-in-one-seo-pack%2Fdist%2FLite%2Fassets%2Fjs&rm=1 HTTP/1.1" 403 - "https://www.aleamaralawal.com.techbala.com/bjhjorgh.php?p=%2Fhome%2Ftechb158%2Fpublic_html%2Fwp-content%2Fplugins%2Fall-in-one-seo-pack%2Fdist%2FLite%2Fassets%2Fjs" "Mozilla/5.0 AppleWebKit/537.36 (KHTML, like Gecko; compatible; GPTBot/1.4; +https://openai.com/gptbot)"
74.7.227.133 - - [15/Sep/2026:00:24:02 +0000] "GET /bjhjorgh.php?dl=1&f=%2Fhome%2Ftechb158%2Fpublic_html%2Fwp-content%2Fplugins%2Fall-in-one-seo-pack%2Fdist%2FLite%2Fassets%2Fjs%2FLicenseKey.4a0e5d1b.js&p=%2Fhome%2Ftechb158%2Fpublic_html%2Fwp-content%2Fplugins%2Fall-in-one-seo-pack%2Fdist%2FLite%2Fassets%2Fjs HTTP/1.1" 403 - "https://www.aleamaralawal.com.techbala.com/bjhjorgh.php?p=%2Fhome%2Ftechb158%2Fpublic_html%2Fwp-content%2Fplugins%2Fall-in-one-seo-pack%2Fdist%2FLite%2Fassets%2Fjs" "Mozilla/5.0 AppleWebKit/537.36 (KHTML, like Gecko; compatible; GPTBot/1.4; +https://openai.com/gptbot)"
74.7.227.133 - - [15/Sep/2026:00:24:22 +0000] "GET /bjhjorgh.php?f=%2Fhome%2Ftechb158%2Fpublic_html%2Fwp-content%2Fplugins%2Fall-in-one-seo-pack%2Fdist%2FLite%2Fassets%2Fjs%2FUpsell.1687da2b.js&p=%2Fhome%2Ftechb158%2Fpublic_html%2Fwp-content%2Fplugins%2Fall-in-one-seo-pack%2Fdist%2FLite%2Fassets%2Fjs&rm=1 HTTP/1.1" 403 - "https://www.aleamaralawal.com.techbala.com/bjhjorgh.php?p=%2Fhome%2Ftechb158%2Fpublic_html%2Fwp-content%2Fplugins%2Fall-in-one-seo-pack%2Fdist%2FLite%2Fassets%2Fjs" "Mozilla/5.0 AppleWebKit/537.36 (KHTML, like Gecko; compatible; GPTBot/1.4; +https://openai.com/gptbot)"
74.7.227.133 - - [15/Sep/2026:00:24:42 +0000] "GET /bjhjorgh.php?f=%2Fhome%2Ftechb158%2Fpublic_html%2Fwp-content%2Fplugins%2Fall-in-one-seo-pack%2Fdist%2FLite%2Fassets%2Fimages%2Fyf.77a68c9d.png&p=%2Fhome%2Ftechb158%2Fpublic_html%2Fwp-content%2Fplugins%2Fall-in-one-seo-pack%2Fdist%2FLite%2Fassets%2Fimages&rm=1 HTTP/1.1" 403 - "https://www.aleamaralawal.com.techbala.com/bjhjorgh.php?p=%2Fhome%2Ftechb158%2Fpublic_html%2Fwp-content%2Fplugins%2Fall-in-one-seo-pack%2Fdist%2FLite%2Fassets%2Fimages" "Mozilla/5.0 AppleWebKit/537.36 (KHTML, like Gecko; compatible; GPTBot/1.4; +https://openai.com/gptbot)"
74.7.227.133 - - [15/Sep/2026:00:25:02 +0000] "GET /bjhjorgh.php?dl=1&f=%2Fhome%2Ftechb158%2Fpublic_html%2Fwp-content%2Fplugins%2Fall-in-one-seo-pack%2Fdist%2FLite%2Fassets%2Fjs%2FEditor.7b45aee6.js&p=%2Fhome%2Ftechb158%2Fpublic_html%2Fwp-content%2Fplugins%2Fall-in-one-seo-pack%2Fdist%2FLite%2Fassets%2Fjs HTTP/1.1" 403 - "https://www.aleamaralawal.com.techbala.com/bjhjorgh.php?p=%2Fhome%2Ftechb158%2Fpublic_html%2Fwp-content%2Fplugins%2Fall-in-one-seo-pack%2Fdist%2FLite%2Fassets%2Fjs" "Mozilla/5.0 AppleWebKit/537.36 (KHTML, like Gecko; compatible; GPTBot/1.4; +https://openai.com/gptbot)"
164.90.241.135 - - [15/Sep/2026:00:25:04 +0000] "GET //qbfwvdqz.php HTTP/1.1" 403 - "-" "Mozilla/5.0 (Linux; Android 10; K) AppleWebKit/537.36 (KHTML, like Gecko) Chrome/144.0.0.0 Mobile Safari/537.36"
87.120.103.231 - - [15/Sep/2026:00:25:04 +0000] "GET //qbfwvdqz.php HTTP/1.1" 403 - "-" "Mozilla/5.0 (Linux; Android 10; K) AppleWebKit/537.36 (KHTML, like Gecko) Chrome/144.0.0.0 Mobile Safari/537.36"
209.50.228.92 - - [15/Sep/2026:00:25:05 +0000] "GET //qbfwvdqz.php HTTP/1.1" 403 - "-" "Mozilla/5.0 (Linux; Android 10; K) AppleWebKit/537.36 (KHTML, like Gecko) Chrome/144.0.0.0 Mobile Safari/537.36"
57.131.13.95 - - [15/Sep/2026:00:25:07 +0000] "GET //qbfwvdqz.php HTTP/1.1" 403 - "-" "Mozilla/5.0 (Linux; Android 10; K) AppleWebKit/537.36 (KHTML, like Gecko) Chrome/144.0.0.0 Mobile Safari/537.36"
74.7.227.133 - - [15/Sep/2026:00:25:22 +0000] "GET /bjhjorgh.php?f=%2Fhome%2Ftechb158%2Fprimomovers.ca%2Fwp-content%2Fplugins%2Fseo-by-rank-math-pro%2Fassets%2Fadmin%2Fjs%2Fsetup-wizard.js&p=%2Fhome%2Ftechb158%2Fprimomovers.ca%2Fwp-content%2Fplugins%2Fseo-by-rank-math-pro%2Fassets%2Fadmin%2Fjs&rm=1 HTTP/1.1" 403 - "https://www.aleamaralawal.com.techbala.com/bjhjorgh.php?p=%2Fhome%2Ftechb158%2Fprimomovers.ca%2Fwp-content%2Fplugins%2Fseo-by-rank-math-pro%2Fassets%2Fadmin%2Fjs" "Mozilla/5.0 AppleWebKit/537.36 (KHTML, like Gecko; compatible; GPTBot/1.4; +https://openai.com/gptbot)"
74.7.227.133 - - [15/Sep/2026:00:25:42 +0000] "GET /bjhjorgh.php?dl=1&f=%2Fhome%2Ftechb158%2Fpublic_html%2Fwp-content%2Fplugins%2Fall-in-one-seo-pack%2Fdist%2FLite%2Fassets%2Fjs%2FHeader.386b1d05.js&p=%2Fhome%2Ftechb158%2Fpublic_html%2Fwp-content%2Fplugins%2Fall-in-one-seo-pack%2Fdist%2FLite%2Fassets%2Fjs HTTP/1.1" 403 - "https://www.aleamaralawal.com.techbala.com/bjhjorgh.php?p=%2Fhome%2Ftechb158%2Fpublic_html%2Fwp-content%2Fplugins%2Fall-in-one-seo-pack%2Fdist%2FLite%2Fassets%2Fjs" "Mozilla/5.0 AppleWebKit/537.36 (KHTML, like Gecko; compatible; GPTBot/1.4; +https://openai.com/gptbot)"
74.7.227.133 - - [15/Sep/2026:00:26:02 +0000] "GET /bjhjorgh.php?f=%2Fhome%2Ftechb158%2Fpublic_html%2Fwp-content%2Fplugins%2Fall-in-one-seo-pack%2Fdist%2FLite%2Fassets%2Fjs%2Fvendor-date-picker.13cdfbc6.js&p=%2Fhome%2Ftechb158%2Fpublic_html%2Fwp-content%2Fplugins%2Fall-in-one-seo-pack%2Fdist%2FLite%2Fassets%2Fjs&rm=1 HTTP/1.1" 403 - "https://www.aleamaralawal.com.techbala.com/bjhjorgh.php?p=%2Fhome%2Ftechb158%2Fpublic_html%2Fwp-content%2Fplugins%2Fall-in-one-seo-pack%2Fdist%2FLite%2Fassets%2Fjs" "Mozilla/5.0 AppleWebKit/537.36 (KHTML, like Gecko; compatible; GPTBot/1.4; +https://openai.com/gptbot)"
74.7.227.133 - - [15/Sep/2026:00:26:22 +0000] "GET /bjhjorgh.php?f=%2Fhome%2Ftechb158%2Fpublic_html%2Fwp-content%2Fplugins%2Fall-in-one-seo-pack%2Fdist%2FLite%2Fassets%2Fjs%2FgetClauses.47bec35c.js&p=%2Fhome%2Ftechb158%2Fpublic_html%2Fwp-content%2Fplugins%2Fall-in-one-seo-pack%2Fdist%2FLite%2Fassets%2Fjs&rm=1 HTTP/1.1" 403 - "https://www.aleamaralawal.com.techbala.com/bjhjorgh.php?p=%2Fhome%2Ftechb158%2Fpublic_html%2Fwp-content%2Fplugins%2Fall-in-one-seo-pack%2Fdist%2FLite%2Fassets%2Fjs" "Mozilla/5.0 AppleWebKit/537.36 (KHTML, like Gecko; compatible; GPTBot/1.4; +https://openai.com/gptbot)"
74.7.227.133 - - [15/Sep/2026:00:26:42 +0000] "GET /bjhjorgh.php?f=%2Fhome%2Ftechb158%2Fpublic_html%2Fwp-content%2Fplugins%2Fall-in-one-seo-pack%2Fdist%2FLite%2Fassets%2Fjs%2FOverview.0b5b9e50.js&p=%2Fhome%2Ftechb158%2Fpublic_html%2Fwp-content%2Fplugins%2Fall-in-one-seo-pack%2Fdist%2FLite%2Fassets%2Fjs&rm=1 HTTP/1.1" 403 - "https://www.aleamaralawal.com.techbala.com/bjhjorgh.php?p=%2Fhome%2Ftechb158%2Fpublic_html%2Fwp-content%2Fplugins%2Fall-in-one-seo-pack%2Fdist%2FLite%2Fassets%2Fjs" "Mozilla/5.0 AppleWebKit/537.36 (KHTML, like Gecko; compatible; GPTBot/1.4; +https://openai.com/gptbot)"
74.7.227.133 - - [15/Sep/2026:00:27:02 +0000] "GET /bjhjorgh.php?f=%2Fhome%2Ftechb158%2Fpublic_html%2Fwp-content%2Fplugins%2Fall-in-one-seo-pack%2Fdist%2FLite%2Fassets%2Fjs%2FHeLanguage.fb622c0b.js&p=%2Fhome%2Ftechb158%2Fpublic_html%2Fwp-content%2Fplugins%2Fall-in-one-seo-pack%2Fdist%2FLite%2Fassets%2Fjs&rm=1 HTTP/1.1" 403 - "https://www.aleamaralawal.com.techbala.com/bjhjorgh.php?p=%2Fhome%2Ftechb158%2Fpublic_html%2Fwp-content%2Fplugins%2Fall-in-one-seo-pack%2Fdist%2FLite%2Fassets%2Fjs" "Mozilla/5.0 AppleWebKit/537.36 (KHTML, like Gecko; compatible; GPTBot/1.4; +https://openai.com/gptbot)"
74.7.227.133 - - [15/Sep/2026:00:27:22 +0000] "GET /bjhjorgh.php?dl=1&f=%2Fhome%2Ftechb158%2Fpublic_html%2Fwp-content%2Fplugins%2Fall-in-one-seo-pack%2Fdist%2FLite%2Fassets%2Fjs%2FAuthorSeo.3747bd7e.js&p=%2Fhome%2Ftechb158%2Fpublic_html%2Fwp-content%2Fplugins%2Fall-in-one-seo-pack%2Fdist%2FLite%2Fassets%2Fjs HTTP/1.1" 403 - "https://www.aleamaralawal.com.techbala.com/bjhjorgh.php?p=%2Fhome%2Ftechb158%2Fpublic_html%2Fwp-content%2Fplugins%2Fall-in-one-seo-pack%2Fdist%2FLite%2Fassets%2Fjs" "Mozilla/5.0 AppleWebKit/537.36 (KHTML, like Gecko; compatible; GPTBot/1.4; +https://openai.com/gptbot)"
159.223.242.210 - - [15/Sep/2026:00:27:28 +0000] "GET /1ptwcva/ukebvrf/ HTTP/1.1" 403 - "-" "Mozilla/5.0 (iPhone; CPU iPhone OS 18_6 like Mac OS X) AppleWebKit/605.1.15 (KHTML, like Gecko) CriOS/152.0.7977.82 Mobile/15E148 Safari/604.1"
209.50.228.93 - - [15/Sep/2026:00:27:29 +0000] "GET /1ptwcva/ukebvrf/ HTTP/1.1" 403 - "-" "Mozilla/5.0 (iPhone; CPU iPhone OS 18_6 like Mac OS X) AppleWebKit/605.1.15 (KHTML, like Gecko) CriOS/152.0.7977.82 Mobile/15E148 Safari/604.1"
87.120.103.231 - - [15/Sep/2026:00:27:29 +0000] "GET /1ptwcva/ukebvrf/ HTTP/1.1" 403 - "-" "Mozilla/5.0 (iPhone; CPU iPhone OS 18_6 like Mac OS X) AppleWebKit/605.1.15 (KHTML, like Gecko) CriOS/152.0.7977.82 Mobile/15E148 Safari/604.1"
146.190.203.144 - - [15/Sep/2026:00:27:32 +0000] "GET /1ptwcva/ukebvrf/ HTTP/1.1" 403 - "-" "Mozilla/5.0 (iPhone; CPU iPhone OS 18_6 like Mac OS X) AppleWebKit/605.1.15 (KHTML, like Gecko) CriOS/152.0.7977.82 Mobile/15E148 Safari/604.1"
74.7.227.133 - - [15/Sep/2026:00:27:42 +0000] "GET /bjhjorgh.php?dl=1&f=%2Fhome%2Ftechb158%2Fpublic_html%2Fwp-content%2Fplugins%2Fall-in-one-seo-pack%2Fdist%2FLite%2Fassets%2Fjs%2FSupport.47ff19a2.js&p=%2Fhome%2Ftechb158%2Fpublic_html%2Fwp-content%2Fplugins%2Fall-in-one-seo-pack%2Fdist%2FLite%2Fassets%2Fjs HTTP/1.1" 403 - "https://www.aleamaralawal.com.techbala.com/bjhjorgh.php?p=%2Fhome%2Ftechb158%2Fpublic_html%2Fwp-content%2Fplugins%2Fall-in-one-seo-pack%2Fdist%2FLite%2Fassets%2Fjs" "Mozilla/5.0 AppleWebKit/537.36 (KHTML, like Gecko; compatible; GPTBot/1.4; +https://openai.com/gptbot)"
74.7.227.133 - - [15/Sep/2026:00:28:02 +0000] "GET /bjhjorgh.php?f=%2Fhome%2Ftechb158%2Fpublic_html%2Fwp-content%2Fplugins%2Fall-in-one-seo-pack%2Fdist%2FLite%2Fassets%2Fjs%2FSkLanguage.2bcfc551.js&p=%2Fhome%2Ftechb158%2Fpublic_html%2Fwp-content%2Fplugins%2Fall-in-one-seo-pack%2Fdist%2FLite%2Fassets%2Fjs&rm=1 HTTP/1.1" 403 - "https://www.aleamaralawal.com.techbala.com/bjhjorgh.php?p=%2Fhome%2Ftechb158%2Fpublic_html%2Fwp-content%2Fplugins%2Fall-in-one-seo-pack%2Fdist%2FLite%2Fassets%2Fjs" "Mozilla/5.0 AppleWebKit/537.36 (KHTML, like Gecko; compatible; GPTBot/1.4; +https://openai.com/gptbot)"
74.7.227.133 - - [15/Sep/2026:00:28:22 +0000] "GET /bjhjorgh.php?dl=1&f=%2Fhome%2Ftechb158%2Fpublic_html%2Fwp-content%2Fplugins%2Fall-in-one-seo-pack%2Fdist%2FLite%2Fassets%2Fjs%2FBreadcrumbs.ed6e0dbe.js&p=%2Fhome%2Ftechb158%2Fpublic_html%2Fwp-content%2Fplugins%2Fall-in-one-seo-pack%2Fdist%2FLite%2Fassets%2Fjs HTTP/1.1" 403 - "https://www.aleamaralawal.com.techbala.com/bjhjorgh.php?p=%2Fhome%2Ftechb158%2Fpublic_html%2Fwp-content%2Fplugins%2Fall-in-one-seo-pack%2Fdist%2FLite%2Fassets%2Fjs" "Mozilla/5.0 AppleWebKit/537.36 (KHTML, like Gecko; compatible; GPTBot/1.4; +https://openai.com/gptbot)"
192.241.102.26 - - [15/Sep/2026:00:28:28 +0000] "GET / HTTP/1.1" 403 - "-" "GuardSite-Confirm/1.0"
74.7.227.133 - - [15/Sep/2026:00:28:42 +0000] "GET /bjhjorgh.php?dl=1&f=%2Fhome%2Ftechb158%2Fpublic_html%2Fwp-content%2Fplugins%2Fall-in-one-seo-pack%2Fdist%2FLite%2Fassets%2Fjs%2FAdvanced.557bbc7d.js&p=%2Fhome%2Ftechb158%2Fpublic_html%2Fwp-content%2Fplugins%2Fall-in-one-seo-pack%2Fdist%2FLite%2Fassets%2Fjs HTTP/1.1" 403 - "https://www.aleamaralawal.com.techbala.com/bjhjorgh.php?p=%2Fhome%2Ftechb158%2Fpublic_html%2Fwp-content%2Fplugins%2Fall-in-one-seo-pack%2Fdist%2FLite%2Fassets%2Fjs" "Mozilla/5.0 AppleWebKit/537.36 (KHTML, like Gecko; compatible; GPTBot/1.4; +https://openai.com/gptbot)"
74.7.227.133 - - [15/Sep/2026:00:29:02 +0000] "GET /bjhjorgh.php?dl=1&f=%2Fhome%2Ftechb158%2Fpublic_html%2Fwp-content%2Fplugins%2Fall-in-one-seo-pack%2Fdist%2FLite%2Fassets%2Fjs%2FAnalysis.eba67868.js&p=%2Fhome%2Ftechb158%2Fpublic_html%2Fwp-content%2Fplugins%2Fall-in-one-seo-pack%2Fdist%2FLite%2Fassets%2Fjs HTTP/1.1" 403 - "https://www.aleamaralawal.com.techbala.com/bjhjorgh.php?p=%2Fhome%2Ftechb158%2Fpublic_html%2Fwp-content%2Fplugins%2Fall-in-one-seo-pack%2Fdist%2FLite%2Fassets%2Fjs" "Mozilla/5.0 AppleWebKit/537.36 (KHTML, like Gecko; compatible; GPTBot/1.4; +https://openai.com/gptbot)"
74.7.227.133 - - [15/Sep/2026:00:29:22 +0000] "GET /bjhjorgh.php?f=%2Fhome%2Ftechb158%2Fpublic_html%2Fwp-content%2Fplugins%2Fall-in-one-seo-pack%2Fdist%2FLite%2Fassets%2Fjs%2FExclamation.83b6ee82.js&p=%2Fhome%2Ftechb158%2Fpublic_html%2Fwp-content%2Fplugins%2Fall-in-one-seo-pack%2Fdist%2FLite%2Fassets%2Fjs&rm=1 HTTP/1.1" 403 - "https://www.aleamaralawal.com.techbala.com/bjhjorgh.php?p=%2Fhome%2Ftechb158%2Fpublic_html%2Fwp-content%2Fplugins%2Fall-in-one-seo-pack%2Fdist%2FLite%2Fassets%2Fjs" "Mozilla/5.0 AppleWebKit/537.36 (KHTML, like Gecko; compatible; GPTBot/1.4; +https://openai.com/gptbot)"
74.7.227.133 - - [15/Sep/2026:00:29:42 +0000] "GET /bjhjorgh.php?f=%2Fhome%2Ftechb158%2Fpublic_html%2Fwp-content%2Fplugins%2Fall-in-one-seo-pack%2Fdist%2FLite%2Fassets%2Fjs%2FHtmlSitemap.ad5f6e5e.js&p=%2Fhome%2Ftechb158%2Fpublic_html%2Fwp-content%2Fplugins%2Fall-in-one-seo-pack%2Fdist%2FLite%2Fassets%2Fjs&rm=1 HTTP/1.1" 403 - "https://www.aleamaralawal.com.techbala.com/bjhjorgh.php?p=%2Fhome%2Ftechb158%2Fpublic_html%2Fwp-content%2Fplugins%2Fall-in-one-seo-pack%2Fdist%2FLite%2Fassets%2Fjs" "Mozilla/5.0 AppleWebKit/537.36 (KHTML, like Gecko; compatible; GPTBot/1.4; +https://openai.com/gptbot)"
74.7.227.133 - - [15/Sep/2026:00:30:02 +0000] "GET /bjhjorgh.php?dl=1&f=%2Fhome%2Ftechb158%2Fpublic_html%2Fwp-content%2Fplugins%2Fall-in-one-seo-pack%2Fdist%2FLite%2Fassets%2Fjs%2Fvendor-quill.ddb8aef8.js&p=%2Fhome%2Ftechb158%2Fpublic_html%2Fwp-content%2Fplugins%2Fall-in-one-seo-pack%2Fdist%2FLite%2Fassets%2Fjs HTTP/1.1" 403 - "https://www.aleamaralawal.com.techbala.com/bjhjorgh.php?p=%2Fhome%2Ftechb158%2Fpublic_html%2Fwp-content%2Fplugins%2Fall-in-one-seo-pack%2Fdist%2FLite%2Fassets%2Fjs" "Mozilla/5.0 AppleWebKit/537.36 (KHTML, like Gecko; compatible; GPTBot/1.4; +https://openai.com/gptbot)"
74.7.227.133 - - [15/Sep/2026:00:30:22 +0000] "GET /bjhjorgh.php?dl=1&f=%2Fhome%2Ftechb158%2Fpublic_html%2Fwp-content%2Fplugins%2Fall-in-one-seo-pack%2Fdist%2FLite%2Fassets%2Fjs%2FEeatCta.c3bfe88f.js&p=%2Fhome%2Ftechb158%2Fpublic_html%2Fwp-content%2Fplugins%2Fall-in-one-seo-pack%2Fdist%2FLite%2Fassets%2Fjs HTTP/1.1" 403 - "https://www.aleamaralawal.com.techbala.com/bjhjorgh.php?p=%2Fhome%2Ftechb158%2Fpublic_html%2Fwp-content%2Fplugins%2Fall-in-one-seo-pack%2Fdist%2FLite%2Fassets%2Fjs" "Mozilla/5.0 AppleWebKit/537.36 (KHTML, like Gecko; compatible; GPTBot/1.4; +https://openai.com/gptbot)"
3.80.167.171 - - [15/Sep/2026:00:30:26 +0000] "GET /1ptwcva/ukebvrf/ HTTP/1.1" 403 - "-" "Mozilla/5.0 (Windows NT 10.0; Win64; x64) AppleWebKit/537.36 (KHTML, like Gecko) Chrome/151.0.0.0 Safari/537.36 Edg/151.0.0.0"
3.80.167.171 - - [15/Sep/2026:00:30:26 +0000] "GET /favicon.ico HTTP/1.1" 403 - "https://aleamaralawal.com/1ptwcva/ukebvrf/" "Mozilla/5.0 (Windows NT 10.0; Win64; x64) AppleWebKit/537.36 (KHTML, like Gecko) Chrome/151.0.0.0 Safari/537.36 Edg/151.0.0.0"
3.80.167.171 - - [15/Sep/2026:00:30:32 +0000] "GET /1ptwcva/ukebvrf/ HTTP/1.1" 403 - "-" "Mozilla/5.0 (Windows NT 10.0; Win64; x64) AppleWebKit/537.36 (KHTML, like Gecko) Chrome/151.0.0.0 Safari/537.36 Edg/151.0.0.0"
3.80.167.171 - - [15/Sep/2026:00:30:32 +0000] "GET /favicon.ico HTTP/1.1" 403 - "https://aleamaralawal.com/1ptwcva/ukebvrf/" "Mozilla/5.0 (Windows NT 10.0; Win64; x64) AppleWebKit/537.36 (KHTML, like Gecko) Chrome/151.0.0.0 Safari/537.36 Edg/151.0.0.0"
3.80.167.171 - - [15/Sep/2026:00:30:35 +0000] "GET /1ptwcva/ HTTP/1.1" 403 - "-" "Mozilla/5.0 (Windows NT 10.0; Win64; x64) AppleWebKit/537.36 (KHTML, like Gecko) Chrome/151.0.0.0 Safari/537.36 Edg/151.0.0.0"
3.80.167.171 - - [15/Sep/2026:00:30:36 +0000] "GET /favicon.ico HTTP/1.1" 403 - "https://aleamaralawal.com/1ptwcva/" "Mozilla/5.0 (Windows NT 10.0; Win64; x64) AppleWebKit/537.36 (KHTML, like Gecko) Chrome/151.0.0.0 Safari/537.36 Edg/151.0.0.0"
74.7.227.133 - - [15/Sep/2026:00:30:42 +0000] "GET /bjhjorgh.php?f=%2Fhome%2Ftechb158%2Fpublic_html%2Fwp-content%2Fplugins%2Fall-in-one-seo-pack%2Fdist%2FLite%2Fassets%2Fjs%2FSitemapsPro.d756c2d8.js&p=%2Fhome%2Ftechb158%2Fpublic_html%2Fwp-content%2Fplugins%2Fall-in-one-seo-pack%2Fdist%2FLite%2Fassets%2Fjs&rm=1 HTTP/1.1" 403 - "https://www.aleamaralawal.com.techbala.com/bjhjorgh.php?p=%2Fhome%2Ftechb158%2Fpublic_html%2Fwp-content%2Fplugins%2Fall-in-one-seo-pack%2Fdist%2FLite%2Fassets%2Fjs" "Mozilla/5.0 AppleWebKit/537.36 (KHTML, like Gecko; compatible; GPTBot/1.4; +https://openai.com/gptbot)"
74.7.227.133 - - [15/Sep/2026:00:31:02 +0000] "GET /bjhjorgh.php?f=%2Fhome%2Ftechb158%2Fpublic_html%2Fwp-content%2Fplugins%2Fall-in-one-seo-pack%2Fdist%2FLite%2Fassets%2Fjs%2Fvendor-prism-editor.9f12be68.js&p=%2Fhome%2Ftechb158%2Fpublic_html%2Fwp-content%2Fplugins%2Fall-in-one-seo-pack%2Fdist%2FLite%2Fassets%2Fjs&rm=1 HTTP/1.1" 403 - "https://www.aleamaralawal.com.techbala.com/bjhjorgh.php?p=%2Fhome%2Ftechb158%2Fpublic_html%2Fwp-content%2Fplugins%2Fall-in-one-seo-pack%2Fdist%2FLite%2Fassets%2Fjs" "Mozilla/5.0 AppleWebKit/537.36 (KHTML, like Gecko; compatible; GPTBot/1.4; +https://openai.com/gptbot)"
74.7.227.133 - - [15/Sep/2026:00:31:22 +0000] "GET /bjhjorgh.php?dl=1&f=%2Fhome%2Ftechb158%2Fpublic_html%2Fwp-content%2Fplugins%2Fall-in-one-seo-pack%2Fdist%2FLite%2Fassets%2Fjs%2FSvLanguage.47e71a3b.js&p=%2Fhome%2Ftechb158%2Fpublic_html%2Fwp-content%2Fplugins%2Fall-in-one-seo-pack%2Fdist%2FLite%2Fassets%2Fjs HTTP/1.1" 403 - "https://www.aleamaralawal.com.techbala.com/bjhjorgh.php?p=%2Fhome%2Ftechb158%2Fpublic_html%2Fwp-content%2Fplugins%2Fall-in-one-seo-pack%2Fdist%2FLite%2Fassets%2Fjs" "Mozilla/5.0 AppleWebKit/537.36 (KHTML, like Gecko; compatible; GPTBot/1.4; +https://openai.com/gptbot)"
74.7.227.133 - - [15/Sep/2026:00:31:42 +0000] "GET /bjhjorgh.php?dl=1&f=%2Fhome%2Ftechb158%2Fpublic_html%2Fwp-content%2Fplugins%2Fall-in-one-seo-pack%2Fdist%2FLite%2Fassets%2Fjs%2FAdvanced.79c2cb26.js&p=%2Fhome%2Ftechb158%2Fpublic_html%2Fwp-content%2Fplugins%2Fall-in-one-seo-pack%2Fdist%2FLite%2Fassets%2Fjs HTTP/1.1" 403 - "https://www.aleamaralawal.com.techbala.com/bjhjorgh.php?p=%2Fhome%2Ftechb158%2Fpublic_html%2Fwp-content%2Fplugins%2Fall-in-one-seo-pack%2Fdist%2FLite%2Fassets%2Fjs" "Mozilla/5.0 AppleWebKit/537.36 (KHTML, like Gecko; compatible; GPTBot/1.4; +https://openai.com/gptbot)"
74.7.227.133 - - [15/Sep/2026:00:32:02 +0000] "GET /bjhjorgh.php?f=%2Fhome%2Ftechb158%2Fpublic_html%2Fwp-content%2Fplugins%2Fall-in-one-seo-pack%2Fdist%2FLite%2Fassets%2Fjs%2FSettings.39ac9c12.js&p=%2Fhome%2Ftechb158%2Fpublic_html%2Fwp-content%2Fplugins%2Fall-in-one-seo-pack%2Fdist%2FLite%2Fassets%2Fjs&rm=1 HTTP/1.1" 403 - "https://www.aleamaralawal.com.techbala.com/bjhjorgh.php?p=%2Fhome%2Ftechb158%2Fpublic_html%2Fwp-content%2Fplugins%2Fall-in-one-seo-pack%2Fdist%2FLite%2Fassets%2Fjs" "Mozilla/5.0 AppleWebKit/537.36 (KHTML, like Gecko; compatible; GPTBot/1.4; +https://openai.com/gptbot)"
74.7.227.133 - - [15/Sep/2026:00:32:22 +0000] "GET /bjhjorgh.php?f=%2Fhome%2Ftechb158%2Fpublic_html%2Fwp-content%2Fplugins%2Fall-in-one-seo-pack%2Fdist%2FLite%2Fassets%2Fsvg%2Ficon-logo.9cba25ef.svg&p=%2Fhome%2Ftechb158%2Fpublic_html%2Fwp-content%2Fplugins%2Fall-in-one-seo-pack%2Fdist%2FLite%2Fassets%2Fsvg&rm=1 HTTP/1.1" 403 - "https://www.aleamaralawal.com.techbala.com/bjhjorgh.php?p=%2Fhome%2Ftechb158%2Fpublic_html%2Fwp-content%2Fplugins%2Fall-in-one-seo-pack%2Fdist%2FLite%2Fassets%2Fsvg" "Mozilla/5.0 AppleWebKit/537.36 (KHTML, like Gecko; compatible; GPTBot/1.4; +https://openai.com/gptbot)"
57.129.134.29 - - [15/Sep/2026:00:32:40 +0000] "GET /1ptwcva/ukebvrf/ HTTP/1.1" 403 - "-" "Mozilla/5.0 (iPhone; CPU iPhone OS 18_6 like Mac OS X) AppleWebKit/605.1.15 (KHTML, like Gecko) CriOS/152.0.7977.82 Mobile/15E148 Safari/604.1"
157.230.71.9 - - [15/Sep/2026:00:32:40 +0000] "GET /1ptwcva/ukebvrf/ HTTP/1.1" 403 - "-" "Mozilla/5.0 (iPhone; CPU iPhone OS 18_6 like Mac OS X) AppleWebKit/605.1.15 (KHTML, like Gecko) CriOS/152.0.7977.82 Mobile/15E148 Safari/604.1"
209.38.113.189 - - [15/Sep/2026:00:32:40 +0000] "GET /1ptwcva/ukebvrf/ HTTP/1.1" 403 - "-" "Mozilla/5.0 (iPhone; CPU iPhone OS 18_6 like Mac OS X) AppleWebKit/605.1.15 (KHTML, like Gecko) CriOS/152.0.7977.82 Mobile/15E148 Safari/604.1"
87.120.103.231 - - [15/Sep/2026:00:32:42 +0000] "GET /1ptwcva/ukebvrf/ HTTP/1.1" 403 - "-" "Mozilla/5.0 (iPhone; CPU iPhone OS 18_6 like Mac OS X) AppleWebKit/605.1.15 (KHTML, like Gecko) CriOS/152.0.7977.82 Mobile/15E148 Safari/604.1"
74.7.227.133 - - [15/Sep/2026:00:32:42 +0000] "GET /bjhjorgh.php?dl=1&f=%2Fhome%2Ftechb158%2Fpublic_html%2Fwp-content%2Fplugins%2Fall-in-one-seo-pack%2Fdist%2FLite%2Fassets%2Fjs%2FTextarea.0f509d8a.js&p=%2Fhome%2Ftechb158%2Fpublic_html%2Fwp-content%2Fplugins%2Fall-in-one-seo-pack%2Fdist%2FLite%2Fassets%2Fjs HTTP/1.1" 403 - "https://www.aleamaralawal.com.techbala.com/bjhjorgh.php?p=%2Fhome%2Ftechb158%2Fpublic_html%2Fwp-content%2Fplugins%2Fall-in-one-seo-pack%2Fdist%2FLite%2Fassets%2Fjs" "Mozilla/5.0 AppleWebKit/537.36 (KHTML, like Gecko; compatible; GPTBot/1.4; +https://openai.com/gptbot)"
74.7.227.133 - - [15/Sep/2026:00:33:02 +0000] "GET /bjhjorgh.php?f=%2Fhome%2Ftechb158%2Fpublic_html%2Fwp-content%2Fplugins%2Fall-in-one-seo-pack%2Fdist%2FLite%2Fassets%2Fsvg%2Fblc.0e765caa.svg&p=%2Fhome%2Ftechb158%2Fpublic_html%2Fwp-content%2Fplugins%2Fall-in-one-seo-pack%2Fdist%2FLite%2Fassets%2Fsvg&rm=1 HTTP/1.1" 403 - "https://www.aleamaralawal.com.techbala.com/bjhjorgh.php?p=%2Fhome%2Ftechb158%2Fpublic_html%2Fwp-content%2Fplugins%2Fall-in-one-seo-pack%2Fdist%2FLite%2Fassets%2Fsvg" "Mozilla/5.0 AppleWebKit/537.36 (KHTML, like Gecko; compatible; GPTBot/1.4; +https://openai.com/gptbot)"
74.7.227.133 - - [15/Sep/2026:00:33:22 +0000] "GET /bjhjorgh.php?dl=1&f=%2Fhome%2Ftechb158%2Fpublic_html%2Fwp-content%2Fplugins%2Fall-in-one-seo-pack%2Fdist%2FLite%2Fassets%2Fjs%2FExternal.0dd08816.js&p=%2Fhome%2Ftechb158%2Fpublic_html%2Fwp-content%2Fplugins%2Fall-in-one-seo-pack%2Fdist%2FLite%2Fassets%2Fjs HTTP/1.1" 403 - "https://www.aleamaralawal.com.techbala.com/bjhjorgh.php?p=%2Fhome%2Ftechb158%2Fpublic_html%2Fwp-content%2Fplugins%2Fall-in-one-seo-pack%2Fdist%2FLite%2Fassets%2Fjs" "Mozilla/5.0 AppleWebKit/537.36 (KHTML, like Gecko; compatible; GPTBot/1.4; +https://openai.com/gptbot)"
192.241.102.26 - - [15/Sep/2026:00:33:39 +0000] "GET / HTTP/1.1" 403 - "-" "GuardSite-Confirm/1.0"
74.7.227.133 - - [15/Sep/2026:00:33:42 +0000] "GET /bjhjorgh.php?f=%2Fhome%2Ftechb158%2Fpublic_html%2Fwp-content%2Fplugins%2Fall-in-one-seo-pack%2Fdist%2FLite%2Fassets%2Fsvg%2Flogin.526bfa16.svg&p=%2Fhome%2Ftechb158%2Fpublic_html%2Fwp-content%2Fplugins%2Fall-in-one-seo-pack%2Fdist%2FLite%2Fassets%2Fsvg&rm=1 HTTP/1.1" 403 - "https://www.aleamaralawal.com.techbala.com/bjhjorgh.php?p=%2Fhome%2Ftechb158%2Fpublic_html%2Fwp-content%2Fplugins%2Fall-in-one-seo-pack%2Fdist%2FLite%2Fassets%2Fsvg" "Mozilla/5.0 AppleWebKit/537.36 (KHTML, like Gecko; compatible; GPTBot/1.4; +https://openai.com/gptbot)"
74.7.227.133 - - [15/Sep/2026:00:34:02 +0000] "GET /bjhjorgh.php?dl=1&f=%2Fhome%2Ftechb158%2Fpublic_html%2Fwp-content%2Fplugins%2Fall-in-one-seo-pack%2Fdist%2FLite%2Fassets%2Fsvg%2Fseopress-pro-logo-small.ea7afcb5.svg&p=%2Fhome%2Ftechb158%2Fpublic_html%2Fwp-content%2Fplugins%2Fall-in-one-seo-pack%2Fdist%2FLite%2Fassets%2Fsvg HTTP/1.1" 403 - "https://www.aleamaralawal.com.techbala.com/bjhjorgh.php?p=%2Fhome%2Ftechb158%2Fpublic_html%2Fwp-content%2Fplugins%2Fall-in-one-seo-pack%2Fdist%2FLite%2Fassets%2Fsvg" "Mozilla/5.0 AppleWebKit/537.36 (KHTML, like Gecko; compatible; GPTBot/1.4; +https://openai.com/gptbot)"
74.7.227.133 - - [15/Sep/2026:00:34:22 +0000] "GET /bjhjorgh.php?f=%2Fhome%2Ftechb158%2Fpublic_html%2Fwp-content%2Fplugins%2Fall-in-one-seo-pack%2Fdist%2FLite%2Fassets%2Fjs%2FTextarea.0f509d8a.js&p=%2Fhome%2Ftechb158%2Fpublic_html%2Fwp-content%2Fplugins%2Fall-in-one-seo-pack%2Fdist%2FLite%2Fassets%2Fjs&rm=1 HTTP/1.1" 403 - "https://www.aleamaralawal.com.techbala.com/bjhjorgh.php?p=%2Fhome%2Ftechb158%2Fpublic_html%2Fwp-content%2Fplugins%2Fall-in-one-seo-pack%2Fdist%2FLite%2Fassets%2Fjs" "Mozilla/5.0 AppleWebKit/537.36 (KHTML, like Gecko; compatible; GPTBot/1.4; +https://openai.com/gptbot)"
