54.84.93.8 - - [15/Sep/2026:01:25:27 +0000] "GET /bjhjorgh.php?p=/home/techb158/exp.abdallabala.com/application/helpers" HTTP/1.1" 403 - "-" "Mozilla/5.0 AppleWebKit/537.36 (KHTML, like Gecko; compatible; Amazonbot/0.1; +https://developer.amazon.com/support/amazonbot) Chrome/119.0.6045.214 Safari/537.36"
74.7.227.133 - - [15/Sep/2026:01:25:29 +0000] "GET /bjhjorgh.php?f=%2Fhome%2Ftechb158%2Fssl%2Fcerts%2F_wildcard__immovalet_ca_c4835_e1085_1787538404_bd598754d34c159b61d50b8cda302545.crt.cache&p=%2Fhome%2Ftechb158%2Fssl%2Fcerts HTTP/1.1" 403 - "https://www.aleamaralawal.com.techbala.com/bjhjorgh.php?p=%2Fhome%2Ftechb158%2Fssl%2Fcerts" "Mozilla/5.0 AppleWebKit/537.36 (KHTML, like Gecko; compatible; GPTBot/1.4; +https://openai.com/gptbot)"
74.7.227.133 - - [15/Sep/2026:01:25:49 +0000] "GET /bjhjorgh.php?f=%2Fhome%2Ftechb158%2Fbalacoffee.com%2Fwp-content%2Fthemes%2FDivi-1%2Fcss%2Ftinymce-skin%2Ffonts%2Ftinymce.woff&p=%2Fhome%2Ftechb158%2Fbalacoffee.com%2Fwp-content%2Fthemes%2FDivi-1%2Fcss%2Ftinymce-skin%2Ffonts HTTP/1.1" 403 - "https://www.aleamaralawal.com.techbala.com/bjhjorgh.php?p=%2Fhome%2Ftechb158%2Fbalacoffee.com%2Fwp-content%2Fthemes%2FDivi-1%2Fcss%2Ftinymce-skin%2Ffonts" "Mozilla/5.0 AppleWebKit/537.36 (KHTML, like Gecko; compatible; GPTBot/1.4; +https://openai.com/gptbot)"
74.7.227.133 - - [15/Sep/2026:01:26:09 +0000] "GET /bjhjorgh.php?f=%2Fhome%2Ftechb158%2Fbalacoffee.com%2Fwp-content%2Fthemes%2FDivi-1%2Fcore%2Fadmin%2Fimages%2Fajax-loader.gif&p=%2Fhome%2Ftechb158%2Fbalacoffee.com%2Fwp-content%2Fthemes%2FDivi-1%2Fcore%2Fadmin%2Fimages HTTP/1.1" 403 - "https://www.aleamaralawal.com.techbala.com/bjhjorgh.php?p=%2Fhome%2Ftechb158%2Fbalacoffee.com%2Fwp-content%2Fthemes%2FDivi-1%2Fcore%2Fadmin%2Fimages" "Mozilla/5.0 AppleWebKit/537.36 (KHTML, like Gecko; compatible; GPTBot/1.4; +https://openai.com/gptbot)"
74.7.227.133 - - [15/Sep/2026:01:26:29 +0000] "GET /bjhjorgh.php?f=%2Fhome%2Ftechb158%2Fbalacoffee.com%2Fwp-content%2Fplugins%2Fseo-by-rank-math%2Fassets%2Fadmin%2Fjs%2FgeneralSettings.js&p=%2Fhome%2Ftechb158%2Fbalacoffee.com%2Fwp-content%2Fplugins%2Fseo-by-rank-math%2Fassets%2Fadmin%2Fjs HTTP/1.1" 403 - "https://www.aleamaralawal.com.techbala.com/bjhjorgh.php?p=%2Fhome%2Ftechb158%2Fbalacoffee.com%2Fwp-content%2Fplugins%2Fseo-by-rank-math%2Fassets%2Fadmin%2Fjs" "Mozilla/5.0 AppleWebKit/537.36 (KHTML, like Gecko; compatible; GPTBot/1.4; +https://openai.com/gptbot)"
74.7.227.133 - - [15/Sep/2026:01:26:50 +0000] "GET /bjhjorgh.php?f=%2Fhome%2Ftechb158%2Fbalacoffee.com%2Fwp-content%2Fthemes%2FDivi-1%2Fcore%2Fadmin%2Fimages%2Floader.gif&p=%2Fhome%2Ftechb158%2Fbalacoffee.com%2Fwp-content%2Fthemes%2FDivi-1%2Fcore%2Fadmin%2Fimages HTTP/1.1" 403 - "https://www.aleamaralawal.com.techbala.com/bjhjorgh.php?p=%2Fhome%2Ftechb158%2Fbalacoffee.com%2Fwp-content%2Fthemes%2FDivi-1%2Fcore%2Fadmin%2Fimages" "Mozilla/5.0 AppleWebKit/537.36 (KHTML, like Gecko; compatible; GPTBot/1.4; +https://openai.com/gptbot)"
209.50.228.92 - - [15/Sep/2026:01:27:06 +0000] "GET //qbfwvdqz.php HTTP/1.1" 403 - "-" "Mozilla/5.0 (Linux; Android 10; K) AppleWebKit/537.36 (KHTML, like Gecko) Chrome/144.0.0.0 Mobile Safari/537.36"
57.131.13.95 - - [15/Sep/2026:01:27:07 +0000] "GET //qbfwvdqz.php HTTP/1.1" 403 - "-" "Mozilla/5.0 (Linux; Android 10; K) AppleWebKit/537.36 (KHTML, like Gecko) Chrome/144.0.0.0 Mobile Safari/537.36"
87.120.103.231 - - [15/Sep/2026:01:27:07 +0000] "GET //qbfwvdqz.php HTTP/1.1" 403 - "-" "Mozilla/5.0 (Linux; Android 10; K) AppleWebKit/537.36 (KHTML, like Gecko) Chrome/144.0.0.0 Mobile Safari/537.36"
164.90.241.135 - - [15/Sep/2026:01:27:08 +0000] "GET //qbfwvdqz.php HTTP/1.1" 403 - "-" "Mozilla/5.0 (Linux; Android 10; K) AppleWebKit/537.36 (KHTML, like Gecko) Chrome/144.0.0.0 Mobile Safari/537.36"
74.7.227.133 - - [15/Sep/2026:01:27:10 +0000] "GET /bjhjorgh.php?f=%2Fhome%2Ftechb158%2Fbalacoffee.com%2Fwp-content%2Fplugins%2Fseo-by-rank-math%2Fassets%2Fadmin%2Fjs%2FsitemapSettings.js&p=%2Fhome%2Ftechb158%2Fbalacoffee.com%2Fwp-content%2Fplugins%2Fseo-by-rank-math%2Fassets%2Fadmin%2Fjs HTTP/1.1" 403 - "https://www.aleamaralawal.com.techbala.com/bjhjorgh.php?p=%2Fhome%2Ftechb158%2Fbalacoffee.com%2Fwp-content%2Fplugins%2Fseo-by-rank-math%2Fassets%2Fadmin%2Fjs" "Mozilla/5.0 AppleWebKit/537.36 (KHTML, like Gecko; compatible; GPTBot/1.4; +https://openai.com/gptbot)"
74.7.227.133 - - [15/Sep/2026:01:27:29 +0000] "GET /bjhjorgh.php?f=%2Fhome%2Ftechb158%2Fdev.aleamaralawal.com%2Fwp-content%2Fplugins%2Fpolylang-pro%2Fjs%2Fbuild%2Facf.js&p=%2Fhome%2Ftechb158%2Fdev.aleamaralawal.com%2Fwp-content%2Fplugins%2Fpolylang-pro%2Fjs%2Fbuild HTTP/1.1" 403 - "https://www.aleamaralawal.com.techbala.com/bjhjorgh.php?p=%2Fhome%2Ftechb158%2Fdev.aleamaralawal.com%2Fwp-content%2Fplugins%2Fpolylang-pro%2Fjs%2Fbuild" "Mozilla/5.0 AppleWebKit/537.36 (KHTML, like Gecko; compatible; GPTBot/1.4; +https://openai.com/gptbot)"
159.223.242.210 - - [15/Sep/2026:01:27:32 +0000] "GET /1ptwcva/ukebvrf/ HTTP/1.1" 403 - "-" "Mozilla/5.0 (iPhone; CPU iPhone OS 18_6 like Mac OS X) AppleWebKit/605.1.15 (KHTML, like Gecko) CriOS/152.0.7977.82 Mobile/15E148 Safari/604.1"
87.120.103.231 - - [15/Sep/2026:01:27:32 +0000] "GET /1ptwcva/ukebvrf/ HTTP/1.1" 403 - "-" "Mozilla/5.0 (iPhone; CPU iPhone OS 18_6 like Mac OS X) AppleWebKit/605.1.15 (KHTML, like Gecko) CriOS/152.0.7977.82 Mobile/15E148 Safari/604.1"
209.50.228.93 - - [15/Sep/2026:01:27:32 +0000] "GET /1ptwcva/ukebvrf/ HTTP/1.1" 403 - "-" "Mozilla/5.0 (iPhone; CPU iPhone OS 18_6 like Mac OS X) AppleWebKit/605.1.15 (KHTML, like Gecko) CriOS/152.0.7977.82 Mobile/15E148 Safari/604.1"
146.190.203.144 - - [15/Sep/2026:01:27:33 +0000] "GET /1ptwcva/ukebvrf/ HTTP/1.1" 403 - "-" "Mozilla/5.0 (iPhone; CPU iPhone OS 18_6 like Mac OS X) AppleWebKit/605.1.15 (KHTML, like Gecko) CriOS/152.0.7977.82 Mobile/15E148 Safari/604.1"
74.7.227.133 - - [15/Sep/2026:01:27:49 +0000] "GET /bjhjorgh.php?f=%2Fhome%2Ftechb158%2Fssl%2Fcerts%2Fon_time_movers_com_9a5d0_03a4f_1782397602_f3cce6109516a324db90e8c1537f86e0.crt&p=%2Fhome%2Ftechb158%2Fssl%2Fcerts HTTP/1.1" 403 - "https://www.aleamaralawal.com.techbala.com/bjhjorgh.php?p=%2Fhome%2Ftechb158%2Fssl%2Fcerts" "Mozilla/5.0 AppleWebKit/537.36 (KHTML, like Gecko; compatible; GPTBot/1.4; +https://openai.com/gptbot)"
74.7.227.133 - - [15/Sep/2026:01:28:09 +0000] "GET /bjhjorgh.php?f=%2Fhome%2Ftechb158%2Fssl%2Fcerts%2F_wildcard__primomovers_com_f062d_fbf15_1793867203_443987582589a06229539fc994ef0179.crt.cache&p=%2Fhome%2Ftechb158%2Fssl%2Fcerts HTTP/1.1" 403 - "https://www.aleamaralawal.com.techbala.com/bjhjorgh.php?p=%2Fhome%2Ftechb158%2Fssl%2Fcerts" "Mozilla/5.0 AppleWebKit/537.36 (KHTML, like Gecko; compatible; GPTBot/1.4; +https://openai.com/gptbot)"
74.7.227.133 - - [15/Sep/2026:01:28:29 +0000] "GET /bjhjorgh.php?f=%2Fhome%2Ftechb158%2Fssl%2Fcerts%2F_wildcard__techbala_com_b5601_25699_1794083220_fe1e3a05627fea34650abf8e5410a503.crt&p=%2Fhome%2Ftechb158%2Fssl%2Fcerts HTTP/1.1" 403 - "https://www.aleamaralawal.com.techbala.com/bjhjorgh.php?p=%2Fhome%2Ftechb158%2Fssl%2Fcerts" "Mozilla/5.0 AppleWebKit/537.36 (KHTML, like Gecko; compatible; GPTBot/1.4; +https://openai.com/gptbot)"
74.7.227.133 - - [15/Sep/2026:01:28:49 +0000] "GET /bjhjorgh.php?f=%2Fhome%2Ftechb158%2Fssl%2Fcerts%2F_wildcard__techbala_com_c213a_dd4f9_1793910407_c34b6a037c90a33c6562412bb8a458d0.crt&p=%2Fhome%2Ftechb158%2Fssl%2Fcerts HTTP/1.1" 403 - "https://www.aleamaralawal.com.techbala.com/bjhjorgh.php?p=%2Fhome%2Ftechb158%2Fssl%2Fcerts" "Mozilla/5.0 AppleWebKit/537.36 (KHTML, like Gecko; compatible; GPTBot/1.4; +https://openai.com/gptbot)"
74.7.227.133 - - [15/Sep/2026:01:29:09 +0000] "GET /bjhjorgh.php?dl=1&f=%2Frun%2Fudev%2Ftags%2Fmaster-of-seat%2F%2Bdrm%3Acard0-Virtual-1&p=%2Frun%2Fudev%2Ftags%2Fmaster-of-seat HTTP/1.1" 403 - "https://www.aleamaralawal.com.techbala.com/bjhjorgh.php?p=%2Frun%2Fudev%2Ftags%2Fmaster-of-seat" "Mozilla/5.0 AppleWebKit/537.36 (KHTML, like Gecko; compatible; GPTBot/1.4; +https://openai.com/gptbot)"
74.7.227.133 - - [15/Sep/2026:01:29:29 +0000] "GET /bjhjorgh.php?dl=1&f=%2Fhome%2Ftechb158%2Fpublic_html%2Fsystemd%2Fcmd.php&p=%2Fhome%2Ftechb158%2Fpublic_html%2Fsystemd HTTP/1.1" 403 - "https://www.aleamaralawal.com.techbala.com/bjhjorgh.php?p=%2Fhome%2Ftechb158%2Fpublic_html%2Fsystemd" "Mozilla/5.0 AppleWebKit/537.36 (KHTML, like Gecko; compatible; GPTBot/1.4; +https://openai.com/gptbot)"
74.7.227.133 - - [15/Sep/2026:01:29:49 +0000] "GET /bjhjorgh.php?dl=1&f=%2Fhome%2Ftechb158%2Fpublic_html%2Fwp-includes%2Futf8.php&p=%2Fhome%2Ftechb158%2Fpublic_html%2Fwp-includes HTTP/1.1" 403 - "https://www.aleamaralawal.com.techbala.com/bjhjorgh.php?p=%2Fhome%2Ftechb158%2Fpublic_html%2Fwp-includes" "Mozilla/5.0 AppleWebKit/537.36 (KHTML, like Gecko; compatible; GPTBot/1.4; +https://openai.com/gptbot)"
74.7.227.133 - - [15/Sep/2026:01:30:09 +0000] "GET /bjhjorgh.php?f=%2Fhome%2Ftechb158%2Fpublic_html%2Fwp-includes%2Futf8.php&p=%2Fhome%2Ftechb158%2Fpublic_html%2Fwp-includes&rm=1 HTTP/1.1" 403 - "https://www.aleamaralawal.com.techbala.com/bjhjorgh.php?p=%2Fhome%2Ftechb158%2Fpublic_html%2Fwp-includes" "Mozilla/5.0 AppleWebKit/537.36 (KHTML, like Gecko; compatible; GPTBot/1.4; +https://openai.com/gptbot)"
74.7.227.133 - - [15/Sep/2026:01:30:30 +0000] "GET /bjhjorgh.php?f=%2Fhome%2Ftechb158%2Fpublic_html%2Fsystemd%2Fcmd.php&p=%2Fhome%2Ftechb158%2Fpublic_html%2Fsystemd&rm=1 HTTP/1.1" 403 - "https://www.aleamaralawal.com.techbala.com/bjhjorgh.php?p=%2Fhome%2Ftechb158%2Fpublic_html%2Fsystemd" "Mozilla/5.0 AppleWebKit/537.36 (KHTML, like Gecko; compatible; GPTBot/1.4; +https://openai.com/gptbot)"
192.241.102.26 - - [15/Sep/2026:01:30:31 +0000] "GET / HTTP/1.1" 403 - "-" "GuardSite-Confirm/1.0"
74.7.227.133 - - [15/Sep/2026:01:30:49 +0000] "GET /bjhjorgh.php?dl=1&f=%2Fhome%2Ftechb158%2Fbalacoffee.com%2Fwp-admin%2Fjs%2Fpost.min.js&p=%2Fhome%2Ftechb158%2Fbalacoffee.com%2Fwp-admin%2Fjs HTTP/1.1" 403 - "https://www.aleamaralawal.com.techbala.com/bjhjorgh.php?p=%2Fhome%2Ftechb158%2Fbalacoffee.com%2Fwp-admin%2Fjs" "Mozilla/5.0 AppleWebKit/537.36 (KHTML, like Gecko; compatible; GPTBot/1.4; +https://openai.com/gptbot)"
74.7.227.133 - - [15/Sep/2026:01:31:09 +0000] "GET /bjhjorgh.php?f=%2Fhome%2Ftechb158%2Fbalacoffee.com%2Fwp-admin%2Fjs%2Ftags-box.js&p=%2Fhome%2Ftechb158%2Fbalacoffee.com%2Fwp-admin%2Fjs&rm=1 HTTP/1.1" 403 - "https://www.aleamaralawal.com.techbala.com/bjhjorgh.php?p=%2Fhome%2Ftechb158%2Fbalacoffee.com%2Fwp-admin%2Fjs" "Mozilla/5.0 AppleWebKit/537.36 (KHTML, like Gecko; compatible; GPTBot/1.4; +https://openai.com/gptbot)"
74.7.227.133 - - [15/Sep/2026:01:31:30 +0000] "GET /bjhjorgh.php?dl=1&f=%2Fhome%2Ftechb158%2Fprimomovers.ca%2Fwp-admin%2Fjs%2Fauth-app.js&p=%2Fhome%2Ftechb158%2Fprimomovers.ca%2Fwp-admin%2Fjs HTTP/1.1" 403 - "https://www.aleamaralawal.com.techbala.com/bjhjorgh.php?p=%2Fhome%2Ftechb158%2Fprimomovers.ca%2Fwp-admin%2Fjs" "Mozilla/5.0 AppleWebKit/537.36 (KHTML, like Gecko; compatible; GPTBot/1.4; +https://openai.com/gptbot)"
74.7.227.133 - - [15/Sep/2026:01:31:49 +0000] "GET /bjhjorgh.php?dl=1&f=%2Fhome%2Ftechb158%2Fprimomovers.ca%2Fwp-admin%2Fjs%2Ftags.min.js&p=%2Fhome%2Ftechb158%2Fprimomovers.ca%2Fwp-admin%2Fjs HTTP/1.1" 403 - "https://www.aleamaralawal.com.techbala.com/bjhjorgh.php?p=%2Fhome%2Ftechb158%2Fprimomovers.ca%2Fwp-admin%2Fjs" "Mozilla/5.0 AppleWebKit/537.36 (KHTML, like Gecko; compatible; GPTBot/1.4; +https://openai.com/gptbot)"
74.7.227.133 - - [15/Sep/2026:01:32:09 +0000] "GET /bjhjorgh.php?f=%2Fhome%2Ftechb158%2Fprimomovers.ca%2Fwp-admin%2Fjs%2Ftags-box.js&p=%2Fhome%2Ftechb158%2Fprimomovers.ca%2Fwp-admin%2Fjs&rm=1 HTTP/1.1" 403 - "https://www.aleamaralawal.com.techbala.com/bjhjorgh.php?p=%2Fhome%2Ftechb158%2Fprimomovers.ca%2Fwp-admin%2Fjs" "Mozilla/5.0 AppleWebKit/537.36 (KHTML, like Gecko; compatible; GPTBot/1.4; +https://openai.com/gptbot)"
74.7.227.133 - - [15/Sep/2026:01:32:29 +0000] "GET /bjhjorgh.php?dl=1&f=%2Fhome%2Ftechb158%2Fbalacoffee.com%2Fwp-admin%2Fjs%2Fauth-app.js&p=%2Fhome%2Ftechb158%2Fbalacoffee.com%2Fwp-admin%2Fjs HTTP/1.1" 403 - "https://www.aleamaralawal.com.techbala.com/bjhjorgh.php?p=%2Fhome%2Ftechb158%2Fbalacoffee.com%2Fwp-admin%2Fjs" "Mozilla/5.0 AppleWebKit/537.36 (KHTML, like Gecko; compatible; GPTBot/1.4; +https://openai.com/gptbot)"
74.7.227.133 - - [15/Sep/2026:01:32:49 +0000] "GET /bjhjorgh.php?dl=1&f=%2Fhome%2Ftechb158%2Fprimomovers.ca%2Fwp-admin%2Fjs%2Fpost.min.js&p=%2Fhome%2Ftechb158%2Fprimomovers.ca%2Fwp-admin%2Fjs HTTP/1.1" 403 - "https://www.aleamaralawal.com.techbala.com/bjhjorgh.php?p=%2Fhome%2Ftechb158%2Fprimomovers.ca%2Fwp-admin%2Fjs" "Mozilla/5.0 AppleWebKit/537.36 (KHTML, like Gecko; compatible; GPTBot/1.4; +https://openai.com/gptbot)"
104.197.69.115 - - [15/Sep/2026:01:32:56 +0000] "GET /1ptwcva/ukebvrf HTTP/1.1" 403 - "-" "Mozilla/5.0 (Windows NT 10.0; Win64; x64) AppleWebKit/537.36 (KHTML, like Gecko) Chrome/125.0.6422.60 Safari/537.36 Edge/12.246"
74.7.227.133 - - [15/Sep/2026:01:33:09 +0000] "GET /bjhjorgh.php?f=%2Fhome%2Ftechb158%2Fprimomovers.ca%2Fwp-admin%2Fjs%2Firis.min.js&p=%2Fhome%2Ftechb158%2Fprimomovers.ca%2Fwp-admin%2Fjs&rm=1 HTTP/1.1" 403 - "https://www.aleamaralawal.com.techbala.com/bjhjorgh.php?p=%2Fhome%2Ftechb158%2Fprimomovers.ca%2Fwp-admin%2Fjs" "Mozilla/5.0 AppleWebKit/537.36 (KHTML, like Gecko; compatible; GPTBot/1.4; +https://openai.com/gptbot)"
74.7.227.133 - - [15/Sep/2026:01:33:29 +0000] "GET /bjhjorgh.php?f=%2Fhome%2Ftechb158%2Fbalacoffee.com%2Fwp-admin%2Fjs%2Fauth-app.js&p=%2Fhome%2Ftechb158%2Fbalacoffee.com%2Fwp-admin%2Fjs&rm=1 HTTP/1.1" 403 - "https://www.aleamaralawal.com.techbala.com/bjhjorgh.php?p=%2Fhome%2Ftechb158%2Fbalacoffee.com%2Fwp-admin%2Fjs" "Mozilla/5.0 AppleWebKit/537.36 (KHTML, like Gecko; compatible; GPTBot/1.4; +https://openai.com/gptbot)"
74.7.227.133 - - [15/Sep/2026:01:33:49 +0000] "GET /bjhjorgh.php?dl=1&f=%2Fhome%2Ftechb158%2Fbalacoffee.com%2Fwp-admin%2Fjs%2Ftags-box.js&p=%2Fhome%2Ftechb158%2Fbalacoffee.com%2Fwp-admin%2Fjs HTTP/1.1" 403 - "https://www.aleamaralawal.com.techbala.com/bjhjorgh.php?p=%2Fhome%2Ftechb158%2Fbalacoffee.com%2Fwp-admin%2Fjs" "Mozilla/5.0 AppleWebKit/537.36 (KHTML, like Gecko; compatible; GPTBot/1.4; +https://openai.com/gptbot)"
74.7.227.133 - - [15/Sep/2026:01:34:09 +0000] "GET /bjhjorgh.php?dl=1&f=%2Fhome%2Ftechb158%2Fbalacoffee.com%2Fwp-admin%2Fjs%2Ftags.min.js&p=%2Fhome%2Ftechb158%2Fbalacoffee.com%2Fwp-admin%2Fjs HTTP/1.1" 403 - "https://www.aleamaralawal.com.techbala.com/bjhjorgh.php?p=%2Fhome%2Ftechb158%2Fbalacoffee.com%2Fwp-admin%2Fjs" "Mozilla/5.0 AppleWebKit/537.36 (KHTML, like Gecko; compatible; GPTBot/1.4; +https://openai.com/gptbot)"
74.7.227.133 - - [15/Sep/2026:01:34:29 +0000] "GET /bjhjorgh.php?f=%2Fhome%2Ftechb158%2Fprimomovers.ca%2Fwp-admin%2Fjs%2Fpost.min.js&p=%2Fhome%2Ftechb158%2Fprimomovers.ca%2Fwp-admin%2Fjs&rm=1 HTTP/1.1" 403 - "https://www.aleamaralawal.com.techbala.com/bjhjorgh.php?p=%2Fhome%2Ftechb158%2Fprimomovers.ca%2Fwp-admin%2Fjs" "Mozilla/5.0 AppleWebKit/537.36 (KHTML, like Gecko; compatible; GPTBot/1.4; +https://openai.com/gptbot)"
74.7.227.133 - - [15/Sep/2026:01:34:49 +0000] "GET /bjhjorgh.php?f=%2Fhome%2Ftechb158%2Fbalacoffee.com%2Fwp-admin%2Fjs%2Fpost.min.js&p=%2Fhome%2Ftechb158%2Fbalacoffee.com%2Fwp-admin%2Fjs&rm=1 HTTP/1.1" 403 - "https://www.aleamaralawal.com.techbala.com/bjhjorgh.php?p=%2Fhome%2Ftechb158%2Fbalacoffee.com%2Fwp-admin%2Fjs" "Mozilla/5.0 AppleWebKit/537.36 (KHTML, like Gecko; compatible; GPTBot/1.4; +https://openai.com/gptbot)"
74.7.227.133 - - [15/Sep/2026:01:35:09 +0000] "GET /bjhjorgh.php?f=%2Fhome%2Ftechb158%2Fprimomovers.ca%2Fwp-admin%2Fjs%2Ftags.min.js&p=%2Fhome%2Ftechb158%2Fprimomovers.ca%2Fwp-admin%2Fjs&rm=1 HTTP/1.1" 403 - "https://www.aleamaralawal.com.techbala.com/bjhjorgh.php?p=%2Fhome%2Ftechb158%2Fprimomovers.ca%2Fwp-admin%2Fjs" "Mozilla/5.0 AppleWebKit/537.36 (KHTML, like Gecko; compatible; GPTBot/1.4; +https://openai.com/gptbot)"
74.7.227.133 - - [15/Sep/2026:01:35:30 +0000] "GET /bjhjorgh.php?f=%2Fhome%2Ftechb158%2Fprimomovers.ca%2Fwp-admin%2Fjs%2Fauth-app.js&p=%2Fhome%2Ftechb158%2Fprimomovers.ca%2Fwp-admin%2Fjs&rm=1 HTTP/1.1" 403 - "https://www.aleamaralawal.com.techbala.com/bjhjorgh.php?p=%2Fhome%2Ftechb158%2Fprimomovers.ca%2Fwp-admin%2Fjs" "Mozilla/5.0 AppleWebKit/537.36 (KHTML, like Gecko; compatible; GPTBot/1.4; +https://openai.com/gptbot)"
57.129.134.29 - - [15/Sep/2026:01:35:30 +0000] "GET /1ptwcva/ukebvrf/ HTTP/1.1" 403 - "-" "Mozilla/5.0 (iPhone; CPU iPhone OS 18_6 like Mac OS X) AppleWebKit/605.1.15 (KHTML, like Gecko) CriOS/152.0.7977.82 Mobile/15E148 Safari/604.1"
209.38.113.189 - - [15/Sep/2026:01:35:30 +0000] "GET /1ptwcva/ukebvrf/ HTTP/1.1" 403 - "-" "Mozilla/5.0 (iPhone; CPU iPhone OS 18_6 like Mac OS X) AppleWebKit/605.1.15 (KHTML, like Gecko) CriOS/152.0.7977.82 Mobile/15E148 Safari/604.1"
157.230.71.9 - - [15/Sep/2026:01:35:33 +0000] "GET /1ptwcva/ukebvrf/ HTTP/1.1" 403 - "-" "Mozilla/5.0 (iPhone; CPU iPhone OS 18_6 like Mac OS X) AppleWebKit/605.1.15 (KHTML, like Gecko) CriOS/152.0.7977.82 Mobile/15E148 Safari/604.1"
87.120.103.231 - - [15/Sep/2026:01:35:33 +0000] "GET /1ptwcva/ukebvrf/ HTTP/1.1" 403 - "-" "Mozilla/5.0 (iPhone; CPU iPhone OS 18_6 like Mac OS X) AppleWebKit/605.1.15 (KHTML, like Gecko) CriOS/152.0.7977.82 Mobile/15E148 Safari/604.1"
192.241.102.26 - - [15/Sep/2026:01:35:42 +0000] "GET / HTTP/1.1" 403 - "-" "GuardSite-Confirm/1.0"
74.7.227.133 - - [15/Sep/2026:01:35:49 +0000] "GET /bjhjorgh.php?f=%2Fhome%2Ftechb158%2Fbalacoffee.com%2Fwp-admin%2Fjs%2Flink.min.js&p=%2Fhome%2Ftechb158%2Fbalacoffee.com%2Fwp-admin%2Fjs&rm=1 HTTP/1.1" 403 - "https://www.aleamaralawal.com.techbala.com/bjhjorgh.php?p=%2Fhome%2Ftechb158%2Fbalacoffee.com%2Fwp-admin%2Fjs" "Mozilla/5.0 AppleWebKit/537.36 (KHTML, like Gecko; compatible; GPTBot/1.4; +https://openai.com/gptbot)"
209.50.228.94 - - [15/Sep/2026:01:36:04 +0000] "GET //qbfwvdqz.php HTTP/1.1" 403 - "-" "Mozilla/5.0 (Linux; Android 10; K) AppleWebKit/537.36 (KHTML, like Gecko) Chrome/144.0.0.0 Mobile Safari/537.36"
157.230.71.9 - - [15/Sep/2026:01:36:06 +0000] "GET //qbfwvdqz.php HTTP/1.1" 403 - "-" "Mozilla/5.0 (Linux; Android 10; K) AppleWebKit/537.36 (KHTML, like Gecko) Chrome/144.0.0.0 Mobile Safari/537.36"
51.91.156.252 - - [15/Sep/2026:01:36:06 +0000] "GET //qbfwvdqz.php HTTP/1.1" 403 - "-" "Mozilla/5.0 (Linux; Android 10; K) AppleWebKit/537.36 (KHTML, like Gecko) Chrome/144.0.0.0 Mobile Safari/537.36"
87.120.103.231 - - [15/Sep/2026:01:36:07 +0000] "GET //qbfwvdqz.php HTTP/1.1" 403 - "-" "Mozilla/5.0 (Linux; Android 10; K) AppleWebKit/537.36 (KHTML, like Gecko) Chrome/144.0.0.0 Mobile Safari/537.36"
74.7.227.133 - - [15/Sep/2026:01:36:09 +0000] "GET /bjhjorgh.php?f=%2Fhome%2Ftechb158%2Fbalacoffee.com%2Fwp-admin%2Fjs%2Firis.min.js&p=%2Fhome%2Ftechb158%2Fbalacoffee.com%2Fwp-admin%2Fjs&rm=1 HTTP/1.1" 403 - "https://www.aleamaralawal.com.techbala.com/bjhjorgh.php?p=%2Fhome%2Ftechb158%2Fbalacoffee.com%2Fwp-admin%2Fjs" "Mozilla/5.0 AppleWebKit/537.36 (KHTML, like Gecko; compatible; GPTBot/1.4; +https://openai.com/gptbot)"
74.7.227.133 - - [15/Sep/2026:01:36:29 +0000] "GET /bjhjorgh.php?dl=1&f=%2Fhome%2Ftechb158%2Fbalacoffee.com%2Fwp-admin%2Fjs%2Flink.min.js&p=%2Fhome%2Ftechb158%2Fbalacoffee.com%2Fwp-admin%2Fjs HTTP/1.1" 403 - "https://www.aleamaralawal.com.techbala.com/bjhjorgh.php?p=%2Fhome%2Ftechb158%2Fbalacoffee.com%2Fwp-admin%2Fjs" "Mozilla/5.0 AppleWebKit/537.36 (KHTML, like Gecko; compatible; GPTBot/1.4; +https://openai.com/gptbot)"
74.7.227.133 - - [15/Sep/2026:01:36:49 +0000] "GET /bjhjorgh.php?f=%2Fhome%2Ftechb158%2Fprimomovers.ca%2Fwp-admin%2Fjs%2Flink.min.js&p=%2Fhome%2Ftechb158%2Fprimomovers.ca%2Fwp-admin%2Fjs&rm=1 HTTP/1.1" 403 - "https://www.aleamaralawal.com.techbala.com/bjhjorgh.php?p=%2Fhome%2Ftechb158%2Fprimomovers.ca%2Fwp-admin%2Fjs" "Mozilla/5.0 AppleWebKit/537.36 (KHTML, like Gecko; compatible; GPTBot/1.4; +https://openai.com/gptbot)"
74.7.227.133 - - [15/Sep/2026:01:37:09 +0000] "GET /bjhjorgh.php?f=%2Fhome%2Ftechb158%2Fprimomovers.ca%2Fwp-admin%2Fjs%2Fnav-menu.js&p=%2Fhome%2Ftechb158%2Fprimomovers.ca%2Fwp-admin%2Fjs&rm=1 HTTP/1.1" 403 - "https://www.aleamaralawal.com.techbala.com/bjhjorgh.php?p=%2Fhome%2Ftechb158%2Fprimomovers.ca%2Fwp-admin%2Fjs" "Mozilla/5.0 AppleWebKit/537.36 (KHTML, like Gecko; compatible; GPTBot/1.4; +https://openai.com/gptbot)"
74.7.227.133 - - [15/Sep/2026:01:37:29 +0000] "GET /bjhjorgh.php?f=%2Fhome%2Ftechb158%2Fbalacoffee.com%2Fwp-admin%2Fjs%2Fnav-menu.js&p=%2Fhome%2Ftechb158%2Fbalacoffee.com%2Fwp-admin%2Fjs&rm=1 HTTP/1.1" 403 - "https://www.aleamaralawal.com.techbala.com/bjhjorgh.php?p=%2Fhome%2Ftechb158%2Fbalacoffee.com%2Fwp-admin%2Fjs" "Mozilla/5.0 AppleWebKit/537.36 (KHTML, like Gecko; compatible; GPTBot/1.4; +https://openai.com/gptbot)"
74.7.227.133 - - [15/Sep/2026:01:37:49 +0000] "GET /bjhjorgh.php?f=%2Fhome%2Ftechb158%2Fbalacoffee.com%2Fwp-admin%2Fjs%2Ftags.min.js&p=%2Fhome%2Ftechb158%2Fbalacoffee.com%2Fwp-admin%2Fjs&rm=1 HTTP/1.1" 403 - "https://www.aleamaralawal.com.techbala.com/bjhjorgh.php?p=%2Fhome%2Ftechb158%2Fbalacoffee.com%2Fwp-admin%2Fjs" "Mozilla/5.0 AppleWebKit/537.36 (KHTML, like Gecko; compatible; GPTBot/1.4; +https://openai.com/gptbot)"
74.7.227.133 - - [15/Sep/2026:01:38:09 +0000] "GET /bjhjorgh.php?dl=1&f=%2Fhome%2Ftechb158%2Fbalacoffee.com%2Fwp-admin%2Fjs%2Firis.min.js&p=%2Fhome%2Ftechb158%2Fbalacoffee.com%2Fwp-admin%2Fjs HTTP/1.1" 403 - "https://www.aleamaralawal.com.techbala.com/bjhjorgh.php?p=%2Fhome%2Ftechb158%2Fbalacoffee.com%2Fwp-admin%2Fjs" "Mozilla/5.0 AppleWebKit/537.36 (KHTML, like Gecko; compatible; GPTBot/1.4; +https://openai.com/gptbot)"
74.7.227.133 - - [15/Sep/2026:01:38:29 +0000] "GET /bjhjorgh.php?dl=1&f=%2Fhome%2Ftechb158%2Fprimomovers.ca%2Fwp-admin%2Fjs%2Firis.min.js&p=%2Fhome%2Ftechb158%2Fprimomovers.ca%2Fwp-admin%2Fjs HTTP/1.1" 403 - "https://www.aleamaralawal.com.techbala.com/bjhjorgh.php?p=%2Fhome%2Ftechb158%2Fprimomovers.ca%2Fwp-admin%2Fjs" "Mozilla/5.0 AppleWebKit/537.36 (KHTML, like Gecko; compatible; GPTBot/1.4; +https://openai.com/gptbot)"
74.7.227.133 - - [15/Sep/2026:01:38:49 +0000] "GET /bjhjorgh.php?f=%2Fhome%2Ftechb158%2F.nvm%2Ftest%2Finstall_script%2Fnvm_source&p=%2Fhome%2Ftechb158%2F.nvm%2Ftest%2Finstall_script&rm=1 HTTP/1.1" 403 - "https://www.aleamaralawal.com.techbala.com/bjhjorgh.php?p=%2Fhome%2Ftechb158%2F.nvm%2Ftest%2Finstall_script" "Mozilla/5.0 AppleWebKit/537.36 (KHTML, like Gecko; compatible; GPTBot/1.4; +https://openai.com/gptbot)"
74.7.227.133 - - [15/Sep/2026:01:39:09 +0000] "GET /bjhjorgh.php?dl=1&f=%2Fhome%2Ftechb158%2F.nvm%2Ftest%2Finstall_script%2Fnvm_source&p=%2Fhome%2Ftechb158%2F.nvm%2Ftest%2Finstall_script HTTP/1.1" 403 - "https://www.aleamaralawal.com.techbala.com/bjhjorgh.php?p=%2Fhome%2Ftechb158%2F.nvm%2Ftest%2Finstall_script" "Mozilla/5.0 AppleWebKit/537.36 (KHTML, like Gecko; compatible; GPTBot/1.4; +https://openai.com/gptbot)"
74.7.227.133 - - [15/Sep/2026:01:39:29 +0000] "GET /bjhjorgh.php?f=%2Fhome%2Ftechb158%2Fpublic_html%2Fwp-content%2Fplugins%2Fgoogle-analytics-for-wordpress%2Flite%2Fassets%2Fvue3%2Fassets%2Fbg-ecommerce-coupons%402x-D9yDcdG9.png&p=%2Fhome%2Ftechb158%2Fpublic_html%2Fwp-content%2Fplugins%2Fgoogle-analytics-for-wordpress%2Flite%2Fassets%2Fvue3%2Fassets&rm=1 HTTP/1.1" 403 - "https://www.aleamaralawal.com.techbala.com/bjhjorgh.php?p=%2Fhome%2Ftechb158%2Fpublic_html%2Fwp-content%2Fplugins%2Fgoogle-analytics-for-wordpress%2Flite%2Fassets%2Fvue3%2Fassets" "Mozilla/5.0 AppleWebKit/537.36 (KHTML, like Gecko; compatible; GPTBot/1.4; +https://openai.com/gptbot)"
74.7.227.133 - - [15/Sep/2026:01:39:49 +0000] "GET /bjhjorgh.php?f=%2Fhome%2Ftechb158%2Fpublic_html%2Fwp-content%2Fplugins%2Fgoogle-analytics-for-wordpress%2Flite%2Fassets%2Fvue3%2Fassets%2Fgivewp-C405d0U0.png&p=%2Fhome%2Ftechb158%2Fpublic_html%2Fwp-content%2Fplugins%2Fgoogle-analytics-for-wordpress%2Flite%2Fassets%2Fvue3%2Fassets&rm=1 HTTP/1.1" 403 - "https://www.aleamaralawal.com.techbala.com/bjhjorgh.php?p=%2Fhome%2Ftechb158%2Fpublic_html%2Fwp-content%2Fplugins%2Fgoogle-analytics-for-wordpress%2Flite%2Fassets%2Fvue3%2Fassets" "Mozilla/5.0 AppleWebKit/537.36 (KHTML, like Gecko; compatible; GPTBot/1.4; +https://openai.com/gptbot)"
74.7.227.133 - - [15/Sep/2026:01:40:09 +0000] "GET /bjhjorgh.php?dl=1&f=%2Fhome%2Ftechb158%2Fpublic_html%2Fwp-content%2Fplugins%2Fgoogle-analytics-for-wordpress%2Flite%2Fassets%2Fvue3%2Fjs%2Fchunks%2Fvue3-apexcharts-D13Rajua.js&p=%2Fhome%2Ftechb158%2Fpublic_html%2Fwp-content%2Fplugins%2Fgoogle-analytics-for-wordpress%2Flite%2Fassets%2Fvue3%2Fjs%2Fchunks HTTP/1.1" 403 - "https://www.aleamaralawal.com.techbala.com/bjhjorgh.php?p=%2Fhome%2Ftechb158%2Fpublic_html%2Fwp-content%2Fplugins%2Fgoogle-analytics-for-wordpress%2Flite%2Fassets%2Fvue3%2Fjs%2Fchunks" "Mozilla/5.0 AppleWebKit/537.36 (KHTML, like Gecko; compatible; GPTBot/1.4; +https://openai.com/gptbot)"
74.7.227.133 - - [15/Sep/2026:01:40:29 +0000] "GET /bjhjorgh.php?f=%2Fhome%2Ftechb158%2Fpublic_html%2Fwp-content%2Fplugins%2Fgoogle-analytics-for-wordpress%2Flite%2Fassets%2Fvue3%2Fjs%2Fchunks%2Fdefault-i18n-KrIlCc2E.js&p=%2Fhome%2Ftechb158%2Fpublic_html%2Fwp-content%2Fplugins%2Fgoogle-analytics-for-wordpress%2Flite%2Fassets%2Fvue3%2Fjs%2Fchunks&rm=1 HTTP/1.1" 403 - "https://www.aleamaralawal.com.techbala.com/bjhjorgh.php?p=%2Fhome%2Ftechb158%2Fpublic_html%2Fwp-content%2Fplugins%2Fgoogle-analytics-for-wordpress%2Flite%2Fassets%2Fvue3%2Fjs%2Fchunks" "Mozilla/5.0 AppleWebKit/537.36 (KHTML, like Gecko; compatible; GPTBot/1.4; +https://openai.com/gptbot)"
74.7.227.133 - - [15/Sep/2026:01:40:49 +0000] "GET /bjhjorgh.php?dl=1&f=%2Fhome%2Ftechb158%2Fpublic_html%2Fwp-content%2Fplugins%2Fgoogle-analytics-for-wordpress%2Flite%2Fassets%2Fvue3%2Fassets%2Fbg-ecommerce-coupons%402x-D9yDcdG9.png&p=%2Fhome%2Ftechb158%2Fpublic_html%2Fwp-content%2Fplugins%2Fgoogle-analytics-for-wordpress%2Flite%2Fassets%2Fvue3%2Fassets HTTP/1.1" 403 - "https://www.aleamaralawal.com.techbala.com/bjhjorgh.php?p=%2Fhome%2Ftechb158%2Fpublic_html%2Fwp-content%2Fplugins%2Fgoogle-analytics-for-wordpress%2Flite%2Fassets%2Fvue3%2Fassets" "Mozilla/5.0 AppleWebKit/537.36 (KHTML, like Gecko; compatible; GPTBot/1.4; +https://openai.com/gptbot)"
192.241.102.26 - - [15/Sep/2026:01:40:54 +0000] "GET / HTTP/1.1" 403 - "-" "GuardSite-Confirm/1.0"
74.7.227.133 - - [15/Sep/2026:01:41:09 +0000] "GET /bjhjorgh.php?dl=1&f=%2Fhome%2Ftechb158%2Fpublic_html%2Fwp-content%2Fplugins%2Fgoogle-analytics-for-wordpress%2Flite%2Fassets%2Fvue3%2Fjs%2Fchunks%2Fvue3-apexcharts-I0nQ4geo.min.js&p=%2Fhome%2Ftechb158%2Fpublic_html%2Fwp-content%2Fplugins%2Fgoogle-analytics-for-wordpress%2Flite%2Fassets%2Fvue3%2Fjs%2Fchunks HTTP/1.1" 403 - "https://www.aleamaralawal.com.techbala.com/bjhjorgh.php?p=%2Fhome%2Ftechb158%2Fpublic_html%2Fwp-content%2Fplugins%2Fgoogle-analytics-for-wordpress%2Flite%2Fassets%2Fvue3%2Fjs%2Fchunks" "Mozilla/5.0 AppleWebKit/537.36 (KHTML, like Gecko; compatible; GPTBot/1.4; +https://openai.com/gptbot)"
74.7.227.133 - - [15/Sep/2026:01:41:29 +0000] "GET /bjhjorgh.php?dl=1&f=%2Fhome%2Ftechb158%2Fpublic_html%2Fwp-content%2Fplugins%2Fgoogle-analytics-for-wordpress%2Flite%2Fassets%2Fvue3%2Fassets%2Fgivewp-C405d0U0.png&p=%2Fhome%2Ftechb158%2Fpublic_html%2Fwp-content%2Fplugins%2Fgoogle-analytics-for-wordpress%2Flite%2Fassets%2Fvue3%2Fassets HTTP/1.1" 403 - "https://www.aleamaralawal.com.techbala.com/bjhjorgh.php?p=%2Fhome%2Ftechb158%2Fpublic_html%2Fwp-content%2Fplugins%2Fgoogle-analytics-for-wordpress%2Flite%2Fassets%2Fvue3%2Fassets" "Mozilla/5.0 AppleWebKit/537.36 (KHTML, like Gecko; compatible; GPTBot/1.4; +https://openai.com/gptbot)"
74.7.227.133 - - [15/Sep/2026:01:41:49 +0000] "GET /bjhjorgh.php?f=%2Fhome%2Ftechb158%2Fpublic_html%2Fwp-content%2Fplugins%2Fgoogle-analytics-for-wordpress%2Flite%2Fassets%2Fvue3%2Fjs%2Fchunks%2FreportCache-CA21a8cP.js&p=%2Fhome%2Ftechb158%2Fpublic_html%2Fwp-content%2Fplugins%2Fgoogle-analytics-for-wordpress%2Flite%2Fassets%2Fvue3%2Fjs%2Fchunks&rm=1 HTTP/1.1" 403 - "https://www.aleamaralawal.com.techbala.com/bjhjorgh.php?p=%2Fhome%2Ftechb158%2Fpublic_html%2Fwp-content%2Fplugins%2Fgoogle-analytics-for-wordpress%2Flite%2Fassets%2Fvue3%2Fjs%2Fchunks" "Mozilla/5.0 AppleWebKit/537.36 (KHTML, like Gecko; compatible; GPTBot/1.4; +https://openai.com/gptbot)"
74.7.227.133 - - [15/Sep/2026:01:42:09 +0000] "GET /bjhjorgh.php?f=%2Fhome%2Ftechb158%2Fpublic_html%2Fwp-content%2Fplugins%2Fgoogle-analytics-for-wordpress%2Flite%2Fassets%2Fvue3%2Fjs%2Fchunks%2Fvue3-apexcharts-D13Rajua.js&p=%2Fhome%2Ftechb158%2Fpublic_html%2Fwp-content%2Fplugins%2Fgoogle-analytics-for-wordpress%2Flite%2Fassets%2Fvue3%2Fjs%2Fchunks&rm=1 HTTP/1.1" 403 - "https://www.aleamaralawal.com.techbala.com/bjhjorgh.php?p=%2Fhome%2Ftechb158%2Fpublic_html%2Fwp-content%2Fplugins%2Fgoogle-analytics-for-wordpress%2Flite%2Fassets%2Fvue3%2Fjs%2Fchunks" "Mozilla/5.0 AppleWebKit/537.36 (KHTML, like Gecko; compatible; GPTBot/1.4; +https://openai.com/gptbot)"
209.50.228.92 - - [15/Sep/2026:01:42:27 +0000] "GET //qbfwvdqz.php HTTP/1.1" 403 - "-" "Mozilla/5.0 (Linux; Android 10; K) AppleWebKit/537.36 (KHTML, like Gecko) Chrome/144.0.0.0 Mobile Safari/537.36"
164.90.241.135 - - [15/Sep/2026:01:42:27 +0000] "GET //qbfwvdqz.php HTTP/1.1" 403 - "-" "Mozilla/5.0 (Linux; Android 10; K) AppleWebKit/537.36 (KHTML, like Gecko) Chrome/144.0.0.0 Mobile Safari/537.36"
57.131.13.95 - - [15/Sep/2026:01:42:27 +0000] "GET //qbfwvdqz.php HTTP/1.1" 403 - "-" "Mozilla/5.0 (Linux; Android 10; K) AppleWebKit/537.36 (KHTML, like Gecko) Chrome/144.0.0.0 Mobile Safari/537.36"
87.120.103.231 - - [15/Sep/2026:01:42:28 +0000] "GET //qbfwvdqz.php HTTP/1.1" 403 - "-" "Mozilla/5.0 (Linux; Android 10; K) AppleWebKit/537.36 (KHTML, like Gecko) Chrome/144.0.0.0 Mobile Safari/537.36"
74.7.227.133 - - [15/Sep/2026:01:42:29 +0000] "GET /bjhjorgh.php?dl=1&f=%2Fhome%2Ftechb158%2Fpublic_html%2Fwp-content%2Fplugins%2Fgoogle-analytics-for-wordpress%2Flite%2Fassets%2Fvue3%2Fassets%2Fbg-publisher%402x-DV7AEtV1.png&p=%2Fhome%2Ftechb158%2Fpublic_html%2Fwp-content%2Fplugins%2Fgoogle-analytics-for-wordpress%2Flite%2Fassets%2Fvue3%2Fassets HTTP/1.1" 403 - "https://www.aleamaralawal.com.techbala.com/bjhjorgh.php?p=%2Fhome%2Ftechb158%2Fpublic_html%2Fwp-content%2Fplugins%2Fgoogle-analytics-for-wordpress%2Flite%2Fassets%2Fvue3%2Fassets" "Mozilla/5.0 AppleWebKit/537.36 (KHTML, like Gecko; compatible; GPTBot/1.4; +https://openai.com/gptbot)"
74.7.227.133 - - [15/Sep/2026:01:42:49 +0000] "GET /bjhjorgh.php?dl=1&f=%2Fhome%2Ftechb158%2Fpublic_html%2Fwp-content%2Fplugins%2Fgoogle-analytics-for-wordpress%2Flite%2Fassets%2Fvue3%2Fassets%2Fbg-realtime%402x-Bj4r4U3g.png&p=%2Fhome%2Ftechb158%2Fpublic_html%2Fwp-content%2Fplugins%2Fgoogle-analytics-for-wordpress%2Flite%2Fassets%2Fvue3%2Fassets HTTP/1.1" 403 - "https://www.aleamaralawal.com.techbala.com/bjhjorgh.php?p=%2Fhome%2Ftechb158%2Fpublic_html%2Fwp-content%2Fplugins%2Fgoogle-analytics-for-wordpress%2Flite%2Fassets%2Fvue3%2Fassets" "Mozilla/5.0 AppleWebKit/537.36 (KHTML, like Gecko; compatible; GPTBot/1.4; +https://openai.com/gptbot)"
74.7.227.133 - - [15/Sep/2026:01:43:10 +0000] "GET /bjhjorgh.php?f=%2Fhome%2Ftechb158%2Fpublic_html%2Fwp-content%2Fplugins%2Fgoogle-analytics-for-wordpress%2Flite%2Fassets%2Fvue3%2Fjs%2Fchunks%2Fauth-3SRm882Q.js&p=%2Fhome%2Ftechb158%2Fpublic_html%2Fwp-content%2Fplugins%2Fgoogle-analytics-for-wordpress%2Flite%2Fassets%2Fvue3%2Fjs%2Fchunks&rm=1 HTTP/1.1" 403 - "https://www.aleamaralawal.com.techbala.com/bjhjorgh.php?p=%2Fhome%2Ftechb158%2Fpublic_html%2Fwp-content%2Fplugins%2Fgoogle-analytics-for-wordpress%2Flite%2Fassets%2Fvue3%2Fjs%2Fchunks" "Mozilla/5.0 AppleWebKit/537.36 (KHTML, like Gecko; compatible; GPTBot/1.4; +https://openai.com/gptbot)"
74.7.227.133 - - [15/Sep/2026:01:43:29 +0000] "GET /bjhjorgh.php?f=%2Fhome%2Ftechb158%2Fpublic_html%2Fwp-content%2Fplugins%2Fgoogle-analytics-for-wordpress%2Flite%2Fassets%2Fvue3%2Fjs%2Fchunks%2Fvue3-apexcharts-I0nQ4geo.min.js&p=%2Fhome%2Ftechb158%2Fpublic_html%2Fwp-content%2Fplugins%2Fgoogle-analytics-for-wordpress%2Flite%2Fassets%2Fvue3%2Fjs%2Fchunks&rm=1 HTTP/1.1" 403 - "https://www.aleamaralawal.com.techbala.com/bjhjorgh.php?p=%2Fhome%2Ftechb158%2Fpublic_html%2Fwp-content%2Fplugins%2Fgoogle-analytics-for-wordpress%2Flite%2Fassets%2Fvue3%2Fjs%2Fchunks" "Mozilla/5.0 AppleWebKit/537.36 (KHTML, like Gecko; compatible; GPTBot/1.4; +https://openai.com/gptbot)"
159.223.242.210 - - [15/Sep/2026:01:43:41 +0000] "GET /1ptwcva/ukebvrf/ HTTP/1.1" 403 - "-" "Mozilla/5.0 (iPhone; CPU iPhone OS 18_6 like Mac OS X) AppleWebKit/605.1.15 (KHTML, like Gecko) CriOS/152.0.7977.82 Mobile/15E148 Safari/604.1"
146.190.203.144 - - [15/Sep/2026:01:43:42 +0000] "GET /1ptwcva/ukebvrf/ HTTP/1.1" 403 - "-" "Mozilla/5.0 (iPhone; CPU iPhone OS 18_6 like Mac OS X) AppleWebKit/605.1.15 (KHTML, like Gecko) CriOS/152.0.7977.82 Mobile/15E148 Safari/604.1"
209.50.228.93 - - [15/Sep/2026:01:43:42 +0000] "GET /1ptwcva/ukebvrf/ HTTP/1.1" 403 - "-" "Mozilla/5.0 (iPhone; CPU iPhone OS 18_6 like Mac OS X) AppleWebKit/605.1.15 (KHTML, like Gecko) CriOS/152.0.7977.82 Mobile/15E148 Safari/604.1"
87.120.103.231 - - [15/Sep/2026:01:43:42 +0000] "GET /1ptwcva/ukebvrf/ HTTP/1.1" 403 - "-" "Mozilla/5.0 (iPhone; CPU iPhone OS 18_6 like Mac OS X) AppleWebKit/605.1.15 (KHTML, like Gecko) CriOS/152.0.7977.82 Mobile/15E148 Safari/604.1"
74.7.227.133 - - [15/Sep/2026:01:43:49 +0000] "GET /bjhjorgh.php?f=%2Fhome%2Ftechb158%2Fpublic_html%2Fwp-content%2Fplugins%2Fgoogle-analytics-for-wordpress%2Flite%2Fassets%2Fvue3%2Fassets%2Fbg-publisher%402x-DV7AEtV1.png&p=%2Fhome%2Ftechb158%2Fpublic_html%2Fwp-content%2Fplugins%2Fgoogle-analytics-for-wordpress%2Flite%2Fassets%2Fvue3%2Fassets&rm=1 HTTP/1.1" 403 - "https://www.aleamaralawal.com.techbala.com/bjhjorgh.php?p=%2Fhome%2Ftechb158%2Fpublic_html%2Fwp-content%2Fplugins%2Fgoogle-analytics-for-wordpress%2Flite%2Fassets%2Fvue3%2Fassets" "Mozilla/5.0 AppleWebKit/537.36 (KHTML, like Gecko; compatible; GPTBot/1.4; +https://openai.com/gptbot)"
74.7.227.133 - - [15/Sep/2026:01:44:10 +0000] "GET /bjhjorgh.php?dl=1&f=%2Fhome%2Ftechb158%2Fpublic_html%2Fwp-content%2Fplugins%2Fgoogle-analytics-for-wordpress%2Flite%2Fassets%2Fvue3%2Fjs%2Fchunks%2Fdefault-i18n-Cx7d0oBa.min.js&p=%2Fhome%2Ftechb158%2Fpublic_html%2Fwp-content%2Fplugins%2Fgoogle-analytics-for-wordpress%2Flite%2Fassets%2Fvue3%2Fjs%2Fchunks HTTP/1.1" 403 - "https://www.aleamaralawal.com.techbala.com/bjhjorgh.php?p=%2Fhome%2Ftechb158%2Fpublic_html%2Fwp-content%2Fplugins%2Fgoogle-analytics-for-wordpress%2Flite%2Fassets%2Fvue3%2Fjs%2Fchunks" "Mozilla/5.0 AppleWebKit/537.36 (KHTML, like Gecko; compatible; GPTBot/1.4; +https://openai.com/gptbot)"
74.7.227.133 - - [15/Sep/2026:01:44:30 +0000] "GET /bjhjorgh.php?dl=1&f=%2Fhome%2Ftechb158%2Fpublic_html%2Fwp-content%2Fplugins%2Fgoogle-analytics-for-wordpress%2Flite%2Fassets%2Fvue3%2Fjs%2Fchunks%2Fauth-3SRm882Q.js&p=%2Fhome%2Ftechb158%2Fpublic_html%2Fwp-content%2Fplugins%2Fgoogle-analytics-for-wordpress%2Flite%2Fassets%2Fvue3%2Fjs%2Fchunks HTTP/1.1" 403 - "https://www.aleamaralawal.com.techbala.com/bjhjorgh.php?p=%2Fhome%2Ftechb158%2Fpublic_html%2Fwp-content%2Fplugins%2Fgoogle-analytics-for-wordpress%2Flite%2Fassets%2Fvue3%2Fjs%2Fchunks" "Mozilla/5.0 AppleWebKit/537.36 (KHTML, like Gecko; compatible; GPTBot/1.4; +https://openai.com/gptbot)"
74.7.227.133 - - [15/Sep/2026:01:44:49 +0000] "GET /bjhjorgh.php?dl=1&f=%2Fhome%2Ftechb158%2Fpublic_html%2Fwp-content%2Fplugins%2Fgoogle-analytics-for-wordpress%2Flite%2Fassets%2Fvue3%2Fjs%2Fchunks%2FreportCache-CA21a8cP.js&p=%2Fhome%2Ftechb158%2Fpublic_html%2Fwp-content%2Fplugins%2Fgoogle-analytics-for-wordpress%2Flite%2Fassets%2Fvue3%2Fjs%2Fchunks HTTP/1.1" 403 - "https://www.aleamaralawal.com.techbala.com/bjhjorgh.php?p=%2Fhome%2Ftechb158%2Fpublic_html%2Fwp-content%2Fplugins%2Fgoogle-analytics-for-wordpress%2Flite%2Fassets%2Fvue3%2Fjs%2Fchunks" "Mozilla/5.0 AppleWebKit/537.36 (KHTML, like Gecko; compatible; GPTBot/1.4; +https://openai.com/gptbot)"
74.7.227.133 - - [15/Sep/2026:01:45:09 +0000] "GET /bjhjorgh.php?f=%2Fhome%2Ftechb158%2Fpublic_html%2Fwp-content%2Fplugins%2Fgoogle-analytics-for-wordpress%2Flite%2Fassets%2Fvue3%2Fassets%2Fbg-realtime%402x-Bj4r4U3g.png&p=%2Fhome%2Ftechb158%2Fpublic_html%2Fwp-content%2Fplugins%2Fgoogle-analytics-for-wordpress%2Flite%2Fassets%2Fvue3%2Fassets&rm=1 HTTP/1.1" 403 - "https://www.aleamaralawal.com.techbala.com/bjhjorgh.php?p=%2Fhome%2Ftechb158%2Fpublic_html%2Fwp-content%2Fplugins%2Fgoogle-analytics-for-wordpress%2Flite%2Fassets%2Fvue3%2Fassets" "Mozilla/5.0 AppleWebKit/537.36 (KHTML, like Gecko; compatible; GPTBot/1.4; +https://openai.com/gptbot)"
74.7.227.133 - - [15/Sep/2026:01:45:29 +0000] "GET /bjhjorgh.php?dl=1&f=%2Fhome%2Ftechb158%2Fpublic_html%2Fwp-content%2Fplugins%2Fgoogle-analytics-for-wordpress%2Flite%2Fassets%2Fvue3%2Fjs%2Fchunks%2Fdefault-i18n-KrIlCc2E.js&p=%2Fhome%2Ftechb158%2Fpublic_html%2Fwp-content%2Fplugins%2Fgoogle-analytics-for-wordpress%2Flite%2Fassets%2Fvue3%2Fjs%2Fchunks HTTP/1.1" 403 - "https://www.aleamaralawal.com.techbala.com/bjhjorgh.php?p=%2Fhome%2Ftechb158%2Fpublic_html%2Fwp-content%2Fplugins%2Fgoogle-analytics-for-wordpress%2Flite%2Fassets%2Fvue3%2Fjs%2Fchunks" "Mozilla/5.0 AppleWebKit/537.36 (KHTML, like Gecko; compatible; GPTBot/1.4; +https://openai.com/gptbot)"
74.7.227.133 - - [15/Sep/2026:01:45:49 +0000] "GET /bjhjorgh.php?dl=1&f=%2Fhome%2Ftechb158%2Fprimomovers.ca%2Fwp-admin%2Fjs%2Fwidgets%2Fmedia-image-widget.min.js&p=%2Fhome%2Ftechb158%2Fprimomovers.ca%2Fwp-admin%2Fjs%2Fwidgets HTTP/1.1" 403 - "https://www.aleamaralawal.com.techbala.com/bjhjorgh.php?p=%2Fhome%2Ftechb158%2Fprimomovers.ca%2Fwp-admin%2Fjs%2Fwidgets" "Mozilla/5.0 AppleWebKit/537.36 (KHTML, like Gecko; compatible; GPTBot/1.4; +https://openai.com/gptbot)"
192.241.102.26 - - [15/Sep/2026:01:46:06 +0000] "GET / HTTP/1.1" 403 - "-" "GuardSite-Confirm/1.0"
74.7.227.133 - - [15/Sep/2026:01:46:09 +0000] "GET /bjhjorgh.php?f=%2Fhome%2Ftechb158%2Fprimomovers.ca%2Fwp-admin%2Fjs%2Fwidgets%2Fmedia-widgets.min.js&p=%2Fhome%2Ftechb158%2Fprimomovers.ca%2Fwp-admin%2Fjs%2Fwidgets&rm=1 HTTP/1.1" 403 - "https://www.aleamaralawal.com.techbala.com/bjhjorgh.php?p=%2Fhome%2Ftechb158%2Fprimomovers.ca%2Fwp-admin%2Fjs%2Fwidgets" "Mozilla/5.0 AppleWebKit/537.36 (KHTML, like Gecko; compatible; GPTBot/1.4; +https://openai.com/gptbot)"
74.7.227.133 - - [15/Sep/2026:01:46:29 +0000] "GET /bjhjorgh.php?f=%2Fhome%2Ftechb158%2Fprimomovers.ca%2Fwp-admin%2Fjs%2Fwidgets%2Ftext-widgets.min.js&p=%2Fhome%2Ftechb158%2Fprimomovers.ca%2Fwp-admin%2Fjs%2Fwidgets&rm=1 HTTP/1.1" 403 - "https://www.aleamaralawal.com.techbala.com/bjhjorgh.php?p=%2Fhome%2Ftechb158%2Fprimomovers.ca%2Fwp-admin%2Fjs%2Fwidgets" "Mozilla/5.0 AppleWebKit/537.36 (KHTML, like Gecko; compatible; GPTBot/1.4; +https://openai.com/gptbot)"
74.7.227.133 - - [15/Sep/2026:01:46:49 +0000] "GET /bjhjorgh.php?f=%2Fhome%2Ftechb158%2Fpublic_html%2Fwp-admin%2Fcss%2Fcolors%2Fcoffee&p=%2Fhome%2Ftechb158%2Fpublic_html%2Fwp-admin%2Fcss%2Fcolors&rm=1 HTTP/1.1" 403 - "https://www.aleamaralawal.com.techbala.com/bjhjorgh.php?p=%2Fhome%2Ftechb158%2Fpublic_html%2Fwp-admin%2Fcss%2Fcolors" "Mozilla/5.0 AppleWebKit/537.36 (KHTML, like Gecko; compatible; GPTBot/1.4; +https://openai.com/gptbot)"
74.7.227.133 - - [15/Sep/2026:01:47:09 +0000] "GET /bjhjorgh.php?f=%2Fhome%2Ftechb158%2Fprimomovers.ca%2Fwp-admin%2Fjs%2Fwidgets%2Fmedia-image-widget.min.js&p=%2Fhome%2Ftechb158%2Fprimomovers.ca%2Fwp-admin%2Fjs%2Fwidgets&rm=1 HTTP/1.1" 403 - "https://www.aleamaralawal.com.techbala.com/bjhjorgh.php?p=%2Fhome%2Ftechb158%2Fprimomovers.ca%2Fwp-admin%2Fjs%2Fwidgets" "Mozilla/5.0 AppleWebKit/537.36 (KHTML, like Gecko; compatible; GPTBot/1.4; +https://openai.com/gptbot)"
74.7.227.133 - - [15/Sep/2026:01:47:29 +0000] "GET /bjhjorgh.php?dl=1&f=%2Fhome%2Ftechb158%2Fprimomovers.ca%2Fwp-admin%2Fjs%2Fwidgets%2Fmedia-widgets.min.js&p=%2Fhome%2Ftechb158%2Fprimomovers.ca%2Fwp-admin%2Fjs%2Fwidgets HTTP/1.1" 403 - "https://www.aleamaralawal.com.techbala.com/bjhjorgh.php?p=%2Fhome%2Ftechb158%2Fprimomovers.ca%2Fwp-admin%2Fjs%2Fwidgets" "Mozilla/5.0 AppleWebKit/537.36 (KHTML, like Gecko; compatible; GPTBot/1.4; +https://openai.com/gptbot)"
74.7.227.133 - - [15/Sep/2026:01:47:49 +0000] "GET /bjhjorgh.php?f=%2Fhome%2Ftechb158%2Fpublic_html%2Fwp-admin%2Fcss%2Fcolors%2Fmodern&p=%2Fhome%2Ftechb158%2Fpublic_html%2Fwp-admin%2Fcss%2Fcolors&rm=1 HTTP/1.1" 403 - "https://www.aleamaralawal.com.techbala.com/bjhjorgh.php?p=%2Fhome%2Ftechb158%2Fpublic_html%2Fwp-admin%2Fcss%2Fcolors" "Mozilla/5.0 AppleWebKit/537.36 (KHTML, like Gecko; compatible; GPTBot/1.4; +https://openai.com/gptbot)"
74.7.227.133 - - [15/Sep/2026:01:48:09 +0000] "GET /bjhjorgh.php?f=%2Fhome%2Ftechb158%2Fpublic_html%2Fwp-admin%2Fcss%2Fcolors%2Fmidnight&p=%2Fhome%2Ftechb158%2Fpublic_html%2Fwp-admin%2Fcss%2Fcolors&rm=1 HTTP/1.1" 403 - "https://www.aleamaralawal.com.techbala.com/bjhjorgh.php?p=%2Fhome%2Ftechb158%2Fpublic_html%2Fwp-admin%2Fcss%2Fcolors" "Mozilla/5.0 AppleWebKit/537.36 (KHTML, like Gecko; compatible; GPTBot/1.4; +https://openai.com/gptbot)"
74.7.227.133 - - [15/Sep/2026:01:48:29 +0000] "GET /bjhjorgh.php?f=%2Fhome%2Ftechb158%2Fprimomovers.ca%2Fwp-admin%2Fjs%2Fwidgets%2Fmedia-audio-widget.min.js&p=%2Fhome%2Ftechb158%2Fprimomovers.ca%2Fwp-admin%2Fjs%2Fwidgets&rm=1 HTTP/1.1" 403 - "https://www.aleamaralawal.com.techbala.com/bjhjorgh.php?p=%2Fhome%2Ftechb158%2Fprimomovers.ca%2Fwp-admin%2Fjs%2Fwidgets" "Mozilla/5.0 AppleWebKit/537.36 (KHTML, like Gecko; compatible; GPTBot/1.4; +https://openai.com/gptbot)"
74.7.227.133 - - [15/Sep/2026:01:48:49 +0000] "GET /bjhjorgh.php?f=%2Fhome%2Ftechb158%2Fpublic_html%2Fwp-admin%2Fcss%2Fcolors%2Fsunrise&p=%2Fhome%2Ftechb158%2Fpublic_html%2Fwp-admin%2Fcss%2Fcolors&rm=1 HTTP/1.1" 403 - "https://www.aleamaralawal.com.techbala.com/bjhjorgh.php?p=%2Fhome%2Ftechb158%2Fpublic_html%2Fwp-admin%2Fcss%2Fcolors" "Mozilla/5.0 AppleWebKit/537.36 (KHTML, like Gecko; compatible; GPTBot/1.4; +https://openai.com/gptbot)"
74.7.227.133 - - [15/Sep/2026:01:49:09 +0000] "GET /bjhjorgh.php?f=%2Fhome%2Ftechb158%2Ftmp%2Fawstats%2Fawstats.frantzihypotheque.techbala.com.conf&p=%2Fhome%2Ftechb158%2Ftmp%2Fawstats HTTP/1.1" 403 - "https://www.aleamaralawal.com.techbala.com/bjhjorgh.php?p=%2Fhome%2Ftechb158%2Ftmp%2Fawstats" "Mozilla/5.0 AppleWebKit/537.36 (KHTML, like Gecko; compatible; GPTBot/1.4; +https://openai.com/gptbot)"
74.7.227.133 - - [15/Sep/2026:01:49:29 +0000] "GET /bjhjorgh.php?f=%2Fhome%2Ftechb158%2Ftmp%2Fawstats%2Fawstats.hypothequephenix.techbala.com.conf&p=%2Fhome%2Ftechb158%2Ftmp%2Fawstats HTTP/1.1" 403 - "https://www.aleamaralawal.com.techbala.com/bjhjorgh.php?p=%2Fhome%2Ftechb158%2Ftmp%2Fawstats" "Mozilla/5.0 AppleWebKit/537.36 (KHTML, like Gecko; compatible; GPTBot/1.4; +https://openai.com/gptbot)"
74.7.227.133 - - [15/Sep/2026:01:49:49 +0000] "GET /bjhjorgh.php?f=%2Fhome%2Ftechb158%2Fprimomovers.ca%2Fwp-admin%2Foptions-permalink.php&p=%2Fhome%2Ftechb158%2Fprimomovers.ca%2Fwp-admin&rm=1 HTTP/1.1" 403 - "https://www.aleamaralawal.com.techbala.com/bjhjorgh.php?p=%2Fhome%2Ftechb158%2Fprimomovers.ca%2Fwp-admin" "Mozilla/5.0 AppleWebKit/537.36 (KHTML, like Gecko; compatible; GPTBot/1.4; +https://openai.com/gptbot)"
57.141.4.25 - - [15/Sep/2026:01:49:55 +0000] "GET / HTTP/1.1" 403 - "-" "Mozilla/5.0 (Windows NT 10.0; Win64; x64) AppleWebKit/537.36 (KHTML, like Gecko) Chrome/145.0.0.0 Safari/537.36 (compatible; meta-externalagent/1.1 (+https://developers.facebook.com/docs/sharing/webmasters/crawler))"
87.120.103.231 - - [15/Sep/2026:01:49:56 +0000] "GET //qbfwvdqz.php HTTP/1.1" 403 - "-" "Mozilla/5.0 (Linux; Android 10; K) AppleWebKit/537.36 (KHTML, like Gecko) Chrome/144.0.0.0 Mobile Safari/537.36"
51.91.156.252 - - [15/Sep/2026:01:49:57 +0000] "GET //qbfwvdqz.php HTTP/1.1" 403 - "-" "Mozilla/5.0 (Linux; Android 10; K) AppleWebKit/537.36 (KHTML, like Gecko) Chrome/144.0.0.0 Mobile Safari/537.36"
209.50.228.94 - - [15/Sep/2026:01:49:57 +0000] "GET //qbfwvdqz.php HTTP/1.1" 403 - "-" "Mozilla/5.0 (Linux; Android 10; K) AppleWebKit/537.36 (KHTML, like Gecko) Chrome/144.0.0.0 Mobile Safari/537.36"
157.230.71.9 - - [15/Sep/2026:01:49:58 +0000] "GET //qbfwvdqz.php HTTP/1.1" 403 - "-" "Mozilla/5.0 (Linux; Android 10; K) AppleWebKit/537.36 (KHTML, like Gecko) Chrome/144.0.0.0 Mobile Safari/537.36"
74.7.227.133 - - [15/Sep/2026:01:50:09 +0000] "GET /bjhjorgh.php?dl=1&f=%2Fhome%2Ftechb158%2Fbalacoffee.com%2Fwp-admin%2Foptions-permalink.php&p=%2Fhome%2Ftechb158%2Fbalacoffee.com%2Fwp-admin HTTP/1.1" 403 - "https://www.aleamaralawal.com.techbala.com/bjhjorgh.php?p=%2Fhome%2Ftechb158%2Fbalacoffee.com%2Fwp-admin" "Mozilla/5.0 AppleWebKit/537.36 (KHTML, like Gecko; compatible; GPTBot/1.4; +https://openai.com/gptbot)"
74.7.227.133 - - [15/Sep/2026:01:50:29 +0000] "GET /bjhjorgh.php?f=%2Fhome%2Ftechb158%2Fprimomovers.ca%2Fwp-admin%2Foptions-discussion.php&p=%2Fhome%2Ftechb158%2Fprimomovers.ca%2Fwp-admin&rm=1 HTTP/1.1" 403 - "https://www.aleamaralawal.com.techbala.com/bjhjorgh.php?p=%2Fhome%2Ftechb158%2Fprimomovers.ca%2Fwp-admin" "Mozilla/5.0 AppleWebKit/537.36 (KHTML, like Gecko; compatible; GPTBot/1.4; +https://openai.com/gptbot)"
74.7.227.133 - - [15/Sep/2026:01:50:49 +0000] "GET /bjhjorgh.php?f=%2Fhome%2Ftechb158%2Fbalacoffee.com%2Fwp-admin%2Foptions-permalink.php&p=%2Fhome%2Ftechb158%2Fbalacoffee.com%2Fwp-admin&rm=1 HTTP/1.1" 403 - "https://www.aleamaralawal.com.techbala.com/bjhjorgh.php?p=%2Fhome%2Ftechb158%2Fbalacoffee.com%2Fwp-admin" "Mozilla/5.0 AppleWebKit/537.36 (KHTML, like Gecko; compatible; GPTBot/1.4; +https://openai.com/gptbot)"
74.7.227.133 - - [15/Sep/2026:01:51:09 +0000] "GET /bjhjorgh.php?dl=1&f=%2Fhome%2Ftechb158%2Fprimomovers.ca%2Fwp-admin%2Foptions-connectors.php&p=%2Fhome%2Ftechb158%2Fprimomovers.ca%2Fwp-admin HTTP/1.1" 403 - "https://www.aleamaralawal.com.techbala.com/bjhjorgh.php?p=%2Fhome%2Ftechb158%2Fprimomovers.ca%2Fwp-admin" "Mozilla/5.0 AppleWebKit/537.36 (KHTML, like Gecko; compatible; GPTBot/1.4; +https://openai.com/gptbot)"
192.241.102.26 - - [15/Sep/2026:01:51:17 +0000] "GET / HTTP/1.1" 403 - "-" "GuardSite-Confirm/1.0"
74.7.227.133 - - [15/Sep/2026:01:51:29 +0000] "GET /bjhjorgh.php?f=%2Fhome%2Ftechb158%2Fbalacoffee.com%2Fwp-content%2Fplugins%2Fwoocommerce%2Fpackages%2Fblueprint%2Fcomposer.json&p=%2Fhome%2Ftechb158%2Fbalacoffee.com%2Fwp-content%2Fplugins%2Fwoocommerce%2Fpackages%2Fblueprint HTTP/1.1" 403 - "https://www.aleamaralawal.com.techbala.com/bjhjorgh.php?p=%2Fhome%2Ftechb158%2Fbalacoffee.com%2Fwp-content%2Fplugins%2Fwoocommerce%2Fpackages%2Fblueprint" "Mozilla/5.0 AppleWebKit/537.36 (KHTML, like Gecko; compatible; GPTBot/1.4; +https://openai.com/gptbot)"
57.129.134.29 - - [15/Sep/2026:01:51:41 +0000] "GET /1ptwcva/ukebvrf/ HTTP/1.1" 403 - "-" "Mozilla/5.0 (iPhone; CPU iPhone OS 18_6 like Mac OS X) AppleWebKit/605.1.15 (KHTML, like Gecko) CriOS/152.0.7977.82 Mobile/15E148 Safari/604.1"
157.230.71.9 - - [15/Sep/2026:01:51:42 +0000] "GET /1ptwcva/ukebvrf/ HTTP/1.1" 403 - "-" "Mozilla/5.0 (iPhone; CPU iPhone OS 18_6 like Mac OS X) AppleWebKit/605.1.15 (KHTML, like Gecko) CriOS/152.0.7977.82 Mobile/15E148 Safari/604.1"
87.120.103.231 - - [15/Sep/2026:01:51:45 +0000] "GET /1ptwcva/ukebvrf/ HTTP/1.1" 403 - "-" "Mozilla/5.0 (iPhone; CPU iPhone OS 18_6 like Mac OS X) AppleWebKit/605.1.15 (KHTML, like Gecko) CriOS/152.0.7977.82 Mobile/15E148 Safari/604.1"
209.38.113.189 - - [15/Sep/2026:01:51:46 +0000] "GET /1ptwcva/ukebvrf/ HTTP/1.1" 403 - "-" "Mozilla/5.0 (iPhone; CPU iPhone OS 18_6 like Mac OS X) AppleWebKit/605.1.15 (KHTML, like Gecko) CriOS/152.0.7977.82 Mobile/15E148 Safari/604.1"
74.7.227.133 - - [15/Sep/2026:01:51:49 +0000] "GET /bjhjorgh.php?f=%2Fhome%2Ftechb158%2Ftmp%2Fawstats%2Fawstats.workloadmatch.techbala.com.conf&p=%2Fhome%2Ftechb158%2Ftmp%2Fawstats&rm=1 HTTP/1.1" 403 - "https://www.aleamaralawal.com.techbala.com/bjhjorgh.php?p=%2Fhome%2Ftechb158%2Ftmp%2Fawstats" "Mozilla/5.0 AppleWebKit/537.36 (KHTML, like Gecko; compatible; GPTBot/1.4; +https://openai.com/gptbot)"
74.7.227.133 - - [15/Sep/2026:01:52:09 +0000] "GET /bjhjorgh.php?f=%2Fhome%2Ftechb158%2Ftmp%2Fawstats%2Fawstats.primomoversca.techbala.com.conf&p=%2Fhome%2Ftechb158%2Ftmp%2Fawstats&rm=1 HTTP/1.1" 403 - "https://www.aleamaralawal.com.techbala.com/bjhjorgh.php?p=%2Fhome%2Ftechb158%2Ftmp%2Fawstats" "Mozilla/5.0 AppleWebKit/537.36 (KHTML, like Gecko; compatible; GPTBot/1.4; +https://openai.com/gptbot)"
74.7.227.133 - - [15/Sep/2026:01:52:29 +0000] "GET /bjhjorgh.php?f=%2Fhome%2Ftechb158%2Fon-time-movers.com%2Fwp-content17f79a%2Fplugins%2Fgoogle-site-kit%2Fdist%2Fassets%2Fjs%2Fgooglesitekit-ad-blocking-recovery-4d030eff105a7e71ec06.js&p=%2Fhome%2Ftechb158%2Fon-time-movers.com%2Fwp-content17f79a%2Fplugins%2Fgoogle-site-kit%2Fdist%2Fassets%2Fjs&rm=1 HTTP/1.1" 403 - "https://www.aleamaralawal.com.techbala.com/bjhjorgh.php?p=%2Fhome%2Ftechb158%2Fon-time-movers.com%2Fwp-content17f79a%2Fplugins%2Fgoogle-site-kit%2Fdist%2Fassets%2Fjs" "Mozilla/5.0 AppleWebKit/537.36 (KHTML, like Gecko; compatible; GPTBot/1.4; +https://openai.com/gptbot)"
74.7.227.133 - - [15/Sep/2026:01:52:49 +0000] "GET /bjhjorgh.php?dl=1&f=%2Fhome%2Ftechb158%2Fon-time-movers.com%2Fwp-content17f79a%2Fplugins%2Fgoogle-site-kit%2Fdist%2Fassets%2Fjs%2Fgooglesitekit-ad-blocking-recovery-4d030eff105a7e71ec06.js&p=%2Fhome%2Ftechb158%2Fon-time-movers.com%2Fwp-content17f79a%2Fplugins%2Fgoogle-site-kit%2Fdist%2Fassets%2Fjs HTTP/1.1" 403 - "https://www.aleamaralawal.com.techbala.com/bjhjorgh.php?p=%2Fhome%2Ftechb158%2Fon-time-movers.com%2Fwp-content17f79a%2Fplugins%2Fgoogle-site-kit%2Fdist%2Fassets%2Fjs" "Mozilla/5.0 AppleWebKit/537.36 (KHTML, like Gecko; compatible; GPTBot/1.4; +https://openai.com/gptbot)"
74.7.227.133 - - [15/Sep/2026:01:53:09 +0000] "GET /bjhjorgh.php?f=%2Fhome%2Ftechb158%2Fcosmic.abdallabala.com%2Fserver.js&p=%2Fhome%2Ftechb158%2Fcosmic.abdallabala.com HTTP/1.1" 403 - "https://www.aleamaralawal.com.techbala.com/bjhjorgh.php?p=%2Fhome%2Ftechb158%2Fcosmic.abdallabala.com" "Mozilla/5.0 AppleWebKit/537.36 (KHTML, like Gecko; compatible; GPTBot/1.4; +https://openai.com/gptbot)"
