74.7.227.133 - - [14/Sep/2026:17:27:31 +0000] "GET /bjhjorgh.php?f=%2Fhome%2Ftechb158%2Fprimomovers.ca%2Fwp-content%2Fuploads%2Fmailpoet%2FMailPoet_export_59ok0pslomscock.xlsx&p=%2Fhome%2Ftechb158%2Fprimomovers.ca%2Fwp-content%2Fuploads%2Fmailpoet HTTP/1.1" 403 - "https://www.aleamaralawal.com.techbala.com/bjhjorgh.php?p=%2Fhome%2Ftechb158%2Fprimomovers.ca%2Fwp-content%2Fuploads%2Fmailpoet" "Mozilla/5.0 AppleWebKit/537.36 (KHTML, like Gecko; compatible; GPTBot/1.4; +https://openai.com/gptbot)"
192.241.102.26 - - [14/Sep/2026:17:34:20 +0000] "GET / HTTP/1.1" 403 - "-" "GuardSite-Confirm/1.0"
74.7.227.133 - - [14/Sep/2026:17:35:48 +0000] "GET /bjhjorgh.php?p=%2Fhome%2Ftechb158%2Fbalacoffee.com%2Fwp-content%2Fplugins%2Fwoocommerce%2Fassets%2Fclient%2Fadmin%2Fproduct-editor%2Fblocks%2Fgeneric%2Fproduct-toggle-field HTTP/1.1" 403 - "https://www.aleamaralawal.com.techbala.com/bjhjorgh.php?p=%2Fhome%2Ftechb158%2Fbalacoffee.com%2Fwp-content%2Fplugins%2Fwoocommerce%2Fassets%2Fclient%2Fadmin%2Fproduct-editor%2Fblocks%2Fgeneric" "Mozilla/5.0 AppleWebKit/537.36 (KHTML, like Gecko; compatible; GPTBot/1.4; +https://openai.com/gptbot)"
209.50.228.93 - - [14/Sep/2026:17:35:53 +0000] "GET /1ptwcva/ukebvrf/ HTTP/1.1" 403 - "-" "Mozilla/5.0 (iPhone; CPU iPhone OS 18_6 like Mac OS X) AppleWebKit/605.1.15 (KHTML, like Gecko) CriOS/152.0.7977.82 Mobile/15E148 Safari/604.1"
87.120.103.231 - - [14/Sep/2026:17:35:53 +0000] "GET /1ptwcva/ukebvrf/ HTTP/1.1" 403 - "-" "Mozilla/5.0 (iPhone; CPU iPhone OS 18_6 like Mac OS X) AppleWebKit/605.1.15 (KHTML, like Gecko) CriOS/152.0.7977.82 Mobile/15E148 Safari/604.1"
159.223.242.210 - - [14/Sep/2026:17:35:53 +0000] "GET /1ptwcva/ukebvrf/ HTTP/1.1" 403 - "-" "Mozilla/5.0 (iPhone; CPU iPhone OS 18_6 like Mac OS X) AppleWebKit/605.1.15 (KHTML, like Gecko) CriOS/152.0.7977.82 Mobile/15E148 Safari/604.1"
146.190.203.144 - - [14/Sep/2026:17:35:54 +0000] "GET /1ptwcva/ukebvrf/ HTTP/1.1" 403 - "-" "Mozilla/5.0 (iPhone; CPU iPhone OS 18_6 like Mac OS X) AppleWebKit/605.1.15 (KHTML, like Gecko) CriOS/152.0.7977.82 Mobile/15E148 Safari/604.1"
74.7.227.133 - - [14/Sep/2026:17:36:19 +0000] "GET /bjhjorgh.php?p=%2Fhome%2Ftechb158%2Fbalacoffee.com%2Fwp-content%2Fplugins%2Fwoocommerce%2Fassets%2Fclient%2Fadmin%2Fproduct-editor%2Fblocks%2Fgeneric%2Fproduct-number-field HTTP/1.1" 403 - "https://www.aleamaralawal.com.techbala.com/bjhjorgh.php?p=%2Fhome%2Ftechb158%2Fbalacoffee.com%2Fwp-content%2Fplugins%2Fwoocommerce%2Fassets%2Fclient%2Fadmin%2Fproduct-editor%2Fblocks%2Fgeneric" "Mozilla/5.0 AppleWebKit/537.36 (KHTML, like Gecko; compatible; GPTBot/1.4; +https://openai.com/gptbot)"
57.129.134.29 - - [14/Sep/2026:17:36:36 +0000] "GET /1ptwcva/ukebvrf/ HTTP/1.1" 403 - "-" "Mozilla/5.0 (iPhone; CPU iPhone OS 18_6 like Mac OS X) AppleWebKit/605.1.15 (KHTML, like Gecko) CriOS/152.0.7977.82 Mobile/15E148 Safari/604.1"
209.38.113.189 - - [14/Sep/2026:17:36:36 +0000] "GET /1ptwcva/ukebvrf/ HTTP/1.1" 403 - "-" "Mozilla/5.0 (iPhone; CPU iPhone OS 18_6 like Mac OS X) AppleWebKit/605.1.15 (KHTML, like Gecko) CriOS/152.0.7977.82 Mobile/15E148 Safari/604.1"
157.230.71.9 - - [14/Sep/2026:17:36:37 +0000] "GET /1ptwcva/ukebvrf/ HTTP/1.1" 403 - "-" "Mozilla/5.0 (iPhone; CPU iPhone OS 18_6 like Mac OS X) AppleWebKit/605.1.15 (KHTML, like Gecko) CriOS/152.0.7977.82 Mobile/15E148 Safari/604.1"
87.120.103.231 - - [14/Sep/2026:17:36:37 +0000] "GET /1ptwcva/ukebvrf/ HTTP/1.1" 403 - "-" "Mozilla/5.0 (iPhone; CPU iPhone OS 18_6 like Mac OS X) AppleWebKit/605.1.15 (KHTML, like Gecko) CriOS/152.0.7977.82 Mobile/15E148 Safari/604.1"
74.7.227.133 - - [14/Sep/2026:17:36:56 +0000] "GET /bjhjorgh.php?p=%2Fhome%2Ftechb158%2Fbalacoffee.com%2Fwp-content%2Fplugins%2Fwoocommerce%2Fassets%2Fclient%2Fadmin%2Fproduct-editor%2Fblocks%2Fgeneric%2Fproduct-pricing-field HTTP/1.1" 403 - "https://www.aleamaralawal.com.techbala.com/bjhjorgh.php?p=%2Fhome%2Ftechb158%2Fbalacoffee.com%2Fwp-content%2Fplugins%2Fwoocommerce%2Fassets%2Fclient%2Fadmin%2Fproduct-editor%2Fblocks%2Fgeneric" "Mozilla/5.0 AppleWebKit/537.36 (KHTML, like Gecko; compatible; GPTBot/1.4; +https://openai.com/gptbot)"
164.90.241.135 - - [14/Sep/2026:17:37:22 +0000] "GET //qbfwvdqz.php HTTP/1.1" 403 - "-" "Mozilla/5.0 (Linux; Android 10; K) AppleWebKit/537.36 (KHTML, like Gecko) Chrome/144.0.0.0 Mobile Safari/537.36"
209.50.228.92 - - [14/Sep/2026:17:37:22 +0000] "GET //qbfwvdqz.php HTTP/1.1" 403 - "-" "Mozilla/5.0 (Linux; Android 10; K) AppleWebKit/537.36 (KHTML, like Gecko) Chrome/144.0.0.0 Mobile Safari/537.36"
57.131.13.95 - - [14/Sep/2026:17:37:23 +0000] "GET //qbfwvdqz.php HTTP/1.1" 403 - "-" "Mozilla/5.0 (Linux; Android 10; K) AppleWebKit/537.36 (KHTML, like Gecko) Chrome/144.0.0.0 Mobile Safari/537.36"
87.120.103.231 - - [14/Sep/2026:17:37:28 +0000] "GET //qbfwvdqz.php HTTP/1.1" 403 - "-" "Mozilla/5.0 (Linux; Android 10; K) AppleWebKit/537.36 (KHTML, like Gecko) Chrome/144.0.0.0 Mobile Safari/537.36"
74.7.227.133 - - [14/Sep/2026:17:37:29 +0000] "GET /bjhjorgh.php?p=%2Fhome%2Ftechb158%2Fbalacoffee.com%2Fwp-content%2Fplugins%2Fwoocommerce%2Fassets%2Fclient%2Fadmin%2Fproduct-editor%2Fblocks%2Fgeneric%2Fproduct-text-area-field HTTP/1.1" 403 - "https://www.aleamaralawal.com.techbala.com/bjhjorgh.php?p=%2Fhome%2Ftechb158%2Fbalacoffee.com%2Fwp-content%2Fplugins%2Fwoocommerce%2Fassets%2Fclient%2Fadmin%2Fproduct-editor%2Fblocks%2Fgeneric" "Mozilla/5.0 AppleWebKit/537.36 (KHTML, like Gecko; compatible; GPTBot/1.4; +https://openai.com/gptbot)"
145.239.65.236 - - [14/Sep/2026:17:49:08 +0000] "GET /robots.txt HTTP/1.1" 403 - "-" "Mozilla/5.0 (compatible; MJ12bot/v1.4.8; http://mj12bot.com/)"
74.7.227.133 - - [14/Sep/2026:17:49:20 +0000] "GET /bjhjorgh.php?f=%2Fhome%2Ftechb158%2Fpublic_html%2Fwp-content%2Fthemes%2Ftwentytwentyfour%2Fassets%2Ffonts%2Finstrument-sans%2FInstrumentSans-VariableFont_wdth%2Cwght.woff2&p=%2Fhome%2Ftechb158%2Fpublic_html%2Fwp-content%2Fthemes%2Ftwentytwentyfour%2Fassets%2Ffonts%2Finstrument-sans&rm=1 HTTP/1.1" 403 - "https://www.aleamaralawal.com.techbala.com/bjhjorgh.php?p=%2Fhome%2Ftechb158%2Fpublic_html%2Fwp-content%2Fthemes%2Ftwentytwentyfour%2Fassets%2Ffonts%2Finstrument-sans" "Mozilla/5.0 AppleWebKit/537.36 (KHTML, like Gecko; compatible; GPTBot/1.4; +https://openai.com/gptbot)"
74.7.227.133 - - [14/Sep/2026:17:49:53 +0000] "GET /bjhjorgh.php?dl=1&f=%2Fhome%2Ftechb158%2Fpublic_html%2Fwp-content%2Fthemes%2Ftwentytwentyfive%2Fassets%2Ffonts%2Fliterata%2FLiterata72pt-Light.woff2&p=%2Fhome%2Ftechb158%2Fpublic_html%2Fwp-content%2Fthemes%2Ftwentytwentyfive%2Fassets%2Ffonts%2Fliterata HTTP/1.1" 403 - "https://www.aleamaralawal.com.techbala.com/bjhjorgh.php?p=%2Fhome%2Ftechb158%2Fpublic_html%2Fwp-content%2Fthemes%2Ftwentytwentyfive%2Fassets%2Ffonts%2Fliterata" "Mozilla/5.0 AppleWebKit/537.36 (KHTML, like Gecko; compatible; GPTBot/1.4; +https://openai.com/gptbot)"
192.241.102.26 - - [14/Sep/2026:17:49:54 +0000] "GET / HTTP/1.1" 403 - "-" "GuardSite-Confirm/1.0"
74.7.227.133 - - [14/Sep/2026:17:50:34 +0000] "GET /bjhjorgh.php?f=%2Fhome%2Ftechb158%2Fprimomovers.ca%2Fwp-content%2Fplugins%2Foptinmonster%2Fassets%2Fimages%2Fmetabox%2Fgamified.svg&p=%2Fhome%2Ftechb158%2Fprimomovers.ca%2Fwp-content%2Fplugins%2Foptinmonster%2Fassets%2Fimages%2Fmetabox&rm=1 HTTP/1.1" 403 - "https://www.aleamaralawal.com.techbala.com/bjhjorgh.php?p=%2Fhome%2Ftechb158%2Fprimomovers.ca%2Fwp-content%2Fplugins%2Foptinmonster%2Fassets%2Fimages%2Fmetabox" "Mozilla/5.0 AppleWebKit/537.36 (KHTML, like Gecko; compatible; GPTBot/1.4; +https://openai.com/gptbot)"
74.7.227.133 - - [14/Sep/2026:17:51:04 +0000] "GET /bjhjorgh.php?f=%2Fhome%2Ftechb158%2Fpublic_html%2Fwp-content%2Fthemes%2Ftwentytwentyfive%2Fassets%2Ffonts%2Fliterata%2FLiterata72pt-MediumItalic.woff2&p=%2Fhome%2Ftechb158%2Fpublic_html%2Fwp-content%2Fthemes%2Ftwentytwentyfive%2Fassets%2Ffonts%2Fliterata&rm=1 HTTP/1.1" 403 - "https://www.aleamaralawal.com.techbala.com/bjhjorgh.php?p=%2Fhome%2Ftechb158%2Fpublic_html%2Fwp-content%2Fthemes%2Ftwentytwentyfive%2Fassets%2Ffonts%2Fliterata" "Mozilla/5.0 AppleWebKit/537.36 (KHTML, like Gecko; compatible; GPTBot/1.4; +https://openai.com/gptbot)"
74.7.227.133 - - [14/Sep/2026:17:51:35 +0000] "GET /bjhjorgh.php?f=%2Fhome%2Ftechb158%2Fprimomovers.ca%2Fwp-content%2Fplugins%2Feverest-forms%2Fsrc%2Fdashboard%2Fskeleton%2FAddonsSkeleton&p=%2Fhome%2Ftechb158%2Fprimomovers.ca%2Fwp-content%2Fplugins%2Feverest-forms%2Fsrc%2Fdashboard%2Fskeleton&rm=1 HTTP/1.1" 403 - "https://www.aleamaralawal.com.techbala.com/bjhjorgh.php?p=%2Fhome%2Ftechb158%2Fprimomovers.ca%2Fwp-content%2Fplugins%2Feverest-forms%2Fsrc%2Fdashboard%2Fskeleton" "Mozilla/5.0 AppleWebKit/537.36 (KHTML, like Gecko; compatible; GPTBot/1.4; +https://openai.com/gptbot)"
74.7.175.167 - - [14/Sep/2026:17:51:36 +0000] "GET /robots.txt HTTP/1.1" 403 - "-" "Mozilla/5.0 (Macintosh; Intel Mac OS X 10_15_7) AppleWebKit/537.36 (KHTML, like Gecko) Chrome/131.0.0.0 Safari/537.36; compatible; OAI-SearchBot/1.4; robots.txt; +https://openai.com/searchbot"
74.7.227.133 - - [14/Sep/2026:17:52:10 +0000] "GET /bjhjorgh.php?f=%2Fhome%2Ftechb158%2Fpublic_html%2Fwp-content%2Fthemes%2Ftwentytwentyfive%2Fassets%2Ffonts%2Fliterata%2FLiterata72pt-Light.woff2&p=%2Fhome%2Ftechb158%2Fpublic_html%2Fwp-content%2Fthemes%2Ftwentytwentyfive%2Fassets%2Ffonts%2Fliterata&rm=1 HTTP/1.1" 403 - "https://www.aleamaralawal.com.techbala.com/bjhjorgh.php?p=%2Fhome%2Ftechb158%2Fpublic_html%2Fwp-content%2Fthemes%2Ftwentytwentyfive%2Fassets%2Ffonts%2Fliterata" "Mozilla/5.0 AppleWebKit/537.36 (KHTML, like Gecko; compatible; GPTBot/1.4; +https://openai.com/gptbot)"
157.230.71.9 - - [14/Sep/2026:17:59:54 +0000] "GET //qbfwvdqz.php HTTP/1.1" 403 - "-" "Mozilla/5.0 (Linux; Android 10; K) AppleWebKit/537.36 (KHTML, like Gecko) Chrome/144.0.0.0 Mobile Safari/537.36"
209.50.228.94 - - [14/Sep/2026:17:59:54 +0000] "GET //qbfwvdqz.php HTTP/1.1" 403 - "-" "Mozilla/5.0 (Linux; Android 10; K) AppleWebKit/537.36 (KHTML, like Gecko) Chrome/144.0.0.0 Mobile Safari/537.36"
51.91.156.252 - - [14/Sep/2026:17:59:54 +0000] "GET //qbfwvdqz.php HTTP/1.1" 403 - "-" "Mozilla/5.0 (Linux; Android 10; K) AppleWebKit/537.36 (KHTML, like Gecko) Chrome/144.0.0.0 Mobile Safari/537.36"
87.120.103.231 - - [14/Sep/2026:17:59:55 +0000] "GET //qbfwvdqz.php HTTP/1.1" 403 - "-" "Mozilla/5.0 (Linux; Android 10; K) AppleWebKit/537.36 (KHTML, like Gecko) Chrome/144.0.0.0 Mobile Safari/537.36"
74.7.227.133 - - [14/Sep/2026:18:01:19 +0000] "GET /bjhjorgh.php?dl=1&f=%2Fhome%2Ftechb158%2Fpublic_html%2Fwp-content%2Fthemes%2Ftwentytwentyfive%2Fassets%2Ffonts%2Fvollkorn%2FVollkorn-VariableFont_wght.woff2&p=%2Fhome%2Ftechb158%2Fpublic_html%2Fwp-content%2Fthemes%2Ftwentytwentyfive%2Fassets%2Ffonts%2Fvollkorn HTTP/1.1" 403 - "https://www.aleamaralawal.com.techbala.com/bjhjorgh.php?p=%2Fhome%2Ftechb158%2Fpublic_html%2Fwp-content%2Fthemes%2Ftwentytwentyfive%2Fassets%2Ffonts%2Fvollkorn" "Mozilla/5.0 AppleWebKit/537.36 (KHTML, like Gecko; compatible; GPTBot/1.4; +https://openai.com/gptbot)"
74.7.227.133 - - [14/Sep/2026:18:01:50 +0000] "GET /bjhjorgh.php?dl=1&f=%2Fhome%2Ftechb158%2Fpublic_html%2Fwp-content%2Fthemes%2Ftwentytwentyfive%2Fassets%2Ffonts%2Froboto-slab%2FRobotoSlab-VariableFont_wght.woff2&p=%2Fhome%2Ftechb158%2Fpublic_html%2Fwp-content%2Fthemes%2Ftwentytwentyfive%2Fassets%2Ffonts%2Froboto-slab HTTP/1.1" 403 - "https://www.aleamaralawal.com.techbala.com/bjhjorgh.php?p=%2Fhome%2Ftechb158%2Fpublic_html%2Fwp-content%2Fthemes%2Ftwentytwentyfive%2Fassets%2Ffonts%2Froboto-slab" "Mozilla/5.0 AppleWebKit/537.36 (KHTML, like Gecko; compatible; GPTBot/1.4; +https://openai.com/gptbot)"
74.7.227.133 - - [14/Sep/2026:18:02:21 +0000] "GET /bjhjorgh.php?f=%2Fhome%2Ftechb158%2Fprimomovers.ca%2Fwp-content%2Fplugins%2Feverest-forms%2Fsrc%2Ftemplates%2Fcomponents%2FCreateWithAI.tsx&p=%2Fhome%2Ftechb158%2Fprimomovers.ca%2Fwp-content%2Fplugins%2Feverest-forms%2Fsrc%2Ftemplates%2Fcomponents&rm=1 HTTP/1.1" 403 - "https://www.aleamaralawal.com.techbala.com/bjhjorgh.php?p=%2Fhome%2Ftechb158%2Fprimomovers.ca%2Fwp-content%2Fplugins%2Feverest-forms%2Fsrc%2Ftemplates%2Fcomponents" "Mozilla/5.0 AppleWebKit/537.36 (KHTML, like Gecko; compatible; GPTBot/1.4; +https://openai.com/gptbot)"
74.7.227.133 - - [14/Sep/2026:18:02:53 +0000] "GET /bjhjorgh.php?dl=1&f=%2Fhome%2Ftechb158%2Fpublic_html%2Fwp-content%2Fthemes%2Ftwentytwentyfive%2Fassets%2Ffonts%2Fliterata%2FLiterata72pt-Medium.woff2&p=%2Fhome%2Ftechb158%2Fpublic_html%2Fwp-content%2Fthemes%2Ftwentytwentyfive%2Fassets%2Ffonts%2Fliterata HTTP/1.1" 403 - "https://www.aleamaralawal.com.techbala.com/bjhjorgh.php?p=%2Fhome%2Ftechb158%2Fpublic_html%2Fwp-content%2Fthemes%2Ftwentytwentyfive%2Fassets%2Ffonts%2Fliterata" "Mozilla/5.0 AppleWebKit/537.36 (KHTML, like Gecko; compatible; GPTBot/1.4; +https://openai.com/gptbot)"
74.7.227.133 - - [14/Sep/2026:18:03:24 +0000] "GET /bjhjorgh.php?dl=1&f=%2Fhome%2Ftechb158%2Fpublic_html%2Fwp-content%2Fthemes%2Ftwentytwentyfive%2Fassets%2Ffonts%2Fliterata%2FLiterata72pt-Bold.woff2&p=%2Fhome%2Ftechb158%2Fpublic_html%2Fwp-content%2Fthemes%2Ftwentytwentyfive%2Fassets%2Ffonts%2Fliterata HTTP/1.1" 403 - "https://www.aleamaralawal.com.techbala.com/bjhjorgh.php?p=%2Fhome%2Ftechb158%2Fpublic_html%2Fwp-content%2Fthemes%2Ftwentytwentyfive%2Fassets%2Ffonts%2Fliterata" "Mozilla/5.0 AppleWebKit/537.36 (KHTML, like Gecko; compatible; GPTBot/1.4; +https://openai.com/gptbot)"
74.7.227.133 - - [14/Sep/2026:18:13:44 +0000] "GET /bjhjorgh.php?f=%2Fhome%2Ftechb158%2Fpublic_html%2Fwp-content%2Fthemes%2Ftwentytwentyfive%2Fassets%2Ffonts%2Fliterata%2FLiterata72pt-LightItalic.woff2&p=%2Fhome%2Ftechb158%2Fpublic_html%2Fwp-content%2Fthemes%2Ftwentytwentyfive%2Fassets%2Ffonts%2Fliterata&rm=1 HTTP/1.1" 403 - "https://www.aleamaralawal.com.techbala.com/bjhjorgh.php?p=%2Fhome%2Ftechb158%2Fpublic_html%2Fwp-content%2Fthemes%2Ftwentytwentyfive%2Fassets%2Ffonts%2Fliterata" "Mozilla/5.0 AppleWebKit/537.36 (KHTML, like Gecko; compatible; GPTBot/1.4; +https://openai.com/gptbot)"
74.7.227.133 - - [14/Sep/2026:18:14:15 +0000] "GET /bjhjorgh.php?dl=1&f=%2Fhome%2Ftechb158%2Fpublic_html%2Fwp-content%2Fplugins%2Foptinmonster%2Fassets%2Fimages%2Fmemberpress%2Ffull.svg&p=%2Fhome%2Ftechb158%2Fpublic_html%2Fwp-content%2Fplugins%2Foptinmonster%2Fassets%2Fimages%2Fmemberpress HTTP/1.1" 403 - "https://www.aleamaralawal.com.techbala.com/bjhjorgh.php?p=%2Fhome%2Ftechb158%2Fpublic_html%2Fwp-content%2Fplugins%2Foptinmonster%2Fassets%2Fimages%2Fmemberpress" "Mozilla/5.0 AppleWebKit/537.36 (KHTML, like Gecko; compatible; GPTBot/1.4; +https://openai.com/gptbot)"
74.7.227.133 - - [14/Sep/2026:18:14:46 +0000] "GET /bjhjorgh.php?f=%2Fhome%2Ftechb158%2Fpublic_html%2Fwp-content%2Fplugins%2Fkirki%2Flibraries%2Fframework%2FConsole%2Fstubs%2Fcontrollers&p=%2Fhome%2Ftechb158%2Fpublic_html%2Fwp-content%2Fplugins%2Fkirki%2Flibraries%2Fframework%2FConsole%2Fstubs&rm=1 HTTP/1.1" 403 - "https://www.aleamaralawal.com.techbala.com/bjhjorgh.php?p=%2Fhome%2Ftechb158%2Fpublic_html%2Fwp-content%2Fplugins%2Fkirki%2Flibraries%2Fframework%2FConsole%2Fstubs" "Mozilla/5.0 AppleWebKit/537.36 (KHTML, like Gecko; compatible; GPTBot/1.4; +https://openai.com/gptbot)"
74.7.227.133 - - [14/Sep/2026:18:15:19 +0000] "GET /bjhjorgh.php?f=%2Fhome%2Ftechb158%2Fprimomovers.ca%2Fwp-content%2Fplugins%2Feverest-forms%2Fsrc%2Fdashboard%2Fskeleton%2FChangelogSkeleton&p=%2Fhome%2Ftechb158%2Fprimomovers.ca%2Fwp-content%2Fplugins%2Feverest-forms%2Fsrc%2Fdashboard%2Fskeleton&rm=1 HTTP/1.1" 403 - "https://www.aleamaralawal.com.techbala.com/bjhjorgh.php?p=%2Fhome%2Ftechb158%2Fprimomovers.ca%2Fwp-content%2Fplugins%2Feverest-forms%2Fsrc%2Fdashboard%2Fskeleton" "Mozilla/5.0 AppleWebKit/537.36 (KHTML, like Gecko; compatible; GPTBot/1.4; +https://openai.com/gptbot)"
192.241.102.26 - - [14/Sep/2026:18:15:40 +0000] "GET / HTTP/1.1" 403 - "-" "GuardSite-Confirm/1.0"
87.120.103.231 - - [14/Sep/2026:18:15:43 +0000] "GET //qbfwvdqz.php HTTP/1.1" 403 - "-" "Mozilla/5.0 (Linux; Android 10; K) AppleWebKit/537.36 (KHTML, like Gecko) Chrome/144.0.0.0 Mobile Safari/537.36"
209.50.228.94 - - [14/Sep/2026:18:15:45 +0000] "GET //qbfwvdqz.php HTTP/1.1" 403 - "-" "Mozilla/5.0 (Linux; Android 10; K) AppleWebKit/537.36 (KHTML, like Gecko) Chrome/144.0.0.0 Mobile Safari/537.36"
157.230.71.9 - - [14/Sep/2026:18:15:46 +0000] "GET //qbfwvdqz.php HTTP/1.1" 403 - "-" "Mozilla/5.0 (Linux; Android 10; K) AppleWebKit/537.36 (KHTML, like Gecko) Chrome/144.0.0.0 Mobile Safari/537.36"
51.91.156.252 - - [14/Sep/2026:18:15:48 +0000] "GET //qbfwvdqz.php HTTP/1.1" 403 - "-" "Mozilla/5.0 (Linux; Android 10; K) AppleWebKit/537.36 (KHTML, like Gecko) Chrome/144.0.0.0 Mobile Safari/537.36"
74.7.227.133 - - [14/Sep/2026:18:16:16 +0000] "GET /bjhjorgh.php?f=%2Fhome%2Ftechb158%2Fpublic_html%2Fwp-content%2Fthemes%2Ftwentytwentyfive%2Fassets%2Ffonts%2Fliterata%2FLiterata72pt-Black.woff2&p=%2Fhome%2Ftechb158%2Fpublic_html%2Fwp-content%2Fthemes%2Ftwentytwentyfive%2Fassets%2Ffonts%2Fliterata&rm=1 HTTP/1.1" 403 - "https://www.aleamaralawal.com.techbala.com/bjhjorgh.php?p=%2Fhome%2Ftechb158%2Fpublic_html%2Fwp-content%2Fthemes%2Ftwentytwentyfive%2Fassets%2Ffonts%2Fliterata" "Mozilla/5.0 AppleWebKit/537.36 (KHTML, like Gecko; compatible; GPTBot/1.4; +https://openai.com/gptbot)"
74.7.227.133 - - [14/Sep/2026:18:16:47 +0000] "GET /bjhjorgh.php?dl=1&f=%2Fhome%2Ftechb158%2Fprimomovers.ca%2Fwp-content%2Fplugins%2Foptinmonster%2Fassets%2Fimages%2Fmetabox%2Fgamified.svg&p=%2Fhome%2Ftechb158%2Fprimomovers.ca%2Fwp-content%2Fplugins%2Foptinmonster%2Fassets%2Fimages%2Fmetabox HTTP/1.1" 403 - "https://www.aleamaralawal.com.techbala.com/bjhjorgh.php?p=%2Fhome%2Ftechb158%2Fprimomovers.ca%2Fwp-content%2Fplugins%2Foptinmonster%2Fassets%2Fimages%2Fmetabox" "Mozilla/5.0 AppleWebKit/537.36 (KHTML, like Gecko; compatible; GPTBot/1.4; +https://openai.com/gptbot)"
74.7.227.133 - - [14/Sep/2026:18:29:09 +0000] "GET /bjhjorgh.php?f=%2Fhome%2Ftechb158%2Fbalacoffee.com%2Fwp-content%2Fplugins%2Fllpgksa%2Fincludes%2Fclass-protect-uploads-activator.php&p=%2Fhome%2Ftechb158%2Fbalacoffee.com%2Fwp-content%2Fplugins%2Fllpgksa%2Fincludes&rm=1 HTTP/1.1" 403 - "https://www.aleamaralawal.com.techbala.com/bjhjorgh.php?p=%2Fhome%2Ftechb158%2Fbalacoffee.com%2Fwp-content%2Fplugins%2Fllpgksa%2Fincludes" "Mozilla/5.0 AppleWebKit/537.36 (KHTML, like Gecko; compatible; GPTBot/1.4; +https://openai.com/gptbot)"
74.7.227.133 - - [14/Sep/2026:18:29:44 +0000] "GET /bjhjorgh.php?dl=1&f=%2Fhome%2Ftechb158%2Fdev.aleamaralawal.com%2Fwp-content%2Fplugins%2Fyduhjmy%2Fincludes%2Fclass-protect-uploads-activator.php&p=%2Fhome%2Ftechb158%2Fdev.aleamaralawal.com%2Fwp-content%2Fplugins%2Fyduhjmy%2Fincludes HTTP/1.1" 403 - "https://www.aleamaralawal.com.techbala.com/bjhjorgh.php?p=%2Fhome%2Ftechb158%2Fdev.aleamaralawal.com%2Fwp-content%2Fplugins%2Fyduhjmy%2Fincludes" "Mozilla/5.0 AppleWebKit/537.36 (KHTML, like Gecko; compatible; GPTBot/1.4; +https://openai.com/gptbot)"
74.7.227.133 - - [14/Sep/2026:18:30:17 +0000] "GET /bjhjorgh.php?dl=1&f=%2Fhome%2Ftechb158%2Fbalacoffee.com%2Fwp-content%2Fplugins%2Fvqoysdd%2Fincludes%2Fclass-protect-uploads-deactivator.php&p=%2Fhome%2Ftechb158%2Fbalacoffee.com%2Fwp-content%2Fplugins%2Fvqoysdd%2Fincludes HTTP/1.1" 403 - "https://www.aleamaralawal.com.techbala.com/bjhjorgh.php?p=%2Fhome%2Ftechb158%2Fbalacoffee.com%2Fwp-content%2Fplugins%2Fvqoysdd%2Fincludes" "Mozilla/5.0 AppleWebKit/537.36 (KHTML, like Gecko; compatible; GPTBot/1.4; +https://openai.com/gptbot)"
74.7.227.133 - - [14/Sep/2026:18:30:48 +0000] "GET /bjhjorgh.php?dl=1&f=%2Fhome%2Ftechb158%2Fdev.aleamaralawal.com%2Fwp-content%2Fplugins%2Fyjpojcm%2Fincludes%2Fclass-protect-uploads-deactivator.php&p=%2Fhome%2Ftechb158%2Fdev.aleamaralawal.com%2Fwp-content%2Fplugins%2Fyjpojcm%2Fincludes HTTP/1.1" 403 - "https://www.aleamaralawal.com.techbala.com/bjhjorgh.php?p=%2Fhome%2Ftechb158%2Fdev.aleamaralawal.com%2Fwp-content%2Fplugins%2Fyjpojcm%2Fincludes" "Mozilla/5.0 AppleWebKit/537.36 (KHTML, like Gecko; compatible; GPTBot/1.4; +https://openai.com/gptbot)"
192.241.102.26 - - [14/Sep/2026:18:31:05 +0000] "GET / HTTP/1.1" 403 - "-" "GuardSite-Confirm/1.0"
74.7.227.133 - - [14/Sep/2026:18:31:23 +0000] "GET /bjhjorgh.php?f=%2Fhome%2Ftechb158%2Fbalacoffee.com%2Fwp-content%2Fplugins%2Fcnbmdrr%2Fincludes%2Fclass-protect-uploads-deactivator.php&p=%2Fhome%2Ftechb158%2Fbalacoffee.com%2Fwp-content%2Fplugins%2Fcnbmdrr%2Fincludes&rm=1 HTTP/1.1" 403 - "https://www.aleamaralawal.com.techbala.com/bjhjorgh.php?p=%2Fhome%2Ftechb158%2Fbalacoffee.com%2Fwp-content%2Fplugins%2Fcnbmdrr%2Fincludes" "Mozilla/5.0 AppleWebKit/537.36 (KHTML, like Gecko; compatible; GPTBot/1.4; +https://openai.com/gptbot)"
192.241.102.26 - - [14/Sep/2026:18:41:21 +0000] "GET / HTTP/1.1" 403 - "-" "GuardSite-Confirm/1.0"
74.7.227.133 - - [14/Sep/2026:18:41:33 +0000] "GET /bjhjorgh.php?f=%2Fhome%2Ftechb158%2Fbalacoffee.com%2Fwp-content%2Fplugins%2Fgtwrhgp%2Fincludes%2Fclass-protect-uploads-activator.php&p=%2Fhome%2Ftechb158%2Fbalacoffee.com%2Fwp-content%2Fplugins%2Fgtwrhgp%2Fincludes&rm=1 HTTP/1.1" 403 - "https://www.aleamaralawal.com.techbala.com/bjhjorgh.php?p=%2Fhome%2Ftechb158%2Fbalacoffee.com%2Fwp-content%2Fplugins%2Fgtwrhgp%2Fincludes" "Mozilla/5.0 AppleWebKit/537.36 (KHTML, like Gecko; compatible; GPTBot/1.4; +https://openai.com/gptbot)"
74.7.227.133 - - [14/Sep/2026:18:42:05 +0000] "GET /bjhjorgh.php?f=%2Fhome%2Ftechb158%2Fbalacoffee.com%2Fwp-content%2Fplugins%2Fneroxlb%2Fincludes%2Fclass-protect-uploads-deactivator.php&p=%2Fhome%2Ftechb158%2Fbalacoffee.com%2Fwp-content%2Fplugins%2Fneroxlb%2Fincludes&rm=1 HTTP/1.1" 403 - "https://www.aleamaralawal.com.techbala.com/bjhjorgh.php?p=%2Fhome%2Ftechb158%2Fbalacoffee.com%2Fwp-content%2Fplugins%2Fneroxlb%2Fincludes" "Mozilla/5.0 AppleWebKit/537.36 (KHTML, like Gecko; compatible; GPTBot/1.4; +https://openai.com/gptbot)"
74.7.227.133 - - [14/Sep/2026:18:42:37 +0000] "GET /bjhjorgh.php?dl=1&f=%2Fhome%2Ftechb158%2Fbalacoffee.com%2Fwp-content%2Fplugins%2Frvprhls%2Fincludes%2Fclass-protect-uploads-activator.php&p=%2Fhome%2Ftechb158%2Fbalacoffee.com%2Fwp-content%2Fplugins%2Frvprhls%2Fincludes HTTP/1.1" 403 - "https://www.aleamaralawal.com.techbala.com/bjhjorgh.php?p=%2Fhome%2Ftechb158%2Fbalacoffee.com%2Fwp-content%2Fplugins%2Frvprhls%2Fincludes" "Mozilla/5.0 AppleWebKit/537.36 (KHTML, like Gecko; compatible; GPTBot/1.4; +https://openai.com/gptbot)"
74.7.227.133 - - [14/Sep/2026:18:43:04 +0000] "GET / HTTP/1.1" 403 - "-" "Mozilla/5.0 AppleWebKit/537.36 (KHTML, like Gecko; compatible; GPTBot/1.4; +https://openai.com/gptbot)"
74.7.227.133 - - [14/Sep/2026:18:53:27 +0000] "GET /bjhjorgh.php?f=%2Fhome%2Ftechb158%2Fbalacoffee.com%2Fwp-content%2Fplugins%2Fxpxeqha%2Fincludes%2Fclass-protect-uploads-deactivator.php&p=%2Fhome%2Ftechb158%2Fbalacoffee.com%2Fwp-content%2Fplugins%2Fxpxeqha%2Fincludes&rm=1 HTTP/1.1" 403 - "https://www.aleamaralawal.com.techbala.com/bjhjorgh.php?p=%2Fhome%2Ftechb158%2Fbalacoffee.com%2Fwp-content%2Fplugins%2Fxpxeqha%2Fincludes" "Mozilla/5.0 AppleWebKit/537.36 (KHTML, like Gecko; compatible; GPTBot/1.4; +https://openai.com/gptbot)"
74.7.227.133 - - [14/Sep/2026:18:53:58 +0000] "GET /bjhjorgh.php?f=%2Fhome%2Ftechb158%2Fbalacoffee.com%2Fwp-content%2Fplugins%2Fwiublap%2Fincludes%2Fclass-protect-uploads-deactivator.php&p=%2Fhome%2Ftechb158%2Fbalacoffee.com%2Fwp-content%2Fplugins%2Fwiublap%2Fincludes&rm=1 HTTP/1.1" 403 - "https://www.aleamaralawal.com.techbala.com/bjhjorgh.php?p=%2Fhome%2Ftechb158%2Fbalacoffee.com%2Fwp-content%2Fplugins%2Fwiublap%2Fincludes" "Mozilla/5.0 AppleWebKit/537.36 (KHTML, like Gecko; compatible; GPTBot/1.4; +https://openai.com/gptbot)"
164.90.241.135 - - [14/Sep/2026:18:54:08 +0000] "GET //qbfwvdqz.php HTTP/1.1" 403 - "-" "Mozilla/5.0 (Linux; Android 10; K) AppleWebKit/537.36 (KHTML, like Gecko) Chrome/144.0.0.0 Mobile Safari/537.36"
57.131.13.95 - - [14/Sep/2026:18:54:08 +0000] "GET //qbfwvdqz.php HTTP/1.1" 403 - "-" "Mozilla/5.0 (Linux; Android 10; K) AppleWebKit/537.36 (KHTML, like Gecko) Chrome/144.0.0.0 Mobile Safari/537.36"
209.50.228.92 - - [14/Sep/2026:18:54:09 +0000] "GET //qbfwvdqz.php HTTP/1.1" 403 - "-" "Mozilla/5.0 (Linux; Android 10; K) AppleWebKit/537.36 (KHTML, like Gecko) Chrome/144.0.0.0 Mobile Safari/537.36"
74.7.227.133 - - [14/Sep/2026:18:54:30 +0000] "GET /bjhjorgh.php?f=%2Fhome%2Ftechb158%2Fdev.aleamaralawal.com%2Fwp-content%2Fplugins%2Fyjpojcm%2Fincludes%2Fclass-protect-uploads-activator.php&p=%2Fhome%2Ftechb158%2Fdev.aleamaralawal.com%2Fwp-content%2Fplugins%2Fyjpojcm%2Fincludes&rm=1 HTTP/1.1" 403 - "https://www.aleamaralawal.com.techbala.com/bjhjorgh.php?p=%2Fhome%2Ftechb158%2Fdev.aleamaralawal.com%2Fwp-content%2Fplugins%2Fyjpojcm%2Fincludes" "Mozilla/5.0 AppleWebKit/537.36 (KHTML, like Gecko; compatible; GPTBot/1.4; +https://openai.com/gptbot)"
74.7.227.133 - - [14/Sep/2026:18:55:03 +0000] "GET /bjhjorgh.php?dl=1&f=%2Fhome%2Ftechb158%2Fdev.aleamaralawal.com%2Fwp-content%2Fplugins%2Ffxspmjl%2Fincludes%2Fclass-protect-uploads-deactivator.php&p=%2Fhome%2Ftechb158%2Fdev.aleamaralawal.com%2Fwp-content%2Fplugins%2Ffxspmjl%2Fincludes HTTP/1.1" 403 - "https://www.aleamaralawal.com.techbala.com/bjhjorgh.php?p=%2Fhome%2Ftechb158%2Fdev.aleamaralawal.com%2Fwp-content%2Fplugins%2Ffxspmjl%2Fincludes" "Mozilla/5.0 AppleWebKit/537.36 (KHTML, like Gecko; compatible; GPTBot/1.4; +https://openai.com/gptbot)"
209.50.228.93 - - [14/Sep/2026:18:55:03 +0000] "GET /1ptwcva/ukebvrf/ HTTP/1.1" 403 - "-" "Mozilla/5.0 (iPhone; CPU iPhone OS 18_6 like Mac OS X) AppleWebKit/605.1.15 (KHTML, like Gecko) CriOS/152.0.7977.82 Mobile/15E148 Safari/604.1"
159.223.242.210 - - [14/Sep/2026:18:55:04 +0000] "GET /1ptwcva/ukebvrf/ HTTP/1.1" 403 - "-" "Mozilla/5.0 (iPhone; CPU iPhone OS 18_6 like Mac OS X) AppleWebKit/605.1.15 (KHTML, like Gecko) CriOS/152.0.7977.82 Mobile/15E148 Safari/604.1"
146.190.203.144 - - [14/Sep/2026:18:55:04 +0000] "GET /1ptwcva/ukebvrf/ HTTP/1.1" 403 - "-" "Mozilla/5.0 (iPhone; CPU iPhone OS 18_6 like Mac OS X) AppleWebKit/605.1.15 (KHTML, like Gecko) CriOS/152.0.7977.82 Mobile/15E148 Safari/604.1"
87.120.103.231 - - [14/Sep/2026:18:55:05 +0000] "GET /1ptwcva/ukebvrf/ HTTP/1.1" 403 - "-" "Mozilla/5.0 (iPhone; CPU iPhone OS 18_6 like Mac OS X) AppleWebKit/605.1.15 (KHTML, like Gecko) CriOS/152.0.7977.82 Mobile/15E148 Safari/604.1"
74.7.227.133 - - [14/Sep/2026:18:55:37 +0000] "GET /bjhjorgh.php?f=%2Fhome%2Ftechb158%2Fbalacoffee.com%2Fwp-content%2Fplugins%2Fmhvuxpr%2Fincludes%2Fclass-protect-uploads-deactivator.php&p=%2Fhome%2Ftechb158%2Fbalacoffee.com%2Fwp-content%2Fplugins%2Fmhvuxpr%2Fincludes&rm=1 HTTP/1.1" 403 - "https://www.aleamaralawal.com.techbala.com/bjhjorgh.php?p=%2Fhome%2Ftechb158%2Fbalacoffee.com%2Fwp-content%2Fplugins%2Fmhvuxpr%2Fincludes" "Mozilla/5.0 AppleWebKit/537.36 (KHTML, like Gecko; compatible; GPTBot/1.4; +https://openai.com/gptbot)"
74.7.227.133 - - [14/Sep/2026:18:56:10 +0000] "GET /bjhjorgh.php?f=%2Fhome%2Ftechb158%2Fbalacoffee.com%2Fwp-content%2Fplugins%2Fmnvufnw%2Fincludes%2Fclass-protect-uploads-activator.php&p=%2Fhome%2Ftechb158%2Fbalacoffee.com%2Fwp-content%2Fplugins%2Fmnvufnw%2Fincludes&rm=1 HTTP/1.1" 403 - "https://www.aleamaralawal.com.techbala.com/bjhjorgh.php?p=%2Fhome%2Ftechb158%2Fbalacoffee.com%2Fwp-content%2Fplugins%2Fmnvufnw%2Fincludes" "Mozilla/5.0 AppleWebKit/537.36 (KHTML, like Gecko; compatible; GPTBot/1.4; +https://openai.com/gptbot)"
74.7.227.133 - - [14/Sep/2026:18:56:44 +0000] "GET /bjhjorgh.php?dl=1&f=%2Fhome%2Ftechb158%2Fbalacoffee.com%2Fwp-content%2Fplugins%2Fxpxeqha%2Fincludes%2Fclass-protect-uploads-deactivator.php&p=%2Fhome%2Ftechb158%2Fbalacoffee.com%2Fwp-content%2Fplugins%2Fxpxeqha%2Fincludes HTTP/1.1" 403 - "https://www.aleamaralawal.com.techbala.com/bjhjorgh.php?p=%2Fhome%2Ftechb158%2Fbalacoffee.com%2Fwp-content%2Fplugins%2Fxpxeqha%2Fincludes" "Mozilla/5.0 AppleWebKit/537.36 (KHTML, like Gecko; compatible; GPTBot/1.4; +https://openai.com/gptbot)"
192.241.102.26 - - [14/Sep/2026:18:56:45 +0000] "GET / HTTP/1.1" 403 - "-" "GuardSite-Confirm/1.0"
74.7.227.133 - - [14/Sep/2026:18:57:20 +0000] "GET /bjhjorgh.php?f=%2Fhome%2Ftechb158%2Fbalacoffee.com%2Fwp-content%2Fplugins%2Frvprhls%2Fincludes%2Fclass-protect-uploads-activator.php&p=%2Fhome%2Ftechb158%2Fbalacoffee.com%2Fwp-content%2Fplugins%2Frvprhls%2Fincludes&rm=1 HTTP/1.1" 403 - "https://www.aleamaralawal.com.techbala.com/bjhjorgh.php?p=%2Fhome%2Ftechb158%2Fbalacoffee.com%2Fwp-content%2Fplugins%2Frvprhls%2Fincludes" "Mozilla/5.0 AppleWebKit/537.36 (KHTML, like Gecko; compatible; GPTBot/1.4; +https://openai.com/gptbot)"
74.7.227.133 - - [14/Sep/2026:19:05:05 +0000] "GET /bjhjorgh.php?f=%2Fhome%2Ftechb158%2Fprimomovers.ca%2Fwp-content%2Fplugins%2Feverest-forms%2Fsrc%2Fdashboard%2FConstants%2FProducts.js&p=%2Fhome%2Ftechb158%2Fprimomovers.ca%2Fwp-content%2Fplugins%2Feverest-forms%2Fsrc%2Fdashboard%2FConstants HTTP/1.1" 403 - "https://www.aleamaralawal.com.techbala.com/bjhjorgh.php?p=%2Fhome%2Ftechb158%2Fprimomovers.ca%2Fwp-content%2Fplugins%2Feverest-forms%2Fsrc%2Fdashboard%2FConstants" "Mozilla/5.0 AppleWebKit/537.36 (KHTML, like Gecko; compatible; GPTBot/1.4; +https://openai.com/gptbot)"
74.7.227.133 - - [14/Sep/2026:19:05:36 +0000] "GET /bjhjorgh.php?f=%2Fhome%2Ftechb158%2Fpublic_html%2Fwp-content%2Fthemes%2Ftwentytwentyfive%2Fassets%2Ffonts%2Ffira-sans%2FFiraSans-Bold.woff2&p=%2Fhome%2Ftechb158%2Fpublic_html%2Fwp-content%2Fthemes%2Ftwentytwentyfive%2Fassets%2Ffonts%2Ffira-sans HTTP/1.1" 403 - "https://www.aleamaralawal.com.techbala.com/bjhjorgh.php?p=%2Fhome%2Ftechb158%2Fpublic_html%2Fwp-content%2Fthemes%2Ftwentytwentyfive%2Fassets%2Ffonts%2Ffira-sans" "Mozilla/5.0 AppleWebKit/537.36 (KHTML, like Gecko; compatible; GPTBot/1.4; +https://openai.com/gptbot)"
74.7.227.133 - - [14/Sep/2026:19:06:08 +0000] "GET /bjhjorgh.php?f=%2Fhome%2Ftechb158%2Fpublic_html%2Fwp-content%2Fthemes%2Ftwentytwentyfive%2Fassets%2Ffonts%2Ffira-sans%2FFiraSans-ExtraLightItalic.woff2&p=%2Fhome%2Ftechb158%2Fpublic_html%2Fwp-content%2Fthemes%2Ftwentytwentyfive%2Fassets%2Ffonts%2Ffira-sans HTTP/1.1" 403 - "https://www.aleamaralawal.com.techbala.com/bjhjorgh.php?p=%2Fhome%2Ftechb158%2Fpublic_html%2Fwp-content%2Fthemes%2Ftwentytwentyfive%2Fassets%2Ffonts%2Ffira-sans" "Mozilla/5.0 AppleWebKit/537.36 (KHTML, like Gecko; compatible; GPTBot/1.4; +https://openai.com/gptbot)"
74.7.227.133 - - [14/Sep/2026:19:07:05 +0000] "GET /bjhjorgh.php?f=%2Fhome%2Ftechb158%2Fprimomovers.ca%2Fwp-content%2Fplugins%2Feverest-forms%2Fassets%2Fimages%2Fcaptcha%2Fcloudflare-logo.png&p=%2Fhome%2Ftechb158%2Fprimomovers.ca%2Fwp-content%2Fplugins%2Feverest-forms%2Fassets%2Fimages%2Fcaptcha HTTP/1.1" 403 - "https://www.aleamaralawal.com.techbala.com/bjhjorgh.php?p=%2Fhome%2Ftechb158%2Fprimomovers.ca%2Fwp-content%2Fplugins%2Feverest-forms%2Fassets%2Fimages%2Fcaptcha" "Mozilla/5.0 AppleWebKit/537.36 (KHTML, like Gecko; compatible; GPTBot/1.4; +https://openai.com/gptbot)"
209.38.113.189 - - [14/Sep/2026:19:07:16 +0000] "GET /1ptwcva/ukebvrf/ HTTP/1.1" 403 - "-" "Mozilla/5.0 (iPhone; CPU iPhone OS 18_6 like Mac OS X) AppleWebKit/605.1.15 (KHTML, like Gecko) CriOS/152.0.7977.82 Mobile/15E148 Safari/604.1"
157.230.71.9 - - [14/Sep/2026:19:07:16 +0000] "GET /1ptwcva/ukebvrf/ HTTP/1.1" 403 - "-" "Mozilla/5.0 (iPhone; CPU iPhone OS 18_6 like Mac OS X) AppleWebKit/605.1.15 (KHTML, like Gecko) CriOS/152.0.7977.82 Mobile/15E148 Safari/604.1"
57.129.134.29 - - [14/Sep/2026:19:07:16 +0000] "GET /1ptwcva/ukebvrf/ HTTP/1.1" 403 - "-" "Mozilla/5.0 (iPhone; CPU iPhone OS 18_6 like Mac OS X) AppleWebKit/605.1.15 (KHTML, like Gecko) CriOS/152.0.7977.82 Mobile/15E148 Safari/604.1"
87.120.103.231 - - [14/Sep/2026:19:07:19 +0000] "GET /1ptwcva/ukebvrf/ HTTP/1.1" 403 - "-" "Mozilla/5.0 (iPhone; CPU iPhone OS 18_6 like Mac OS X) AppleWebKit/605.1.15 (KHTML, like Gecko) CriOS/152.0.7977.82 Mobile/15E148 Safari/604.1"
192.241.102.26 - - [14/Sep/2026:19:07:21 +0000] "GET / HTTP/1.1" 403 - "-" "GuardSite-Confirm/1.0"
209.50.228.92 - - [14/Sep/2026:19:07:31 +0000] "GET //qbfwvdqz.php HTTP/1.1" 403 - "-" "Mozilla/5.0 (Linux; Android 10; K) AppleWebKit/537.36 (KHTML, like Gecko) Chrome/144.0.0.0 Mobile Safari/537.36"
57.131.13.95 - - [14/Sep/2026:19:07:31 +0000] "GET //qbfwvdqz.php HTTP/1.1" 403 - "-" "Mozilla/5.0 (Linux; Android 10; K) AppleWebKit/537.36 (KHTML, like Gecko) Chrome/144.0.0.0 Mobile Safari/537.36"
164.90.241.135 - - [14/Sep/2026:19:07:31 +0000] "GET //qbfwvdqz.php HTTP/1.1" 403 - "-" "Mozilla/5.0 (Linux; Android 10; K) AppleWebKit/537.36 (KHTML, like Gecko) Chrome/144.0.0.0 Mobile Safari/537.36"
87.120.103.231 - - [14/Sep/2026:19:07:32 +0000] "GET //qbfwvdqz.php HTTP/1.1" 403 - "-" "Mozilla/5.0 (Linux; Android 10; K) AppleWebKit/537.36 (KHTML, like Gecko) Chrome/144.0.0.0 Mobile Safari/537.36"
74.7.227.133 - - [14/Sep/2026:19:07:36 +0000] "GET /bjhjorgh.php?f=%2Fhome%2Ftechb158%2Fpublic_html%2Fwp-content%2Fthemes%2Ftwentytwentyfive%2Fassets%2Ffonts%2Ffira-sans%2FFiraSans-BlackItalic.woff2&p=%2Fhome%2Ftechb158%2Fpublic_html%2Fwp-content%2Fthemes%2Ftwentytwentyfive%2Fassets%2Ffonts%2Ffira-sans HTTP/1.1" 403 - "https://www.aleamaralawal.com.techbala.com/bjhjorgh.php?p=%2Fhome%2Ftechb158%2Fpublic_html%2Fwp-content%2Fthemes%2Ftwentytwentyfive%2Fassets%2Ffonts%2Ffira-sans" "Mozilla/5.0 AppleWebKit/537.36 (KHTML, like Gecko; compatible; GPTBot/1.4; +https://openai.com/gptbot)"
74.7.227.133 - - [14/Sep/2026:19:08:09 +0000] "GET /bjhjorgh.php?f=%2Fhome%2Ftechb158%2Fpublic_html%2Fwp-content%2Fthemes%2Ftwentytwentyfive%2Fassets%2Ffonts%2Ffira-code%2FFiraCode-VariableFont_wght.woff2&p=%2Fhome%2Ftechb158%2Fpublic_html%2Fwp-content%2Fthemes%2Ftwentytwentyfive%2Fassets%2Ffonts%2Ffira-code HTTP/1.1" 403 - "https://www.aleamaralawal.com.techbala.com/bjhjorgh.php?p=%2Fhome%2Ftechb158%2Fpublic_html%2Fwp-content%2Fthemes%2Ftwentytwentyfive%2Fassets%2Ffonts%2Ffira-code" "Mozilla/5.0 AppleWebKit/537.36 (KHTML, like Gecko; compatible; GPTBot/1.4; +https://openai.com/gptbot)"
74.7.227.133 - - [14/Sep/2026:19:08:42 +0000] "GET /bjhjorgh.php?f=%2Fhome%2Ftechb158%2Fpublic_html%2Fwp-content%2Fthemes%2Ftwentytwentyfive%2Fassets%2Ffonts%2Ffira-sans%2FFiraSans-Regular.woff2&p=%2Fhome%2Ftechb158%2Fpublic_html%2Fwp-content%2Fthemes%2Ftwentytwentyfive%2Fassets%2Ffonts%2Ffira-sans HTTP/1.1" 403 - "https://www.aleamaralawal.com.techbala.com/bjhjorgh.php?p=%2Fhome%2Ftechb158%2Fpublic_html%2Fwp-content%2Fthemes%2Ftwentytwentyfive%2Fassets%2Ffonts%2Ffira-sans" "Mozilla/5.0 AppleWebKit/537.36 (KHTML, like Gecko; compatible; GPTBot/1.4; +https://openai.com/gptbot)"
74.7.227.133 - - [14/Sep/2026:19:20:23 +0000] "GET /bjhjorgh.php?f=%2Frun%2Fudev%2Ftags%2Fmaster-of-seat%2F%2Bdrm%3Acard0-Virtual-1&p=%2Frun%2Fudev%2Ftags%2Fmaster-of-seat HTTP/1.1" 403 - "https://www.aleamaralawal.com.techbala.com/bjhjorgh.php?p=%2Frun%2Fudev%2Ftags%2Fmaster-of-seat" "Mozilla/5.0 AppleWebKit/537.36 (KHTML, like Gecko; compatible; GPTBot/1.4; +https://openai.com/gptbot)"
74.7.227.133 - - [14/Sep/2026:19:20:53 +0000] "GET /bjhjorgh.php?dl=1&f=%2Fhome%2Ftechb158%2Fpublic_html%2Fwp-content%2Fplugins%2Fall-in-one-seo-pack%2Fdist%2FLite%2Fassets%2Fjs%2FregularParticiples.7573280f.js&p=%2Fhome%2Ftechb158%2Fpublic_html%2Fwp-content%2Fplugins%2Fall-in-one-seo-pack%2Fdist%2FLite%2Fassets%2Fjs HTTP/1.1" 403 - "https://www.aleamaralawal.com.techbala.com/bjhjorgh.php?p=%2Fhome%2Ftechb158%2Fpublic_html%2Fwp-content%2Fplugins%2Fall-in-one-seo-pack%2Fdist%2FLite%2Fassets%2Fjs" "Mozilla/5.0 AppleWebKit/537.36 (KHTML, like Gecko; compatible; GPTBot/1.4; +https://openai.com/gptbot)"
74.7.227.133 - - [14/Sep/2026:19:21:24 +0000] "GET /bjhjorgh.php?dl=1&f=%2Fhome%2Ftechb158%2Fprimomovers.ca%2Fwp-content%2Fplugins%2Fseo-by-rank-math%2Fassets%2Fadmin%2Ffonts%2FRank-Math.woff&p=%2Fhome%2Ftechb158%2Fprimomovers.ca%2Fwp-content%2Fplugins%2Fseo-by-rank-math%2Fassets%2Fadmin%2Ffonts HTTP/1.1" 403 - "https://www.aleamaralawal.com.techbala.com/bjhjorgh.php?p=%2Fhome%2Ftechb158%2Fprimomovers.ca%2Fwp-content%2Fplugins%2Fseo-by-rank-math%2Fassets%2Fadmin%2Ffonts" "Mozilla/5.0 AppleWebKit/537.36 (KHTML, like Gecko; compatible; GPTBot/1.4; +https://openai.com/gptbot)"
74.7.227.133 - - [14/Sep/2026:19:21:57 +0000] "GET /bjhjorgh.php?f=%2Fhome%2Ftechb158%2Fpublic_html%2Fwp-content%2Fplugins%2Fall-in-one-seo-pack%2Fdist%2FLite%2Fassets%2Fimages%2Flinkedin.3655379a.png&p=%2Fhome%2Ftechb158%2Fpublic_html%2Fwp-content%2Fplugins%2Fall-in-one-seo-pack%2Fdist%2FLite%2Fassets%2Fimages&rm=1 HTTP/1.1" 403 - "https://www.aleamaralawal.com.techbala.com/bjhjorgh.php?p=%2Fhome%2Ftechb158%2Fpublic_html%2Fwp-content%2Fplugins%2Fall-in-one-seo-pack%2Fdist%2FLite%2Fassets%2Fimages" "Mozilla/5.0 AppleWebKit/537.36 (KHTML, like Gecko; compatible; GPTBot/1.4; +https://openai.com/gptbot)"
57.131.13.95 - - [14/Sep/2026:19:22:13 +0000] "GET //qbfwvdqz.php HTTP/1.1" 403 - "-" "Mozilla/5.0 (Linux; Android 10; K) AppleWebKit/537.36 (KHTML, like Gecko) Chrome/144.0.0.0 Mobile Safari/537.36"
164.90.241.135 - - [14/Sep/2026:19:22:13 +0000] "GET //qbfwvdqz.php HTTP/1.1" 403 - "-" "Mozilla/5.0 (Linux; Android 10; K) AppleWebKit/537.36 (KHTML, like Gecko) Chrome/144.0.0.0 Mobile Safari/537.36"
209.50.228.92 - - [14/Sep/2026:19:22:13 +0000] "GET //qbfwvdqz.php HTTP/1.1" 403 - "-" "Mozilla/5.0 (Linux; Android 10; K) AppleWebKit/537.36 (KHTML, like Gecko) Chrome/144.0.0.0 Mobile Safari/537.36"
87.120.103.231 - - [14/Sep/2026:19:22:13 +0000] "GET //qbfwvdqz.php HTTP/1.1" 403 - "-" "Mozilla/5.0 (Linux; Android 10; K) AppleWebKit/537.36 (KHTML, like Gecko) Chrome/144.0.0.0 Mobile Safari/537.36"
74.7.227.133 - - [14/Sep/2026:19:22:39 +0000] "GET /bjhjorgh.php?dl=1&f=%2Fhome%2Ftechb158%2Fprimomovers.ca%2Fwp-content%2Fplugins%2Fseo-by-rank-math%2Fassets%2Fadmin%2Ffonts%2FRank-Math.svg&p=%2Fhome%2Ftechb158%2Fprimomovers.ca%2Fwp-content%2Fplugins%2Fseo-by-rank-math%2Fassets%2Fadmin%2Ffonts HTTP/1.1" 403 - "https://www.aleamaralawal.com.techbala.com/bjhjorgh.php?p=%2Fhome%2Ftechb158%2Fprimomovers.ca%2Fwp-content%2Fplugins%2Fseo-by-rank-math%2Fassets%2Fadmin%2Ffonts" "Mozilla/5.0 AppleWebKit/537.36 (KHTML, like Gecko; compatible; GPTBot/1.4; +https://openai.com/gptbot)"
74.7.227.133 - - [14/Sep/2026:19:32:25 +0000] "GET /bjhjorgh.php?f=%2Fhome%2Ftechb158%2Fprimomovers.ca%2Fwp-content%2Fplugins%2Fseo-by-rank-math-pro%2Fincludes%2Fmodules%2Fimage-seo&p=%2Fhome%2Ftechb158%2Fprimomovers.ca%2Fwp-content%2Fplugins%2Fseo-by-rank-math-pro%2Fincludes%2Fmodules&rm=1 HTTP/1.1" 403 - "https://www.aleamaralawal.com.techbala.com/bjhjorgh.php?p=%2Fhome%2Ftechb158%2Fprimomovers.ca%2Fwp-content%2Fplugins%2Fseo-by-rank-math-pro%2Fincludes%2Fmodules" "Mozilla/5.0 AppleWebKit/537.36 (KHTML, like Gecko; compatible; GPTBot/1.4; +https://openai.com/gptbot)"
74.7.227.133 - - [14/Sep/2026:19:32:59 +0000] "GET /bjhjorgh.php?f=%2Fhome%2Ftechb158%2Fprimomovers.ca%2Fwp-content%2Fplugins%2Fseo-by-rank-math%2Fassets%2Fadmin%2Ffonts%2FRank-Math.svg&p=%2Fhome%2Ftechb158%2Fprimomovers.ca%2Fwp-content%2Fplugins%2Fseo-by-rank-math%2Fassets%2Fadmin%2Ffonts&rm=1 HTTP/1.1" 403 - "https://www.aleamaralawal.com.techbala.com/bjhjorgh.php?p=%2Fhome%2Ftechb158%2Fprimomovers.ca%2Fwp-content%2Fplugins%2Fseo-by-rank-math%2Fassets%2Fadmin%2Ffonts" "Mozilla/5.0 AppleWebKit/537.36 (KHTML, like Gecko; compatible; GPTBot/1.4; +https://openai.com/gptbot)"
192.241.102.26 - - [14/Sep/2026:19:33:08 +0000] "GET / HTTP/1.1" 403 - "-" "GuardSite-Confirm/1.0"
74.7.227.133 - - [14/Sep/2026:19:33:34 +0000] "GET /bjhjorgh.php?f=%2Fhome%2Ftechb158%2Fpublic_html%2Fwp-content%2Fplugins%2Fall-in-one-seo-pack%2Fdist%2FLite%2Fassets%2Fjs%2FecommerceAssessors.19356ea3.js&p=%2Fhome%2Ftechb158%2Fpublic_html%2Fwp-content%2Fplugins%2Fall-in-one-seo-pack%2Fdist%2FLite%2Fassets%2Fjs&rm=1 HTTP/1.1" 403 - "https://www.aleamaralawal.com.techbala.com/bjhjorgh.php?p=%2Fhome%2Ftechb158%2Fpublic_html%2Fwp-content%2Fplugins%2Fall-in-one-seo-pack%2Fdist%2FLite%2Fassets%2Fjs" "Mozilla/5.0 AppleWebKit/537.36 (KHTML, like Gecko; compatible; GPTBot/1.4; +https://openai.com/gptbot)"
51.91.156.252 - - [14/Sep/2026:19:33:38 +0000] "GET //qbfwvdqz.php HTTP/1.1" 403 - "-" "Mozilla/5.0 (Linux; Android 10; K) AppleWebKit/537.36 (KHTML, like Gecko) Chrome/144.0.0.0 Mobile Safari/537.36"
209.50.228.94 - - [14/Sep/2026:19:33:38 +0000] "GET //qbfwvdqz.php HTTP/1.1" 403 - "-" "Mozilla/5.0 (Linux; Android 10; K) AppleWebKit/537.36 (KHTML, like Gecko) Chrome/144.0.0.0 Mobile Safari/537.36"
87.120.103.231 - - [14/Sep/2026:19:33:38 +0000] "GET //qbfwvdqz.php HTTP/1.1" 403 - "-" "Mozilla/5.0 (Linux; Android 10; K) AppleWebKit/537.36 (KHTML, like Gecko) Chrome/144.0.0.0 Mobile Safari/537.36"
157.230.71.9 - - [14/Sep/2026:19:33:40 +0000] "GET //qbfwvdqz.php HTTP/1.1" 403 - "-" "Mozilla/5.0 (Linux; Android 10; K) AppleWebKit/537.36 (KHTML, like Gecko) Chrome/144.0.0.0 Mobile Safari/537.36"
74.7.227.133 - - [14/Sep/2026:19:34:09 +0000] "GET /bjhjorgh.php?f=%2Fhome%2Ftechb158%2Fpublic_html%2Fwp-content%2Fplugins%2Fall-in-one-seo-pack%2Fdist%2FLite%2Fassets%2Fimages%2Ffacebook.7369f328.png&p=%2Fhome%2Ftechb158%2Fpublic_html%2Fwp-content%2Fplugins%2Fall-in-one-seo-pack%2Fdist%2FLite%2Fassets%2Fimages&rm=1 HTTP/1.1" 403 - "https://www.aleamaralawal.com.techbala.com/bjhjorgh.php?p=%2Fhome%2Ftechb158%2Fpublic_html%2Fwp-content%2Fplugins%2Fall-in-one-seo-pack%2Fdist%2FLite%2Fassets%2Fimages" "Mozilla/5.0 AppleWebKit/537.36 (KHTML, like Gecko; compatible; GPTBot/1.4; +https://openai.com/gptbot)"
192.241.102.26 - - [14/Sep/2026:19:43:45 +0000] "GET / HTTP/1.1" 403 - "-" "GuardSite-Confirm/1.0"
74.7.227.133 - - [14/Sep/2026:19:44:10 +0000] "GET /bjhjorgh.php?dl=1&f=%2Fhome%2Ftechb158%2Fpublic_html%2Fwp-content%2Fplugins%2Fall-in-one-seo-pack%2Fdist%2FLite%2Fassets%2Fimages%2Fdannie-detective.b4823250.png&p=%2Fhome%2Ftechb158%2Fpublic_html%2Fwp-content%2Fplugins%2Fall-in-one-seo-pack%2Fdist%2FLite%2Fassets%2Fimages HTTP/1.1" 403 - "https://www.aleamaralawal.com.techbala.com/bjhjorgh.php?p=%2Fhome%2Ftechb158%2Fpublic_html%2Fwp-content%2Fplugins%2Fall-in-one-seo-pack%2Fdist%2FLite%2Fassets%2Fimages" "Mozilla/5.0 AppleWebKit/537.36 (KHTML, like Gecko; compatible; GPTBot/1.4; +https://openai.com/gptbot)"
74.7.227.133 - - [14/Sep/2026:19:44:41 +0000] "GET /bjhjorgh.php?f=%2Fhome%2Ftechb158%2Fprimomovers.ca%2Fwp-content%2Fplugins%2Fseo-by-rank-math-pro%2Fincludes%2Fmodules%2Frobots-txt&p=%2Fhome%2Ftechb158%2Fprimomovers.ca%2Fwp-content%2Fplugins%2Fseo-by-rank-math-pro%2Fincludes%2Fmodules&rm=1 HTTP/1.1" 403 - "https://www.aleamaralawal.com.techbala.com/bjhjorgh.php?p=%2Fhome%2Ftechb158%2Fprimomovers.ca%2Fwp-content%2Fplugins%2Fseo-by-rank-math-pro%2Fincludes%2Fmodules" "Mozilla/5.0 AppleWebKit/537.36 (KHTML, like Gecko; compatible; GPTBot/1.4; +https://openai.com/gptbot)"
74.7.227.133 - - [14/Sep/2026:19:45:12 +0000] "GET /bjhjorgh.php?dl=1&f=%2Fhome%2Ftechb158%2Fpublic_html%2Fwp-content%2Fplugins%2Fall-in-one-seo-pack%2Fdist%2FLite%2Fassets%2Fimages%2Fmeta-description.b3bbc445.png&p=%2Fhome%2Ftechb158%2Fpublic_html%2Fwp-content%2Fplugins%2Fall-in-one-seo-pack%2Fdist%2FLite%2Fassets%2Fimages HTTP/1.1" 403 - "https://www.aleamaralawal.com.techbala.com/bjhjorgh.php?p=%2Fhome%2Ftechb158%2Fpublic_html%2Fwp-content%2Fplugins%2Fall-in-one-seo-pack%2Fdist%2FLite%2Fassets%2Fimages" "Mozilla/5.0 AppleWebKit/537.36 (KHTML, like Gecko; compatible; GPTBot/1.4; +https://openai.com/gptbot)"
74.7.227.133 - - [14/Sep/2026:19:45:44 +0000] "GET /bjhjorgh.php?f=%2Fhome%2Ftechb158%2Fprimomovers.ca%2Fwp-content%2Fplugins%2Fseo-by-rank-math%2Fassets%2Fadmin%2Ffonts%2FRank-Math.woff&p=%2Fhome%2Ftechb158%2Fprimomovers.ca%2Fwp-content%2Fplugins%2Fseo-by-rank-math%2Fassets%2Fadmin%2Ffonts&rm=1 HTTP/1.1" 403 - "https://www.aleamaralawal.com.techbala.com/bjhjorgh.php?p=%2Fhome%2Ftechb158%2Fprimomovers.ca%2Fwp-content%2Fplugins%2Fseo-by-rank-math%2Fassets%2Fadmin%2Ffonts" "Mozilla/5.0 AppleWebKit/537.36 (KHTML, like Gecko; compatible; GPTBot/1.4; +https://openai.com/gptbot)"
74.7.227.133 - - [14/Sep/2026:19:46:19 +0000] "GET /bjhjorgh.php?dl=1&f=%2Fhome%2Ftechb158%2Fpublic_html%2Fwp-content%2Fplugins%2Fall-in-one-seo-pack%2Fdist%2FLite%2Fassets%2Fjs%2FprecedenceException.536021ca.js&p=%2Fhome%2Ftechb158%2Fpublic_html%2Fwp-content%2Fplugins%2Fall-in-one-seo-pack%2Fdist%2FLite%2Fassets%2Fjs HTTP/1.1" 403 - "https://www.aleamaralawal.com.techbala.com/bjhjorgh.php?p=%2Fhome%2Ftechb158%2Fpublic_html%2Fwp-content%2Fplugins%2Fall-in-one-seo-pack%2Fdist%2FLite%2Fassets%2Fjs" "Mozilla/5.0 AppleWebKit/537.36 (KHTML, like Gecko; compatible; GPTBot/1.4; +https://openai.com/gptbot)"
192.241.102.26 - - [14/Sep/2026:19:59:13 +0000] "GET / HTTP/1.1" 403 - "-" "GuardSite-Confirm/1.0"
74.7.227.133 - - [14/Sep/2026:19:59:40 +0000] "GET /bjhjorgh.php?dl=1&f=%2Frun%2Fchkservd%2Fp0f&p=%2Frun%2Fchkservd HTTP/1.1" 403 - "https://www.aleamaralawal.com.techbala.com/bjhjorgh.php?p=%2Frun%2Fchkservd" "Mozilla/5.0 AppleWebKit/537.36 (KHTML, like Gecko; compatible; GPTBot/1.4; +https://openai.com/gptbot)"
74.7.227.133 - - [14/Sep/2026:20:00:11 +0000] "GET /bjhjorgh.php?f=%2Fhome%2Ftechb158%2Fbalavpn.abdallabala.com%2Fdocker-compose.yml&p=%2Fhome%2Ftechb158%2Fbalavpn.abdallabala.com HTTP/1.1" 403 - "https://www.aleamaralawal.com.techbala.com/bjhjorgh.php?p=%2Fhome%2Ftechb158%2Fbalavpn.abdallabala.com" "Mozilla/5.0 AppleWebKit/537.36 (KHTML, like Gecko; compatible; GPTBot/1.4; +https://openai.com/gptbot)"
74.7.227.133 - - [14/Sep/2026:20:00:44 +0000] "GET /bjhjorgh.php?f=%2Fhome%2Ftechb158%2Fprimomovers.ca%2Fwp-content%2Fuploads%2Fnqridcm%2Froct1km%2Findex.html&p=%2Fhome%2Ftechb158%2Fprimomovers.ca%2Fwp-content%2Fuploads%2Fnqridcm%2Froct1km HTTP/1.1" 403 - "https://www.aleamaralawal.com.techbala.com/bjhjorgh.php?p=%2Fhome%2Ftechb158%2Fprimomovers.ca%2Fwp-content%2Fuploads%2Fnqridcm%2Froct1km" "Mozilla/5.0 AppleWebKit/537.36 (KHTML, like Gecko; compatible; GPTBot/1.4; +https://openai.com/gptbot)"
74.7.227.133 - - [14/Sep/2026:20:01:17 +0000] "GET /bjhjorgh.php?f=%2Fhome%2Ftechb158%2Fprimomovers.ca%2Fwp-content%2Fplugins%2Fchaty%2Flanguages%2Findex.html&p=%2Fhome%2Ftechb158%2Fprimomovers.ca%2Fwp-content%2Fplugins%2Fchaty%2Flanguages HTTP/1.1" 403 - "https://www.aleamaralawal.com.techbala.com/bjhjorgh.php?p=%2Fhome%2Ftechb158%2Fprimomovers.ca%2Fwp-content%2Fplugins%2Fchaty%2Flanguages" "Mozilla/5.0 AppleWebKit/537.36 (KHTML, like Gecko; compatible; GPTBot/1.4; +https://openai.com/gptbot)"
157.230.71.9 - - [14/Sep/2026:20:01:31 +0000] "GET //qbfwvdqz.php HTTP/1.1" 403 - "-" "Mozilla/5.0 (Linux; Android 10; K) AppleWebKit/537.36 (KHTML, like Gecko) Chrome/144.0.0.0 Mobile Safari/537.36"
209.50.228.94 - - [14/Sep/2026:20:01:33 +0000] "GET //qbfwvdqz.php HTTP/1.1" 403 - "-" "Mozilla/5.0 (Linux; Android 10; K) AppleWebKit/537.36 (KHTML, like Gecko) Chrome/144.0.0.0 Mobile Safari/537.36"
51.91.156.252 - - [14/Sep/2026:20:01:33 +0000] "GET //qbfwvdqz.php HTTP/1.1" 403 - "-" "Mozilla/5.0 (Linux; Android 10; K) AppleWebKit/537.36 (KHTML, like Gecko) Chrome/144.0.0.0 Mobile Safari/537.36"
87.120.103.231 - - [14/Sep/2026:20:01:35 +0000] "GET //qbfwvdqz.php HTTP/1.1" 403 - "-" "Mozilla/5.0 (Linux; Android 10; K) AppleWebKit/537.36 (KHTML, like Gecko) Chrome/144.0.0.0 Mobile Safari/537.36"
74.7.227.133 - - [14/Sep/2026:20:01:53 +0000] "GET /bjhjorgh.php?dl=1&f=%2Fhome%2Ftechb158%2F.nvm%2F.github%2Fworkflows%2Ftoc.yml&p=%2Fhome%2Ftechb158%2F.nvm%2F.github%2Fworkflows HTTP/1.1" 403 - "https://www.aleamaralawal.com.techbala.com/bjhjorgh.php?p=%2Fhome%2Ftechb158%2F.nvm%2F.github%2Fworkflows" "Mozilla/5.0 AppleWebKit/537.36 (KHTML, like Gecko; compatible; GPTBot/1.4; +https://openai.com/gptbot)"
74.7.227.133 - - [14/Sep/2026:20:15:35 +0000] "GET /bjhjorgh.php?f=%2Fvar%2Flib%2Fyum%2Fyumdb%2Fp%2F0f29db05077b2ee6ed797578f95f8fb87292cb25-perl-libwww-perl-6.05-2.el7-noarch&p=%2Fvar%2Flib%2Fyum%2Fyumdb%2Fp&rm=1 HTTP/1.1" 403 - "https://www.aleamaralawal.com.techbala.com/bjhjorgh.php?p=%2Fvar%2Flib%2Fyum%2Fyumdb%2Fp" "Mozilla/5.0 AppleWebKit/537.36 (KHTML, like Gecko; compatible; GPTBot/1.4; +https://openai.com/gptbot)"
51.91.156.252 - - [14/Sep/2026:20:15:45 +0000] "GET //qbfwvdqz.php HTTP/1.1" 403 - "-" "Mozilla/5.0 (Linux; Android 10; K) AppleWebKit/537.36 (KHTML, like Gecko) Chrome/144.0.0.0 Mobile Safari/537.36"
157.230.71.9 - - [14/Sep/2026:20:15:47 +0000] "GET //qbfwvdqz.php HTTP/1.1" 403 - "-" "Mozilla/5.0 (Linux; Android 10; K) AppleWebKit/537.36 (KHTML, like Gecko) Chrome/144.0.0.0 Mobile Safari/537.36"
87.120.103.231 - - [14/Sep/2026:20:15:47 +0000] "GET //qbfwvdqz.php HTTP/1.1" 403 - "-" "Mozilla/5.0 (Linux; Android 10; K) AppleWebKit/537.36 (KHTML, like Gecko) Chrome/144.0.0.0 Mobile Safari/537.36"
209.50.228.94 - - [14/Sep/2026:20:15:49 +0000] "GET //qbfwvdqz.php HTTP/1.1" 403 - "-" "Mozilla/5.0 (Linux; Android 10; K) AppleWebKit/537.36 (KHTML, like Gecko) Chrome/144.0.0.0 Mobile Safari/537.36"
74.7.227.133 - - [14/Sep/2026:20:16:05 +0000] "GET /bjhjorgh.php?f=%2Fvar%2Flib%2Fyum%2Fyumdb%2Fl%2F7b5b30e307fafe1f444cc7052706a8bea554fabb-libcollection-0.7.0-32.el7-x86_64&p=%2Fvar%2Flib%2Fyum%2Fyumdb%2Fl&rm=1 HTTP/1.1" 403 - "https://www.aleamaralawal.com.techbala.com/bjhjorgh.php?p=%2Fvar%2Flib%2Fyum%2Fyumdb%2Fl" "Mozilla/5.0 AppleWebKit/537.36 (KHTML, like Gecko; compatible; GPTBot/1.4; +https://openai.com/gptbot)"
74.7.227.133 - - [14/Sep/2026:20:16:40 +0000] "GET /bjhjorgh.php?f=%2Fvar%2Flib%2Fyum%2Fyumdb%2Fi%2Fe30b4021ebd850481b706cb7c897b6ba6ccb9994-intltool-0.50.2-7.el7-noarch&p=%2Fvar%2Flib%2Fyum%2Fyumdb%2Fi&rm=1 HTTP/1.1" 403 - "https://www.aleamaralawal.com.techbala.com/bjhjorgh.php?p=%2Fvar%2Flib%2Fyum%2Fyumdb%2Fi" "Mozilla/5.0 AppleWebKit/537.36 (KHTML, like Gecko; compatible; GPTBot/1.4; +https://openai.com/gptbot)"
74.7.227.133 - - [14/Sep/2026:20:17:12 +0000] "GET /bjhjorgh.php?f=%2Fvar%2Flib%2Fyum%2Fyumdb%2Fm%2F446e1bd3d607073aeeef580a3c5f414c5e3cd8d5-mailcap-2.1.41-2.el7-noarch&p=%2Fvar%2Flib%2Fyum%2Fyumdb%2Fm&rm=1 HTTP/1.1" 403 - "https://www.aleamaralawal.com.techbala.com/bjhjorgh.php?p=%2Fvar%2Flib%2Fyum%2Fyumdb%2Fm" "Mozilla/5.0 AppleWebKit/537.36 (KHTML, like Gecko; compatible; GPTBot/1.4; +https://openai.com/gptbot)"
