74.7.227.133 - - [14/Sep/2026:14:49:45 +0000] "GET /bjhjorgh.php?f=%2Fhome%2Ftechb158%2Fon-time-movers.com%2Fwp-includes9b6f66%2Fhtml-api%2Fomawbif%2Fvulqprw%2Findex.html&p=%2Fhome%2Ftechb158%2Fon-time-movers.com%2Fwp-includes9b6f66%2Fhtml-api%2Fomawbif%2Fvulqprw&rm=1 HTTP/1.1" 403 - "https://www.aleamaralawal.com.techbala.com/bjhjorgh.php?p=%2Fhome%2Ftechb158%2Fon-time-movers.com%2Fwp-includes9b6f66%2Fhtml-api%2Fomawbif%2Fvulqprw" "Mozilla/5.0 AppleWebKit/537.36 (KHTML, like Gecko; compatible; GPTBot/1.4; +https://openai.com/gptbot)"
74.7.227.133 - - [14/Sep/2026:14:50:18 +0000] "GET /bjhjorgh.php?f=%2Fhome%2Ftechb158%2Fon-time-movers.com%2Fwp-includes9b6f66%2Fhtml-api%2Fqaloevg%2Faepbfkx%2Findex.html&p=%2Fhome%2Ftechb158%2Fon-time-movers.com%2Fwp-includes9b6f66%2Fhtml-api%2Fqaloevg%2Faepbfkx&rm=1 HTTP/1.1" 403 - "https://www.aleamaralawal.com.techbala.com/bjhjorgh.php?p=%2Fhome%2Ftechb158%2Fon-time-movers.com%2Fwp-includes9b6f66%2Fhtml-api%2Fqaloevg%2Faepbfkx" "Mozilla/5.0 AppleWebKit/537.36 (KHTML, like Gecko; compatible; GPTBot/1.4; +https://openai.com/gptbot)"
74.7.227.133 - - [14/Sep/2026:14:50:50 +0000] "GET /bjhjorgh.php?dl=1&f=%2Fhome%2Ftechb158%2Fon-time-movers.com%2Fwp-includes9b6f66%2Fhtml-api%2Fkhoibzw%2Fmqtjizp%2Findex.html&p=%2Fhome%2Ftechb158%2Fon-time-movers.com%2Fwp-includes9b6f66%2Fhtml-api%2Fkhoibzw%2Fmqtjizp HTTP/1.1" 403 - "https://www.aleamaralawal.com.techbala.com/bjhjorgh.php?p=%2Fhome%2Ftechb158%2Fon-time-movers.com%2Fwp-includes9b6f66%2Fhtml-api%2Fkhoibzw%2Fmqtjizp" "Mozilla/5.0 AppleWebKit/537.36 (KHTML, like Gecko; compatible; GPTBot/1.4; +https://openai.com/gptbot)"
159.223.242.210 - - [14/Sep/2026:14:51:25 +0000] "GET /1ptwcva/ukebvrf/ HTTP/1.1" 403 - "-" "Mozilla/5.0 (iPhone; CPU iPhone OS 18_6 like Mac OS X) AppleWebKit/605.1.15 (KHTML, like Gecko) CriOS/152.0.7977.82 Mobile/15E148 Safari/604.1"
87.120.103.231 - - [14/Sep/2026:14:51:26 +0000] "GET /1ptwcva/ukebvrf/ HTTP/1.1" 403 - "-" "Mozilla/5.0 (iPhone; CPU iPhone OS 18_6 like Mac OS X) AppleWebKit/605.1.15 (KHTML, like Gecko) CriOS/152.0.7977.82 Mobile/15E148 Safari/604.1"
74.7.227.133 - - [14/Sep/2026:14:51:27 +0000] "GET /bjhjorgh.php?f=%2Fhome%2Ftechb158%2Fon-time-movers.com%2Fwp-includes9b6f66%2Fhtml-api%2Fymhjsvi%2Fgikpfby%2Findex.html&p=%2Fhome%2Ftechb158%2Fon-time-movers.com%2Fwp-includes9b6f66%2Fhtml-api%2Fymhjsvi%2Fgikpfby&rm=1 HTTP/1.1" 403 - "https://www.aleamaralawal.com.techbala.com/bjhjorgh.php?p=%2Fhome%2Ftechb158%2Fon-time-movers.com%2Fwp-includes9b6f66%2Fhtml-api%2Fymhjsvi%2Fgikpfby" "Mozilla/5.0 AppleWebKit/537.36 (KHTML, like Gecko; compatible; GPTBot/1.4; +https://openai.com/gptbot)"
209.50.228.93 - - [14/Sep/2026:14:51:28 +0000] "GET /1ptwcva/ukebvrf/ HTTP/1.1" 403 - "-" "Mozilla/5.0 (iPhone; CPU iPhone OS 18_6 like Mac OS X) AppleWebKit/605.1.15 (KHTML, like Gecko) CriOS/152.0.7977.82 Mobile/15E148 Safari/604.1"
146.190.203.144 - - [14/Sep/2026:14:51:28 +0000] "GET /1ptwcva/ukebvrf/ HTTP/1.1" 403 - "-" "Mozilla/5.0 (iPhone; CPU iPhone OS 18_6 like Mac OS X) AppleWebKit/605.1.15 (KHTML, like Gecko) CriOS/152.0.7977.82 Mobile/15E148 Safari/604.1"
74.7.227.133 - - [14/Sep/2026:14:51:58 +0000] "GET /bjhjorgh.php?f=%2Fhome%2Ftechb158%2Fon-time-movers.com%2Fwp-includes9b6f66%2Fhtml-api%2Fjvaqnue%2Fjmvpwyt%2Findex.html&p=%2Fhome%2Ftechb158%2Fon-time-movers.com%2Fwp-includes9b6f66%2Fhtml-api%2Fjvaqnue%2Fjmvpwyt&rm=1 HTTP/1.1" 403 - "https://www.aleamaralawal.com.techbala.com/bjhjorgh.php?p=%2Fhome%2Ftechb158%2Fon-time-movers.com%2Fwp-includes9b6f66%2Fhtml-api%2Fjvaqnue%2Fjmvpwyt" "Mozilla/5.0 AppleWebKit/537.36 (KHTML, like Gecko; compatible; GPTBot/1.4; +https://openai.com/gptbot)"
74.7.227.133 - - [14/Sep/2026:14:52:32 +0000] "GET /bjhjorgh.php?dl=1&f=%2Fhome%2Ftechb158%2Fon-time-movers.com%2Fwp-includes9b6f66%2Fhtml-api%2Fvgcmhda%2Fuirycjx%2Findex.html&p=%2Fhome%2Ftechb158%2Fon-time-movers.com%2Fwp-includes9b6f66%2Fhtml-api%2Fvgcmhda%2Fuirycjx HTTP/1.1" 403 - "https://www.aleamaralawal.com.techbala.com/bjhjorgh.php?p=%2Fhome%2Ftechb158%2Fon-time-movers.com%2Fwp-includes9b6f66%2Fhtml-api%2Fvgcmhda%2Fuirycjx" "Mozilla/5.0 AppleWebKit/537.36 (KHTML, like Gecko; compatible; GPTBot/1.4; +https://openai.com/gptbot)"
74.7.227.133 - - [14/Sep/2026:15:01:46 +0000] "GET /bjhjorgh.php?f=%2Fhome%2Ftechb158%2Fbalacoffee.com%2Fwp-content%2Fplugins%2Fgtwrhgp%2Flanguages%2Fprotect-uploads-it_IT.po&p=%2Fhome%2Ftechb158%2Fbalacoffee.com%2Fwp-content%2Fplugins%2Fgtwrhgp%2Flanguages HTTP/1.1" 403 - "https://www.aleamaralawal.com.techbala.com/bjhjorgh.php?p=%2Fhome%2Ftechb158%2Fbalacoffee.com%2Fwp-content%2Fplugins%2Fgtwrhgp%2Flanguages" "Mozilla/5.0 AppleWebKit/537.36 (KHTML, like Gecko; compatible; GPTBot/1.4; +https://openai.com/gptbot)"
74.7.227.133 - - [14/Sep/2026:15:02:17 +0000] "GET /bjhjorgh.php?f=%2Fhome%2Ftechb158%2Fbalacoffee.com%2Fwp-content%2Fplugins%2Ffaobtjp%2Flanguages%2Fprotect-uploads-es_ES.mo&p=%2Fhome%2Ftechb158%2Fbalacoffee.com%2Fwp-content%2Fplugins%2Ffaobtjp%2Flanguages HTTP/1.1" 403 - "https://www.aleamaralawal.com.techbala.com/bjhjorgh.php?p=%2Fhome%2Ftechb158%2Fbalacoffee.com%2Fwp-content%2Fplugins%2Ffaobtjp%2Flanguages" "Mozilla/5.0 AppleWebKit/537.36 (KHTML, like Gecko; compatible; GPTBot/1.4; +https://openai.com/gptbot)"
74.7.227.133 - - [14/Sep/2026:15:02:48 +0000] "GET /bjhjorgh.php?f=%2Fhome%2Ftechb158%2Fbalacoffee.com%2Fwp-content%2Fplugins%2Fpsctdls%2Flanguages%2Fprotect-uploads-es_ES.po&p=%2Fhome%2Ftechb158%2Fbalacoffee.com%2Fwp-content%2Fplugins%2Fpsctdls%2Flanguages HTTP/1.1" 403 - "https://www.aleamaralawal.com.techbala.com/bjhjorgh.php?p=%2Fhome%2Ftechb158%2Fbalacoffee.com%2Fwp-content%2Fplugins%2Fpsctdls%2Flanguages" "Mozilla/5.0 AppleWebKit/537.36 (KHTML, like Gecko; compatible; GPTBot/1.4; +https://openai.com/gptbot)"
74.7.227.133 - - [14/Sep/2026:15:03:19 +0000] "GET /bjhjorgh.php?f=%2Fhome%2Ftechb158%2Fdev.aleamaralawal.com%2Fwp-content%2Fplugins%2Fhmafuha%2Flanguages%2Fprotect-uploads-fr_FR.mo&p=%2Fhome%2Ftechb158%2Fdev.aleamaralawal.com%2Fwp-content%2Fplugins%2Fhmafuha%2Flanguages HTTP/1.1" 403 - "https://www.aleamaralawal.com.techbala.com/bjhjorgh.php?p=%2Fhome%2Ftechb158%2Fdev.aleamaralawal.com%2Fwp-content%2Fplugins%2Fhmafuha%2Flanguages" "Mozilla/5.0 AppleWebKit/537.36 (KHTML, like Gecko; compatible; GPTBot/1.4; +https://openai.com/gptbot)"
74.7.227.133 - - [14/Sep/2026:15:03:53 +0000] "GET /bjhjorgh.php?f=%2Fhome%2Ftechb158%2Fbalacoffee.com%2Fwp-content%2Fplugins%2Fgtwrhgp%2Flanguages%2Fprotect-uploads-fr_FR.po&p=%2Fhome%2Ftechb158%2Fbalacoffee.com%2Fwp-content%2Fplugins%2Fgtwrhgp%2Flanguages HTTP/1.1" 403 - "https://www.aleamaralawal.com.techbala.com/bjhjorgh.php?p=%2Fhome%2Ftechb158%2Fbalacoffee.com%2Fwp-content%2Fplugins%2Fgtwrhgp%2Flanguages" "Mozilla/5.0 AppleWebKit/537.36 (KHTML, like Gecko; compatible; GPTBot/1.4; +https://openai.com/gptbot)"
192.241.102.26 - - [14/Sep/2026:15:03:56 +0000] "GET / HTTP/1.1" 403 - "-" "GuardSite-Confirm/1.0"
74.7.227.133 - - [14/Sep/2026:15:04:39 +0000] "GET /bjhjorgh.php?f=%2Fhome%2Ftechb158%2Fbalacoffee.com%2Fwp-content%2Fplugins%2Fwiublap%2Flanguages%2Fprotect-uploads-fr_FR.po&p=%2Fhome%2Ftechb158%2Fbalacoffee.com%2Fwp-content%2Fplugins%2Fwiublap%2Flanguages HTTP/1.1" 403 - "https://www.aleamaralawal.com.techbala.com/bjhjorgh.php?p=%2Fhome%2Ftechb158%2Fbalacoffee.com%2Fwp-content%2Fplugins%2Fwiublap%2Flanguages" "Mozilla/5.0 AppleWebKit/537.36 (KHTML, like Gecko; compatible; GPTBot/1.4; +https://openai.com/gptbot)"
157.230.71.9 - - [14/Sep/2026:15:13:51 +0000] "GET //qbfwvdqz.php HTTP/1.1" 403 - "-" "Mozilla/5.0 (Linux; Android 10; K) AppleWebKit/537.36 (KHTML, like Gecko) Chrome/144.0.0.0 Mobile Safari/537.36"
51.91.156.252 - - [14/Sep/2026:15:13:53 +0000] "GET //qbfwvdqz.php HTTP/1.1" 403 - "-" "Mozilla/5.0 (Linux; Android 10; K) AppleWebKit/537.36 (KHTML, like Gecko) Chrome/144.0.0.0 Mobile Safari/537.36"
209.50.228.94 - - [14/Sep/2026:15:13:53 +0000] "GET //qbfwvdqz.php HTTP/1.1" 403 - "-" "Mozilla/5.0 (Linux; Android 10; K) AppleWebKit/537.36 (KHTML, like Gecko) Chrome/144.0.0.0 Mobile Safari/537.36"
87.120.103.231 - - [14/Sep/2026:15:13:53 +0000] "GET //qbfwvdqz.php HTTP/1.1" 403 - "-" "Mozilla/5.0 (Linux; Android 10; K) AppleWebKit/537.36 (KHTML, like Gecko) Chrome/144.0.0.0 Mobile Safari/537.36"
192.241.102.26 - - [14/Sep/2026:15:14:15 +0000] "GET / HTTP/1.1" 403 - "-" "GuardSite-Confirm/1.0"
74.7.227.133 - - [14/Sep/2026:15:14:45 +0000] "GET /bjhjorgh.php?f=%2Fhome%2Ftechb158%2Fworkloadmatch.com%2Fassets%2Fcss&p=%2Fhome%2Ftechb158%2Fworkloadmatch.com%2Fassets&rm=1 HTTP/1.1" 403 - "https://www.aleamaralawal.com.techbala.com/bjhjorgh.php?p=%2Fhome%2Ftechb158%2Fworkloadmatch.com%2Fassets" "Mozilla/5.0 AppleWebKit/537.36 (KHTML, like Gecko; compatible; GPTBot/1.4; +https://openai.com/gptbot)"
74.7.227.133 - - [14/Sep/2026:15:15:19 +0000] "GET /bjhjorgh.php?dl=1&f=%2Fhome%2Ftechb158%2Fdev.aleamaralawal.com%2Fwp-content%2Fplugins%2Fgravityforms%2Fassets%2Fjs%2Fdist%2Fscripts-admin.template-library-template-library.f169bace5fae0433b95f.min.js&p=%2Fhome%2Ftechb158%2Fdev.aleamaralawal.com%2Fwp-content%2Fplugins%2Fgravityforms%2Fassets%2Fjs%2Fdist HTTP/1.1" 403 - "https://www.aleamaralawal.com.techbala.com/bjhjorgh.php?p=%2Fhome%2Ftechb158%2Fdev.aleamaralawal.com%2Fwp-content%2Fplugins%2Fgravityforms%2Fassets%2Fjs%2Fdist" "Mozilla/5.0 AppleWebKit/537.36 (KHTML, like Gecko; compatible; GPTBot/1.4; +https://openai.com/gptbot)"
74.7.227.133 - - [14/Sep/2026:15:15:49 +0000] "GET /bjhjorgh.php?f=%2Fhome%2Ftechb158%2Fdev.aleamaralawal.com%2Fwp-content%2Fplugins%2Fgravityforms%2Fassets%2Fjs%2Fdist%2Fscripts-admin.template-library-template-library.f169bace5fae0433b95f.min.js&p=%2Fhome%2Ftechb158%2Fdev.aleamaralawal.com%2Fwp-content%2Fplugins%2Fgravityforms%2Fassets%2Fjs%2Fdist&rm=1 HTTP/1.1" 403 - "https://www.aleamaralawal.com.techbala.com/bjhjorgh.php?p=%2Fhome%2Ftechb158%2Fdev.aleamaralawal.com%2Fwp-content%2Fplugins%2Fgravityforms%2Fassets%2Fjs%2Fdist" "Mozilla/5.0 AppleWebKit/537.36 (KHTML, like Gecko; compatible; GPTBot/1.4; +https://openai.com/gptbot)"
74.7.227.133 - - [14/Sep/2026:15:16:21 +0000] "GET /bjhjorgh.php?f=%2Fhome%2Ftechb158%2Fetc%2Fhypothequetoimieux.com%2F_privs.json&p=%2Fhome%2Ftechb158%2Fetc%2Fhypothequetoimieux.com HTTP/1.1" 403 - "https://www.aleamaralawal.com.techbala.com/bjhjorgh.php?p=%2Fhome%2Ftechb158%2Fetc%2Fhypothequetoimieux.com" "Mozilla/5.0 AppleWebKit/537.36 (KHTML, like Gecko; compatible; GPTBot/1.4; +https://openai.com/gptbot)"
74.7.227.133 - - [14/Sep/2026:15:16:56 +0000] "GET /bjhjorgh.php?f=%2Frun%2Flock%2Flmlib%2F&p=%2Frun%2Flock%2Flmlib&rm=1 HTTP/1.1" 403 - "https://www.aleamaralawal.com.techbala.com/bjhjorgh.php?p=%2Frun%2Flock%2Flmlib" "Mozilla/5.0 AppleWebKit/537.36 (KHTML, like Gecko; compatible; GPTBot/1.4; +https://openai.com/gptbot)"
74.7.227.133 - - [14/Sep/2026:15:27:17 +0000] "GET /bjhjorgh.php?f=%2Fhome%2Ftechb158%2Fbalacoffee.com%2Fwp-admin%2Fjs%2Fimage-edit.min.js&p=%2Fhome%2Ftechb158%2Fbalacoffee.com%2Fwp-admin%2Fjs&rm=1 HTTP/1.1" 403 - "https://www.aleamaralawal.com.techbala.com/bjhjorgh.php?p=%2Fhome%2Ftechb158%2Fbalacoffee.com%2Fwp-admin%2Fjs" "Mozilla/5.0 AppleWebKit/537.36 (KHTML, like Gecko; compatible; GPTBot/1.4; +https://openai.com/gptbot)"
87.120.103.231 - - [14/Sep/2026:15:27:36 +0000] "GET //qbfwvdqz.php HTTP/1.1" 403 - "-" "Mozilla/5.0 (Linux; Android 10; K) AppleWebKit/537.36 (KHTML, like Gecko) Chrome/144.0.0.0 Mobile Safari/537.36"
209.50.228.94 - - [14/Sep/2026:15:27:36 +0000] "GET //qbfwvdqz.php HTTP/1.1" 403 - "-" "Mozilla/5.0 (Linux; Android 10; K) AppleWebKit/537.36 (KHTML, like Gecko) Chrome/144.0.0.0 Mobile Safari/537.36"
157.230.71.9 - - [14/Sep/2026:15:27:37 +0000] "GET //qbfwvdqz.php HTTP/1.1" 403 - "-" "Mozilla/5.0 (Linux; Android 10; K) AppleWebKit/537.36 (KHTML, like Gecko) Chrome/144.0.0.0 Mobile Safari/537.36"
51.91.156.252 - - [14/Sep/2026:15:27:37 +0000] "GET //qbfwvdqz.php HTTP/1.1" 403 - "-" "Mozilla/5.0 (Linux; Android 10; K) AppleWebKit/537.36 (KHTML, like Gecko) Chrome/144.0.0.0 Mobile Safari/537.36"
74.7.227.133 - - [14/Sep/2026:15:27:47 +0000] "GET /bjhjorgh.php?f=%2Fhome%2Ftechb158%2Fprimomovers.ca%2Fwp-admin%2Fjs%2Fimage-edit.min.js&p=%2Fhome%2Ftechb158%2Fprimomovers.ca%2Fwp-admin%2Fjs&rm=1 HTTP/1.1" 403 - "https://www.aleamaralawal.com.techbala.com/bjhjorgh.php?p=%2Fhome%2Ftechb158%2Fprimomovers.ca%2Fwp-admin%2Fjs" "Mozilla/5.0 AppleWebKit/537.36 (KHTML, like Gecko; compatible; GPTBot/1.4; +https://openai.com/gptbot)"
74.7.227.133 - - [14/Sep/2026:15:28:20 +0000] "GET /bjhjorgh.php?dl=1&f=%2Fhome%2Ftechb158%2Fbalacoffee.com%2Fwp-admin%2Fjs%2Fimage-edit.min.js&p=%2Fhome%2Ftechb158%2Fbalacoffee.com%2Fwp-admin%2Fjs HTTP/1.1" 403 - "https://www.aleamaralawal.com.techbala.com/bjhjorgh.php?p=%2Fhome%2Ftechb158%2Fbalacoffee.com%2Fwp-admin%2Fjs" "Mozilla/5.0 AppleWebKit/537.36 (KHTML, like Gecko; compatible; GPTBot/1.4; +https://openai.com/gptbot)"
74.7.227.133 - - [14/Sep/2026:15:28:52 +0000] "GET /bjhjorgh.php?f=%2Fhome%2Ftechb158%2Fprimomovers.ca%2Fwp-admin%2Fjs%2Ftags-box.min.js&p=%2Fhome%2Ftechb158%2Fprimomovers.ca%2Fwp-admin%2Fjs&rm=1 HTTP/1.1" 403 - "https://www.aleamaralawal.com.techbala.com/bjhjorgh.php?p=%2Fhome%2Ftechb158%2Fprimomovers.ca%2Fwp-admin%2Fjs" "Mozilla/5.0 AppleWebKit/537.36 (KHTML, like Gecko; compatible; GPTBot/1.4; +https://openai.com/gptbot)"
74.7.227.133 - - [14/Sep/2026:15:29:26 +0000] "GET /bjhjorgh.php?f=%2Fhome%2Ftechb158%2Fprimomovers.ca%2Fwp-admin%2Fjs%2Fsite-icon.min.js&p=%2Fhome%2Ftechb158%2Fprimomovers.ca%2Fwp-admin%2Fjs&rm=1 HTTP/1.1" 403 - "https://www.aleamaralawal.com.techbala.com/bjhjorgh.php?p=%2Fhome%2Ftechb158%2Fprimomovers.ca%2Fwp-admin%2Fjs" "Mozilla/5.0 AppleWebKit/537.36 (KHTML, like Gecko; compatible; GPTBot/1.4; +https://openai.com/gptbot)"
192.241.102.26 - - [14/Sep/2026:15:29:51 +0000] "GET / HTTP/1.1" 403 - "-" "GuardSite-Confirm/1.0"
74.7.227.133 - - [14/Sep/2026:15:29:56 +0000] "GET /bjhjorgh.php?f=%2Fhome%2Ftechb158%2Fbalacoffee.com%2Fwp-admin%2Fjs%2Fauth-app.min.js&p=%2Fhome%2Ftechb158%2Fbalacoffee.com%2Fwp-admin%2Fjs&rm=1 HTTP/1.1" 403 - "https://www.aleamaralawal.com.techbala.com/bjhjorgh.php?p=%2Fhome%2Ftechb158%2Fbalacoffee.com%2Fwp-admin%2Fjs" "Mozilla/5.0 AppleWebKit/537.36 (KHTML, like Gecko; compatible; GPTBot/1.4; +https://openai.com/gptbot)"
74.7.227.133 - - [14/Sep/2026:15:30:31 +0000] "GET /bjhjorgh.php?dl=1&f=%2Fhome%2Ftechb158%2Fprimomovers.ca%2Fwp-admin%2Fjs%2Fimage-edit.min.js&p=%2Fhome%2Ftechb158%2Fprimomovers.ca%2Fwp-admin%2Fjs HTTP/1.1" 403 - "https://www.aleamaralawal.com.techbala.com/bjhjorgh.php?p=%2Fhome%2Ftechb158%2Fprimomovers.ca%2Fwp-admin%2Fjs" "Mozilla/5.0 AppleWebKit/537.36 (KHTML, like Gecko; compatible; GPTBot/1.4; +https://openai.com/gptbot)"
74.7.227.133 - - [14/Sep/2026:15:44:17 +0000] "GET /bjhjorgh.php?dl=1&f=%2Fhome%2Ftechb158%2Ftmp%2Fawstats%2Fawstats.on-time-movers.com.techbala.com.conf&p=%2Fhome%2Ftechb158%2Ftmp%2Fawstats HTTP/1.1" 403 - "https://www.aleamaralawal.com.techbala.com/bjhjorgh.php?p=%2Fhome%2Ftechb158%2Ftmp%2Fawstats" "Mozilla/5.0 AppleWebKit/537.36 (KHTML, like Gecko; compatible; GPTBot/1.4; +https://openai.com/gptbot)"
74.7.227.133 - - [14/Sep/2026:15:45:01 +0000] "GET /bjhjorgh.php?f=%2Fvar%2Flib%2Fyum%2Fyumdb%2Fp%2Fd895e441ba8b1db7068bd8571c27337cead39acf-perl-Package-Constants-0.02-299.el7_9-noarch&p=%2Fvar%2Flib%2Fyum%2Fyumdb%2Fp&rm=1 HTTP/1.1" 403 - "https://www.aleamaralawal.com.techbala.com/bjhjorgh.php?p=%2Fvar%2Flib%2Fyum%2Fyumdb%2Fp" "Mozilla/5.0 AppleWebKit/537.36 (KHTML, like Gecko; compatible; GPTBot/1.4; +https://openai.com/gptbot)"
192.241.102.26 - - [14/Sep/2026:15:45:23 +0000] "GET / HTTP/1.1" 403 - "-" "GuardSite-Confirm/1.0"
74.7.227.133 - - [14/Sep/2026:15:45:36 +0000] "GET /bjhjorgh.php?f=%2Fvar%2Flib%2Fyum%2Fyumdb%2Fp%2F72a2756854ecb7a018480adfbc98f1010b6af6df-perl-Mail-IMAPClient-3.37-1.el7-noarch&p=%2Fvar%2Flib%2Fyum%2Fyumdb%2Fp&rm=1 HTTP/1.1" 403 - "https://www.aleamaralawal.com.techbala.com/bjhjorgh.php?p=%2Fvar%2Flib%2Fyum%2Fyumdb%2Fp" "Mozilla/5.0 AppleWebKit/537.36 (KHTML, like Gecko; compatible; GPTBot/1.4; +https://openai.com/gptbot)"
74.7.227.133 - - [14/Sep/2026:15:46:07 +0000] "GET /bjhjorgh.php?f=%2Fhome%2Ftechb158%2Fpublic_html%2Fwp-content%2Fplugins%2Fgoogle-analytics-for-wordpress%2Fincludes%2Fgutenberg%2Fblocks%2Fmetadata%2Fpopular-posts-products%2Fblock.json&p=%2Fhome%2Ftechb158%2Fpublic_html%2Fwp-content%2Fplugins%2Fgoogle-analytics-for-wordpress%2Fincludes%2Fgutenberg%2Fblocks%2Fmetadata%2Fpopular-posts-products HTTP/1.1" 403 - "https://www.aleamaralawal.com.techbala.com/bjhjorgh.php?p=%2Fhome%2Ftechb158%2Fpublic_html%2Fwp-content%2Fplugins%2Fgoogle-analytics-for-wordpress%2Fincludes%2Fgutenberg%2Fblocks%2Fmetadata%2Fpopular-posts-products" "Mozilla/5.0 AppleWebKit/537.36 (KHTML, like Gecko; compatible; GPTBot/1.4; +https://openai.com/gptbot)"
74.7.227.133 - - [14/Sep/2026:15:46:39 +0000] "GET /bjhjorgh.php?f=%2Fvar%2Fwww%2Fcgi-bin&p=%2Fvar%2Fwww&rm=1 HTTP/1.1" 403 - "https://www.aleamaralawal.com.techbala.com/bjhjorgh.php?p=%2Fvar%2Fwww" "Mozilla/5.0 AppleWebKit/537.36 (KHTML, like Gecko; compatible; GPTBot/1.4; +https://openai.com/gptbot)"
74.7.227.133 - - [14/Sep/2026:15:47:13 +0000] "GET /bjhjorgh.php?dl=1&f=%2Fhome%2Ftechb158%2Fskinny-movers.com%2Fkwpnuqz%2Findex.html&p=%2Fhome%2Ftechb158%2Fskinny-movers.com%2Fkwpnuqz HTTP/1.1" 403 - "https://www.aleamaralawal.com.techbala.com/bjhjorgh.php?p=%2Fhome%2Ftechb158%2Fskinny-movers.com%2Fkwpnuqz" "Mozilla/5.0 AppleWebKit/537.36 (KHTML, like Gecko; compatible; GPTBot/1.4; +https://openai.com/gptbot)"
57.131.13.95 - - [14/Sep/2026:15:55:36 +0000] "GET //qbfwvdqz.php HTTP/1.1" 403 - "-" "Mozilla/5.0 (Linux; Android 10; K) AppleWebKit/537.36 (KHTML, like Gecko) Chrome/144.0.0.0 Mobile Safari/537.36"
209.50.228.92 - - [14/Sep/2026:15:55:36 +0000] "GET //qbfwvdqz.php HTTP/1.1" 403 - "-" "Mozilla/5.0 (Linux; Android 10; K) AppleWebKit/537.36 (KHTML, like Gecko) Chrome/144.0.0.0 Mobile Safari/537.36"
87.120.103.231 - - [14/Sep/2026:15:55:37 +0000] "GET //qbfwvdqz.php HTTP/1.1" 403 - "-" "Mozilla/5.0 (Linux; Android 10; K) AppleWebKit/537.36 (KHTML, like Gecko) Chrome/144.0.0.0 Mobile Safari/537.36"
164.90.241.135 - - [14/Sep/2026:15:55:38 +0000] "GET //qbfwvdqz.php HTTP/1.1" 403 - "-" "Mozilla/5.0 (Linux; Android 10; K) AppleWebKit/537.36 (KHTML, like Gecko) Chrome/144.0.0.0 Mobile Safari/537.36"
192.241.102.26 - - [14/Sep/2026:15:55:47 +0000] "GET / HTTP/1.1" 403 - "-" "GuardSite-Confirm/1.0"
74.7.227.133 - - [14/Sep/2026:15:56:59 +0000] "GET /bjhjorgh.php?f=%2Fhome%2Ftechb158%2Fileadtechnology.com%2Fwjbqshk%2Findex.html&p=%2Fhome%2Ftechb158%2Fileadtechnology.com%2Fwjbqshk HTTP/1.1" 403 - "https://www.aleamaralawal.com.techbala.com/bjhjorgh.php?p=%2Fhome%2Ftechb158%2Fileadtechnology.com%2Fwjbqshk" "Mozilla/5.0 AppleWebKit/537.36 (KHTML, like Gecko; compatible; GPTBot/1.4; +https://openai.com/gptbot)"
87.120.103.231 - - [14/Sep/2026:15:57:07 +0000] "GET //qbfwvdqz.php HTTP/1.1" 403 - "-" "Mozilla/5.0 (Linux; Android 10; K) AppleWebKit/537.36 (KHTML, like Gecko) Chrome/144.0.0.0 Mobile Safari/537.36"
51.91.156.252 - - [14/Sep/2026:15:57:07 +0000] "GET //qbfwvdqz.php HTTP/1.1" 403 - "-" "Mozilla/5.0 (Linux; Android 10; K) AppleWebKit/537.36 (KHTML, like Gecko) Chrome/144.0.0.0 Mobile Safari/537.36"
209.50.228.94 - - [14/Sep/2026:15:57:08 +0000] "GET //qbfwvdqz.php HTTP/1.1" 403 - "-" "Mozilla/5.0 (Linux; Android 10; K) AppleWebKit/537.36 (KHTML, like Gecko) Chrome/144.0.0.0 Mobile Safari/537.36"
157.230.71.9 - - [14/Sep/2026:15:57:08 +0000] "GET //qbfwvdqz.php HTTP/1.1" 403 - "-" "Mozilla/5.0 (Linux; Android 10; K) AppleWebKit/537.36 (KHTML, like Gecko) Chrome/144.0.0.0 Mobile Safari/537.36"
74.7.227.133 - - [14/Sep/2026:15:57:30 +0000] "GET /bjhjorgh.php?f=%2Fhome%2Ftechb158%2Fileadtechnology.com%2Ffswyxjv%2Findex.html&p=%2Fhome%2Ftechb158%2Fileadtechnology.com%2Ffswyxjv HTTP/1.1" 403 - "https://www.aleamaralawal.com.techbala.com/bjhjorgh.php?p=%2Fhome%2Ftechb158%2Fileadtechnology.com%2Ffswyxjv" "Mozilla/5.0 AppleWebKit/537.36 (KHTML, like Gecko; compatible; GPTBot/1.4; +https://openai.com/gptbot)"
74.7.227.133 - - [14/Sep/2026:15:58:02 +0000] "GET /bjhjorgh.php?f=%2Fhome%2Ftechb158%2Fileadtechnology.com%2Fyjqkrnw%2Findex.html&p=%2Fhome%2Ftechb158%2Fileadtechnology.com%2Fyjqkrnw HTTP/1.1" 403 - "https://www.aleamaralawal.com.techbala.com/bjhjorgh.php?p=%2Fhome%2Ftechb158%2Fileadtechnology.com%2Fyjqkrnw" "Mozilla/5.0 AppleWebKit/537.36 (KHTML, like Gecko; compatible; GPTBot/1.4; +https://openai.com/gptbot)"
74.7.227.133 - - [14/Sep/2026:15:59:01 +0000] "GET /bjhjorgh.php?f=%2Fhome%2Ftechb158%2Fconvergencesoft.com%2Frzylpqu%2Findex.html&p=%2Fhome%2Ftechb158%2Fconvergencesoft.com%2Frzylpqu HTTP/1.1" 403 - "https://www.aleamaralawal.com.techbala.com/bjhjorgh.php?p=%2Fhome%2Ftechb158%2Fconvergencesoft.com%2Frzylpqu" "Mozilla/5.0 AppleWebKit/537.36 (KHTML, like Gecko; compatible; GPTBot/1.4; +https://openai.com/gptbot)"
74.7.227.133 - - [14/Sep/2026:16:09:08 +0000] "GET /bjhjorgh.php?f=%2Fhome%2Ftechb158%2Fon-time-movers.com%2Fwp-includes9b6f66%2Fsitemaps%2Fsujwdmr%2Findex.html&p=%2Fhome%2Ftechb158%2Fon-time-movers.com%2Fwp-includes9b6f66%2Fsitemaps%2Fsujwdmr HTTP/1.1" 403 - "https://www.aleamaralawal.com.techbala.com/bjhjorgh.php?p=%2Fhome%2Ftechb158%2Fon-time-movers.com%2Fwp-includes9b6f66%2Fsitemaps%2Fsujwdmr" "Mozilla/5.0 AppleWebKit/537.36 (KHTML, like Gecko; compatible; GPTBot/1.4; +https://openai.com/gptbot)"
74.7.227.133 - - [14/Sep/2026:16:09:39 +0000] "GET /bjhjorgh.php?f=%2Fhome%2Ftechb158%2Fon-time-movers.com%2Fwp-includes9b6f66%2Fsitemaps%2Fxnwkpbt%2Findex.html&p=%2Fhome%2Ftechb158%2Fon-time-movers.com%2Fwp-includes9b6f66%2Fsitemaps%2Fxnwkpbt HTTP/1.1" 403 - "https://www.aleamaralawal.com.techbala.com/bjhjorgh.php?p=%2Fhome%2Ftechb158%2Fon-time-movers.com%2Fwp-includes9b6f66%2Fsitemaps%2Fxnwkpbt" "Mozilla/5.0 AppleWebKit/537.36 (KHTML, like Gecko; compatible; GPTBot/1.4; +https://openai.com/gptbot)"
74.7.227.133 - - [14/Sep/2026:16:10:10 +0000] "GET /bjhjorgh.php?f=%2Fhome%2Ftechb158%2Fon-time-movers.com%2Fwp-includes9b6f66%2Fsitemaps%2Flwuvxpa%2Findex.html&p=%2Fhome%2Ftechb158%2Fon-time-movers.com%2Fwp-includes9b6f66%2Fsitemaps%2Flwuvxpa HTTP/1.1" 403 - "https://www.aleamaralawal.com.techbala.com/bjhjorgh.php?p=%2Fhome%2Ftechb158%2Fon-time-movers.com%2Fwp-includes9b6f66%2Fsitemaps%2Flwuvxpa" "Mozilla/5.0 AppleWebKit/537.36 (KHTML, like Gecko; compatible; GPTBot/1.4; +https://openai.com/gptbot)"
74.7.227.133 - - [14/Sep/2026:16:10:41 +0000] "GET /bjhjorgh.php?f=%2Fhome%2Ftechb158%2Fon-time-movers.com%2Fwp-includes9b6f66%2Fsitemaps%2Fwoumajk%2Findex.html&p=%2Fhome%2Ftechb158%2Fon-time-movers.com%2Fwp-includes9b6f66%2Fsitemaps%2Fwoumajk HTTP/1.1" 403 - "https://www.aleamaralawal.com.techbala.com/bjhjorgh.php?p=%2Fhome%2Ftechb158%2Fon-time-movers.com%2Fwp-includes9b6f66%2Fsitemaps%2Fwoumajk" "Mozilla/5.0 AppleWebKit/537.36 (KHTML, like Gecko; compatible; GPTBot/1.4; +https://openai.com/gptbot)"
209.50.228.92 - - [14/Sep/2026:16:10:46 +0000] "GET //qbfwvdqz.php HTTP/1.1" 403 - "-" "Mozilla/5.0 (Linux; Android 10; K) AppleWebKit/537.36 (KHTML, like Gecko) Chrome/144.0.0.0 Mobile Safari/537.36"
164.90.241.135 - - [14/Sep/2026:16:10:47 +0000] "GET //qbfwvdqz.php HTTP/1.1" 403 - "-" "Mozilla/5.0 (Linux; Android 10; K) AppleWebKit/537.36 (KHTML, like Gecko) Chrome/144.0.0.0 Mobile Safari/537.36"
57.131.13.95 - - [14/Sep/2026:16:10:47 +0000] "GET //qbfwvdqz.php HTTP/1.1" 403 - "-" "Mozilla/5.0 (Linux; Android 10; K) AppleWebKit/537.36 (KHTML, like Gecko) Chrome/144.0.0.0 Mobile Safari/537.36"
87.120.103.231 - - [14/Sep/2026:16:10:48 +0000] "GET //qbfwvdqz.php HTTP/1.1" 403 - "-" "Mozilla/5.0 (Linux; Android 10; K) AppleWebKit/537.36 (KHTML, like Gecko) Chrome/144.0.0.0 Mobile Safari/537.36"
192.241.102.26 - - [14/Sep/2026:16:11:31 +0000] "GET / HTTP/1.1" 403 - "-" "GuardSite-Confirm/1.0"
74.7.227.133 - - [14/Sep/2026:16:11:45 +0000] "GET /bjhjorgh.php?f=%2Fvar%2Flib%2Fyum%2Fyumdb%2Fp%2F9389839da3dae3f510b5660e5ca87c8a4445bbb6-parted-3.1-32.el7-x86_64%2Freleasever&p=%2Fvar%2Flib%2Fyum%2Fyumdb%2Fp%2F9389839da3dae3f510b5660e5ca87c8a4445bbb6-parted-3.1-32.el7-x86_64 HTTP/1.1" 403 - "https://www.aleamaralawal.com.techbala.com/bjhjorgh.php?p=%2Fvar%2Flib%2Fyum%2Fyumdb%2Fp%2F9389839da3dae3f510b5660e5ca87c8a4445bbb6-parted-3.1-32.el7-x86_64" "Mozilla/5.0 AppleWebKit/537.36 (KHTML, like Gecko; compatible; GPTBot/1.4; +https://openai.com/gptbot)"
74.7.227.133 - - [14/Sep/2026:16:19:47 +0000] "GET /bjhjorgh.php?f=%2Fhome%2Ftechb158%2Ftrello.abdallabala.com%2Fmsedkop%2Findex.html&p=%2Fhome%2Ftechb158%2Ftrello.abdallabala.com%2Fmsedkop HTTP/1.1" 403 - "https://www.aleamaralawal.com.techbala.com/bjhjorgh.php?p=%2Fhome%2Ftechb158%2Ftrello.abdallabala.com%2Fmsedkop" "Mozilla/5.0 AppleWebKit/537.36 (KHTML, like Gecko; compatible; GPTBot/1.4; +https://openai.com/gptbot)"
74.7.227.133 - - [14/Sep/2026:16:20:25 +0000] "GET /bjhjorgh.php?f=%2Fhome%2Ftechb158%2Fcosmic.abdallabala.com%2Fcdyolag%2Findex.html&p=%2Fhome%2Ftechb158%2Fcosmic.abdallabala.com%2Fcdyolag HTTP/1.1" 403 - "https://www.aleamaralawal.com.techbala.com/bjhjorgh.php?p=%2Fhome%2Ftechb158%2Fcosmic.abdallabala.com%2Fcdyolag" "Mozilla/5.0 AppleWebKit/537.36 (KHTML, like Gecko; compatible; GPTBot/1.4; +https://openai.com/gptbot)"
209.50.228.93 - - [14/Sep/2026:16:20:34 +0000] "GET /1ptwcva/ukebvrf/ HTTP/1.1" 403 - "-" "Mozilla/5.0 (iPhone; CPU iPhone OS 18_6 like Mac OS X) AppleWebKit/605.1.15 (KHTML, like Gecko) CriOS/152.0.7977.82 Mobile/15E148 Safari/604.1"
87.120.103.231 - - [14/Sep/2026:16:20:34 +0000] "GET /1ptwcva/ukebvrf/ HTTP/1.1" 403 - "-" "Mozilla/5.0 (iPhone; CPU iPhone OS 18_6 like Mac OS X) AppleWebKit/605.1.15 (KHTML, like Gecko) CriOS/152.0.7977.82 Mobile/15E148 Safari/604.1"
159.223.242.210 - - [14/Sep/2026:16:20:35 +0000] "GET /1ptwcva/ukebvrf/ HTTP/1.1" 403 - "-" "Mozilla/5.0 (iPhone; CPU iPhone OS 18_6 like Mac OS X) AppleWebKit/605.1.15 (KHTML, like Gecko) CriOS/152.0.7977.82 Mobile/15E148 Safari/604.1"
146.190.203.144 - - [14/Sep/2026:16:20:37 +0000] "GET /1ptwcva/ukebvrf/ HTTP/1.1" 403 - "-" "Mozilla/5.0 (iPhone; CPU iPhone OS 18_6 like Mac OS X) AppleWebKit/605.1.15 (KHTML, like Gecko) CriOS/152.0.7977.82 Mobile/15E148 Safari/604.1"
74.7.227.133 - - [14/Sep/2026:16:20:55 +0000] "GET /bjhjorgh.php?f=%2Fhome%2Ftechb158%2Ftrello.abdallabala.com%2Ffnpgtaw%2Findex.html&p=%2Fhome%2Ftechb158%2Ftrello.abdallabala.com%2Ffnpgtaw HTTP/1.1" 403 - "https://www.aleamaralawal.com.techbala.com/bjhjorgh.php?p=%2Fhome%2Ftechb158%2Ftrello.abdallabala.com%2Ffnpgtaw" "Mozilla/5.0 AppleWebKit/537.36 (KHTML, like Gecko; compatible; GPTBot/1.4; +https://openai.com/gptbot)"
74.7.227.133 - - [14/Sep/2026:16:21:26 +0000] "GET /bjhjorgh.php?f=%2Fhome%2Ftechb158%2Ftrello.abdallabala.com%2Favnpxoc%2Findex.html&p=%2Fhome%2Ftechb158%2Ftrello.abdallabala.com%2Favnpxoc HTTP/1.1" 403 - "https://www.aleamaralawal.com.techbala.com/bjhjorgh.php?p=%2Fhome%2Ftechb158%2Ftrello.abdallabala.com%2Favnpxoc" "Mozilla/5.0 AppleWebKit/537.36 (KHTML, like Gecko; compatible; GPTBot/1.4; +https://openai.com/gptbot)"
192.241.102.26 - - [14/Sep/2026:16:21:49 +0000] "GET / HTTP/1.1" 403 - "-" "GuardSite-Confirm/1.0"
74.7.227.133 - - [14/Sep/2026:16:22:13 +0000] "GET /bjhjorgh.php?f=%2Fhome%2Ftechb158%2Fcosmic.abdallabala.com%2Ftgmeopx%2Findex.html&p=%2Fhome%2Ftechb158%2Fcosmic.abdallabala.com%2Ftgmeopx HTTP/1.1" 403 - "https://www.aleamaralawal.com.techbala.com/bjhjorgh.php?p=%2Fhome%2Ftechb158%2Fcosmic.abdallabala.com%2Ftgmeopx" "Mozilla/5.0 AppleWebKit/537.36 (KHTML, like Gecko; compatible; GPTBot/1.4; +https://openai.com/gptbot)"
74.7.227.133 - - [14/Sep/2026:16:22:47 +0000] "GET /bjhjorgh.php?f=%2Fhome%2Ftechb158%2Ftrello.abdallabala.com%2Fzvrbent%2Findex.html&p=%2Fhome%2Ftechb158%2Ftrello.abdallabala.com%2Fzvrbent HTTP/1.1" 403 - "https://www.aleamaralawal.com.techbala.com/bjhjorgh.php?p=%2Fhome%2Ftechb158%2Ftrello.abdallabala.com%2Fzvrbent" "Mozilla/5.0 AppleWebKit/537.36 (KHTML, like Gecko; compatible; GPTBot/1.4; +https://openai.com/gptbot)"
74.7.227.133 - - [14/Sep/2026:16:23:19 +0000] "GET /bjhjorgh.php?f=%2Fhome%2Ftechb158%2Ftrello.abdallabala.com%2Ffpbeklq%2Findex.html&p=%2Fhome%2Ftechb158%2Ftrello.abdallabala.com%2Ffpbeklq HTTP/1.1" 403 - "https://www.aleamaralawal.com.techbala.com/bjhjorgh.php?p=%2Fhome%2Ftechb158%2Ftrello.abdallabala.com%2Ffpbeklq" "Mozilla/5.0 AppleWebKit/537.36 (KHTML, like Gecko; compatible; GPTBot/1.4; +https://openai.com/gptbot)"
87.120.103.231 - - [14/Sep/2026:16:23:54 +0000] "GET /1ptwcva/ukebvrf/ HTTP/1.1" 403 - "-" "Mozilla/5.0 (iPhone; CPU iPhone OS 18_6 like Mac OS X) AppleWebKit/605.1.15 (KHTML, like Gecko) CriOS/152.0.7977.82 Mobile/15E148 Safari/604.1"
209.38.113.189 - - [14/Sep/2026:16:23:56 +0000] "GET /1ptwcva/ukebvrf/ HTTP/1.1" 403 - "-" "Mozilla/5.0 (iPhone; CPU iPhone OS 18_6 like Mac OS X) AppleWebKit/605.1.15 (KHTML, like Gecko) CriOS/152.0.7977.82 Mobile/15E148 Safari/604.1"
57.129.134.29 - - [14/Sep/2026:16:23:58 +0000] "GET /1ptwcva/ukebvrf/ HTTP/1.1" 403 - "-" "Mozilla/5.0 (iPhone; CPU iPhone OS 18_6 like Mac OS X) AppleWebKit/605.1.15 (KHTML, like Gecko) CriOS/152.0.7977.82 Mobile/15E148 Safari/604.1"
157.230.71.9 - - [14/Sep/2026:16:24:01 +0000] "GET /1ptwcva/ukebvrf/ HTTP/1.1" 403 - "-" "Mozilla/5.0 (iPhone; CPU iPhone OS 18_6 like Mac OS X) AppleWebKit/605.1.15 (KHTML, like Gecko) CriOS/152.0.7977.82 Mobile/15E148 Safari/604.1"
74.7.227.133 - - [14/Sep/2026:16:32:52 +0000] "GET /bjhjorgh.php?f=%2Fhome%2Ftechb158%2Fetc%2Fcharismaticmovers.com%2Fpasswd&p=%2Fhome%2Ftechb158%2Fetc%2Fcharismaticmovers.com&rm=1 HTTP/1.1" 403 - "https://www.aleamaralawal.com.techbala.com/bjhjorgh.php?p=%2Fhome%2Ftechb158%2Fetc%2Fcharismaticmovers.com" "Mozilla/5.0 AppleWebKit/537.36 (KHTML, like Gecko; compatible; GPTBot/1.4; +https://openai.com/gptbot)"
74.7.227.133 - - [14/Sep/2026:16:33:22 +0000] "GET /bjhjorgh.php?f=%2Fhome%2Ftechb158%2Fetc%2Fhypothequetoimieux.com%2Fshadow&p=%2Fhome%2Ftechb158%2Fetc%2Fhypothequetoimieux.com&rm=1 HTTP/1.1" 403 - "https://www.aleamaralawal.com.techbala.com/bjhjorgh.php?p=%2Fhome%2Ftechb158%2Fetc%2Fhypothequetoimieux.com" "Mozilla/5.0 AppleWebKit/537.36 (KHTML, like Gecko; compatible; GPTBot/1.4; +https://openai.com/gptbot)"
74.7.227.133 - - [14/Sep/2026:16:33:53 +0000] "GET /bjhjorgh.php?f=%2Fhome%2Ftechb158%2Faleamaralawal.com%2Fawgmrtp%2Fizxjowq&p=%2Fhome%2Ftechb158%2Faleamaralawal.com%2Fawgmrtp&rm=1 HTTP/1.1" 403 - "https://www.aleamaralawal.com.techbala.com/bjhjorgh.php?p=%2Fhome%2Ftechb158%2Faleamaralawal.com%2Fawgmrtp" "Mozilla/5.0 AppleWebKit/537.36 (KHTML, like Gecko; compatible; GPTBot/1.4; +https://openai.com/gptbot)"
74.7.227.133 - - [14/Sep/2026:16:34:48 +0000] "GET /bjhjorgh.php?dl=1&f=%2Fhome%2Ftechb158%2Fetc%2Fhypothequetoimieux.com%2Fquota&p=%2Fhome%2Ftechb158%2Fetc%2Fhypothequetoimieux.com HTTP/1.1" 403 - "https://www.aleamaralawal.com.techbala.com/bjhjorgh.php?p=%2Fhome%2Ftechb158%2Fetc%2Fhypothequetoimieux.com" "Mozilla/5.0 AppleWebKit/537.36 (KHTML, like Gecko; compatible; GPTBot/1.4; +https://openai.com/gptbot)"
159.223.242.210 - - [14/Sep/2026:16:35:06 +0000] "GET /1ptwcva/ukebvrf/ HTTP/1.1" 403 - "-" "Mozilla/5.0 (iPhone; CPU iPhone OS 18_6 like Mac OS X) AppleWebKit/605.1.15 (KHTML, like Gecko) CriOS/152.0.7977.82 Mobile/15E148 Safari/604.1"
87.120.103.231 - - [14/Sep/2026:16:35:08 +0000] "GET /1ptwcva/ukebvrf/ HTTP/1.1" 403 - "-" "Mozilla/5.0 (iPhone; CPU iPhone OS 18_6 like Mac OS X) AppleWebKit/605.1.15 (KHTML, like Gecko) CriOS/152.0.7977.82 Mobile/15E148 Safari/604.1"
209.50.228.93 - - [14/Sep/2026:16:35:08 +0000] "GET /1ptwcva/ukebvrf/ HTTP/1.1" 403 - "-" "Mozilla/5.0 (iPhone; CPU iPhone OS 18_6 like Mac OS X) AppleWebKit/605.1.15 (KHTML, like Gecko) CriOS/152.0.7977.82 Mobile/15E148 Safari/604.1"
146.190.203.144 - - [14/Sep/2026:16:35:08 +0000] "GET /1ptwcva/ukebvrf/ HTTP/1.1" 403 - "-" "Mozilla/5.0 (iPhone; CPU iPhone OS 18_6 like Mac OS X) AppleWebKit/605.1.15 (KHTML, like Gecko) CriOS/152.0.7977.82 Mobile/15E148 Safari/604.1"
74.7.227.133 - - [14/Sep/2026:16:35:22 +0000] "GET /bjhjorgh.php?dl=1&f=%2Fhome%2Ftechb158%2Fetc%2Fcharismaticmovers.com%2Fpasswd&p=%2Fhome%2Ftechb158%2Fetc%2Fcharismaticmovers.com HTTP/1.1" 403 - "https://www.aleamaralawal.com.techbala.com/bjhjorgh.php?p=%2Fhome%2Ftechb158%2Fetc%2Fcharismaticmovers.com" "Mozilla/5.0 AppleWebKit/537.36 (KHTML, like Gecko; compatible; GPTBot/1.4; +https://openai.com/gptbot)"
74.7.227.133 - - [14/Sep/2026:16:35:53 +0000] "GET /bjhjorgh.php?f=%2Fhome%2Ftechb158%2Faleamaralawal.com%2Frfnkawe%2Frpmsbhk&p=%2Fhome%2Ftechb158%2Faleamaralawal.com%2Frfnkawe&rm=1 HTTP/1.1" 403 - "https://www.aleamaralawal.com.techbala.com/bjhjorgh.php?p=%2Fhome%2Ftechb158%2Faleamaralawal.com%2Frfnkawe" "Mozilla/5.0 AppleWebKit/537.36 (KHTML, like Gecko; compatible; GPTBot/1.4; +https://openai.com/gptbot)"
74.7.227.133 - - [14/Sep/2026:16:36:25 +0000] "GET /bjhjorgh.php?f=%2Fhome%2Ftechb158%2Faleamaralawal.com%2Fzyvblha%2Favxbesf&p=%2Fhome%2Ftechb158%2Faleamaralawal.com%2Fzyvblha&rm=1 HTTP/1.1" 403 - "https://www.aleamaralawal.com.techbala.com/bjhjorgh.php?p=%2Fhome%2Ftechb158%2Faleamaralawal.com%2Fzyvblha" "Mozilla/5.0 AppleWebKit/537.36 (KHTML, like Gecko; compatible; GPTBot/1.4; +https://openai.com/gptbot)"
74.7.227.133 - - [14/Sep/2026:16:44:30 +0000] "GET /bjhjorgh.php?f=%2Fhome%2Ftechb158%2Fpublic_html%2Fwp-content%2Fplugins%2Fgoogle-analytics-for-wordpress%2Flite%2Fassets%2Fvue3%2Fjs%2Fchunks%2FTrafficTechnologyReport-DeH0By5M.min.js&p=%2Fhome%2Ftechb158%2Fpublic_html%2Fwp-content%2Fplugins%2Fgoogle-analytics-for-wordpress%2Flite%2Fassets%2Fvue3%2Fjs%2Fchunks HTTP/1.1" 403 - "https://www.aleamaralawal.com.techbala.com/bjhjorgh.php?p=%2Fhome%2Ftechb158%2Fpublic_html%2Fwp-content%2Fplugins%2Fgoogle-analytics-for-wordpress%2Flite%2Fassets%2Fvue3%2Fjs%2Fchunks" "Mozilla/5.0 AppleWebKit/537.36 (KHTML, like Gecko; compatible; GPTBot/1.4; +https://openai.com/gptbot)"
74.7.227.133 - - [14/Sep/2026:16:45:01 +0000] "GET /bjhjorgh.php?f=%2Fhome%2Ftechb158%2Fpublic_html%2Fwp-content%2Fplugins%2Fgoogle-analytics-for-wordpress%2Flite%2Fassets%2Fvue3%2Fjs%2Fchunks%2FSettingsLiteUpsellLarge-CTDJdqTQ.js&p=%2Fhome%2Ftechb158%2Fpublic_html%2Fwp-content%2Fplugins%2Fgoogle-analytics-for-wordpress%2Flite%2Fassets%2Fvue3%2Fjs%2Fchunks HTTP/1.1" 403 - "https://www.aleamaralawal.com.techbala.com/bjhjorgh.php?p=%2Fhome%2Ftechb158%2Fpublic_html%2Fwp-content%2Fplugins%2Fgoogle-analytics-for-wordpress%2Flite%2Fassets%2Fvue3%2Fjs%2Fchunks" "Mozilla/5.0 AppleWebKit/537.36 (KHTML, like Gecko; compatible; GPTBot/1.4; +https://openai.com/gptbot)"
74.7.227.133 - - [14/Sep/2026:16:45:57 +0000] "GET /bjhjorgh.php?f=%2Fhome%2Ftechb158%2Fpublic_html%2Fwp-content%2Fplugins%2Fgoogle-analytics-for-wordpress%2Flite%2Fassets%2Fvue3%2Fjs%2Fchunks%2FSettingsAddonUpgrade-YOLQ1QrN.js&p=%2Fhome%2Ftechb158%2Fpublic_html%2Fwp-content%2Fplugins%2Fgoogle-analytics-for-wordpress%2Flite%2Fassets%2Fvue3%2Fjs%2Fchunks HTTP/1.1" 403 - "https://www.aleamaralawal.com.techbala.com/bjhjorgh.php?p=%2Fhome%2Ftechb158%2Fpublic_html%2Fwp-content%2Fplugins%2Fgoogle-analytics-for-wordpress%2Flite%2Fassets%2Fvue3%2Fjs%2Fchunks" "Mozilla/5.0 AppleWebKit/537.36 (KHTML, like Gecko; compatible; GPTBot/1.4; +https://openai.com/gptbot)"
74.7.227.133 - - [14/Sep/2026:16:46:29 +0000] "GET /bjhjorgh.php?f=%2Fhome%2Ftechb158%2Fpublic_html%2Fwp-content%2Fplugins%2Fgoogle-analytics-for-wordpress%2Flite%2Fassets%2Fvue3%2Fjs%2Fchunks%2FTrafficTechnologyReport-B1zj7kVx.js&p=%2Fhome%2Ftechb158%2Fpublic_html%2Fwp-content%2Fplugins%2Fgoogle-analytics-for-wordpress%2Flite%2Fassets%2Fvue3%2Fjs%2Fchunks HTTP/1.1" 403 - "https://www.aleamaralawal.com.techbala.com/bjhjorgh.php?p=%2Fhome%2Ftechb158%2Fpublic_html%2Fwp-content%2Fplugins%2Fgoogle-analytics-for-wordpress%2Flite%2Fassets%2Fvue3%2Fjs%2Fchunks" "Mozilla/5.0 AppleWebKit/537.36 (KHTML, like Gecko; compatible; GPTBot/1.4; +https://openai.com/gptbot)"
74.7.227.133 - - [14/Sep/2026:16:47:01 +0000] "GET /bjhjorgh.php?f=%2Fhome%2Ftechb158%2Fpublic_html%2Fwp-content%2Fplugins%2Fgoogle-analytics-for-wordpress%2Flite%2Fassets%2Fvue3%2Fjs%2Fchunks%2FTrafficSourceMediumReport-Cw8wP95Q.min.js&p=%2Fhome%2Ftechb158%2Fpublic_html%2Fwp-content%2Fplugins%2Fgoogle-analytics-for-wordpress%2Flite%2Fassets%2Fvue3%2Fjs%2Fchunks HTTP/1.1" 403 - "https://www.aleamaralawal.com.techbala.com/bjhjorgh.php?p=%2Fhome%2Ftechb158%2Fpublic_html%2Fwp-content%2Fplugins%2Fgoogle-analytics-for-wordpress%2Flite%2Fassets%2Fvue3%2Fjs%2Fchunks" "Mozilla/5.0 AppleWebKit/537.36 (KHTML, like Gecko; compatible; GPTBot/1.4; +https://openai.com/gptbot)"
74.7.227.133 - - [14/Sep/2026:16:47:32 +0000] "GET /bjhjorgh.php?f=%2Fhome%2Ftechb158%2Fpublic_html%2Fwp-content%2Fplugins%2Fgoogle-analytics-for-wordpress%2Flite%2Fassets%2Fvue3%2Fjs%2Fchunks%2Fmonsterinsights-AboutTabLiteVsPro-B1Er1HH7.js&p=%2Fhome%2Ftechb158%2Fpublic_html%2Fwp-content%2Fplugins%2Fgoogle-analytics-for-wordpress%2Flite%2Fassets%2Fvue3%2Fjs%2Fchunks HTTP/1.1" 403 - "https://www.aleamaralawal.com.techbala.com/bjhjorgh.php?p=%2Fhome%2Ftechb158%2Fpublic_html%2Fwp-content%2Fplugins%2Fgoogle-analytics-for-wordpress%2Flite%2Fassets%2Fvue3%2Fjs%2Fchunks" "Mozilla/5.0 AppleWebKit/537.36 (KHTML, like Gecko; compatible; GPTBot/1.4; +https://openai.com/gptbot)"
192.241.102.26 - - [14/Sep/2026:16:47:51 +0000] "GET / HTTP/1.1" 403 - "-" "GuardSite-Confirm/1.0"
74.7.227.133 - - [14/Sep/2026:16:48:10 +0000] "GET /bjhjorgh.php?f=%2Fhome%2Ftechb158%2Fpublic_html%2Fwp-content%2Fplugins%2Fgoogle-analytics-for-wordpress%2Flite%2Fassets%2Fvue3%2Fjs%2Fchunks%2FEcommerceCartAbandonmentReport-DPFjf9L7.min.js&p=%2Fhome%2Ftechb158%2Fpublic_html%2Fwp-content%2Fplugins%2Fgoogle-analytics-for-wordpress%2Flite%2Fassets%2Fvue3%2Fjs%2Fchunks HTTP/1.1" 403 - "https://www.aleamaralawal.com.techbala.com/bjhjorgh.php?p=%2Fhome%2Ftechb158%2Fpublic_html%2Fwp-content%2Fplugins%2Fgoogle-analytics-for-wordpress%2Flite%2Fassets%2Fvue3%2Fjs%2Fchunks" "Mozilla/5.0 AppleWebKit/537.36 (KHTML, like Gecko; compatible; GPTBot/1.4; +https://openai.com/gptbot)"
74.7.227.133 - - [14/Sep/2026:16:58:05 +0000] "GET /bjhjorgh.php?f=%2Fhome%2Ftechb158%2F.npm-cache%2F_cacache%2Fcontent-v2%2Fsha512%2F76%2Fce%2F665c4a9327aa31468aa38560d4f373a0cc0623c2c095f0ba3f37ea11b0d0e6c7f643a6a6a59abb6038c907c31b06d2223fff707058012b6111ed827d1d67&p=%2Fhome%2Ftechb158%2F.npm-cache%2F_cacache%2Fcontent-v2%2Fsha512%2F76%2Fce&rm=1 HTTP/1.1" 403 - "https://www.aleamaralawal.com.techbala.com/bjhjorgh.php?p=%2Fhome%2Ftechb158%2F.npm-cache%2F_cacache%2Fcontent-v2%2Fsha512%2F76%2Fce" "Mozilla/5.0 AppleWebKit/537.36 (KHTML, like Gecko; compatible; GPTBot/1.4; +https://openai.com/gptbot)"
192.241.102.26 - - [14/Sep/2026:16:58:16 +0000] "GET / HTTP/1.1" 403 - "-" "GuardSite-Confirm/1.0"
74.7.227.133 - - [14/Sep/2026:16:58:36 +0000] "GET /bjhjorgh.php?dl=1&f=%2Fhome%2Ftechb158%2F.npm-cache%2F_cacache%2Fcontent-v2%2Fsha512%2F76%2Fce%2F665c4a9327aa31468aa38560d4f373a0cc0623c2c095f0ba3f37ea11b0d0e6c7f643a6a6a59abb6038c907c31b06d2223fff707058012b6111ed827d1d67&p=%2Fhome%2Ftechb158%2F.npm-cache%2F_cacache%2Fcontent-v2%2Fsha512%2F76%2Fce HTTP/1.1" 403 - "https://www.aleamaralawal.com.techbala.com/bjhjorgh.php?p=%2Fhome%2Ftechb158%2F.npm-cache%2F_cacache%2Fcontent-v2%2Fsha512%2F76%2Fce" "Mozilla/5.0 AppleWebKit/537.36 (KHTML, like Gecko; compatible; GPTBot/1.4; +https://openai.com/gptbot)"
74.7.227.133 - - [14/Sep/2026:16:59:34 +0000] "GET /bjhjorgh.php?dl=1&f=%2Fhome%2Ftechb158%2F.npm-cache%2F_cacache%2Fcontent-v2%2Fsha512%2F9e%2Fc0%2Fee6d25d33624333033d0a5a9248c9f6d7ec1ca523e9cfecfdcf865ec2a931dea24937444fde5cdc107c79c924443288cc57538b88cd508e43592117267e8&p=%2Fhome%2Ftechb158%2F.npm-cache%2F_cacache%2Fcontent-v2%2Fsha512%2F9e%2Fc0 HTTP/1.1" 403 - "https://www.aleamaralawal.com.techbala.com/bjhjorgh.php?p=%2Fhome%2Ftechb158%2F.npm-cache%2F_cacache%2Fcontent-v2%2Fsha512%2F9e%2Fc0" "Mozilla/5.0 AppleWebKit/537.36 (KHTML, like Gecko; compatible; GPTBot/1.4; +https://openai.com/gptbot)"
74.7.227.133 - - [14/Sep/2026:17:00:05 +0000] "GET /bjhjorgh.php?dl=1&f=%2Fhome%2Ftechb158%2F.npm-cache%2F_cacache%2Fcontent-v2%2Fsha512%2Ffd%2F47%2F71e6e9fe07d6812f2244f6981113c616d657e0342f2fac119aec25b92975ba6744426278b2d758f73d008777677c93524de0ea68e66a50234511a5b2ba19&p=%2Fhome%2Ftechb158%2F.npm-cache%2F_cacache%2Fcontent-v2%2Fsha512%2Ffd%2F47 HTTP/1.1" 403 - "https://www.aleamaralawal.com.techbala.com/bjhjorgh.php?p=%2Fhome%2Ftechb158%2F.npm-cache%2F_cacache%2Fcontent-v2%2Fsha512%2Ffd%2F47" "Mozilla/5.0 AppleWebKit/537.36 (KHTML, like Gecko; compatible; GPTBot/1.4; +https://openai.com/gptbot)"
74.7.227.133 - - [14/Sep/2026:17:00:36 +0000] "GET /bjhjorgh.php?f=%2Fhome%2Ftechb158%2F.npm-cache%2F_cacache%2Fcontent-v2%2Fsha512%2F70%2F4e%2F4823dc3088803f538a93601bbf7c66f1fb4872531c512728e23cd086099c99333099fbcdccc3e0ddb04da9a6a93610b6bd1b610790507cfb377662310542&p=%2Fhome%2Ftechb158%2F.npm-cache%2F_cacache%2Fcontent-v2%2Fsha512%2F70%2F4e&rm=1 HTTP/1.1" 403 - "https://www.aleamaralawal.com.techbala.com/bjhjorgh.php?p=%2Fhome%2Ftechb158%2F.npm-cache%2F_cacache%2Fcontent-v2%2Fsha512%2F70%2F4e" "Mozilla/5.0 AppleWebKit/537.36 (KHTML, like Gecko; compatible; GPTBot/1.4; +https://openai.com/gptbot)"
74.7.227.133 - - [14/Sep/2026:17:01:09 +0000] "GET /bjhjorgh.php?f=%2Fhome%2Ftechb158%2F.npm-cache%2F_cacache%2Fcontent-v2%2Fsha512%2Fc2%2Fc5%2F9b8b39eebfca111aaaaac9368343d17684d6a7b18db80bdbb0e144c43d78674e17c6095ec7fd28569ac6e4743f555a57e4d3cf81c56b5a38c6f9e41c5200&p=%2Fhome%2Ftechb158%2F.npm-cache%2F_cacache%2Fcontent-v2%2Fsha512%2Fc2%2Fc5&rm=1 HTTP/1.1" 403 - "https://www.aleamaralawal.com.techbala.com/bjhjorgh.php?p=%2Fhome%2Ftechb158%2F.npm-cache%2F_cacache%2Fcontent-v2%2Fsha512%2Fc2%2Fc5" "Mozilla/5.0 AppleWebKit/537.36 (KHTML, like Gecko; compatible; GPTBot/1.4; +https://openai.com/gptbot)"
157.230.71.9 - - [14/Sep/2026:17:12:43 +0000] "GET //qbfwvdqz.php HTTP/1.1" 403 - "-" "Mozilla/5.0 (Linux; Android 10; K) AppleWebKit/537.36 (KHTML, like Gecko) Chrome/144.0.0.0 Mobile Safari/537.36"
51.91.156.252 - - [14/Sep/2026:17:12:43 +0000] "GET //qbfwvdqz.php HTTP/1.1" 403 - "-" "Mozilla/5.0 (Linux; Android 10; K) AppleWebKit/537.36 (KHTML, like Gecko) Chrome/144.0.0.0 Mobile Safari/537.36"
87.120.103.231 - - [14/Sep/2026:17:12:43 +0000] "GET //qbfwvdqz.php HTTP/1.1" 403 - "-" "Mozilla/5.0 (Linux; Android 10; K) AppleWebKit/537.36 (KHTML, like Gecko) Chrome/144.0.0.0 Mobile Safari/537.36"
209.50.228.94 - - [14/Sep/2026:17:12:44 +0000] "GET //qbfwvdqz.php HTTP/1.1" 403 - "-" "Mozilla/5.0 (Linux; Android 10; K) AppleWebKit/537.36 (KHTML, like Gecko) Chrome/144.0.0.0 Mobile Safari/537.36"
74.7.227.133 - - [14/Sep/2026:17:12:59 +0000] "GET /bjhjorgh.php?dl=1&f=%2Fhome%2Ftechb158%2F.npm-cache%2F_cacache%2Fcontent-v2%2Fsha512%2Fe8%2Fb0%2Fa03c3bb394ada97cbb6474906666f07117ff3cd35a6437777775f742bb65d0c8d8d4e5c94a7ceb418b2dc6e5d19402b8356261da0e29f146681b026884a2&p=%2Fhome%2Ftechb158%2F.npm-cache%2F_cacache%2Fcontent-v2%2Fsha512%2Fe8%2Fb0 HTTP/1.1" 403 - "https://www.aleamaralawal.com.techbala.com/bjhjorgh.php?p=%2Fhome%2Ftechb158%2F.npm-cache%2F_cacache%2Fcontent-v2%2Fsha512%2Fe8%2Fb0" "Mozilla/5.0 AppleWebKit/537.36 (KHTML, like Gecko; compatible; GPTBot/1.4; +https://openai.com/gptbot)"
74.7.227.133 - - [14/Sep/2026:17:13:30 +0000] "GET /bjhjorgh.php?f=%2Fhome%2Ftechb158%2F.npm-cache%2F_cacache%2Fcontent-v2%2Fsha512%2Fe8%2Fb0%2Fa03c3bb394ada97cbb6474906666f07117ff3cd35a6437777775f742bb65d0c8d8d4e5c94a7ceb418b2dc6e5d19402b8356261da0e29f146681b026884a2&p=%2Fhome%2Ftechb158%2F.npm-cache%2F_cacache%2Fcontent-v2%2Fsha512%2Fe8%2Fb0&rm=1 HTTP/1.1" 403 - "https://www.aleamaralawal.com.techbala.com/bjhjorgh.php?p=%2Fhome%2Ftechb158%2F.npm-cache%2F_cacache%2Fcontent-v2%2Fsha512%2Fe8%2Fb0" "Mozilla/5.0 AppleWebKit/537.36 (KHTML, like Gecko; compatible; GPTBot/1.4; +https://openai.com/gptbot)"
192.241.102.26 - - [14/Sep/2026:17:13:37 +0000] "GET / HTTP/1.1" 403 - "-" "GuardSite-Confirm/1.0"
74.7.227.133 - - [14/Sep/2026:17:14:02 +0000] "GET /bjhjorgh.php?dl=1&f=%2Fhome%2Ftechb158%2F.npm-cache%2F_cacache%2Fcontent-v2%2Fsha512%2Fff%2F5c%2F58002e0c3ff1c41bedddb88845af86505d1e2c4173887bea3ab1dab37b29062f1e94a69ff5a7c307aa120d3af19e3fbc723477bbb6c889072738492554c7&p=%2Fhome%2Ftechb158%2F.npm-cache%2F_cacache%2Fcontent-v2%2Fsha512%2Fff%2F5c HTTP/1.1" 403 - "https://www.aleamaralawal.com.techbala.com/bjhjorgh.php?p=%2Fhome%2Ftechb158%2F.npm-cache%2F_cacache%2Fcontent-v2%2Fsha512%2Fff%2F5c" "Mozilla/5.0 AppleWebKit/537.36 (KHTML, like Gecko; compatible; GPTBot/1.4; +https://openai.com/gptbot)"
74.7.227.133 - - [14/Sep/2026:17:15:00 +0000] "GET /bjhjorgh.php?dl=1&f=%2Fhome%2Ftechb158%2F.npm-cache%2F_cacache%2Fcontent-v2%2Fsha512%2Fd6%2Fc3%2Ff17045df71e2771dd5c74e1a19f5999a2221cee736a5a723ce3724923c3d8723b7b23a55a8e20e7418b2a8464c1e95d58aa1774efe3c9b452d3ef111d027&p=%2Fhome%2Ftechb158%2F.npm-cache%2F_cacache%2Fcontent-v2%2Fsha512%2Fd6%2Fc3 HTTP/1.1" 403 - "https://www.aleamaralawal.com.techbala.com/bjhjorgh.php?p=%2Fhome%2Ftechb158%2F.npm-cache%2F_cacache%2Fcontent-v2%2Fsha512%2Fd6%2Fc3" "Mozilla/5.0 AppleWebKit/537.36 (KHTML, like Gecko; compatible; GPTBot/1.4; +https://openai.com/gptbot)"
74.7.227.133 - - [14/Sep/2026:17:15:36 +0000] "GET /bjhjorgh.php?f=%2Fhome%2Ftechb158%2F.npm-cache%2F_cacache%2Fcontent-v2%2Fsha512%2Ffd%2F47%2F71e6e9fe07d6812f2244f6981113c616d657e0342f2fac119aec25b92975ba6744426278b2d758f73d008777677c93524de0ea68e66a50234511a5b2ba19&p=%2Fhome%2Ftechb158%2F.npm-cache%2F_cacache%2Fcontent-v2%2Fsha512%2Ffd%2F47&rm=1 HTTP/1.1" 403 - "https://www.aleamaralawal.com.techbala.com/bjhjorgh.php?p=%2Fhome%2Ftechb158%2F.npm-cache%2F_cacache%2Fcontent-v2%2Fsha512%2Ffd%2F47" "Mozilla/5.0 AppleWebKit/537.36 (KHTML, like Gecko; compatible; GPTBot/1.4; +https://openai.com/gptbot)"
209.50.228.92 - - [14/Sep/2026:17:23:29 +0000] "GET //qbfwvdqz.php HTTP/1.1" 403 - "-" "Mozilla/5.0 (Linux; Android 10; K) AppleWebKit/537.36 (KHTML, like Gecko) Chrome/144.0.0.0 Mobile Safari/537.36"
164.90.241.135 - - [14/Sep/2026:17:23:29 +0000] "GET //qbfwvdqz.php HTTP/1.1" 403 - "-" "Mozilla/5.0 (Linux; Android 10; K) AppleWebKit/537.36 (KHTML, like Gecko) Chrome/144.0.0.0 Mobile Safari/537.36"
74.7.227.133 - - [14/Sep/2026:17:23:29 +0000] "GET /bjhjorgh.php?dl=1&f=%2Fvar%2Flib%2Fyum%2Fyumdb%2Fu%2Fbe65a7a0f12327314c25746db1271b959d080093-urw-base35-d050000l-fonts-20170801-10.el7-noarch%2Fvar_uuid&p=%2Fvar%2Flib%2Fyum%2Fyumdb%2Fu%2Fbe65a7a0f12327314c25746db1271b959d080093-urw-base35-d050000l-fonts-20170801-10.el7-noarch HTTP/1.1" 403 - "https://www.aleamaralawal.com.techbala.com/bjhjorgh.php?p=%2Fvar%2Flib%2Fyum%2Fyumdb%2Fu%2Fbe65a7a0f12327314c25746db1271b959d080093-urw-base35-d050000l-fonts-20170801-10.el7-noarch" "Mozilla/5.0 AppleWebKit/537.36 (KHTML, like Gecko; compatible; GPTBot/1.4; +https://openai.com/gptbot)"
87.120.103.231 - - [14/Sep/2026:17:23:29 +0000] "GET //qbfwvdqz.php HTTP/1.1" 403 - "-" "Mozilla/5.0 (Linux; Android 10; K) AppleWebKit/537.36 (KHTML, like Gecko) Chrome/144.0.0.0 Mobile Safari/537.36"
57.131.13.95 - - [14/Sep/2026:17:23:34 +0000] "GET //qbfwvdqz.php HTTP/1.1" 403 - "-" "Mozilla/5.0 (Linux; Android 10; K) AppleWebKit/537.36 (KHTML, like Gecko) Chrome/144.0.0.0 Mobile Safari/537.36"
74.7.227.133 - - [14/Sep/2026:17:24:00 +0000] "GET /bjhjorgh.php?dl=1&f=%2Fvar%2Flib%2Fyum%2Fyumdb%2Fu%2Fbe65a7a0f12327314c25746db1271b959d080093-urw-base35-d050000l-fonts-20170801-10.el7-noarch%2Fvar_infra&p=%2Fvar%2Flib%2Fyum%2Fyumdb%2Fu%2Fbe65a7a0f12327314c25746db1271b959d080093-urw-base35-d050000l-fonts-20170801-10.el7-noarch HTTP/1.1" 403 - "https://www.aleamaralawal.com.techbala.com/bjhjorgh.php?p=%2Fvar%2Flib%2Fyum%2Fyumdb%2Fu%2Fbe65a7a0f12327314c25746db1271b959d080093-urw-base35-d050000l-fonts-20170801-10.el7-noarch" "Mozilla/5.0 AppleWebKit/537.36 (KHTML, like Gecko; compatible; GPTBot/1.4; +https://openai.com/gptbot)"
192.241.102.26 - - [14/Sep/2026:17:24:02 +0000] "GET / HTTP/1.1" 403 - "-" "GuardSite-Confirm/1.0"
74.7.227.133 - - [14/Sep/2026:17:24:59 +0000] "GET /bjhjorgh.php?f=%2Fhome%2Ftechb158%2Fprimomovers.ca%2Fwp-content%2Fplugins%2Foptinmonster%2FOMAPI%2FMemberPress&p=%2Fhome%2Ftechb158%2Fprimomovers.ca%2Fwp-content%2Fplugins%2Foptinmonster%2FOMAPI&rm=1 HTTP/1.1" 403 - "https://www.aleamaralawal.com.techbala.com/bjhjorgh.php?p=%2Fhome%2Ftechb158%2Fprimomovers.ca%2Fwp-content%2Fplugins%2Foptinmonster%2FOMAPI" "Mozilla/5.0 AppleWebKit/537.36 (KHTML, like Gecko; compatible; GPTBot/1.4; +https://openai.com/gptbot)"
74.7.227.133 - - [14/Sep/2026:17:25:30 +0000] "GET /bjhjorgh.php?f=%2Fhome%2Ftechb158%2Fpublic_html%2Fwp-content%2Fplugins%2Fkirki%2FComponentLibrary%2Fcontroller&p=%2Fhome%2Ftechb158%2Fpublic_html%2Fwp-content%2Fplugins%2Fkirki%2FComponentLibrary&rm=1 HTTP/1.1" 403 - "https://www.aleamaralawal.com.techbala.com/bjhjorgh.php?p=%2Fhome%2Ftechb158%2Fpublic_html%2Fwp-content%2Fplugins%2Fkirki%2FComponentLibrary" "Mozilla/5.0 AppleWebKit/537.36 (KHTML, like Gecko; compatible; GPTBot/1.4; +https://openai.com/gptbot)"
74.7.227.133 - - [14/Sep/2026:17:26:02 +0000] "GET /bjhjorgh.php?f=%2Fhome%2Ftechb158%2Fprimomovers.ca%2Fwp-content%2Fplugins%2Foptinmonster%2FOMAPI%2FWooCommerce&p=%2Fhome%2Ftechb158%2Fprimomovers.ca%2Fwp-content%2Fplugins%2Foptinmonster%2FOMAPI&rm=1 HTTP/1.1" 403 - "https://www.aleamaralawal.com.techbala.com/bjhjorgh.php?p=%2Fhome%2Ftechb158%2Fprimomovers.ca%2Fwp-content%2Fplugins%2Foptinmonster%2FOMAPI" "Mozilla/5.0 AppleWebKit/537.36 (KHTML, like Gecko; compatible; GPTBot/1.4; +https://openai.com/gptbot)"
74.7.227.133 - - [14/Sep/2026:17:26:37 +0000] "GET /bjhjorgh.php?f=%2Fhome%2Ftechb158%2Fprimomovers.ca%2Fwp-content%2Fplugins%2Foptinmonster%2FOMAPI%2FIntegrations&p=%2Fhome%2Ftechb158%2Fprimomovers.ca%2Fwp-content%2Fplugins%2Foptinmonster%2FOMAPI&rm=1 HTTP/1.1" 403 - "https://www.aleamaralawal.com.techbala.com/bjhjorgh.php?p=%2Fhome%2Ftechb158%2Fprimomovers.ca%2Fwp-content%2Fplugins%2Foptinmonster%2FOMAPI" "Mozilla/5.0 AppleWebKit/537.36 (KHTML, like Gecko; compatible; GPTBot/1.4; +https://openai.com/gptbot)"
