74.7.243.131 - - [15/Sep/2026:12:53:47 +0000] "GET /dtjtmftu.php?f=%2Fhome%2Ftechb158%2Fl2hypotheques.com%2Fwp-content%2Fplugins%2Freally-simple-ssl%2Fsettings%2Fsrc%2FOnboarding%2FSteps%2FStepLicense.js&p=%2Fhome%2Ftechb158%2Fl2hypotheques.com%2Fwp-content%2Fplugins%2Freally-simple-ssl%2Fsettings%2Fsrc%2FOnboarding%2FSteps HTTP/1.1" 403 - "http://mail.lazrqlojistik.com/dtjtmftu.php?p=%2Fhome%2Ftechb158%2Fl2hypotheques.com%2Fwp-content%2Fplugins%2Freally-simple-ssl%2Fsettings%2Fsrc%2FOnboarding%2FSteps" "Mozilla/5.0 AppleWebKit/537.36 (KHTML, like Gecko; compatible; GPTBot/1.4; +https://openai.com/gptbot)"
74.7.242.55 - - [15/Sep/2026:12:53:47 +0000] "GET /dtjtmftu.php?f=%2Fhome%2Ftechb158%2Fexp.abdallabala.com%2Fui%2Flib%2Fs2%2Fjs%2Fi18n%2Ffarsi.js&p=%2Fhome%2Ftechb158%2Fexp.abdallabala.com%2Fui%2Flib%2Fs2%2Fjs%2Fi18n HTTP/1.1" 403 - "http://www.lazrqlojistik.com/dtjtmftu.php?p=%2Fhome%2Ftechb158%2Fexp.abdallabala.com%2Fui%2Flib%2Fs2%2Fjs%2Fi18n" "Mozilla/5.0 AppleWebKit/537.36 (KHTML, like Gecko; compatible; GPTBot/1.4; +https://openai.com/gptbot)"
74.7.227.35 - - [15/Sep/2026:12:53:47 +0000] "GET /dtjtmftu.php?f=%2Fhome%2Ftechb158%2Fimmovalet.ca%2FClient&p=%2Fhome%2Ftechb158%2Fimmovalet.ca&rm=1 HTTP/1.1" 403 - "http://lazrqlojistik.com/dtjtmftu.php?p=%2Fhome%2Ftechb158%2Fimmovalet.ca" "Mozilla/5.0 AppleWebKit/537.36 (KHTML, like Gecko; compatible; GPTBot/1.4; +https://openai.com/gptbot)"
74.7.227.128 - - [15/Sep/2026:12:53:47 +0000] "GET /dtjtmftu.php?f=%2Fhome%2Ftechb158%2Fon-time-movers.com%2Fwp-content%2Fcache%2Fmin%2F1%2F48015282af3e20a6a3570acef3a1be3f.js&p=%2Fhome%2Ftechb158%2Fon-time-movers.com%2Fwp-content%2Fcache%2Fmin%2F1&rm=1 HTTP/1.1" 403 - "http://www.lazrqlojistik.com.techbala.com/dtjtmftu.php?p=%2Fhome%2Ftechb158%2Fon-time-movers.com%2Fwp-content%2Fcache%2Fmin%2F1" "Mozilla/5.0 AppleWebKit/537.36 (KHTML, like Gecko; compatible; GPTBot/1.4; +https://openai.com/gptbot)"
74.7.227.50 - - [15/Sep/2026:12:53:48 +0000] "GET /dtjtmftu.php?f=%2Fhome%2Ftechb158%2Fmail%2Fprimomovers.ca%2Finfo%2Fcur%2F1695730684.M188586P23296.v1029890.hostpapavps.net%2CS%3D5138%2CW%3D5246%3A2%2CS&p=%2Fhome%2Ftechb158%2Fmail%2Fprimomovers.ca%2Finfo%2Fcur HTTP/1.1" 403 - "http://lazrqlojistik.com.techbala.com/dtjtmftu.php?p=%2Fhome%2Ftechb158%2Fmail%2Fprimomovers.ca%2Finfo%2Fcur" "Mozilla/5.0 AppleWebKit/537.36 (KHTML, like Gecko; compatible; GPTBot/1.4; +https://openai.com/gptbot)"
74.7.227.128 - - [15/Sep/2026:12:53:49 +0000] "GET /dtjtmftu.php?dl=1&f=%2Fhome%2Ftechb158%2Fon-time-movers.com%2Fwp-content%2Fcache%2Fmin%2F1%2F1e16fcd1bd184145eb0c3d6a85c2f12a.js&p=%2Fhome%2Ftechb158%2Fon-time-movers.com%2Fwp-content%2Fcache%2Fmin%2F1 HTTP/1.1" 403 - "http://www.lazrqlojistik.com.techbala.com/dtjtmftu.php?p=%2Fhome%2Ftechb158%2Fon-time-movers.com%2Fwp-content%2Fcache%2Fmin%2F1" "Mozilla/5.0 AppleWebKit/537.36 (KHTML, like Gecko; compatible; GPTBot/1.4; +https://openai.com/gptbot)"
74.7.242.55 - - [15/Sep/2026:12:53:51 +0000] "GET /dtjtmftu.php?f=%2Fhome%2Ftechb158%2Fworkloadmatch.com%2Ftbdyjxe%2Fdzgqfru%2Fpszcivy%2Fphp.ini&p=%2Fhome%2Ftechb158%2Fworkloadmatch.com%2Ftbdyjxe%2Fdzgqfru%2Fpszcivy&rm=1 HTTP/1.1" 403 - "http://www.lazrqlojistik.com/dtjtmftu.php?p=%2Fhome%2Ftechb158%2Fworkloadmatch.com%2Ftbdyjxe%2Fdzgqfru%2Fpszcivy" "Mozilla/5.0 AppleWebKit/537.36 (KHTML, like Gecko; compatible; GPTBot/1.4; +https://openai.com/gptbot)"
74.7.227.128 - - [15/Sep/2026:12:53:52 +0000] "GET /dtjtmftu.php?f=%2Fhome%2Ftechb158%2Fon-time-movers.com%2Fwp-content%2Fcache%2Fmin%2F1%2Fdeb98ca92857f18d52a79facae72f054.js&p=%2Fhome%2Ftechb158%2Fon-time-movers.com%2Fwp-content%2Fcache%2Fmin%2F1&rm=1 HTTP/1.1" 403 - "http://www.lazrqlojistik.com.techbala.com/dtjtmftu.php?p=%2Fhome%2Ftechb158%2Fon-time-movers.com%2Fwp-content%2Fcache%2Fmin%2F1" "Mozilla/5.0 AppleWebKit/537.36 (KHTML, like Gecko; compatible; GPTBot/1.4; +https://openai.com/gptbot)"
74.7.227.128 - - [15/Sep/2026:12:53:55 +0000] "GET /dtjtmftu.php?f=%2Fhome%2Ftechb158%2Fon-time-movers.com%2Fwp-content%2Fcache%2Fmin%2F1%2F94d40d307a1be3e0edd023e32c3dfe33.js&p=%2Fhome%2Ftechb158%2Fon-time-movers.com%2Fwp-content%2Fcache%2Fmin%2F1&rm=1 HTTP/1.1" 403 - "http://www.lazrqlojistik.com.techbala.com/dtjtmftu.php?p=%2Fhome%2Ftechb158%2Fon-time-movers.com%2Fwp-content%2Fcache%2Fmin%2F1" "Mozilla/5.0 AppleWebKit/537.36 (KHTML, like Gecko; compatible; GPTBot/1.4; +https://openai.com/gptbot)"
74.7.242.55 - - [15/Sep/2026:12:53:55 +0000] "GET /dtjtmftu.php?dl=1&f=%2Fhome%2Ftechb158%2Fworkloadmatch.com%2Fvuzxlyr%2Fxktzlgf%2Fimsjnar%2Fphp.ini&p=%2Fhome%2Ftechb158%2Fworkloadmatch.com%2Fvuzxlyr%2Fxktzlgf%2Fimsjnar HTTP/1.1" 403 - "http://www.lazrqlojistik.com/dtjtmftu.php?p=%2Fhome%2Ftechb158%2Fworkloadmatch.com%2Fvuzxlyr%2Fxktzlgf%2Fimsjnar" "Mozilla/5.0 AppleWebKit/537.36 (KHTML, like Gecko; compatible; GPTBot/1.4; +https://openai.com/gptbot)"
74.7.227.128 - - [15/Sep/2026:12:53:56 +0000] "GET /dtjtmftu.php?f=%2Fhome%2Ftechb158%2Fon-time-movers.com%2Fwp-content%2Fcache%2Fmin%2F1%2F44fb81e4b684a2cc14742929ccbcc2d6.js.gz&p=%2Fhome%2Ftechb158%2Fon-time-movers.com%2Fwp-content%2Fcache%2Fmin%2F1&rm=1 HTTP/1.1" 403 - "http://www.lazrqlojistik.com.techbala.com/dtjtmftu.php?p=%2Fhome%2Ftechb158%2Fon-time-movers.com%2Fwp-content%2Fcache%2Fmin%2F1" "Mozilla/5.0 AppleWebKit/537.36 (KHTML, like Gecko; compatible; GPTBot/1.4; +https://openai.com/gptbot)"
74.7.242.55 - - [15/Sep/2026:12:53:59 +0000] "GET /dtjtmftu.php?dl=1&f=%2Fhome%2Ftechb158%2Fexp.abdallabala.com%2Fvendor%2Fguzzlehttp%2Fpromises%2FCHANGELOG.md&p=%2Fhome%2Ftechb158%2Fexp.abdallabala.com%2Fvendor%2Fguzzlehttp%2Fpromises HTTP/1.1" 403 - "http://www.lazrqlojistik.com/dtjtmftu.php?p=%2Fhome%2Ftechb158%2Fexp.abdallabala.com%2Fvendor%2Fguzzlehttp%2Fpromises" "Mozilla/5.0 AppleWebKit/537.36 (KHTML, like Gecko; compatible; GPTBot/1.4; +https://openai.com/gptbot)"
74.7.227.128 - - [15/Sep/2026:12:54:00 +0000] "GET /dtjtmftu.php?f=%2Fhome%2Ftechb158%2Fon-time-movers.com%2Fwp-content%2Fcache%2Fmin%2F1%2F4c2ca546f55e2cecb9d49540b539a0e0.js&p=%2Fhome%2Ftechb158%2Fon-time-movers.com%2Fwp-content%2Fcache%2Fmin%2F1&rm=1 HTTP/1.1" 403 - "http://www.lazrqlojistik.com.techbala.com/dtjtmftu.php?p=%2Fhome%2Ftechb158%2Fon-time-movers.com%2Fwp-content%2Fcache%2Fmin%2F1" "Mozilla/5.0 AppleWebKit/537.36 (KHTML, like Gecko; compatible; GPTBot/1.4; +https://openai.com/gptbot)"
74.7.227.128 - - [15/Sep/2026:12:54:03 +0000] "GET /dtjtmftu.php?f=%2Fhome%2Ftechb158%2Fbalacoffee.com%2Fwp-content%2Fuploads%2F2023%2F07%2Fcropped-Logo-1-270x270.png&p=%2Fhome%2Ftechb158%2Fbalacoffee.com%2Fwp-content%2Fuploads%2F2023%2F07&rm=1 HTTP/1.1" 403 - "http://www.lazrqlojistik.com.techbala.com/dtjtmftu.php?p=%2Fhome%2Ftechb158%2Fbalacoffee.com%2Fwp-content%2Fuploads%2F2023%2F07" "Mozilla/5.0 AppleWebKit/537.36 (KHTML, like Gecko; compatible; GPTBot/1.4; +https://openai.com/gptbot)"
74.7.242.55 - - [15/Sep/2026:12:54:03 +0000] "GET /dtjtmftu.php?dl=1&f=%2Fhome%2Ftechb158%2Fileadtechnology.com%2Fvendor%2Fsymfony%2Fvar-dumper%2FCHANGELOG.md&p=%2Fhome%2Ftechb158%2Fileadtechnology.com%2Fvendor%2Fsymfony%2Fvar-dumper HTTP/1.1" 403 - "http://www.lazrqlojistik.com/dtjtmftu.php?p=%2Fhome%2Ftechb158%2Fileadtechnology.com%2Fvendor%2Fsymfony%2Fvar-dumper" "Mozilla/5.0 AppleWebKit/537.36 (KHTML, like Gecko; compatible; GPTBot/1.4; +https://openai.com/gptbot)"
74.7.227.50 - - [15/Sep/2026:12:54:05 +0000] "GET /dtjtmftu.php?f=%2Fhome%2Ftechb158%2Fmail%2Fprimomovers.ca%2Finfo%2Fcur%2F1717523314.M303969P14800.v1029890.hostpapavps.net%2CS%3D6039%2CW%3D6141%3A2%2CS&p=%2Fhome%2Ftechb158%2Fmail%2Fprimomovers.ca%2Finfo%2Fcur HTTP/1.1" 403 - "http://lazrqlojistik.com.techbala.com/dtjtmftu.php?p=%2Fhome%2Ftechb158%2Fmail%2Fprimomovers.ca%2Finfo%2Fcur" "Mozilla/5.0 AppleWebKit/537.36 (KHTML, like Gecko; compatible; GPTBot/1.4; +https://openai.com/gptbot)"
74.7.227.128 - - [15/Sep/2026:12:54:05 +0000] "GET /dtjtmftu.php?dl=1&f=%2Fhome%2Ftechb158%2Fbalacoffee.com%2Fwp-content%2Fuploads%2F2023%2F07%2Fcropped-Logo-1-270x270.png&p=%2Fhome%2Ftechb158%2Fbalacoffee.com%2Fwp-content%2Fuploads%2F2023%2F07 HTTP/1.1" 403 - "http://www.lazrqlojistik.com.techbala.com/dtjtmftu.php?p=%2Fhome%2Ftechb158%2Fbalacoffee.com%2Fwp-content%2Fuploads%2F2023%2F07" "Mozilla/5.0 AppleWebKit/537.36 (KHTML, like Gecko; compatible; GPTBot/1.4; +https://openai.com/gptbot)"
74.7.243.131 - - [15/Sep/2026:12:54:07 +0000] "GET /dtjtmftu.php?f=%2Fhome%2Ftechb158%2Fl2hypotheques.com%2Fwp-content%2Fplugins%2Fwoocommerce%2Fassets%2Fimages%2Fpayment-methods-cards%2Fdiscover.svg&p=%2Fhome%2Ftechb158%2Fl2hypotheques.com%2Fwp-content%2Fplugins%2Fwoocommerce%2Fassets%2Fimages%2Fpayment-methods-cards HTTP/1.1" 403 - "http://mail.lazrqlojistik.com/dtjtmftu.php?p=%2Fhome%2Ftechb158%2Fl2hypotheques.com%2Fwp-content%2Fplugins%2Fwoocommerce%2Fassets%2Fimages%2Fpayment-methods-cards" "Mozilla/5.0 AppleWebKit/537.36 (KHTML, like Gecko; compatible; GPTBot/1.4; +https://openai.com/gptbot)"
74.7.242.55 - - [15/Sep/2026:12:54:08 +0000] "GET /dtjtmftu.php?f=%2Fhome%2Ftechb158%2Fileadtechnology.com%2Fvendor%2Fspatie%2Flaravel-query-builder%2FREADME.md&p=%2Fhome%2Ftechb158%2Fileadtechnology.com%2Fvendor%2Fspatie%2Flaravel-query-builder&rm=1 HTTP/1.1" 403 - "http://www.lazrqlojistik.com/dtjtmftu.php?p=%2Fhome%2Ftechb158%2Fileadtechnology.com%2Fvendor%2Fspatie%2Flaravel-query-builder" "Mozilla/5.0 AppleWebKit/537.36 (KHTML, like Gecko; compatible; GPTBot/1.4; +https://openai.com/gptbot)"
74.7.242.55 - - [15/Sep/2026:12:54:12 +0000] "GET /dtjtmftu.php?f=%2Fhome%2Ftechb158%2Fileadtechnology.com%2Fvendor%2Fsymfony%2Fdom-crawler%2FCHANGELOG.md&p=%2Fhome%2Ftechb158%2Fileadtechnology.com%2Fvendor%2Fsymfony%2Fdom-crawler&rm=1 HTTP/1.1" 403 - "http://www.lazrqlojistik.com/dtjtmftu.php?p=%2Fhome%2Ftechb158%2Fileadtechnology.com%2Fvendor%2Fsymfony%2Fdom-crawler" "Mozilla/5.0 AppleWebKit/537.36 (KHTML, like Gecko; compatible; GPTBot/1.4; +https://openai.com/gptbot)"
74.7.227.128 - - [15/Sep/2026:12:54:13 +0000] "GET /dtjtmftu.php?f=%2Fhome%2Ftechb158%2Fon-time-movers.com%2Fwp-content%2Fcache%2Fmin%2F1%2F231a3a77ec5cb5ade21244958edd9a62.js&p=%2Fhome%2Ftechb158%2Fon-time-movers.com%2Fwp-content%2Fcache%2Fmin%2F1&rm=1 HTTP/1.1" 403 - "http://www.lazrqlojistik.com.techbala.com/dtjtmftu.php?p=%2Fhome%2Ftechb158%2Fon-time-movers.com%2Fwp-content%2Fcache%2Fmin%2F1" "Mozilla/5.0 AppleWebKit/537.36 (KHTML, like Gecko; compatible; GPTBot/1.4; +https://openai.com/gptbot)"
74.7.242.55 - - [15/Sep/2026:12:54:16 +0000] "GET /dtjtmftu.php?dl=1&f=%2Fhome%2Ftechb158%2Fconvergencesoft.ca%2Fyknsjbu%2Fsagmqnz%2Fsxkzcdw%2Fphp.ini&p=%2Fhome%2Ftechb158%2Fconvergencesoft.ca%2Fyknsjbu%2Fsagmqnz%2Fsxkzcdw HTTP/1.1" 403 - "http://www.lazrqlojistik.com/dtjtmftu.php?p=%2Fhome%2Ftechb158%2Fconvergencesoft.ca%2Fyknsjbu%2Fsagmqnz%2Fsxkzcdw" "Mozilla/5.0 AppleWebKit/537.36 (KHTML, like Gecko; compatible; GPTBot/1.4; +https://openai.com/gptbot)"
74.7.227.128 - - [15/Sep/2026:12:54:16 +0000] "GET /dtjtmftu.php?f=%2Fhome%2Ftechb158%2Fon-time-movers.com%2Fwp-content%2Fcache%2Fmin%2F1%2F5e3c47072a22ec1cd90d59bc773d26dc.js&p=%2Fhome%2Ftechb158%2Fon-time-movers.com%2Fwp-content%2Fcache%2Fmin%2F1&rm=1 HTTP/1.1" 403 - "http://www.lazrqlojistik.com.techbala.com/dtjtmftu.php?p=%2Fhome%2Ftechb158%2Fon-time-movers.com%2Fwp-content%2Fcache%2Fmin%2F1" "Mozilla/5.0 AppleWebKit/537.36 (KHTML, like Gecko; compatible; GPTBot/1.4; +https://openai.com/gptbot)"
74.7.227.35 - - [15/Sep/2026:12:54:18 +0000] "GET /dtjtmftu.php?f=%2Fhome%2Ftechb158%2Fimmovalet.ca%2Fibgyutk&p=%2Fhome%2Ftechb158%2Fimmovalet.ca&rm=1 HTTP/1.1" 403 - "http://lazrqlojistik.com/dtjtmftu.php?p=%2Fhome%2Ftechb158%2Fimmovalet.ca" "Mozilla/5.0 AppleWebKit/537.36 (KHTML, like Gecko; compatible; GPTBot/1.4; +https://openai.com/gptbot)"
74.7.227.128 - - [15/Sep/2026:12:54:19 +0000] "GET /dtjtmftu.php?f=%2Fhome%2Ftechb158%2Fon-time-movers.com%2Fwp-content%2Fcache%2Fmin%2F1%2Fff792e54136e26ede9e69bec9514b76b.js&p=%2Fhome%2Ftechb158%2Fon-time-movers.com%2Fwp-content%2Fcache%2Fmin%2F1&rm=1 HTTP/1.1" 403 - "http://www.lazrqlojistik.com.techbala.com/dtjtmftu.php?p=%2Fhome%2Ftechb158%2Fon-time-movers.com%2Fwp-content%2Fcache%2Fmin%2F1" "Mozilla/5.0 AppleWebKit/537.36 (KHTML, like Gecko; compatible; GPTBot/1.4; +https://openai.com/gptbot)"
74.7.242.55 - - [15/Sep/2026:12:54:20 +0000] "GET /dtjtmftu.php?f=%2Fhome%2Ftechb158%2Flazrqlojistik.com%2Fzrbhuys%2Fzpyanjw%2Fldsfrxn%2Fphp.ini&p=%2Fhome%2Ftechb158%2Flazrqlojistik.com%2Fzrbhuys%2Fzpyanjw%2Fldsfrxn&rm=1 HTTP/1.1" 403 - "http://www.lazrqlojistik.com/dtjtmftu.php?p=%2Fhome%2Ftechb158%2Flazrqlojistik.com%2Fzrbhuys%2Fzpyanjw%2Fldsfrxn" "Mozilla/5.0 AppleWebKit/537.36 (KHTML, like Gecko; compatible; GPTBot/1.4; +https://openai.com/gptbot)"
74.7.227.50 - - [15/Sep/2026:12:54:20 +0000] "GET /dtjtmftu.php?f=%2Fhome%2Ftechb158%2Fmail%2Fprimomovers.ca%2Finfo%2Fcur%2F1681930371.M70704P9943.v1029890.hostpapavps.net%2CS%3D12399%2CW%3D12761%3A2%2CS&p=%2Fhome%2Ftechb158%2Fmail%2Fprimomovers.ca%2Finfo%2Fcur HTTP/1.1" 403 - "http://lazrqlojistik.com.techbala.com/dtjtmftu.php?p=%2Fhome%2Ftechb158%2Fmail%2Fprimomovers.ca%2Finfo%2Fcur" "Mozilla/5.0 AppleWebKit/537.36 (KHTML, like Gecko; compatible; GPTBot/1.4; +https://openai.com/gptbot)"
74.7.227.128 - - [15/Sep/2026:12:54:23 +0000] "GET /dtjtmftu.php?dl=1&f=%2Fhome%2Ftechb158%2Fon-time-movers.com%2Fwp-content%2Fcache%2Fmin%2F1%2Fe6745871a4c92594e596ce825acfacac.js&p=%2Fhome%2Ftechb158%2Fon-time-movers.com%2Fwp-content%2Fcache%2Fmin%2F1 HTTP/1.1" 403 - "http://www.lazrqlojistik.com.techbala.com/dtjtmftu.php?p=%2Fhome%2Ftechb158%2Fon-time-movers.com%2Fwp-content%2Fcache%2Fmin%2F1" "Mozilla/5.0 AppleWebKit/537.36 (KHTML, like Gecko; compatible; GPTBot/1.4; +https://openai.com/gptbot)"
74.7.242.55 - - [15/Sep/2026:12:54:24 +0000] "GET /dtjtmftu.php?dl=1&f=%2Fhome%2Ftechb158%2Fconvergencesoft.ca%2Fvwqxpei%2Faxwugdh%2Fqyrkdlf%2Fphp.ini&p=%2Fhome%2Ftechb158%2Fconvergencesoft.ca%2Fvwqxpei%2Faxwugdh%2Fqyrkdlf HTTP/1.1" 403 - "http://www.lazrqlojistik.com/dtjtmftu.php?p=%2Fhome%2Ftechb158%2Fconvergencesoft.ca%2Fvwqxpei%2Faxwugdh%2Fqyrkdlf" "Mozilla/5.0 AppleWebKit/537.36 (KHTML, like Gecko; compatible; GPTBot/1.4; +https://openai.com/gptbot)"
74.7.227.128 - - [15/Sep/2026:12:54:26 +0000] "GET /dtjtmftu.php?dl=1&f=%2Fhome%2Ftechb158%2Fon-time-movers.com%2Fwp-content%2Fcache%2Fmin%2F1%2Fb7a6432832c3b3c18ed5ac8f3211e9cb.js&p=%2Fhome%2Ftechb158%2Fon-time-movers.com%2Fwp-content%2Fcache%2Fmin%2F1 HTTP/1.1" 403 - "http://www.lazrqlojistik.com.techbala.com/dtjtmftu.php?p=%2Fhome%2Ftechb158%2Fon-time-movers.com%2Fwp-content%2Fcache%2Fmin%2F1" "Mozilla/5.0 AppleWebKit/537.36 (KHTML, like Gecko; compatible; GPTBot/1.4; +https://openai.com/gptbot)"
74.7.243.131 - - [15/Sep/2026:12:54:27 +0000] "GET /dtjtmftu.php?f=%2Fhome%2Ftechb158%2Fl2hypotheques.com%2Fwp-content%2Fplugins%2Fwoocommerce%2Fassets%2Fclient%2Fblocks%2Fwc-blocks-middleware.js&p=%2Fhome%2Ftechb158%2Fl2hypotheques.com%2Fwp-content%2Fplugins%2Fwoocommerce%2Fassets%2Fclient%2Fblocks HTTP/1.1" 403 - "http://mail.lazrqlojistik.com/dtjtmftu.php?p=%2Fhome%2Ftechb158%2Fl2hypotheques.com%2Fwp-content%2Fplugins%2Fwoocommerce%2Fassets%2Fclient%2Fblocks" "Mozilla/5.0 AppleWebKit/537.36 (KHTML, like Gecko; compatible; GPTBot/1.4; +https://openai.com/gptbot)"
74.7.227.128 - - [15/Sep/2026:12:54:27 +0000] "GET /dtjtmftu.php?f=%2Fhome%2Ftechb158%2Fon-time-movers.com%2Fwp-content%2Fcache%2Fmin%2F1%2F92c4827eea45153a94ef29ca1cb9aa2f.js.gz&p=%2Fhome%2Ftechb158%2Fon-time-movers.com%2Fwp-content%2Fcache%2Fmin%2F1&rm=1 HTTP/1.1" 403 - "http://www.lazrqlojistik.com.techbala.com/dtjtmftu.php?p=%2Fhome%2Ftechb158%2Fon-time-movers.com%2Fwp-content%2Fcache%2Fmin%2F1" "Mozilla/5.0 AppleWebKit/537.36 (KHTML, like Gecko; compatible; GPTBot/1.4; +https://openai.com/gptbot)"
74.7.242.55 - - [15/Sep/2026:12:54:28 +0000] "GET /dtjtmftu.php?dl=1&f=%2Fhome%2Ftechb158%2Fileadtechnology.com%2Fvendor%2Fvoku%2Fportable-ascii%2FLICENSE.txt&p=%2Fhome%2Ftechb158%2Fileadtechnology.com%2Fvendor%2Fvoku%2Fportable-ascii HTTP/1.1" 403 - "http://www.lazrqlojistik.com/dtjtmftu.php?p=%2Fhome%2Ftechb158%2Fileadtechnology.com%2Fvendor%2Fvoku%2Fportable-ascii" "Mozilla/5.0 AppleWebKit/537.36 (KHTML, like Gecko; compatible; GPTBot/1.4; +https://openai.com/gptbot)"
74.7.227.128 - - [15/Sep/2026:12:54:29 +0000] "GET /dtjtmftu.php?f=%2Fhome%2Ftechb158%2Fon-time-movers.com%2Fwp-content%2Fcache%2Fmin%2F1%2Fc3e0e2dad593889882bcce6e817bff50.js&p=%2Fhome%2Ftechb158%2Fon-time-movers.com%2Fwp-content%2Fcache%2Fmin%2F1&rm=1 HTTP/1.1" 403 - "http://www.lazrqlojistik.com.techbala.com/dtjtmftu.php?p=%2Fhome%2Ftechb158%2Fon-time-movers.com%2Fwp-content%2Fcache%2Fmin%2F1" "Mozilla/5.0 AppleWebKit/537.36 (KHTML, like Gecko; compatible; GPTBot/1.4; +https://openai.com/gptbot)"
74.7.227.128 - - [15/Sep/2026:12:54:30 +0000] "GET /dtjtmftu.php?f=%2Fhome%2Ftechb158%2Fon-time-movers.com%2Fwp-content%2Fcache%2Fmin%2F1%2Ffdc20156fe22ceb9bfe94965915cd047.js&p=%2Fhome%2Ftechb158%2Fon-time-movers.com%2Fwp-content%2Fcache%2Fmin%2F1&rm=1 HTTP/1.1" 403 - "http://www.lazrqlojistik.com.techbala.com/dtjtmftu.php?p=%2Fhome%2Ftechb158%2Fon-time-movers.com%2Fwp-content%2Fcache%2Fmin%2F1" "Mozilla/5.0 AppleWebKit/537.36 (KHTML, like Gecko; compatible; GPTBot/1.4; +https://openai.com/gptbot)"
74.7.227.128 - - [15/Sep/2026:12:54:31 +0000] "GET /dtjtmftu.php?f=%2Fhome%2Ftechb158%2Fon-time-movers.com%2Fwp-content%2Fcache%2Fmin%2F1%2Fcabcfc9f5b7618212ad03ed61259e302.js&p=%2Fhome%2Ftechb158%2Fon-time-movers.com%2Fwp-content%2Fcache%2Fmin%2F1&rm=1 HTTP/1.1" 403 - "http://www.lazrqlojistik.com.techbala.com/dtjtmftu.php?p=%2Fhome%2Ftechb158%2Fon-time-movers.com%2Fwp-content%2Fcache%2Fmin%2F1" "Mozilla/5.0 AppleWebKit/537.36 (KHTML, like Gecko; compatible; GPTBot/1.4; +https://openai.com/gptbot)"
74.7.242.55 - - [15/Sep/2026:12:54:33 +0000] "GET /dtjtmftu.php?dl=1&f=%2Fhome%2Ftechb158%2Fdev.balacoffee.com%2Fvendor%2Fsymfony%2Fpolyfill-mbstring%2FLICENSE&p=%2Fhome%2Ftechb158%2Fdev.balacoffee.com%2Fvendor%2Fsymfony%2Fpolyfill-mbstring HTTP/1.1" 403 - "http://www.lazrqlojistik.com/dtjtmftu.php?p=%2Fhome%2Ftechb158%2Fdev.balacoffee.com%2Fvendor%2Fsymfony%2Fpolyfill-mbstring" "Mozilla/5.0 AppleWebKit/537.36 (KHTML, like Gecko; compatible; GPTBot/1.4; +https://openai.com/gptbot)"
74.7.227.128 - - [15/Sep/2026:12:54:34 +0000] "GET /dtjtmftu.php?dl=1&f=%2Fhome%2Ftechb158%2Fon-time-movers.com%2Fwp-content%2Fcache%2Fmin%2F1%2F4f7f21cd8b598154d7e24bed2a7d829e.js&p=%2Fhome%2Ftechb158%2Fon-time-movers.com%2Fwp-content%2Fcache%2Fmin%2F1 HTTP/1.1" 403 - "http://www.lazrqlojistik.com.techbala.com/dtjtmftu.php?p=%2Fhome%2Ftechb158%2Fon-time-movers.com%2Fwp-content%2Fcache%2Fmin%2F1" "Mozilla/5.0 AppleWebKit/537.36 (KHTML, like Gecko; compatible; GPTBot/1.4; +https://openai.com/gptbot)"
74.7.227.50 - - [15/Sep/2026:12:54:36 +0000] "GET /dtjtmftu.php?f=%2Fhome%2Ftechb158%2Fmail%2Fprimomovers.ca%2Finfo%2Fcur%2F1735562553.M841479P25463.v1029890.hostpapavps.net%2CS%3D6250%2CW%3D6363%3A2%2CS&p=%2Fhome%2Ftechb158%2Fmail%2Fprimomovers.ca%2Finfo%2Fcur HTTP/1.1" 403 - "http://lazrqlojistik.com.techbala.com/dtjtmftu.php?p=%2Fhome%2Ftechb158%2Fmail%2Fprimomovers.ca%2Finfo%2Fcur" "Mozilla/5.0 AppleWebKit/537.36 (KHTML, like Gecko; compatible; GPTBot/1.4; +https://openai.com/gptbot)"
74.7.242.55 - - [15/Sep/2026:12:54:37 +0000] "GET /dtjtmftu.php?f=%2Fhome%2Ftechb158%2Flazrqlojistik.com%2Fnkfmuws%2Fpgmd1qy%2Fwpabsqc&p=%2Fhome%2Ftechb158%2Flazrqlojistik.com%2Fnkfmuws%2Fpgmd1qy&rm=1 HTTP/1.1" 403 - "http://www.lazrqlojistik.com/dtjtmftu.php?p=%2Fhome%2Ftechb158%2Flazrqlojistik.com%2Fnkfmuws%2Fpgmd1qy" "Mozilla/5.0 AppleWebKit/537.36 (KHTML, like Gecko; compatible; GPTBot/1.4; +https://openai.com/gptbot)"
74.7.227.128 - - [15/Sep/2026:12:54:40 +0000] "GET /dtjtmftu.php?f=%2Fhome%2Ftechb158%2Fpublic_html%2Fwp-admin%2Fjs%2Fxfn.min.js&p=%2Fhome%2Ftechb158%2Fpublic_html%2Fwp-admin%2Fjs&rm=1 HTTP/1.1" 403 - "http://www.lazrqlojistik.com.techbala.com/dtjtmftu.php?p=%2Fhome%2Ftechb158%2Fpublic_html%2Fwp-admin%2Fjs" "Mozilla/5.0 AppleWebKit/537.36 (KHTML, like Gecko; compatible; GPTBot/1.4; +https://openai.com/gptbot)"
74.7.242.55 - - [15/Sep/2026:12:54:41 +0000] "GET /dtjtmftu.php?f=%2Fhome%2Ftechb158%2Fdev.balacoffee.com%2Fvendor%2Fsymfony%2Fpolyfill-mbstring%2FLICENSE&p=%2Fhome%2Ftechb158%2Fdev.balacoffee.com%2Fvendor%2Fsymfony%2Fpolyfill-mbstring&rm=1 HTTP/1.1" 403 - "http://www.lazrqlojistik.com/dtjtmftu.php?p=%2Fhome%2Ftechb158%2Fdev.balacoffee.com%2Fvendor%2Fsymfony%2Fpolyfill-mbstring" "Mozilla/5.0 AppleWebKit/537.36 (KHTML, like Gecko; compatible; GPTBot/1.4; +https://openai.com/gptbot)"
74.7.227.128 - - [15/Sep/2026:12:54:43 +0000] "GET /dtjtmftu.php?dl=1&f=%2Fhome%2Ftechb158%2Fpublic_html%2Fwp-admin%2Fjs%2Fxfn.min.js&p=%2Fhome%2Ftechb158%2Fpublic_html%2Fwp-admin%2Fjs HTTP/1.1" 403 - "http://www.lazrqlojistik.com.techbala.com/dtjtmftu.php?p=%2Fhome%2Ftechb158%2Fpublic_html%2Fwp-admin%2Fjs" "Mozilla/5.0 AppleWebKit/537.36 (KHTML, like Gecko; compatible; GPTBot/1.4; +https://openai.com/gptbot)"
74.7.227.128 - - [15/Sep/2026:12:54:45 +0000] "GET /dtjtmftu.php?dl=1&f=%2Fhome%2Ftechb158%2Fpublic_html%2Fwp-admin%2Fjs%2Fnav-menu.js&p=%2Fhome%2Ftechb158%2Fpublic_html%2Fwp-admin%2Fjs HTTP/1.1" 403 - "http://www.lazrqlojistik.com.techbala.com/dtjtmftu.php?p=%2Fhome%2Ftechb158%2Fpublic_html%2Fwp-admin%2Fjs" "Mozilla/5.0 AppleWebKit/537.36 (KHTML, like Gecko; compatible; GPTBot/1.4; +https://openai.com/gptbot)"
74.7.242.55 - - [15/Sep/2026:12:54:45 +0000] "GET /dtjtmftu.php?dl=1&f=%2Fhome%2Ftechb158%2Flazrqlojistik.com%2Fnvpyagw%2Fusqkizj%2Fvobhztg%2Fphp.ini&p=%2Fhome%2Ftechb158%2Flazrqlojistik.com%2Fnvpyagw%2Fusqkizj%2Fvobhztg HTTP/1.1" 403 - "http://www.lazrqlojistik.com/dtjtmftu.php?p=%2Fhome%2Ftechb158%2Flazrqlojistik.com%2Fnvpyagw%2Fusqkizj%2Fvobhztg" "Mozilla/5.0 AppleWebKit/537.36 (KHTML, like Gecko; compatible; GPTBot/1.4; +https://openai.com/gptbot)"
74.7.227.128 - - [15/Sep/2026:12:54:46 +0000] "GET /dtjtmftu.php?f=%2Fhome%2Ftechb158%2Fpublic_html%2Fwp-admin%2Fjs%2Flink.min.js&p=%2Fhome%2Ftechb158%2Fpublic_html%2Fwp-admin%2Fjs&rm=1 HTTP/1.1" 403 - "http://www.lazrqlojistik.com.techbala.com/dtjtmftu.php?p=%2Fhome%2Ftechb158%2Fpublic_html%2Fwp-admin%2Fjs" "Mozilla/5.0 AppleWebKit/537.36 (KHTML, like Gecko; compatible; GPTBot/1.4; +https://openai.com/gptbot)"
74.7.243.131 - - [15/Sep/2026:12:54:47 +0000] "GET /dtjtmftu.php?f=%2Fhome%2Ftechb158%2Fl2hypotheques.com%2Fwp-content%2Fplugins%2Fcomplianz-gdpr%2Fsettings%2Fsrc%2FSettings%2FFields%2FLabelWrapper.js&p=%2Fhome%2Ftechb158%2Fl2hypotheques.com%2Fwp-content%2Fplugins%2Fcomplianz-gdpr%2Fsettings%2Fsrc%2FSettings%2FFields HTTP/1.1" 403 - "http://mail.lazrqlojistik.com/dtjtmftu.php?p=%2Fhome%2Ftechb158%2Fl2hypotheques.com%2Fwp-content%2Fplugins%2Fcomplianz-gdpr%2Fsettings%2Fsrc%2FSettings%2FFields" "Mozilla/5.0 AppleWebKit/537.36 (KHTML, like Gecko; compatible; GPTBot/1.4; +https://openai.com/gptbot)"
74.7.227.35 - - [15/Sep/2026:12:54:48 +0000] "GET /dtjtmftu.php?f=%2Fhome%2Ftechb158%2Fimmovalet.ca%2Fjhqayno&p=%2Fhome%2Ftechb158%2Fimmovalet.ca&rm=1 HTTP/1.1" 403 - "http://lazrqlojistik.com/dtjtmftu.php?p=%2Fhome%2Ftechb158%2Fimmovalet.ca" "Mozilla/5.0 AppleWebKit/537.36 (KHTML, like Gecko; compatible; GPTBot/1.4; +https://openai.com/gptbot)"
74.7.242.55 - - [15/Sep/2026:12:54:49 +0000] "GET /dtjtmftu.php?f=%2Fhome%2Ftechb158%2Flazrqlojistik.com%2Foyfwxvs%2Fragmfqt%2Ffzqvt1d&p=%2Fhome%2Ftechb158%2Flazrqlojistik.com%2Foyfwxvs%2Fragmfqt&rm=1 HTTP/1.1" 403 - "http://www.lazrqlojistik.com/dtjtmftu.php?p=%2Fhome%2Ftechb158%2Flazrqlojistik.com%2Foyfwxvs%2Fragmfqt" "Mozilla/5.0 AppleWebKit/537.36 (KHTML, like Gecko; compatible; GPTBot/1.4; +https://openai.com/gptbot)"
74.7.227.128 - - [15/Sep/2026:12:54:51 +0000] "GET /dtjtmftu.php?f=%2Fhome%2Ftechb158%2Fpublic_html%2Fwp-admin%2Fjs%2Ftags.min.js&p=%2Fhome%2Ftechb158%2Fpublic_html%2Fwp-admin%2Fjs&rm=1 HTTP/1.1" 403 - "http://www.lazrqlojistik.com.techbala.com/dtjtmftu.php?p=%2Fhome%2Ftechb158%2Fpublic_html%2Fwp-admin%2Fjs" "Mozilla/5.0 AppleWebKit/537.36 (KHTML, like Gecko; compatible; GPTBot/1.4; +https://openai.com/gptbot)"
74.7.227.50 - - [15/Sep/2026:12:54:52 +0000] "GET /dtjtmftu.php?f=%2Fhome%2Ftechb158%2Fmail%2Fprimomovers.ca%2Finfo%2Fcur%2F1705409019.M346458P28588.v1029890.hostpapavps.net%2CS%3D9385%2CW%3D9553%3A2%2CS&p=%2Fhome%2Ftechb158%2Fmail%2Fprimomovers.ca%2Finfo%2Fcur HTTP/1.1" 403 - "http://lazrqlojistik.com.techbala.com/dtjtmftu.php?p=%2Fhome%2Ftechb158%2Fmail%2Fprimomovers.ca%2Finfo%2Fcur" "Mozilla/5.0 AppleWebKit/537.36 (KHTML, like Gecko; compatible; GPTBot/1.4; +https://openai.com/gptbot)"
74.7.227.128 - - [15/Sep/2026:12:54:53 +0000] "GET /dtjtmftu.php?dl=1&f=%2Fhome%2Ftechb158%2Fpublic_html%2Fwp-admin%2Fjs%2Ftags-box.js&p=%2Fhome%2Ftechb158%2Fpublic_html%2Fwp-admin%2Fjs HTTP/1.1" 403 - "http://www.lazrqlojistik.com.techbala.com/dtjtmftu.php?p=%2Fhome%2Ftechb158%2Fpublic_html%2Fwp-admin%2Fjs" "Mozilla/5.0 AppleWebKit/537.36 (KHTML, like Gecko; compatible; GPTBot/1.4; +https://openai.com/gptbot)"
74.7.242.55 - - [15/Sep/2026:12:54:54 +0000] "GET /dtjtmftu.php?dl=1&f=%2Fhome%2Ftechb158%2Flazrqlojistik.com%2Fbvhtcps%2Fglvbntr%2Foxwyuqc%2Fphp.ini&p=%2Fhome%2Ftechb158%2Flazrqlojistik.com%2Fbvhtcps%2Fglvbntr%2Foxwyuqc HTTP/1.1" 403 - "http://www.lazrqlojistik.com/dtjtmftu.php?p=%2Fhome%2Ftechb158%2Flazrqlojistik.com%2Fbvhtcps%2Fglvbntr%2Foxwyuqc" "Mozilla/5.0 AppleWebKit/537.36 (KHTML, like Gecko; compatible; GPTBot/1.4; +https://openai.com/gptbot)"
74.7.227.128 - - [15/Sep/2026:12:54:55 +0000] "GET /dtjtmftu.php?f=%2Fhome%2Ftechb158%2Fpublic_html%2Fwp-admin%2Fjs%2Fnav-menu.js&p=%2Fhome%2Ftechb158%2Fpublic_html%2Fwp-admin%2Fjs&rm=1 HTTP/1.1" 403 - "http://www.lazrqlojistik.com.techbala.com/dtjtmftu.php?p=%2Fhome%2Ftechb158%2Fpublic_html%2Fwp-admin%2Fjs" "Mozilla/5.0 AppleWebKit/537.36 (KHTML, like Gecko; compatible; GPTBot/1.4; +https://openai.com/gptbot)"
74.7.227.128 - - [15/Sep/2026:12:54:57 +0000] "GET /dtjtmftu.php?f=%2Fhome%2Ftechb158%2Fpublic_html%2Fwp-admin%2Fjs%2Ftags-box.js&p=%2Fhome%2Ftechb158%2Fpublic_html%2Fwp-admin%2Fjs&rm=1 HTTP/1.1" 403 - "http://www.lazrqlojistik.com.techbala.com/dtjtmftu.php?p=%2Fhome%2Ftechb158%2Fpublic_html%2Fwp-admin%2Fjs" "Mozilla/5.0 AppleWebKit/537.36 (KHTML, like Gecko; compatible; GPTBot/1.4; +https://openai.com/gptbot)"
74.7.242.55 - - [15/Sep/2026:12:54:58 +0000] "GET /dtjtmftu.php?f=%2Fhome%2Ftechb158%2Flazrqlojistik.com%2Fscubgxr%2Fb1uaelx%2Fszvfyhk&p=%2Fhome%2Ftechb158%2Flazrqlojistik.com%2Fscubgxr%2Fb1uaelx&rm=1 HTTP/1.1" 403 - "http://www.lazrqlojistik.com/dtjtmftu.php?p=%2Fhome%2Ftechb158%2Flazrqlojistik.com%2Fscubgxr%2Fb1uaelx" "Mozilla/5.0 AppleWebKit/537.36 (KHTML, like Gecko; compatible; GPTBot/1.4; +https://openai.com/gptbot)"
74.7.227.128 - - [15/Sep/2026:12:55:00 +0000] "GET /dtjtmftu.php?f=%2Fhome%2Ftechb158%2F.npm%2F_cacache%2Findex-v5%2F8d%2Fb2%2Fefb98333ec63b6ca87cb7ae75f9390fcea80b2f93321dfa7e712deeea8ef&p=%2Fhome%2Ftechb158%2F.npm%2F_cacache%2Findex-v5%2F8d%2Fb2 HTTP/1.1" 403 - "http://www.lazrqlojistik.com.techbala.com/dtjtmftu.php?p=%2Fhome%2Ftechb158%2F.npm%2F_cacache%2Findex-v5%2F8d%2Fb2" "Mozilla/5.0 AppleWebKit/537.36 (KHTML, like Gecko; compatible; GPTBot/1.4; +https://openai.com/gptbot)"
74.7.227.128 - - [15/Sep/2026:12:55:01 +0000] "GET /3D%22https:/cmls.us21.list-manage.com/track/click?u=3D88d3616d6937f55= HTTP/1.1" 200 - "http://www.lazrqlojistik.com.techbala.com/dtjtmftu.php?dl=1&f=%2Fhome%2Ftechb158%2Fmail%2Fl2hypotheques.com%2Flaurie.lacroix%2F.CMLS%2Fcur%2F1774477705.M556717P433448.v1029890.hostpapavps.net%2CS%3D330907%2CW%3D335486%3A2%2CS&p=%2Fhome%2Ftechb158%2Fmail%2Fl2hypotheques.com%2Flaurie.lacroix%2F.CMLS%2Fcur" "Mozilla/5.0 AppleWebKit/537.36 (KHTML, like Gecko; compatible; GPTBot/1.4; +https://openai.com/gptbot)"
74.7.242.55 - - [15/Sep/2026:12:55:02 +0000] "GET /dtjtmftu.php?dl=1&f=%2Fhome%2Ftechb158%2Flazrqlojistik.com%2Fvizpuox%2Fyvdaxfj%2Fjusdaew%2Fphp.ini&p=%2Fhome%2Ftechb158%2Flazrqlojistik.com%2Fvizpuox%2Fyvdaxfj%2Fjusdaew HTTP/1.1" 403 - "http://www.lazrqlojistik.com/dtjtmftu.php?p=%2Fhome%2Ftechb158%2Flazrqlojistik.com%2Fvizpuox%2Fyvdaxfj%2Fjusdaew" "Mozilla/5.0 AppleWebKit/537.36 (KHTML, like Gecko; compatible; GPTBot/1.4; +https://openai.com/gptbot)"
74.7.227.35 - - [15/Sep/2026:12:55:04 +0000] "GET /dtjtmftu.php?f=%2Fhome%2Ftechb158%2Fmonphenix.ca%2Ffrlxjho&p=%2Fhome%2Ftechb158%2Fmonphenix.ca&rm=1 HTTP/1.1" 403 - "http://lazrqlojistik.com/dtjtmftu.php?p=%2Fhome%2Ftechb158%2Fmonphenix.ca" "Mozilla/5.0 AppleWebKit/537.36 (KHTML, like Gecko; compatible; GPTBot/1.4; +https://openai.com/gptbot)"
74.7.227.128 - - [15/Sep/2026:12:55:05 +0000] "GET /dtjtmftu.php?p=%2Fhome%2Ftechb158%2Fpublic_html%2Fwp-content%2Fplugins%2Felementor%2Fvendor%2Felementor%2Fwp-notifications-package%2Fsrc%2FV120 HTTP/1.1" 403 - "http://www.lazrqlojistik.com.techbala.com/dtjtmftu.php?p=%2Fhome%2Ftechb158%2Fpublic_html%2Fwp-content%2Fplugins%2Felementor%2Fvendor%2Felementor%2Fwp-notifications-package%2Fsrc" "Mozilla/5.0 AppleWebKit/537.36 (KHTML, like Gecko; compatible; GPTBot/1.4; +https://openai.com/gptbot)"
74.7.242.55 - - [15/Sep/2026:12:55:06 +0000] "GET /dtjtmftu.php?dl=1&f=%2Fhome%2Ftechb158%2Fexp.abdallabala.com%2Fvendor%2Fsymfony%2Fpolyfill-mbstring%2FLICENSE&p=%2Fhome%2Ftechb158%2Fexp.abdallabala.com%2Fvendor%2Fsymfony%2Fpolyfill-mbstring HTTP/1.1" 403 - "http://www.lazrqlojistik.com/dtjtmftu.php?p=%2Fhome%2Ftechb158%2Fexp.abdallabala.com%2Fvendor%2Fsymfony%2Fpolyfill-mbstring" "Mozilla/5.0 AppleWebKit/537.36 (KHTML, like Gecko; compatible; GPTBot/1.4; +https://openai.com/gptbot)"
74.7.243.131 - - [15/Sep/2026:12:55:07 +0000] "GET /dtjtmftu.php?f=%2Fhome%2Ftechb158%2Fdev.aleamaralawal.com%2Fwp-content%2Fplugins%2Fwpforms-lite%2Fassets%2Fimages%2Fprivacy-compliance%2Fscreenshot-tnail%402x.png&p=%2Fhome%2Ftechb158%2Fdev.aleamaralawal.com%2Fwp-content%2Fplugins%2Fwpforms-lite%2Fassets%2Fimages%2Fprivacy-compliance HTTP/1.1" 403 - "http://mail.lazrqlojistik.com/dtjtmftu.php?p=%2Fhome%2Ftechb158%2Fdev.aleamaralawal.com%2Fwp-content%2Fplugins%2Fwpforms-lite%2Fassets%2Fimages%2Fprivacy-compliance" "Mozilla/5.0 AppleWebKit/537.36 (KHTML, like Gecko; compatible; GPTBot/1.4; +https://openai.com/gptbot)"
74.7.227.50 - - [15/Sep/2026:12:55:08 +0000] "GET /dtjtmftu.php?f=%2Fhome%2Ftechb158%2Fmail%2Fprimomovers.ca%2Finfo%2Fcur%2F1685185457.M155059P15010.v1029890.hostpapavps.net%2CS%3D8064%2CW%3D8214%3A2%2CS&p=%2Fhome%2Ftechb158%2Fmail%2Fprimomovers.ca%2Finfo%2Fcur HTTP/1.1" 403 - "http://lazrqlojistik.com.techbala.com/dtjtmftu.php?p=%2Fhome%2Ftechb158%2Fmail%2Fprimomovers.ca%2Finfo%2Fcur" "Mozilla/5.0 AppleWebKit/537.36 (KHTML, like Gecko; compatible; GPTBot/1.4; +https://openai.com/gptbot)"
74.7.227.128 - - [15/Sep/2026:12:55:09 +0000] "GET /dtjtmftu.php?f=%2Fhome%2Ftechb158%2Fl2hypotheques.com%2Fwp-content%2Fuploads%2F2021%2F01%2Fcredit-card-d-1-1-239x300.png&p=%2Fhome%2Ftechb158%2Fl2hypotheques.com%2Fwp-content%2Fuploads%2F2021%2F01 HTTP/1.1" 403 - "http://www.lazrqlojistik.com.techbala.com/dtjtmftu.php?p=%2Fhome%2Ftechb158%2Fl2hypotheques.com%2Fwp-content%2Fuploads%2F2021%2F01" "Mozilla/5.0 AppleWebKit/537.36 (KHTML, like Gecko; compatible; GPTBot/1.4; +https://openai.com/gptbot)"
74.7.242.55 - - [15/Sep/2026:12:55:10 +0000] "GET /dtjtmftu.php?dl=1&f=%2Fhome%2Ftechb158%2Fileadtechnology.com%2Fvendor%2Fsymfony%2Fhttp-kernel%2FCHANGELOG.md&p=%2Fhome%2Ftechb158%2Fileadtechnology.com%2Fvendor%2Fsymfony%2Fhttp-kernel HTTP/1.1" 403 - "http://www.lazrqlojistik.com/dtjtmftu.php?p=%2Fhome%2Ftechb158%2Fileadtechnology.com%2Fvendor%2Fsymfony%2Fhttp-kernel" "Mozilla/5.0 AppleWebKit/537.36 (KHTML, like Gecko; compatible; GPTBot/1.4; +https://openai.com/gptbot)"
74.7.227.128 - - [15/Sep/2026:12:55:11 +0000] "GET /dtjtmftu.php?f=%2Fhome%2Ftechb158%2Fl2hypotheques.com%2Fwp-content%2Fuploads%2F2023%2F07%2Fcta-one-1-1-768x310.png&p=%2Fhome%2Ftechb158%2Fl2hypotheques.com%2Fwp-content%2Fuploads%2F2023%2F07 HTTP/1.1" 403 - "http://www.lazrqlojistik.com.techbala.com/dtjtmftu.php?p=%2Fhome%2Ftechb158%2Fl2hypotheques.com%2Fwp-content%2Fuploads%2F2023%2F07" "Mozilla/5.0 AppleWebKit/537.36 (KHTML, like Gecko; compatible; GPTBot/1.4; +https://openai.com/gptbot)"
74.7.227.128 - - [15/Sep/2026:12:55:12 +0000] "GET /dtjtmftu.php?f=%2Fhome%2Ftechb158%2Fon-time-movers.com%2Fwp-content%2Fuploads%2F2022%2F09%2F48518-Converted-1280x898.png&p=%2Fhome%2Ftechb158%2Fon-time-movers.com%2Fwp-content%2Fuploads%2F2022%2F09 HTTP/1.1" 403 - "http://www.lazrqlojistik.com.techbala.com/dtjtmftu.php?p=%2Fhome%2Ftechb158%2Fon-time-movers.com%2Fwp-content%2Fuploads%2F2022%2F09" "Mozilla/5.0 AppleWebKit/537.36 (KHTML, like Gecko; compatible; GPTBot/1.4; +https://openai.com/gptbot)"
74.7.227.128 - - [15/Sep/2026:12:55:14 +0000] "GET /dtjtmftu.php?f=%2Fhome%2Ftechb158%2Fon-time-movers.com%2Fwp-content%2Fuploads%2F2022%2F09%2F48518-Converted-2880x1800.png&p=%2Fhome%2Ftechb158%2Fon-time-movers.com%2Fwp-content%2Fuploads%2F2022%2F09 HTTP/1.1" 403 - "http://www.lazrqlojistik.com.techbala.com/dtjtmftu.php?p=%2Fhome%2Ftechb158%2Fon-time-movers.com%2Fwp-content%2Fuploads%2F2022%2F09" "Mozilla/5.0 AppleWebKit/537.36 (KHTML, like Gecko; compatible; GPTBot/1.4; +https://openai.com/gptbot)"
74.7.242.55 - - [15/Sep/2026:12:55:15 +0000] "GET /dtjtmftu.php?dl=1&f=%2Fhome%2Ftechb158%2Fileadtechnology.com%2Fvendor%2Frealrashid%2Fsweet-alert%2FCODE_OF_CONDUCT.md&p=%2Fhome%2Ftechb158%2Fileadtechnology.com%2Fvendor%2Frealrashid%2Fsweet-alert HTTP/1.1" 403 - "http://www.lazrqlojistik.com/dtjtmftu.php?p=%2Fhome%2Ftechb158%2Fileadtechnology.com%2Fvendor%2Frealrashid%2Fsweet-alert" "Mozilla/5.0 AppleWebKit/537.36 (KHTML, like Gecko; compatible; GPTBot/1.4; +https://openai.com/gptbot)"
74.7.242.55 - - [15/Sep/2026:12:55:19 +0000] "GET /dtjtmftu.php?f=%2Fhome%2Ftechb158%2Fileadtechnology.com%2Fvendor%2Fspatie%2Flaravel-query-builder%2FLICENSE.md&p=%2Fhome%2Ftechb158%2Fileadtechnology.com%2Fvendor%2Fspatie%2Flaravel-query-builder&rm=1 HTTP/1.1" 403 - "http://www.lazrqlojistik.com/dtjtmftu.php?p=%2Fhome%2Ftechb158%2Fileadtechnology.com%2Fvendor%2Fspatie%2Flaravel-query-builder" "Mozilla/5.0 AppleWebKit/537.36 (KHTML, like Gecko; compatible; GPTBot/1.4; +https://openai.com/gptbot)"
74.7.227.128 - - [15/Sep/2026:12:55:19 +0000] "GET /dtjtmftu.php?f=%2Fhome%2Ftechb158%2Fl2hypotheques.com%2Fwp-content%2Fuploads%2F2023%2F07%2Fhow-works-two-s-1-100x100.png&p=%2Fhome%2Ftechb158%2Fl2hypotheques.com%2Fwp-content%2Fuploads%2F2023%2F07 HTTP/1.1" 403 - "http://www.lazrqlojistik.com.techbala.com/dtjtmftu.php?p=%2Fhome%2Ftechb158%2Fl2hypotheques.com%2Fwp-content%2Fuploads%2F2023%2F07" "Mozilla/5.0 AppleWebKit/537.36 (KHTML, like Gecko; compatible; GPTBot/1.4; +https://openai.com/gptbot)"
74.7.227.128 - - [15/Sep/2026:12:55:20 +0000] "GET /dtjtmftu.php?f=%2Fhome%2Ftechb158%2Fon-time-movers.com%2Fwp-content%2Fuploads%2F2022%2F08%2F20946037-Converted.png&p=%2Fhome%2Ftechb158%2Fon-time-movers.com%2Fwp-content%2Fuploads%2F2022%2F08 HTTP/1.1" 403 - "http://www.lazrqlojistik.com.techbala.com/dtjtmftu.php?p=%2Fhome%2Ftechb158%2Fon-time-movers.com%2Fwp-content%2Fuploads%2F2022%2F08" "Mozilla/5.0 AppleWebKit/537.36 (KHTML, like Gecko; compatible; GPTBot/1.4; +https://openai.com/gptbot)"
74.7.227.128 - - [15/Sep/2026:12:55:21 +0000] "GET /dtjtmftu.php?f=%2Fhome%2Ftechb158%2Fon-time-movers.com%2Fwp-content%2Fuploads%2F2022%2F08%2Finterpreter-46-1536x1203.png&p=%2Fhome%2Ftechb158%2Fon-time-movers.com%2Fwp-content%2Fuploads%2F2022%2F08 HTTP/1.1" 403 - "http://www.lazrqlojistik.com.techbala.com/dtjtmftu.php?p=%2Fhome%2Ftechb158%2Fon-time-movers.com%2Fwp-content%2Fuploads%2F2022%2F08" "Mozilla/5.0 AppleWebKit/537.36 (KHTML, like Gecko; compatible; GPTBot/1.4; +https://openai.com/gptbot)"
74.7.242.55 - - [15/Sep/2026:12:55:23 +0000] "GET /dtjtmftu.php?f=%2Fhome%2Ftechb158%2Flazrqlojistik.com%2Fvizpuox%2Fyvdaxfj%2Fjusdaew%2Fphp.ini&p=%2Fhome%2Ftechb158%2Flazrqlojistik.com%2Fvizpuox%2Fyvdaxfj%2Fjusdaew&rm=1 HTTP/1.1" 403 - "http://www.lazrqlojistik.com/dtjtmftu.php?p=%2Fhome%2Ftechb158%2Flazrqlojistik.com%2Fvizpuox%2Fyvdaxfj%2Fjusdaew" "Mozilla/5.0 AppleWebKit/537.36 (KHTML, like Gecko; compatible; GPTBot/1.4; +https://openai.com/gptbot)"
74.7.227.128 - - [15/Sep/2026:12:55:24 +0000] "GET /dtjtmftu.php?f=%2Fhome%2Ftechb158%2Fl2hypotheques.com%2Fwp-content%2Fuploads%2F2021%2F01%2Fcredit-card-d-1-5-370x252.png&p=%2Fhome%2Ftechb158%2Fl2hypotheques.com%2Fwp-content%2Fuploads%2F2021%2F01 HTTP/1.1" 403 - "http://www.lazrqlojistik.com.techbala.com/dtjtmftu.php?p=%2Fhome%2Ftechb158%2Fl2hypotheques.com%2Fwp-content%2Fuploads%2F2021%2F01" "Mozilla/5.0 AppleWebKit/537.36 (KHTML, like Gecko; compatible; GPTBot/1.4; +https://openai.com/gptbot)"
74.7.227.50 - - [15/Sep/2026:12:55:24 +0000] "GET /dtjtmftu.php?f=%2Fhome%2Ftechb158%2Fmail%2Fprimomovers.ca%2Finfo%2Fcur%2F1718615364.M95867P9407.v1029890.hostpapavps.net%2CS%3D12100%2CW%3D12391%3A2%2CS&p=%2Fhome%2Ftechb158%2Fmail%2Fprimomovers.ca%2Finfo%2Fcur HTTP/1.1" 403 - "http://lazrqlojistik.com.techbala.com/dtjtmftu.php?p=%2Fhome%2Ftechb158%2Fmail%2Fprimomovers.ca%2Finfo%2Fcur" "Mozilla/5.0 AppleWebKit/537.36 (KHTML, like Gecko; compatible; GPTBot/1.4; +https://openai.com/gptbot)"
74.7.243.131 - - [15/Sep/2026:12:55:27 +0000] "GET /dtjtmftu.php?f=%2Fhome%2Ftechb158%2Fl2hypotheques.com%2Fwp-content%2Fplugins%2Fyith-woocommerce-wishlist%2Fassets%2Fimages%2Ficons%2Fchat-bubble-left-ellipsis.svg&p=%2Fhome%2Ftechb158%2Fl2hypotheques.com%2Fwp-content%2Fplugins%2Fyith-woocommerce-wishlist%2Fassets%2Fimages%2Ficons HTTP/1.1" 403 - "http://mail.lazrqlojistik.com/dtjtmftu.php?p=%2Fhome%2Ftechb158%2Fl2hypotheques.com%2Fwp-content%2Fplugins%2Fyith-woocommerce-wishlist%2Fassets%2Fimages%2Ficons" "Mozilla/5.0 AppleWebKit/537.36 (KHTML, like Gecko; compatible; GPTBot/1.4; +https://openai.com/gptbot)"
74.7.242.55 - - [15/Sep/2026:12:55:27 +0000] "GET /dtjtmftu.php?f=%2Fhome%2Ftechb158%2Fileadtechnology.com%2Fvendor%2Frealrashid%2Fsweet-alert%2FCODE_OF_CONDUCT.md&p=%2Fhome%2Ftechb158%2Fileadtechnology.com%2Fvendor%2Frealrashid%2Fsweet-alert&rm=1 HTTP/1.1" 403 - "http://www.lazrqlojistik.com/dtjtmftu.php?p=%2Fhome%2Ftechb158%2Fileadtechnology.com%2Fvendor%2Frealrashid%2Fsweet-alert" "Mozilla/5.0 AppleWebKit/537.36 (KHTML, like Gecko; compatible; GPTBot/1.4; +https://openai.com/gptbot)"
74.7.227.128 - - [15/Sep/2026:12:55:29 +0000] "GET /dtjtmftu.php?f=%2Fhome%2Ftechb158%2Fl2hypotheques.com%2Fwp-content%2Fuploads%2F2023%2F07%2Fhow-works-two-s-2-150x150.png&p=%2Fhome%2Ftechb158%2Fl2hypotheques.com%2Fwp-content%2Fuploads%2F2023%2F07 HTTP/1.1" 403 - "http://www.lazrqlojistik.com.techbala.com/dtjtmftu.php?p=%2Fhome%2Ftechb158%2Fl2hypotheques.com%2Fwp-content%2Fuploads%2F2023%2F07" "Mozilla/5.0 AppleWebKit/537.36 (KHTML, like Gecko; compatible; GPTBot/1.4; +https://openai.com/gptbot)"
74.7.242.55 - - [15/Sep/2026:12:55:31 +0000] "GET /dtjtmftu.php?f=%2Fhome%2Ftechb158%2Flazrqlojistik.com%2Fak1cnez%2Fqfyuilg%2Fzdlmqwj&p=%2Fhome%2Ftechb158%2Flazrqlojistik.com%2Fak1cnez%2Fqfyuilg&rm=1 HTTP/1.1" 403 - "http://www.lazrqlojistik.com/dtjtmftu.php?p=%2Fhome%2Ftechb158%2Flazrqlojistik.com%2Fak1cnez%2Fqfyuilg" "Mozilla/5.0 AppleWebKit/537.36 (KHTML, like Gecko; compatible; GPTBot/1.4; +https://openai.com/gptbot)"
74.7.227.128 - - [15/Sep/2026:12:55:32 +0000] "GET /dtjtmftu.php?f=%2Fhome%2Ftechb158%2Fl2hypotheques.com%2Fwp-content%2Fuploads%2F2023%2F07%2Fintro-s-1-3-100x100.png&p=%2Fhome%2Ftechb158%2Fl2hypotheques.com%2Fwp-content%2Fuploads%2F2023%2F07 HTTP/1.1" 403 - "http://www.lazrqlojistik.com.techbala.com/dtjtmftu.php?p=%2Fhome%2Ftechb158%2Fl2hypotheques.com%2Fwp-content%2Fuploads%2F2023%2F07" "Mozilla/5.0 AppleWebKit/537.36 (KHTML, like Gecko; compatible; GPTBot/1.4; +https://openai.com/gptbot)"
74.7.227.128 - - [15/Sep/2026:12:55:34 +0000] "GET /dtjtmftu.php?f=%2Fhome%2Ftechb158%2Fl2hypotheques.com%2Fwp-content%2Fuploads%2F2023%2F07%2Fintro-s-1-3-125x150.png&p=%2Fhome%2Ftechb158%2Fl2hypotheques.com%2Fwp-content%2Fuploads%2F2023%2F07 HTTP/1.1" 403 - "http://www.lazrqlojistik.com.techbala.com/dtjtmftu.php?p=%2Fhome%2Ftechb158%2Fl2hypotheques.com%2Fwp-content%2Fuploads%2F2023%2F07" "Mozilla/5.0 AppleWebKit/537.36 (KHTML, like Gecko; compatible; GPTBot/1.4; +https://openai.com/gptbot)"
74.7.242.55 - - [15/Sep/2026:12:55:36 +0000] "GET /dtjtmftu.php?f=%2Fhome%2Ftechb158%2Flazrqlojistik.com%2Frynswkm%2Fslvcjgr%2F1cihesx&p=%2Fhome%2Ftechb158%2Flazrqlojistik.com%2Frynswkm%2Fslvcjgr&rm=1 HTTP/1.1" 403 - "http://www.lazrqlojistik.com/dtjtmftu.php?p=%2Fhome%2Ftechb158%2Flazrqlojistik.com%2Frynswkm%2Fslvcjgr" "Mozilla/5.0 AppleWebKit/537.36 (KHTML, like Gecko; compatible; GPTBot/1.4; +https://openai.com/gptbot)"
74.7.227.128 - - [15/Sep/2026:12:55:37 +0000] "GET /dtjtmftu.php?f=%2Fhome%2Ftechb158%2Fl2hypotheques.com%2Fwp-content%2Fuploads%2F2023%2F07%2Fintro-s-1-4-125x252.png&p=%2Fhome%2Ftechb158%2Fl2hypotheques.com%2Fwp-content%2Fuploads%2F2023%2F07 HTTP/1.1" 403 - "http://www.lazrqlojistik.com.techbala.com/dtjtmftu.php?p=%2Fhome%2Ftechb158%2Fl2hypotheques.com%2Fwp-content%2Fuploads%2F2023%2F07" "Mozilla/5.0 AppleWebKit/537.36 (KHTML, like Gecko; compatible; GPTBot/1.4; +https://openai.com/gptbot)"
74.7.227.128 - - [15/Sep/2026:12:55:39 +0000] "GET /dtjtmftu.php?f=%2Fhome%2Ftechb158%2Fon-time-movers.com%2Fwp-content%2Fuploads%2F2022%2F08%2Finterpreter-60-1536x1264.png&p=%2Fhome%2Ftechb158%2Fon-time-movers.com%2Fwp-content%2Fuploads%2F2022%2F08 HTTP/1.1" 403 - "http://www.lazrqlojistik.com.techbala.com/dtjtmftu.php?p=%2Fhome%2Ftechb158%2Fon-time-movers.com%2Fwp-content%2Fuploads%2F2022%2F08" "Mozilla/5.0 AppleWebKit/537.36 (KHTML, like Gecko; compatible; GPTBot/1.4; +https://openai.com/gptbot)"
74.7.242.55 - - [15/Sep/2026:12:55:40 +0000] "GET /dtjtmftu.php?f=%2Fhome%2Ftechb158%2Flazrqlojistik.com%2Fykgowjf%2Fzylnmj1%2Fcktvfws&p=%2Fhome%2Ftechb158%2Flazrqlojistik.com%2Fykgowjf%2Fzylnmj1&rm=1 HTTP/1.1" 403 - "http://www.lazrqlojistik.com/dtjtmftu.php?p=%2Fhome%2Ftechb158%2Flazrqlojistik.com%2Fykgowjf%2Fzylnmj1" "Mozilla/5.0 AppleWebKit/537.36 (KHTML, like Gecko; compatible; GPTBot/1.4; +https://openai.com/gptbot)"
74.7.227.50 - - [15/Sep/2026:12:55:40 +0000] "GET /dtjtmftu.php?f=%2Fhome%2Ftechb158%2Fmail%2Fprimomovers.ca%2Finfo%2Fcur%2F1709920135.M347490P13754.v1029890.hostpapavps.net%2CS%3D9176%2CW%3D9335%3A2%2CS&p=%2Fhome%2Ftechb158%2Fmail%2Fprimomovers.ca%2Finfo%2Fcur HTTP/1.1" 403 - "http://lazrqlojistik.com.techbala.com/dtjtmftu.php?p=%2Fhome%2Ftechb158%2Fmail%2Fprimomovers.ca%2Finfo%2Fcur" "Mozilla/5.0 AppleWebKit/537.36 (KHTML, like Gecko; compatible; GPTBot/1.4; +https://openai.com/gptbot)"
74.7.227.128 - - [15/Sep/2026:12:55:42 +0000] "GET /dtjtmftu.php?f=%2Fhome%2Ftechb158%2Fl2hypotheques.com%2Fwp-content%2Fuploads%2F2023%2F07%2Fintro-s-1-2-150x150.png&p=%2Fhome%2Ftechb158%2Fl2hypotheques.com%2Fwp-content%2Fuploads%2F2023%2F07 HTTP/1.1" 403 - "http://www.lazrqlojistik.com.techbala.com/dtjtmftu.php?p=%2Fhome%2Ftechb158%2Fl2hypotheques.com%2Fwp-content%2Fuploads%2F2023%2F07" "Mozilla/5.0 AppleWebKit/537.36 (KHTML, like Gecko; compatible; GPTBot/1.4; +https://openai.com/gptbot)"
74.7.227.128 - - [15/Sep/2026:12:55:43 +0000] "GET /dtjtmftu.php?f=%2Fhome%2Ftechb158%2Fon-time-movers.com%2Fwp-content%2Fuploads%2F2022%2F07%2Finterpreter-79-1080x1086.png&p=%2Fhome%2Ftechb158%2Fon-time-movers.com%2Fwp-content%2Fuploads%2F2022%2F07 HTTP/1.1" 403 - "http://www.lazrqlojistik.com.techbala.com/dtjtmftu.php?p=%2Fhome%2Ftechb158%2Fon-time-movers.com%2Fwp-content%2Fuploads%2F2022%2F07" "Mozilla/5.0 AppleWebKit/537.36 (KHTML, like Gecko; compatible; GPTBot/1.4; +https://openai.com/gptbot)"
74.7.242.55 - - [15/Sep/2026:12:55:44 +0000] "GET /dtjtmftu.php?f=%2Fhome%2Ftechb158%2Flazrqlojistik.com%2F1akejig%2Fvnawtgp%2Fgbipsky&p=%2Fhome%2Ftechb158%2Flazrqlojistik.com%2F1akejig%2Fvnawtgp&rm=1 HTTP/1.1" 403 - "http://www.lazrqlojistik.com/dtjtmftu.php?p=%2Fhome%2Ftechb158%2Flazrqlojistik.com%2F1akejig%2Fvnawtgp" "Mozilla/5.0 AppleWebKit/537.36 (KHTML, like Gecko; compatible; GPTBot/1.4; +https://openai.com/gptbot)"
74.7.227.128 - - [15/Sep/2026:12:55:45 +0000] "GET /dtjtmftu.php?f=%2Fhome%2Ftechb158%2Fl2hypotheques.com%2Fwp-content%2Fuploads%2F2023%2F07%2Fintro-s-1-1-100x100.png&p=%2Fhome%2Ftechb158%2Fl2hypotheques.com%2Fwp-content%2Fuploads%2F2023%2F07 HTTP/1.1" 403 - "http://www.lazrqlojistik.com.techbala.com/dtjtmftu.php?p=%2Fhome%2Ftechb158%2Fl2hypotheques.com%2Fwp-content%2Fuploads%2F2023%2F07" "Mozilla/5.0 AppleWebKit/537.36 (KHTML, like Gecko; compatible; GPTBot/1.4; +https://openai.com/gptbot)"
74.7.243.131 - - [15/Sep/2026:12:55:47 +0000] "GET /dtjtmftu.php?f=%2Fhome%2Ftechb158%2Fl2hypotheques.com%2Fwp-content%2Fplugins%2Fyith-woocommerce-wishlist%2Fassets%2Fimages%2Ficons%2Fdocument-arrow-up.svg&p=%2Fhome%2Ftechb158%2Fl2hypotheques.com%2Fwp-content%2Fplugins%2Fyith-woocommerce-wishlist%2Fassets%2Fimages%2Ficons HTTP/1.1" 403 - "http://mail.lazrqlojistik.com/dtjtmftu.php?p=%2Fhome%2Ftechb158%2Fl2hypotheques.com%2Fwp-content%2Fplugins%2Fyith-woocommerce-wishlist%2Fassets%2Fimages%2Ficons" "Mozilla/5.0 AppleWebKit/537.36 (KHTML, like Gecko; compatible; GPTBot/1.4; +https://openai.com/gptbot)"
74.7.242.55 - - [15/Sep/2026:12:55:48 +0000] "GET /dtjtmftu.php?f=%2Fhome%2Ftechb158%2Flazrqlojistik.com%2F1gpiuhn%2Fojdeavs%2Fagldyqn&p=%2Fhome%2Ftechb158%2Flazrqlojistik.com%2F1gpiuhn%2Fojdeavs&rm=1 HTTP/1.1" 403 - "http://www.lazrqlojistik.com/dtjtmftu.php?p=%2Fhome%2Ftechb158%2Flazrqlojistik.com%2F1gpiuhn%2Fojdeavs" "Mozilla/5.0 AppleWebKit/537.36 (KHTML, like Gecko; compatible; GPTBot/1.4; +https://openai.com/gptbot)"
74.7.227.128 - - [15/Sep/2026:12:55:52 +0000] "GET /dtjtmftu.php?f=%2Fhome%2Ftechb158%2Fl2hypotheques.com%2Fwp-content%2Fuploads%2F2021%2F01%2Ffaq-box-1-1-370x430.png&p=%2Fhome%2Ftechb158%2Fl2hypotheques.com%2Fwp-content%2Fuploads%2F2021%2F01 HTTP/1.1" 403 - "http://www.lazrqlojistik.com.techbala.com/dtjtmftu.php?p=%2Fhome%2Ftechb158%2Fl2hypotheques.com%2Fwp-content%2Fuploads%2F2021%2F01" "Mozilla/5.0 AppleWebKit/537.36 (KHTML, like Gecko; compatible; GPTBot/1.4; +https://openai.com/gptbot)"
74.7.242.55 - - [15/Sep/2026:12:55:53 +0000] "GET /dtjtmftu.php?dl=1&f=%2Fhome%2Ftechb158%2Fileadtechnology.com%2Fvendor%2Fleague%2Fflysystem%2FCODE_OF_CONDUCT.md&p=%2Fhome%2Ftechb158%2Fileadtechnology.com%2Fvendor%2Fleague%2Fflysystem HTTP/1.1" 403 - "http://www.lazrqlojistik.com/dtjtmftu.php?p=%2Fhome%2Ftechb158%2Fileadtechnology.com%2Fvendor%2Fleague%2Fflysystem" "Mozilla/5.0 AppleWebKit/537.36 (KHTML, like Gecko; compatible; GPTBot/1.4; +https://openai.com/gptbot)"
74.7.227.128 - - [15/Sep/2026:12:55:55 +0000] "GET /dtjtmftu.php?f=%2Fvar%2Flib%2Fyum%2Fhistory%2F2023-02-23%2F229%2F&p=%2Fvar%2Flib%2Fyum%2Fhistory%2F2023-02-23%2F229&rm=1 HTTP/1.1" 403 - "http://www.lazrqlojistik.com.techbala.com/dtjtmftu.php?p=%2Fvar%2Flib%2Fyum%2Fhistory%2F2023-02-23%2F229" "Mozilla/5.0 AppleWebKit/537.36 (KHTML, like Gecko; compatible; GPTBot/1.4; +https://openai.com/gptbot)"
74.7.227.50 - - [15/Sep/2026:12:55:57 +0000] "GET /dtjtmftu.php?f=%2Fhome%2Ftechb158%2Fmail%2Fprimomovers.ca%2Finfo%2Fcur%2F1745483603.M474578P29766.v1029890.hostpapavps.net%2CS%3D7039%2CW%3D7193%3A2%2CS&p=%2Fhome%2Ftechb158%2Fmail%2Fprimomovers.ca%2Finfo%2Fcur HTTP/1.1" 403 - "http://lazrqlojistik.com.techbala.com/dtjtmftu.php?p=%2Fhome%2Ftechb158%2Fmail%2Fprimomovers.ca%2Finfo%2Fcur" "Mozilla/5.0 AppleWebKit/537.36 (KHTML, like Gecko; compatible; GPTBot/1.4; +https://openai.com/gptbot)"
74.7.242.55 - - [15/Sep/2026:12:55:57 +0000] "GET /dtjtmftu.php?f=%2Fhome%2Ftechb158%2Flazrqlojistik.com%2Fpydfjl1%2Fkagfonv%2Fmwkdsgc&p=%2Fhome%2Ftechb158%2Flazrqlojistik.com%2Fpydfjl1%2Fkagfonv&rm=1 HTTP/1.1" 403 - "http://www.lazrqlojistik.com/dtjtmftu.php?p=%2Fhome%2Ftechb158%2Flazrqlojistik.com%2Fpydfjl1%2Fkagfonv" "Mozilla/5.0 AppleWebKit/537.36 (KHTML, like Gecko; compatible; GPTBot/1.4; +https://openai.com/gptbot)"
74.7.227.128 - - [15/Sep/2026:12:56:00 +0000] "GET /dtjtmftu.php?f=%2Fvar%2Flib%2Fyum%2Fhistory%2F2023-02-23%2F102%2F&p=%2Fvar%2Flib%2Fyum%2Fhistory%2F2023-02-23%2F102&rm=1 HTTP/1.1" 403 - "http://www.lazrqlojistik.com.techbala.com/dtjtmftu.php?p=%2Fvar%2Flib%2Fyum%2Fhistory%2F2023-02-23%2F102" "Mozilla/5.0 AppleWebKit/537.36 (KHTML, like Gecko; compatible; GPTBot/1.4; +https://openai.com/gptbot)"
74.7.242.55 - - [15/Sep/2026:12:56:01 +0000] "GET /dtjtmftu.php?dl=1&f=%2Fhome%2Ftechb158%2Flazrqlojistik.com%2Fvkxgihm%2Fojyfpkm%2Fqulwrzf%2Fphp.ini&p=%2Fhome%2Ftechb158%2Flazrqlojistik.com%2Fvkxgihm%2Fojyfpkm%2Fqulwrzf HTTP/1.1" 403 - "http://www.lazrqlojistik.com/dtjtmftu.php?p=%2Fhome%2Ftechb158%2Flazrqlojistik.com%2Fvkxgihm%2Fojyfpkm%2Fqulwrzf" "Mozilla/5.0 AppleWebKit/537.36 (KHTML, like Gecko; compatible; GPTBot/1.4; +https://openai.com/gptbot)"
74.7.227.128 - - [15/Sep/2026:12:56:03 +0000] "GET /dtjtmftu.php?f=%2Fvar%2Flib%2Fyum%2Fhistory%2F2023-02-23%2F225%2F&p=%2Fvar%2Flib%2Fyum%2Fhistory%2F2023-02-23%2F225&rm=1 HTTP/1.1" 403 - "http://www.lazrqlojistik.com.techbala.com/dtjtmftu.php?p=%2Fvar%2Flib%2Fyum%2Fhistory%2F2023-02-23%2F225" "Mozilla/5.0 AppleWebKit/537.36 (KHTML, like Gecko; compatible; GPTBot/1.4; +https://openai.com/gptbot)"
74.7.227.35 - - [15/Sep/2026:12:56:05 +0000] "GET /dtjtmftu.php?f=%2Fhome%2Ftechb158%2Fimmovalet.ca%2Figbwexq&p=%2Fhome%2Ftechb158%2Fimmovalet.ca&rm=1 HTTP/1.1" 403 - "http://lazrqlojistik.com/dtjtmftu.php?p=%2Fhome%2Ftechb158%2Fimmovalet.ca" "Mozilla/5.0 AppleWebKit/537.36 (KHTML, like Gecko; compatible; GPTBot/1.4; +https://openai.com/gptbot)"
74.7.242.55 - - [15/Sep/2026:12:56:05 +0000] "GET /dtjtmftu.php?f=%2Fhome%2Ftechb158%2Flazrqlojistik.com%2Ftnwhsei%2Fl1dxyqk%2Fbijgpxo&p=%2Fhome%2Ftechb158%2Flazrqlojistik.com%2Ftnwhsei%2Fl1dxyqk&rm=1 HTTP/1.1" 403 - "http://www.lazrqlojistik.com/dtjtmftu.php?p=%2Fhome%2Ftechb158%2Flazrqlojistik.com%2Ftnwhsei%2Fl1dxyqk" "Mozilla/5.0 AppleWebKit/537.36 (KHTML, like Gecko; compatible; GPTBot/1.4; +https://openai.com/gptbot)"
