74.7.243.131 - - [15/Sep/2026:12:48:47 +0000] "GET /dtjtmftu.php?f=%2Fhome%2Ftechb158%2Fl2hypotheques.com%2Fwp-content%2Fplugins%2Fwpforms-lite%2Fassets%2Fimages%2Fcommunity%2Fsuggest.png&p=%2Fhome%2Ftechb158%2Fl2hypotheques.com%2Fwp-content%2Fplugins%2Fwpforms-lite%2Fassets%2Fimages%2Fcommunity HTTP/1.1" 403 - "http://mail.lazrqlojistik.com/dtjtmftu.php?p=%2Fhome%2Ftechb158%2Fl2hypotheques.com%2Fwp-content%2Fplugins%2Fwpforms-lite%2Fassets%2Fimages%2Fcommunity" "Mozilla/5.0 AppleWebKit/537.36 (KHTML, like Gecko; compatible; GPTBot/1.4; +https://openai.com/gptbot)"
74.7.227.128 - - [15/Sep/2026:12:48:47 +0000] "GET /dtjtmftu.php?f=%2Fhome%2Ftechb158%2Fon-time-movers.com%2Fwp-content%2Fuploads%2F2022%2F08%2Fdelivered-400x512.png&p=%2Fhome%2Ftechb158%2Fon-time-movers.com%2Fwp-content%2Fuploads%2F2022%2F08&rm=1 HTTP/1.1" 403 - "http://www.lazrqlojistik.com.techbala.com/dtjtmftu.php?p=%2Fhome%2Ftechb158%2Fon-time-movers.com%2Fwp-content%2Fuploads%2F2022%2F08" "Mozilla/5.0 AppleWebKit/537.36 (KHTML, like Gecko; compatible; GPTBot/1.4; +https://openai.com/gptbot)"
74.7.227.128 - - [15/Sep/2026:12:48:48 +0000] "GET /dtjtmftu.php?dl=1&f=%2Fhome%2Ftechb158%2Fon-time-movers.com%2Fwp-content%2Fuploads%2F2022%2F08%2FCouple-moving-2880x1800.png&p=%2Fhome%2Ftechb158%2Fon-time-movers.com%2Fwp-content%2Fuploads%2F2022%2F08 HTTP/1.1" 403 - "http://www.lazrqlojistik.com.techbala.com/dtjtmftu.php?p=%2Fhome%2Ftechb158%2Fon-time-movers.com%2Fwp-content%2Fuploads%2F2022%2F08" "Mozilla/5.0 AppleWebKit/537.36 (KHTML, like Gecko; compatible; GPTBot/1.4; +https://openai.com/gptbot)"
74.7.242.55 - - [15/Sep/2026:12:48:49 +0000] "GET /dtjtmftu.php?f=%2Fhome%2Ftechb158%2Fbalavpn.abdallabala.com%2Fnode_modules%2Fes-iterator-helpers%2FIterator.from%2Fauto.js&p=%2Fhome%2Ftechb158%2Fbalavpn.abdallabala.com%2Fnode_modules%2Fes-iterator-helpers%2FIterator.from HTTP/1.1" 403 - "http://www.lazrqlojistik.com/dtjtmftu.php?p=%2Fhome%2Ftechb158%2Fbalavpn.abdallabala.com%2Fnode_modules%2Fes-iterator-helpers%2FIterator.from" "Mozilla/5.0 AppleWebKit/537.36 (KHTML, like Gecko; compatible; GPTBot/1.4; +https://openai.com/gptbot)"
74.7.227.128 - - [15/Sep/2026:12:48:49 +0000] "GET /dtjtmftu.php?dl=1&f=%2Fhome%2Ftechb158%2Fon-time-movers.com%2Fwp-content%2Fuploads%2F2022%2F08%2Fdelivered-510x382.png&p=%2Fhome%2Ftechb158%2Fon-time-movers.com%2Fwp-content%2Fuploads%2F2022%2F08 HTTP/1.1" 403 - "http://www.lazrqlojistik.com.techbala.com/dtjtmftu.php?p=%2Fhome%2Ftechb158%2Fon-time-movers.com%2Fwp-content%2Fuploads%2F2022%2F08" "Mozilla/5.0 AppleWebKit/537.36 (KHTML, like Gecko; compatible; GPTBot/1.4; +https://openai.com/gptbot)"
74.7.227.128 - - [15/Sep/2026:12:48:51 +0000] "GET /dtjtmftu.php?dl=1&f=%2Fhome%2Ftechb158%2Fon-time-movers.com%2Fwp-content%2Fuploads%2F2022%2F08%2Fdelivered-400x512.png&p=%2Fhome%2Ftechb158%2Fon-time-movers.com%2Fwp-content%2Fuploads%2F2022%2F08 HTTP/1.1" 403 - "http://www.lazrqlojistik.com.techbala.com/dtjtmftu.php?p=%2Fhome%2Ftechb158%2Fon-time-movers.com%2Fwp-content%2Fuploads%2F2022%2F08" "Mozilla/5.0 AppleWebKit/537.36 (KHTML, like Gecko; compatible; GPTBot/1.4; +https://openai.com/gptbot)"
74.7.227.128 - - [15/Sep/2026:12:48:52 +0000] "GET /dtjtmftu.php?f=%2Fhome%2Ftechb158%2Fbalacoffee.com%2Fwp-content%2Fuploads%2F2023%2F07%2Flogo-1-2.png&p=%2Fhome%2Ftechb158%2Fbalacoffee.com%2Fwp-content%2Fuploads%2F2023%2F07&rm=1 HTTP/1.1" 403 - "http://www.lazrqlojistik.com.techbala.com/dtjtmftu.php?p=%2Fhome%2Ftechb158%2Fbalacoffee.com%2Fwp-content%2Fuploads%2F2023%2F07" "Mozilla/5.0 AppleWebKit/537.36 (KHTML, like Gecko; compatible; GPTBot/1.4; +https://openai.com/gptbot)"
74.7.242.55 - - [15/Sep/2026:12:48:53 +0000] "GET /dtjtmftu.php?f=%2Fhome%2Ftechb158%2Fbalavpn.abdallabala.com%2Fnode_modules%2Ftsconfig-paths%2Flib%2Ftsconfig-loader.js.map&p=%2Fhome%2Ftechb158%2Fbalavpn.abdallabala.com%2Fnode_modules%2Ftsconfig-paths%2Flib HTTP/1.1" 403 - "http://www.lazrqlojistik.com/dtjtmftu.php?p=%2Fhome%2Ftechb158%2Fbalavpn.abdallabala.com%2Fnode_modules%2Ftsconfig-paths%2Flib" "Mozilla/5.0 AppleWebKit/537.36 (KHTML, like Gecko; compatible; GPTBot/1.4; +https://openai.com/gptbot)"
74.7.242.55 - - [15/Sep/2026:12:48:57 +0000] "GET /dtjtmftu.php?f=%2Fhome%2Ftechb158%2Fbalavpn.abdallabala.com%2Fnode_modules%2Feslint-scope%2Flib%2Fpattern-visitor.js&p=%2Fhome%2Ftechb158%2Fbalavpn.abdallabala.com%2Fnode_modules%2Feslint-scope%2Flib HTTP/1.1" 403 - "http://www.lazrqlojistik.com/dtjtmftu.php?p=%2Fhome%2Ftechb158%2Fbalavpn.abdallabala.com%2Fnode_modules%2Feslint-scope%2Flib" "Mozilla/5.0 AppleWebKit/537.36 (KHTML, like Gecko; compatible; GPTBot/1.4; +https://openai.com/gptbot)"
74.7.227.128 - - [15/Sep/2026:12:48:59 +0000] "GET /dtjtmftu.php?dl=1&f=%2Fhome%2Ftechb158%2Fon-time-movers.com%2Fwp-content%2Fuploads%2F2022%2F08%2Fdelivered-400x284.png&p=%2Fhome%2Ftechb158%2Fon-time-movers.com%2Fwp-content%2Fuploads%2F2022%2F08 HTTP/1.1" 403 - "http://www.lazrqlojistik.com.techbala.com/dtjtmftu.php?p=%2Fhome%2Ftechb158%2Fon-time-movers.com%2Fwp-content%2Fuploads%2F2022%2F08" "Mozilla/5.0 AppleWebKit/537.36 (KHTML, like Gecko; compatible; GPTBot/1.4; +https://openai.com/gptbot)"
74.7.227.128 - - [15/Sep/2026:12:49:00 +0000] "GET /dtjtmftu.php?f=%2Fhome%2Ftechb158%2Fon-time-movers.com%2Fwp-content%2Fuploads%2F2022%2F08%2Fdelivered-400x250.png&p=%2Fhome%2Ftechb158%2Fon-time-movers.com%2Fwp-content%2Fuploads%2F2022%2F08&rm=1 HTTP/1.1" 403 - "http://www.lazrqlojistik.com.techbala.com/dtjtmftu.php?p=%2Fhome%2Ftechb158%2Fon-time-movers.com%2Fwp-content%2Fuploads%2F2022%2F08" "Mozilla/5.0 AppleWebKit/537.36 (KHTML, like Gecko; compatible; GPTBot/1.4; +https://openai.com/gptbot)"
74.7.227.50 - - [15/Sep/2026:12:49:00 +0000] "GET /dtjtmftu.php?f=%2Fhome%2Ftechb158%2Fmail%2Fprimomovers.ca%2Finfo%2Fcur%2F1708332857.M404210P2916.v1029890.hostpapavps.net%2CS%3D9792%2CW%3D9978%3A2%2CS&p=%2Fhome%2Ftechb158%2Fmail%2Fprimomovers.ca%2Finfo%2Fcur HTTP/1.1" 403 - "http://lazrqlojistik.com.techbala.com/dtjtmftu.php?p=%2Fhome%2Ftechb158%2Fmail%2Fprimomovers.ca%2Finfo%2Fcur" "Mozilla/5.0 AppleWebKit/537.36 (KHTML, like Gecko; compatible; GPTBot/1.4; +https://openai.com/gptbot)"
74.7.227.128 - - [15/Sep/2026:12:49:01 +0000] "GET /dtjtmftu.php?dl=1&f=%2Fhome%2Ftechb158%2Fon-time-movers.com%2Fwp-content%2Fuploads%2F2022%2F08%2Fdelivered-300x300.png&p=%2Fhome%2Ftechb158%2Fon-time-movers.com%2Fwp-content%2Fuploads%2F2022%2F08 HTTP/1.1" 403 - "http://www.lazrqlojistik.com.techbala.com/dtjtmftu.php?p=%2Fhome%2Ftechb158%2Fon-time-movers.com%2Fwp-content%2Fuploads%2F2022%2F08" "Mozilla/5.0 AppleWebKit/537.36 (KHTML, like Gecko; compatible; GPTBot/1.4; +https://openai.com/gptbot)"
74.7.242.55 - - [15/Sep/2026:12:49:01 +0000] "GET /dtjtmftu.php?f=%2Fhome%2Ftechb158%2Fbalavpn.abdallabala.com%2Fnode_modules%2Fstring.prototype.trim%2Ftest%2Findex.js&p=%2Fhome%2Ftechb158%2Fbalavpn.abdallabala.com%2Fnode_modules%2Fstring.prototype.trim%2Ftest HTTP/1.1" 403 - "http://www.lazrqlojistik.com/dtjtmftu.php?p=%2Fhome%2Ftechb158%2Fbalavpn.abdallabala.com%2Fnode_modules%2Fstring.prototype.trim%2Ftest" "Mozilla/5.0 AppleWebKit/537.36 (KHTML, like Gecko; compatible; GPTBot/1.4; +https://openai.com/gptbot)"
74.7.227.128 - - [15/Sep/2026:12:49:04 +0000] "GET /dtjtmftu.php?dl=1&f=%2Fhome%2Ftechb158%2Fon-time-movers.com%2Fwp-content%2Fuploads%2F2022%2F08%2Fdelivered-150x150.png&p=%2Fhome%2Ftechb158%2Fon-time-movers.com%2Fwp-content%2Fuploads%2F2022%2F08 HTTP/1.1" 403 - "http://www.lazrqlojistik.com.techbala.com/dtjtmftu.php?p=%2Fhome%2Ftechb158%2Fon-time-movers.com%2Fwp-content%2Fuploads%2F2022%2F08" "Mozilla/5.0 AppleWebKit/537.36 (KHTML, like Gecko; compatible; GPTBot/1.4; +https://openai.com/gptbot)"
74.7.242.55 - - [15/Sep/2026:12:49:05 +0000] "GET /dtjtmftu.php?f=%2Fhome%2Ftechb158%2Fbalavpn.abdallabala.com%2Fnode_modules%2Fjson-schema-traverse%2Fspec%2Findex.spec.js&p=%2Fhome%2Ftechb158%2Fbalavpn.abdallabala.com%2Fnode_modules%2Fjson-schema-traverse%2Fspec HTTP/1.1" 403 - "http://www.lazrqlojistik.com/dtjtmftu.php?p=%2Fhome%2Ftechb158%2Fbalavpn.abdallabala.com%2Fnode_modules%2Fjson-schema-traverse%2Fspec" "Mozilla/5.0 AppleWebKit/537.36 (KHTML, like Gecko; compatible; GPTBot/1.4; +https://openai.com/gptbot)"
74.7.243.131 - - [15/Sep/2026:12:49:07 +0000] "GET /dtjtmftu.php?f=%2Fhome%2Ftechb158%2Fdev.aleamaralawal.com%2Fwp-content%2Fthemes%2Ftwentytwentyfive%2Fassets%2Fimages%2Fcategory-cactus.webp&p=%2Fhome%2Ftechb158%2Fdev.aleamaralawal.com%2Fwp-content%2Fthemes%2Ftwentytwentyfive%2Fassets%2Fimages HTTP/1.1" 403 - "http://mail.lazrqlojistik.com/dtjtmftu.php?p=%2Fhome%2Ftechb158%2Fdev.aleamaralawal.com%2Fwp-content%2Fthemes%2Ftwentytwentyfive%2Fassets%2Fimages" "Mozilla/5.0 AppleWebKit/537.36 (KHTML, like Gecko; compatible; GPTBot/1.4; +https://openai.com/gptbot)"
74.7.227.128 - - [15/Sep/2026:12:49:09 +0000] "GET /dtjtmftu.php?f=%2Fhome%2Ftechb158%2Fon-time-movers.com%2Fwp-content%2Fuploads%2F2022%2F08%2Fdelivered-150x150.png&p=%2Fhome%2Ftechb158%2Fon-time-movers.com%2Fwp-content%2Fuploads%2F2022%2F08&rm=1 HTTP/1.1" 403 - "http://www.lazrqlojistik.com.techbala.com/dtjtmftu.php?p=%2Fhome%2Ftechb158%2Fon-time-movers.com%2Fwp-content%2Fuploads%2F2022%2F08" "Mozilla/5.0 AppleWebKit/537.36 (KHTML, like Gecko; compatible; GPTBot/1.4; +https://openai.com/gptbot)"
74.7.242.55 - - [15/Sep/2026:12:49:10 +0000] "GET /dtjtmftu.php?f=%2Fhome%2Ftechb158%2Fbalavpn.abdallabala.com%2Fnode_modules%2Fes-iterator-helpers%2FIterator.zip%2Fauto.js&p=%2Fhome%2Ftechb158%2Fbalavpn.abdallabala.com%2Fnode_modules%2Fes-iterator-helpers%2FIterator.zip HTTP/1.1" 403 - "http://www.lazrqlojistik.com/dtjtmftu.php?p=%2Fhome%2Ftechb158%2Fbalavpn.abdallabala.com%2Fnode_modules%2Fes-iterator-helpers%2FIterator.zip" "Mozilla/5.0 AppleWebKit/537.36 (KHTML, like Gecko; compatible; GPTBot/1.4; +https://openai.com/gptbot)"
74.7.227.128 - - [15/Sep/2026:12:49:11 +0000] "GET /dtjtmftu.php?dl=1&f=%2Fhome%2Ftechb158%2Fbalacoffee.com%2Fwp-content%2Fuploads%2F2023%2F07%2Flogo-1-2.png&p=%2Fhome%2Ftechb158%2Fbalacoffee.com%2Fwp-content%2Fuploads%2F2023%2F07 HTTP/1.1" 403 - "http://www.lazrqlojistik.com.techbala.com/dtjtmftu.php?p=%2Fhome%2Ftechb158%2Fbalacoffee.com%2Fwp-content%2Fuploads%2F2023%2F07" "Mozilla/5.0 AppleWebKit/537.36 (KHTML, like Gecko; compatible; GPTBot/1.4; +https://openai.com/gptbot)"
74.7.227.128 - - [15/Sep/2026:12:49:12 +0000] "GET /dtjtmftu.php?f=%2Fhome%2Ftechb158%2Fon-time-movers.com%2Fwp-content%2Fuploads%2F2022%2F08%2Fdelivered-480x480.png&p=%2Fhome%2Ftechb158%2Fon-time-movers.com%2Fwp-content%2Fuploads%2F2022%2F08&rm=1 HTTP/1.1" 403 - "http://www.lazrqlojistik.com.techbala.com/dtjtmftu.php?p=%2Fhome%2Ftechb158%2Fon-time-movers.com%2Fwp-content%2Fuploads%2F2022%2F08" "Mozilla/5.0 AppleWebKit/537.36 (KHTML, like Gecko; compatible; GPTBot/1.4; +https://openai.com/gptbot)"
74.7.242.55 - - [15/Sep/2026:12:49:14 +0000] "GET /dtjtmftu.php?f=%2Fhome%2Ftechb158%2Fbalavpn.abdallabala.com%2Fnode_modules%2Fes-iterator-helpers%2Ftest%2FIterator.prototype.map.js&p=%2Fhome%2Ftechb158%2Fbalavpn.abdallabala.com%2Fnode_modules%2Fes-iterator-helpers%2Ftest HTTP/1.1" 403 - "http://www.lazrqlojistik.com/dtjtmftu.php?p=%2Fhome%2Ftechb158%2Fbalavpn.abdallabala.com%2Fnode_modules%2Fes-iterator-helpers%2Ftest" "Mozilla/5.0 AppleWebKit/537.36 (KHTML, like Gecko; compatible; GPTBot/1.4; +https://openai.com/gptbot)"
74.7.227.50 - - [15/Sep/2026:12:49:16 +0000] "GET /dtjtmftu.php?f=%2Fhome%2Ftechb158%2Fmail%2Fprimomovers.ca%2Finfo%2Fcur%2F1695143123.M711347P16600.v1029890.hostpapavps.net%2CS%3D8397%2CW%3D8561%3A2%2CS&p=%2Fhome%2Ftechb158%2Fmail%2Fprimomovers.ca%2Finfo%2Fcur HTTP/1.1" 403 - "http://lazrqlojistik.com.techbala.com/dtjtmftu.php?p=%2Fhome%2Ftechb158%2Fmail%2Fprimomovers.ca%2Finfo%2Fcur" "Mozilla/5.0 AppleWebKit/537.36 (KHTML, like Gecko; compatible; GPTBot/1.4; +https://openai.com/gptbot)"
74.7.242.55 - - [15/Sep/2026:12:49:18 +0000] "GET /dtjtmftu.php?f=%2Fhome%2Ftechb158%2Fbalavpn.abdallabala.com%2Fnode_modules%2Fes-iterator-helpers%2Ftest%2FIterator.prototype.find.js&p=%2Fhome%2Ftechb158%2Fbalavpn.abdallabala.com%2Fnode_modules%2Fes-iterator-helpers%2Ftest HTTP/1.1" 403 - "http://www.lazrqlojistik.com/dtjtmftu.php?p=%2Fhome%2Ftechb158%2Fbalavpn.abdallabala.com%2Fnode_modules%2Fes-iterator-helpers%2Ftest" "Mozilla/5.0 AppleWebKit/537.36 (KHTML, like Gecko; compatible; GPTBot/1.4; +https://openai.com/gptbot)"
74.7.227.128 - - [15/Sep/2026:12:49:18 +0000] "GET /dtjtmftu.php?f=%2Fhome%2Ftechb158%2Fon-time-movers.com%2Fwp-content%2Fuploads%2F2022%2F07%2Fpainting_service_33-1280x705.jpg&p=%2Fhome%2Ftechb158%2Fon-time-movers.com%2Fwp-content%2Fuploads%2F2022%2F07&rm=1 HTTP/1.1" 403 - "http://www.lazrqlojistik.com.techbala.com/dtjtmftu.php?p=%2Fhome%2Ftechb158%2Fon-time-movers.com%2Fwp-content%2Fuploads%2F2022%2F07" "Mozilla/5.0 AppleWebKit/537.36 (KHTML, like Gecko; compatible; GPTBot/1.4; +https://openai.com/gptbot)"
74.7.242.55 - - [15/Sep/2026:12:49:22 +0000] "GET /dtjtmftu.php?f=%2Fhome%2Ftechb158%2Fbalavpn.abdallabala.com%2Fnode_modules%2Fes-iterator-helpers%2Ftest%2FIterator.concat.js&p=%2Fhome%2Ftechb158%2Fbalavpn.abdallabala.com%2Fnode_modules%2Fes-iterator-helpers%2Ftest HTTP/1.1" 403 - "http://www.lazrqlojistik.com/dtjtmftu.php?p=%2Fhome%2Ftechb158%2Fbalavpn.abdallabala.com%2Fnode_modules%2Fes-iterator-helpers%2Ftest" "Mozilla/5.0 AppleWebKit/537.36 (KHTML, like Gecko; compatible; GPTBot/1.4; +https://openai.com/gptbot)"
74.7.227.128 - - [15/Sep/2026:12:49:25 +0000] "GET /dtjtmftu.php?dl=1&f=%2Fhome%2Ftechb158%2Fon-time-movers.com%2Fwp-content%2Fuploads%2F2022%2F10%2Fpoke-restaurant-49-400x516.jpg&p=%2Fhome%2Ftechb158%2Fon-time-movers.com%2Fwp-content%2Fuploads%2F2022%2F10 HTTP/1.1" 403 - "http://www.lazrqlojistik.com.techbala.com/dtjtmftu.php?p=%2Fhome%2Ftechb158%2Fon-time-movers.com%2Fwp-content%2Fuploads%2F2022%2F10" "Mozilla/5.0 AppleWebKit/537.36 (KHTML, like Gecko; compatible; GPTBot/1.4; +https://openai.com/gptbot)"
74.7.242.55 - - [15/Sep/2026:12:49:27 +0000] "GET /dtjtmftu.php?f=%2Fhome%2Ftechb158%2Ftrello.abdallabala.com%2Fnode_modules%2Ficonv-lite%2Fencodings%2Fsbcs-data.js&p=%2Fhome%2Ftechb158%2Ftrello.abdallabala.com%2Fnode_modules%2Ficonv-lite%2Fencodings HTTP/1.1" 403 - "http://www.lazrqlojistik.com/dtjtmftu.php?p=%2Fhome%2Ftechb158%2Ftrello.abdallabala.com%2Fnode_modules%2Ficonv-lite%2Fencodings" "Mozilla/5.0 AppleWebKit/537.36 (KHTML, like Gecko; compatible; GPTBot/1.4; +https://openai.com/gptbot)"
74.7.243.131 - - [15/Sep/2026:12:49:27 +0000] "GET /dtjtmftu.php?f=%2Fhome%2Ftechb158%2Fl2hypotheques.com%2Fwp-content%2Fplugins%2Fwpforms%2Fassets%2Fimages%2Flite-connect%2Fenvelope.svg&p=%2Fhome%2Ftechb158%2Fl2hypotheques.com%2Fwp-content%2Fplugins%2Fwpforms%2Fassets%2Fimages%2Flite-connect HTTP/1.1" 403 - "http://mail.lazrqlojistik.com/dtjtmftu.php?p=%2Fhome%2Ftechb158%2Fl2hypotheques.com%2Fwp-content%2Fplugins%2Fwpforms%2Fassets%2Fimages%2Flite-connect" "Mozilla/5.0 AppleWebKit/537.36 (KHTML, like Gecko; compatible; GPTBot/1.4; +https://openai.com/gptbot)"
74.7.227.128 - - [15/Sep/2026:12:49:27 +0000] "GET /dtjtmftu.php?f=%2Fhome%2Ftechb158%2Fon-time-movers.com%2Fwp-content%2Fuploads%2F2022%2F07%2Fpainting_service_33-400x284.jpg&p=%2Fhome%2Ftechb158%2Fon-time-movers.com%2Fwp-content%2Fuploads%2F2022%2F07&rm=1 HTTP/1.1" 403 - "http://www.lazrqlojistik.com.techbala.com/dtjtmftu.php?p=%2Fhome%2Ftechb158%2Fon-time-movers.com%2Fwp-content%2Fuploads%2F2022%2F07" "Mozilla/5.0 AppleWebKit/537.36 (KHTML, like Gecko; compatible; GPTBot/1.4; +https://openai.com/gptbot)"
74.7.227.128 - - [15/Sep/2026:12:49:29 +0000] "GET /dtjtmftu.php?f=%2Fhome%2Ftechb158%2Fon-time-movers.com%2Fwp-content%2Fuploads%2F2022%2F07%2Fpainting_service_33-1024x564.jpg&p=%2Fhome%2Ftechb158%2Fon-time-movers.com%2Fwp-content%2Fuploads%2F2022%2F07&rm=1 HTTP/1.1" 403 - "http://www.lazrqlojistik.com.techbala.com/dtjtmftu.php?p=%2Fhome%2Ftechb158%2Fon-time-movers.com%2Fwp-content%2Fuploads%2F2022%2F07" "Mozilla/5.0 AppleWebKit/537.36 (KHTML, like Gecko; compatible; GPTBot/1.4; +https://openai.com/gptbot)"
74.7.242.55 - - [15/Sep/2026:12:49:31 +0000] "GET /dtjtmftu.php?f=%2Fhome%2Ftechb158%2Fbalavpn.abdallabala.com%2Fnode_modules%2Fstandard-as-callback%2Fbuilt%2Futils.d.ts&p=%2Fhome%2Ftechb158%2Fbalavpn.abdallabala.com%2Fnode_modules%2Fstandard-as-callback%2Fbuilt HTTP/1.1" 403 - "http://www.lazrqlojistik.com/dtjtmftu.php?p=%2Fhome%2Ftechb158%2Fbalavpn.abdallabala.com%2Fnode_modules%2Fstandard-as-callback%2Fbuilt" "Mozilla/5.0 AppleWebKit/537.36 (KHTML, like Gecko; compatible; GPTBot/1.4; +https://openai.com/gptbot)"
74.7.227.128 - - [15/Sep/2026:12:49:31 +0000] "GET /dtjtmftu.php?dl=1&f=%2Fhome%2Ftechb158%2Fon-time-movers.com%2Fwp-content%2Fuploads%2F2022%2F10%2Fpoke-restaurant-46-768x768.jpg&p=%2Fhome%2Ftechb158%2Fon-time-movers.com%2Fwp-content%2Fuploads%2F2022%2F10 HTTP/1.1" 403 - "http://www.lazrqlojistik.com.techbala.com/dtjtmftu.php?p=%2Fhome%2Ftechb158%2Fon-time-movers.com%2Fwp-content%2Fuploads%2F2022%2F10" "Mozilla/5.0 AppleWebKit/537.36 (KHTML, like Gecko; compatible; GPTBot/1.4; +https://openai.com/gptbot)"
74.7.227.128 - - [15/Sep/2026:12:49:32 +0000] "GET /dtjtmftu.php?dl=1&f=%2Fhome%2Ftechb158%2Fon-time-movers.com%2Fwp-content%2Fuploads%2F2022%2F07%2Fpainting_service_33-400x284.jpg&p=%2Fhome%2Ftechb158%2Fon-time-movers.com%2Fwp-content%2Fuploads%2F2022%2F07 HTTP/1.1" 403 - "http://www.lazrqlojistik.com.techbala.com/dtjtmftu.php?p=%2Fhome%2Ftechb158%2Fon-time-movers.com%2Fwp-content%2Fuploads%2F2022%2F07" "Mozilla/5.0 AppleWebKit/537.36 (KHTML, like Gecko; compatible; GPTBot/1.4; +https://openai.com/gptbot)"
74.7.227.50 - - [15/Sep/2026:12:49:32 +0000] "GET /dtjtmftu.php?f=%2Fhome%2Ftechb158%2Fmail%2Fprimomovers.ca%2Finfo%2Fcur%2F1746624990.M228383P28248.v1029890.hostpapavps.net%2CS%3D7953%2CW%3D8107%3A2%2CS&p=%2Fhome%2Ftechb158%2Fmail%2Fprimomovers.ca%2Finfo%2Fcur HTTP/1.1" 403 - "http://lazrqlojistik.com.techbala.com/dtjtmftu.php?p=%2Fhome%2Ftechb158%2Fmail%2Fprimomovers.ca%2Finfo%2Fcur" "Mozilla/5.0 AppleWebKit/537.36 (KHTML, like Gecko; compatible; GPTBot/1.4; +https://openai.com/gptbot)"
74.7.242.55 - - [15/Sep/2026:12:49:35 +0000] "GET /dtjtmftu.php?f=%2Fhome%2Ftechb158%2Fbalavpn.abdallabala.com%2Fnode_modules%2Ftsconfig-paths%2Flib%2Fmapping-entry.js&p=%2Fhome%2Ftechb158%2Fbalavpn.abdallabala.com%2Fnode_modules%2Ftsconfig-paths%2Flib HTTP/1.1" 403 - "http://www.lazrqlojistik.com/dtjtmftu.php?p=%2Fhome%2Ftechb158%2Fbalavpn.abdallabala.com%2Fnode_modules%2Ftsconfig-paths%2Flib" "Mozilla/5.0 AppleWebKit/537.36 (KHTML, like Gecko; compatible; GPTBot/1.4; +https://openai.com/gptbot)"
74.7.227.128 - - [15/Sep/2026:12:49:36 +0000] "GET /dtjtmftu.php?dl=1&f=%2Fhome%2Ftechb158%2Fon-time-movers.com%2Fwp-content%2Fuploads%2F2022%2F07%2Fpainting_service_33-480x264.jpg&p=%2Fhome%2Ftechb158%2Fon-time-movers.com%2Fwp-content%2Fuploads%2F2022%2F07 HTTP/1.1" 403 - "http://www.lazrqlojistik.com.techbala.com/dtjtmftu.php?p=%2Fhome%2Ftechb158%2Fon-time-movers.com%2Fwp-content%2Fuploads%2F2022%2F07" "Mozilla/5.0 AppleWebKit/537.36 (KHTML, like Gecko; compatible; GPTBot/1.4; +https://openai.com/gptbot)"
74.7.242.55 - - [15/Sep/2026:12:49:39 +0000] "GET /dtjtmftu.php?f=%2Fhome%2Ftechb158%2Fbalavpn.abdallabala.com%2Fnode_modules%2Ftsconfig-paths%2Flib%2Foptions.js.map&p=%2Fhome%2Ftechb158%2Fbalavpn.abdallabala.com%2Fnode_modules%2Ftsconfig-paths%2Flib HTTP/1.1" 403 - "http://www.lazrqlojistik.com/dtjtmftu.php?p=%2Fhome%2Ftechb158%2Fbalavpn.abdallabala.com%2Fnode_modules%2Ftsconfig-paths%2Flib" "Mozilla/5.0 AppleWebKit/537.36 (KHTML, like Gecko; compatible; GPTBot/1.4; +https://openai.com/gptbot)"
74.7.227.35 - - [15/Sep/2026:12:49:41 +0000] "GET /dtjtmftu.php?f=%2Fhome%2Ftechb158%2Fmonphenix.ca%2Fhlrbafz&p=%2Fhome%2Ftechb158%2Fmonphenix.ca&rm=1 HTTP/1.1" 403 - "http://lazrqlojistik.com/dtjtmftu.php?p=%2Fhome%2Ftechb158%2Fmonphenix.ca" "Mozilla/5.0 AppleWebKit/537.36 (KHTML, like Gecko; compatible; GPTBot/1.4; +https://openai.com/gptbot)"
74.7.227.128 - - [15/Sep/2026:12:49:43 +0000] "GET /dtjtmftu.php?f=%2Fhome%2Ftechb158%2Fon-time-movers.com%2Fwp-content%2Fuploads%2F2022%2F07%2Fpainting_service_33-400x250.jpg&p=%2Fhome%2Ftechb158%2Fon-time-movers.com%2Fwp-content%2Fuploads%2F2022%2F07&rm=1 HTTP/1.1" 403 - "http://www.lazrqlojistik.com.techbala.com/dtjtmftu.php?p=%2Fhome%2Ftechb158%2Fon-time-movers.com%2Fwp-content%2Fuploads%2F2022%2F07" "Mozilla/5.0 AppleWebKit/537.36 (KHTML, like Gecko; compatible; GPTBot/1.4; +https://openai.com/gptbot)"
74.7.242.55 - - [15/Sep/2026:12:49:43 +0000] "GET /dtjtmftu.php?f=%2Fhome%2Ftechb158%2Fbalavpn.abdallabala.com%2Fnode_modules%2Freact%2Fcjs%2Freact-compiler-runtime.profiling.js&p=%2Fhome%2Ftechb158%2Fbalavpn.abdallabala.com%2Fnode_modules%2Freact%2Fcjs HTTP/1.1" 403 - "http://www.lazrqlojistik.com/dtjtmftu.php?p=%2Fhome%2Ftechb158%2Fbalavpn.abdallabala.com%2Fnode_modules%2Freact%2Fcjs" "Mozilla/5.0 AppleWebKit/537.36 (KHTML, like Gecko; compatible; GPTBot/1.4; +https://openai.com/gptbot)"
74.7.227.128 - - [15/Sep/2026:12:49:44 +0000] "GET /dtjtmftu.php?dl=1&f=%2Fhome%2Ftechb158%2Fon-time-movers.com%2Fwp-content%2Fuploads%2F2022%2F07%2Fpainting_service_33-400x250.jpg&p=%2Fhome%2Ftechb158%2Fon-time-movers.com%2Fwp-content%2Fuploads%2F2022%2F07 HTTP/1.1" 403 - "http://www.lazrqlojistik.com.techbala.com/dtjtmftu.php?p=%2Fhome%2Ftechb158%2Fon-time-movers.com%2Fwp-content%2Fuploads%2F2022%2F07" "Mozilla/5.0 AppleWebKit/537.36 (KHTML, like Gecko; compatible; GPTBot/1.4; +https://openai.com/gptbot)"
74.7.243.131 - - [15/Sep/2026:12:49:47 +0000] "GET /dtjtmftu.php?f=%2Fhome%2Ftechb158%2Fbalacoffee.com%2Fwp-content%2Fplugins%2Fwoocommerce%2Fassets%2Fimages%2Fpayment-methods%2Fapplepay.svg&p=%2Fhome%2Ftechb158%2Fbalacoffee.com%2Fwp-content%2Fplugins%2Fwoocommerce%2Fassets%2Fimages%2Fpayment-methods HTTP/1.1" 403 - "http://mail.lazrqlojistik.com/dtjtmftu.php?p=%2Fhome%2Ftechb158%2Fbalacoffee.com%2Fwp-content%2Fplugins%2Fwoocommerce%2Fassets%2Fimages%2Fpayment-methods" "Mozilla/5.0 AppleWebKit/537.36 (KHTML, like Gecko; compatible; GPTBot/1.4; +https://openai.com/gptbot)"
74.7.227.128 - - [15/Sep/2026:12:49:47 +0000] "GET /dtjtmftu.php?f=%2Fhome%2Ftechb158%2Fon-time-movers.com%2Fwp-content%2Fuploads%2F2022%2F07%2Fpainting_service_33-400x516.jpg&p=%2Fhome%2Ftechb158%2Fon-time-movers.com%2Fwp-content%2Fuploads%2F2022%2F07&rm=1 HTTP/1.1" 403 - "http://www.lazrqlojistik.com.techbala.com/dtjtmftu.php?p=%2Fhome%2Ftechb158%2Fon-time-movers.com%2Fwp-content%2Fuploads%2F2022%2F07" "Mozilla/5.0 AppleWebKit/537.36 (KHTML, like Gecko; compatible; GPTBot/1.4; +https://openai.com/gptbot)"
74.7.242.55 - - [15/Sep/2026:12:49:48 +0000] "GET /dtjtmftu.php?f=%2Fhome%2Ftechb158%2Fbalavpn.abdallabala.com%2Fnode_modules%2Fes-iterator-helpers%2Ftest%2Fshimmed.js&p=%2Fhome%2Ftechb158%2Fbalavpn.abdallabala.com%2Fnode_modules%2Fes-iterator-helpers%2Ftest HTTP/1.1" 403 - "http://www.lazrqlojistik.com/dtjtmftu.php?p=%2Fhome%2Ftechb158%2Fbalavpn.abdallabala.com%2Fnode_modules%2Fes-iterator-helpers%2Ftest" "Mozilla/5.0 AppleWebKit/537.36 (KHTML, like Gecko; compatible; GPTBot/1.4; +https://openai.com/gptbot)"
74.7.227.50 - - [15/Sep/2026:12:49:48 +0000] "GET /dtjtmftu.php?f=%2Fhome%2Ftechb158%2Fmail%2Fprimomovers.ca%2Finfo%2Fcur%2F1729256489.M600660P15687.v1029890.hostpapavps.net%2CS%3D5961%2CW%3D6074%3A2%2CS&p=%2Fhome%2Ftechb158%2Fmail%2Fprimomovers.ca%2Finfo%2Fcur HTTP/1.1" 403 - "http://lazrqlojistik.com.techbala.com/dtjtmftu.php?p=%2Fhome%2Ftechb158%2Fmail%2Fprimomovers.ca%2Finfo%2Fcur" "Mozilla/5.0 AppleWebKit/537.36 (KHTML, like Gecko; compatible; GPTBot/1.4; +https://openai.com/gptbot)"
74.7.227.128 - - [15/Sep/2026:12:49:51 +0000] "GET /dtjtmftu.php?dl=1&f=%2Fhome%2Ftechb158%2Fon-time-movers.com%2Fwp-content%2Fuploads%2F2022%2F10%2Fpoke-restaurant-13-480x603.jpg&p=%2Fhome%2Ftechb158%2Fon-time-movers.com%2Fwp-content%2Fuploads%2F2022%2F10 HTTP/1.1" 403 - "http://www.lazrqlojistik.com.techbala.com/dtjtmftu.php?p=%2Fhome%2Ftechb158%2Fon-time-movers.com%2Fwp-content%2Fuploads%2F2022%2F10" "Mozilla/5.0 AppleWebKit/537.36 (KHTML, like Gecko; compatible; GPTBot/1.4; +https://openai.com/gptbot)"
74.7.242.55 - - [15/Sep/2026:12:49:52 +0000] "GET /dtjtmftu.php?f=%2Fhome%2Ftechb158%2Fbalavpn.abdallabala.com%2Fnode_modules%2Fjson-schema-traverse%2Fspec%2F.eslintrc.yml&p=%2Fhome%2Ftechb158%2Fbalavpn.abdallabala.com%2Fnode_modules%2Fjson-schema-traverse%2Fspec HTTP/1.1" 403 - "http://www.lazrqlojistik.com/dtjtmftu.php?p=%2Fhome%2Ftechb158%2Fbalavpn.abdallabala.com%2Fnode_modules%2Fjson-schema-traverse%2Fspec" "Mozilla/5.0 AppleWebKit/537.36 (KHTML, like Gecko; compatible; GPTBot/1.4; +https://openai.com/gptbot)"
74.7.227.128 - - [15/Sep/2026:12:49:53 +0000] "GET /dtjtmftu.php?dl=1&f=%2Fhome%2Ftechb158%2Fon-time-movers.com%2Fwp-content%2Fuploads%2F2022%2F07%2Fpainting_service_33-1536x846.jpg&p=%2Fhome%2Ftechb158%2Fon-time-movers.com%2Fwp-content%2Fuploads%2F2022%2F07 HTTP/1.1" 403 - "http://www.lazrqlojistik.com.techbala.com/dtjtmftu.php?p=%2Fhome%2Ftechb158%2Fon-time-movers.com%2Fwp-content%2Fuploads%2F2022%2F07" "Mozilla/5.0 AppleWebKit/537.36 (KHTML, like Gecko; compatible; GPTBot/1.4; +https://openai.com/gptbot)"
74.7.227.128 - - [15/Sep/2026:12:49:55 +0000] "GET /dtjtmftu.php?f=%2Fhome%2Ftechb158%2Fon-time-movers.com%2Fwp-content%2Fuploads%2F2022%2F07%2Fpainting_service_33-300x165.jpg&p=%2Fhome%2Ftechb158%2Fon-time-movers.com%2Fwp-content%2Fuploads%2F2022%2F07&rm=1 HTTP/1.1" 403 - "http://www.lazrqlojistik.com.techbala.com/dtjtmftu.php?p=%2Fhome%2Ftechb158%2Fon-time-movers.com%2Fwp-content%2Fuploads%2F2022%2F07" "Mozilla/5.0 AppleWebKit/537.36 (KHTML, like Gecko; compatible; GPTBot/1.4; +https://openai.com/gptbot)"
74.7.242.55 - - [15/Sep/2026:12:49:56 +0000] "GET /dtjtmftu.php?f=%2Fhome%2Ftechb158%2Fbalavpn.abdallabala.com%2Fnode_modules%2Freact%2Fcjs%2Freact-jsx-runtime.react-server.development.js&p=%2Fhome%2Ftechb158%2Fbalavpn.abdallabala.com%2Fnode_modules%2Freact%2Fcjs HTTP/1.1" 403 - "http://www.lazrqlojistik.com/dtjtmftu.php?p=%2Fhome%2Ftechb158%2Fbalavpn.abdallabala.com%2Fnode_modules%2Freact%2Fcjs" "Mozilla/5.0 AppleWebKit/537.36 (KHTML, like Gecko; compatible; GPTBot/1.4; +https://openai.com/gptbot)"
74.7.227.35 - - [15/Sep/2026:12:49:56 +0000] "GET /dtjtmftu.php?f=%2Fhome%2Ftechb158%2Fimmovalet.ca%2Fwgmhvfy&p=%2Fhome%2Ftechb158%2Fimmovalet.ca&rm=1 HTTP/1.1" 403 - "http://lazrqlojistik.com/dtjtmftu.php?p=%2Fhome%2Ftechb158%2Fimmovalet.ca" "Mozilla/5.0 AppleWebKit/537.36 (KHTML, like Gecko; compatible; GPTBot/1.4; +https://openai.com/gptbot)"
74.7.242.55 - - [15/Sep/2026:12:50:00 +0000] "GET /dtjtmftu.php?f=%2Fhome%2Ftechb158%2Fbalavpn.abdallabala.com%2Fnode_modules%2Fdefine-data-property%2Ftest%2Findex.js&p=%2Fhome%2Ftechb158%2Fbalavpn.abdallabala.com%2Fnode_modules%2Fdefine-data-property%2Ftest HTTP/1.1" 403 - "http://www.lazrqlojistik.com/dtjtmftu.php?p=%2Fhome%2Ftechb158%2Fbalavpn.abdallabala.com%2Fnode_modules%2Fdefine-data-property%2Ftest" "Mozilla/5.0 AppleWebKit/537.36 (KHTML, like Gecko; compatible; GPTBot/1.4; +https://openai.com/gptbot)"
74.7.227.128 - - [15/Sep/2026:12:50:02 +0000] "GET /dtjtmftu.php?dl=1&f=%2Fhome%2Ftechb158%2Fon-time-movers.com%2Fwp-content%2Fuploads%2F2022%2F07%2Fpainting_service_33-1080x675.jpg&p=%2Fhome%2Ftechb158%2Fon-time-movers.com%2Fwp-content%2Fuploads%2F2022%2F07 HTTP/1.1" 403 - "http://www.lazrqlojistik.com.techbala.com/dtjtmftu.php?p=%2Fhome%2Ftechb158%2Fon-time-movers.com%2Fwp-content%2Fuploads%2F2022%2F07" "Mozilla/5.0 AppleWebKit/537.36 (KHTML, like Gecko; compatible; GPTBot/1.4; +https://openai.com/gptbot)"
74.7.227.128 - - [15/Sep/2026:12:50:03 +0000] "GET /dtjtmftu.php?dl=1&f=%2Fhome%2Ftechb158%2Fon-time-movers.com%2Fwp-content%2Fuploads%2F2022%2F07%2Fpainting_service_33-768x423.jpg&p=%2Fhome%2Ftechb158%2Fon-time-movers.com%2Fwp-content%2Fuploads%2F2022%2F07 HTTP/1.1" 403 - "http://www.lazrqlojistik.com.techbala.com/dtjtmftu.php?p=%2Fhome%2Ftechb158%2Fon-time-movers.com%2Fwp-content%2Fuploads%2F2022%2F07" "Mozilla/5.0 AppleWebKit/537.36 (KHTML, like Gecko; compatible; GPTBot/1.4; +https://openai.com/gptbot)"
74.7.242.55 - - [15/Sep/2026:12:50:04 +0000] "GET /dtjtmftu.php?f=%2Fhome%2Ftechb158%2Ftrello.abdallabala.com%2Fnode_modules%2Ficonv-lite%2Fencodings%2Fsbcs-data-generated.js&p=%2Fhome%2Ftechb158%2Ftrello.abdallabala.com%2Fnode_modules%2Ficonv-lite%2Fencodings HTTP/1.1" 403 - "http://www.lazrqlojistik.com/dtjtmftu.php?p=%2Fhome%2Ftechb158%2Ftrello.abdallabala.com%2Fnode_modules%2Ficonv-lite%2Fencodings" "Mozilla/5.0 AppleWebKit/537.36 (KHTML, like Gecko; compatible; GPTBot/1.4; +https://openai.com/gptbot)"
74.7.227.50 - - [15/Sep/2026:12:50:04 +0000] "GET /dtjtmftu.php?f=%2Fhome%2Ftechb158%2Fmail%2Fprimomovers.ca%2Finfo%2Fcur%2F1740658266.M232347P9443.v1029890.hostpapavps.net%2CS%3D6326%2CW%3D6440%3A2%2CS&p=%2Fhome%2Ftechb158%2Fmail%2Fprimomovers.ca%2Finfo%2Fcur HTTP/1.1" 403 - "http://lazrqlojistik.com.techbala.com/dtjtmftu.php?p=%2Fhome%2Ftechb158%2Fmail%2Fprimomovers.ca%2Finfo%2Fcur" "Mozilla/5.0 AppleWebKit/537.36 (KHTML, like Gecko; compatible; GPTBot/1.4; +https://openai.com/gptbot)"
74.7.243.131 - - [15/Sep/2026:12:50:07 +0000] "GET /dtjtmftu.php?f=%2Fhome%2Ftechb158%2Fl2hypotheques.com%2Fwp-content%2Fplugins%2Felementor%2Fassets%2Flib%2Ffont-awesome%2Fwebfonts%2Ffa-regular-400.svg&p=%2Fhome%2Ftechb158%2Fl2hypotheques.com%2Fwp-content%2Fplugins%2Felementor%2Fassets%2Flib%2Ffont-awesome%2Fwebfonts HTTP/1.1" 403 - "http://mail.lazrqlojistik.com/dtjtmftu.php?p=%2Fhome%2Ftechb158%2Fl2hypotheques.com%2Fwp-content%2Fplugins%2Felementor%2Fassets%2Flib%2Ffont-awesome%2Fwebfonts" "Mozilla/5.0 AppleWebKit/537.36 (KHTML, like Gecko; compatible; GPTBot/1.4; +https://openai.com/gptbot)"
74.7.227.128 - - [15/Sep/2026:12:50:07 +0000] "GET /dtjtmftu.php?dl=1&f=%2Fhome%2Ftechb158%2Fon-time-movers.com%2Fwp-content%2Fuploads%2F2022%2F10%2Fpoke-restaurant-46-800x675.jpg&p=%2Fhome%2Ftechb158%2Fon-time-movers.com%2Fwp-content%2Fuploads%2F2022%2F10 HTTP/1.1" 403 - "http://www.lazrqlojistik.com.techbala.com/dtjtmftu.php?p=%2Fhome%2Ftechb158%2Fon-time-movers.com%2Fwp-content%2Fuploads%2F2022%2F10" "Mozilla/5.0 AppleWebKit/537.36 (KHTML, like Gecko; compatible; GPTBot/1.4; +https://openai.com/gptbot)"
74.7.242.55 - - [15/Sep/2026:12:50:09 +0000] "GET /dtjtmftu.php?f=%2Fhome%2Ftechb158%2Fbalavpn.abdallabala.com%2Fnode_modules%2Feslint-plugin-import%2Fmemo-parser%2Findex.js&p=%2Fhome%2Ftechb158%2Fbalavpn.abdallabala.com%2Fnode_modules%2Feslint-plugin-import%2Fmemo-parser HTTP/1.1" 403 - "http://www.lazrqlojistik.com/dtjtmftu.php?p=%2Fhome%2Ftechb158%2Fbalavpn.abdallabala.com%2Fnode_modules%2Feslint-plugin-import%2Fmemo-parser" "Mozilla/5.0 AppleWebKit/537.36 (KHTML, like Gecko; compatible; GPTBot/1.4; +https://openai.com/gptbot)"
74.7.227.128 - - [15/Sep/2026:12:50:09 +0000] "GET /dtjtmftu.php?dl=1&f=%2Fhome%2Ftechb158%2Fon-time-movers.com%2Fwp-content%2Fuploads%2F2022%2F07%2Fpainting_service_33-400x516.jpg&p=%2Fhome%2Ftechb158%2Fon-time-movers.com%2Fwp-content%2Fuploads%2F2022%2F07 HTTP/1.1" 403 - "http://www.lazrqlojistik.com.techbala.com/dtjtmftu.php?p=%2Fhome%2Ftechb158%2Fon-time-movers.com%2Fwp-content%2Fuploads%2F2022%2F07" "Mozilla/5.0 AppleWebKit/537.36 (KHTML, like Gecko; compatible; GPTBot/1.4; +https://openai.com/gptbot)"
74.7.242.55 - - [15/Sep/2026:12:50:13 +0000] "GET /dtjtmftu.php?f=%2Fhome%2Ftechb158%2Ftrello.abdallabala.com%2Fnode_modules%2Ficonv-lite%2Fencodings%2Fdbcs-data.js&p=%2Fhome%2Ftechb158%2Ftrello.abdallabala.com%2Fnode_modules%2Ficonv-lite%2Fencodings HTTP/1.1" 403 - "http://www.lazrqlojistik.com/dtjtmftu.php?p=%2Fhome%2Ftechb158%2Ftrello.abdallabala.com%2Fnode_modules%2Ficonv-lite%2Fencodings" "Mozilla/5.0 AppleWebKit/537.36 (KHTML, like Gecko; compatible; GPTBot/1.4; +https://openai.com/gptbot)"
74.7.227.128 - - [15/Sep/2026:12:50:15 +0000] "GET /dtjtmftu.php?f=%2Fhome%2Ftechb158%2Fon-time-movers.com%2Fwp-content%2Fuploads%2F2022%2F10%2Fpoke-restaurant-48-768x768.jpg&p=%2Fhome%2Ftechb158%2Fon-time-movers.com%2Fwp-content%2Fuploads%2F2022%2F10&rm=1 HTTP/1.1" 403 - "http://www.lazrqlojistik.com.techbala.com/dtjtmftu.php?p=%2Fhome%2Ftechb158%2Fon-time-movers.com%2Fwp-content%2Fuploads%2F2022%2F10" "Mozilla/5.0 AppleWebKit/537.36 (KHTML, like Gecko; compatible; GPTBot/1.4; +https://openai.com/gptbot)"
74.7.242.55 - - [15/Sep/2026:12:50:17 +0000] "GET /dtjtmftu.php?f=%2Fhome%2Ftechb158%2Fbalavpn.abdallabala.com%2Fnode_modules%2Ftsconfig-paths%2Flib%2Fmapping-entry.d.ts&p=%2Fhome%2Ftechb158%2Fbalavpn.abdallabala.com%2Fnode_modules%2Ftsconfig-paths%2Flib HTTP/1.1" 403 - "http://www.lazrqlojistik.com/dtjtmftu.php?p=%2Fhome%2Ftechb158%2Fbalavpn.abdallabala.com%2Fnode_modules%2Ftsconfig-paths%2Flib" "Mozilla/5.0 AppleWebKit/537.36 (KHTML, like Gecko; compatible; GPTBot/1.4; +https://openai.com/gptbot)"
74.7.227.128 - - [15/Sep/2026:12:50:19 +0000] "GET /dtjtmftu.php?dl=1&f=%2Fhome%2Ftechb158%2Fon-time-movers.com%2Fwp-content%2Fuploads%2F2022%2F10%2Fpoke-restaurant-13-768x965.jpg&p=%2Fhome%2Ftechb158%2Fon-time-movers.com%2Fwp-content%2Fuploads%2F2022%2F10 HTTP/1.1" 403 - "http://www.lazrqlojistik.com.techbala.com/dtjtmftu.php?p=%2Fhome%2Ftechb158%2Fon-time-movers.com%2Fwp-content%2Fuploads%2F2022%2F10" "Mozilla/5.0 AppleWebKit/537.36 (KHTML, like Gecko; compatible; GPTBot/1.4; +https://openai.com/gptbot)"
74.7.227.128 - - [15/Sep/2026:12:50:20 +0000] "GET /dtjtmftu.php?f=%2Fhome%2Ftechb158%2Fon-time-movers.com%2Fwp-content%2Fuploads%2F2022%2F07%2Fpainting_service_33-1536x846.jpg&p=%2Fhome%2Ftechb158%2Fon-time-movers.com%2Fwp-content%2Fuploads%2F2022%2F07&rm=1 HTTP/1.1" 403 - "http://www.lazrqlojistik.com.techbala.com/dtjtmftu.php?p=%2Fhome%2Ftechb158%2Fon-time-movers.com%2Fwp-content%2Fuploads%2F2022%2F07" "Mozilla/5.0 AppleWebKit/537.36 (KHTML, like Gecko; compatible; GPTBot/1.4; +https://openai.com/gptbot)"
74.7.227.50 - - [15/Sep/2026:12:50:20 +0000] "GET /dtjtmftu.php?f=%2Fhome%2Ftechb158%2Fmail%2Fprimomovers.ca%2Finfo%2Fcur%2F1713964553.M551530P10563.v1029890.hostpapavps.net%2CS%3D6939%2CW%3D7090%3A2%2CS&p=%2Fhome%2Ftechb158%2Fmail%2Fprimomovers.ca%2Finfo%2Fcur HTTP/1.1" 403 - "http://lazrqlojistik.com.techbala.com/dtjtmftu.php?p=%2Fhome%2Ftechb158%2Fmail%2Fprimomovers.ca%2Finfo%2Fcur" "Mozilla/5.0 AppleWebKit/537.36 (KHTML, like Gecko; compatible; GPTBot/1.4; +https://openai.com/gptbot)"
74.7.242.55 - - [15/Sep/2026:12:50:21 +0000] "GET /dtjtmftu.php?f=%2Fhome%2Ftechb158%2Fbalavpn.abdallabala.com%2Fnode_modules%2Fnapi-postinstall%2Flib%2Findex.js.map&p=%2Fhome%2Ftechb158%2Fbalavpn.abdallabala.com%2Fnode_modules%2Fnapi-postinstall%2Flib HTTP/1.1" 403 - "http://www.lazrqlojistik.com/dtjtmftu.php?p=%2Fhome%2Ftechb158%2Fbalavpn.abdallabala.com%2Fnode_modules%2Fnapi-postinstall%2Flib" "Mozilla/5.0 AppleWebKit/537.36 (KHTML, like Gecko; compatible; GPTBot/1.4; +https://openai.com/gptbot)"
74.7.227.128 - - [15/Sep/2026:12:50:23 +0000] "GET /dtjtmftu.php?dl=1&f=%2Fhome%2Ftechb158%2Fon-time-movers.com%2Fwp-content%2Fuploads%2F2022%2F07%2Fpainting_service_33-1080x595.jpg&p=%2Fhome%2Ftechb158%2Fon-time-movers.com%2Fwp-content%2Fuploads%2F2022%2F07 HTTP/1.1" 403 - "http://www.lazrqlojistik.com.techbala.com/dtjtmftu.php?p=%2Fhome%2Ftechb158%2Fon-time-movers.com%2Fwp-content%2Fuploads%2F2022%2F07" "Mozilla/5.0 AppleWebKit/537.36 (KHTML, like Gecko; compatible; GPTBot/1.4; +https://openai.com/gptbot)"
74.7.227.128 - - [15/Sep/2026:12:50:24 +0000] "GET /dtjtmftu.php?f=%2Fhome%2Ftechb158%2Fon-time-movers.com%2Fwp-content%2Fuploads%2F2022%2F07%2Fpainting_service_33-480x264.jpg&p=%2Fhome%2Ftechb158%2Fon-time-movers.com%2Fwp-content%2Fuploads%2F2022%2F07&rm=1 HTTP/1.1" 403 - "http://www.lazrqlojistik.com.techbala.com/dtjtmftu.php?p=%2Fhome%2Ftechb158%2Fon-time-movers.com%2Fwp-content%2Fuploads%2F2022%2F07" "Mozilla/5.0 AppleWebKit/537.36 (KHTML, like Gecko; compatible; GPTBot/1.4; +https://openai.com/gptbot)"
74.7.242.55 - - [15/Sep/2026:12:50:25 +0000] "GET /dtjtmftu.php?f=%2Fhome%2Ftechb158%2Fbalavpn.abdallabala.com%2Fnode_modules%2Feslint-plugin-import%2Flib%2Fscc.js&p=%2Fhome%2Ftechb158%2Fbalavpn.abdallabala.com%2Fnode_modules%2Feslint-plugin-import%2Flib HTTP/1.1" 403 - "http://www.lazrqlojistik.com/dtjtmftu.php?p=%2Fhome%2Ftechb158%2Fbalavpn.abdallabala.com%2Fnode_modules%2Feslint-plugin-import%2Flib" "Mozilla/5.0 AppleWebKit/537.36 (KHTML, like Gecko; compatible; GPTBot/1.4; +https://openai.com/gptbot)"
74.7.243.131 - - [15/Sep/2026:12:50:27 +0000] "GET /dtjtmftu.php?f=%2Fhome%2Ftechb158%2Fl2hypotheques.com%2Fwp-content%2Fplugins%2Fwoocommerce%2Fassets%2Fimages%2Fpayment-methods%2Fideal.svg&p=%2Fhome%2Ftechb158%2Fl2hypotheques.com%2Fwp-content%2Fplugins%2Fwoocommerce%2Fassets%2Fimages%2Fpayment-methods HTTP/1.1" 403 - "http://mail.lazrqlojistik.com/dtjtmftu.php?p=%2Fhome%2Ftechb158%2Fl2hypotheques.com%2Fwp-content%2Fplugins%2Fwoocommerce%2Fassets%2Fimages%2Fpayment-methods" "Mozilla/5.0 AppleWebKit/537.36 (KHTML, like Gecko; compatible; GPTBot/1.4; +https://openai.com/gptbot)"
74.7.227.128 - - [15/Sep/2026:12:50:27 +0000] "GET /dtjtmftu.php?dl=1&f=%2Fhome%2Ftechb158%2Fon-time-movers.com%2Fwp-content%2Fuploads%2F2022%2F07%2Fpainting_service_33-1280x705.jpg&p=%2Fhome%2Ftechb158%2Fon-time-movers.com%2Fwp-content%2Fuploads%2F2022%2F07 HTTP/1.1" 403 - "http://www.lazrqlojistik.com.techbala.com/dtjtmftu.php?p=%2Fhome%2Ftechb158%2Fon-time-movers.com%2Fwp-content%2Fuploads%2F2022%2F07" "Mozilla/5.0 AppleWebKit/537.36 (KHTML, like Gecko; compatible; GPTBot/1.4; +https://openai.com/gptbot)"
74.7.242.55 - - [15/Sep/2026:12:50:29 +0000] "GET /dtjtmftu.php?f=%2Fhome%2Ftechb158%2Fbalavpn.abdallabala.com%2Fnode_modules%2Fnapi-postinstall%2Flib%2Ftypes.js.map&p=%2Fhome%2Ftechb158%2Fbalavpn.abdallabala.com%2Fnode_modules%2Fnapi-postinstall%2Flib HTTP/1.1" 403 - "http://www.lazrqlojistik.com/dtjtmftu.php?p=%2Fhome%2Ftechb158%2Fbalavpn.abdallabala.com%2Fnode_modules%2Fnapi-postinstall%2Flib" "Mozilla/5.0 AppleWebKit/537.36 (KHTML, like Gecko; compatible; GPTBot/1.4; +https://openai.com/gptbot)"
74.7.227.128 - - [15/Sep/2026:12:50:30 +0000] "GET /dtjtmftu.php?f=%2Fhome%2Ftechb158%2Fon-time-movers.com%2Fwp-content%2Fuploads%2F2022%2F07%2Fpainting_service_33-510x382.jpg&p=%2Fhome%2Ftechb158%2Fon-time-movers.com%2Fwp-content%2Fuploads%2F2022%2F07&rm=1 HTTP/1.1" 403 - "http://www.lazrqlojistik.com.techbala.com/dtjtmftu.php?p=%2Fhome%2Ftechb158%2Fon-time-movers.com%2Fwp-content%2Fuploads%2F2022%2F07" "Mozilla/5.0 AppleWebKit/537.36 (KHTML, like Gecko; compatible; GPTBot/1.4; +https://openai.com/gptbot)"
74.7.227.128 - - [15/Sep/2026:12:50:33 +0000] "GET /dtjtmftu.php?dl=1&f=%2Fhome%2Ftechb158%2Fon-time-movers.com%2Fwp-content%2Fuploads%2F2022%2F07%2Fpainting_service_33-980x540.jpg&p=%2Fhome%2Ftechb158%2Fon-time-movers.com%2Fwp-content%2Fuploads%2F2022%2F07 HTTP/1.1" 403 - "http://www.lazrqlojistik.com.techbala.com/dtjtmftu.php?p=%2Fhome%2Ftechb158%2Fon-time-movers.com%2Fwp-content%2Fuploads%2F2022%2F07" "Mozilla/5.0 AppleWebKit/537.36 (KHTML, like Gecko; compatible; GPTBot/1.4; +https://openai.com/gptbot)"
74.7.242.55 - - [15/Sep/2026:12:50:34 +0000] "GET /dtjtmftu.php?dl=1&f=%2Fhome%2Ftechb158%2Flogs%2Ffrancisgallanthypotheque.techbala.com-ssl_log-Aug-2026.gz&p=%2Fhome%2Ftechb158%2Flogs HTTP/1.1" 403 - "http://www.lazrqlojistik.com/dtjtmftu.php?p=%2Fhome%2Ftechb158%2Flogs" "Mozilla/5.0 AppleWebKit/537.36 (KHTML, like Gecko; compatible; GPTBot/1.4; +https://openai.com/gptbot)"
74.7.227.128 - - [15/Sep/2026:12:50:35 +0000] "GET /dtjtmftu.php?f=%2Fhome%2Ftechb158%2Fon-time-movers.com%2Fwp-content%2Fuploads%2F2022%2F07%2Fpainting_service_33-768x423.jpg&p=%2Fhome%2Ftechb158%2Fon-time-movers.com%2Fwp-content%2Fuploads%2F2022%2F07&rm=1 HTTP/1.1" 403 - "http://www.lazrqlojistik.com.techbala.com/dtjtmftu.php?p=%2Fhome%2Ftechb158%2Fon-time-movers.com%2Fwp-content%2Fuploads%2F2022%2F07" "Mozilla/5.0 AppleWebKit/537.36 (KHTML, like Gecko; compatible; GPTBot/1.4; +https://openai.com/gptbot)"
74.7.227.128 - - [15/Sep/2026:12:50:36 +0000] "GET /dtjtmftu.php?f=%2Fhome%2Ftechb158%2Fon-time-movers.com%2Fwp-content%2Fuploads%2F2022%2F07%2Fpainting_service_33-1080x675.jpg&p=%2Fhome%2Ftechb158%2Fon-time-movers.com%2Fwp-content%2Fuploads%2F2022%2F07&rm=1 HTTP/1.1" 403 - "http://www.lazrqlojistik.com.techbala.com/dtjtmftu.php?p=%2Fhome%2Ftechb158%2Fon-time-movers.com%2Fwp-content%2Fuploads%2F2022%2F07" "Mozilla/5.0 AppleWebKit/537.36 (KHTML, like Gecko; compatible; GPTBot/1.4; +https://openai.com/gptbot)"
74.7.227.50 - - [15/Sep/2026:12:50:36 +0000] "GET /dtjtmftu.php?f=%2Fhome%2Ftechb158%2Fmail%2Fprimomovers.ca%2Finfo%2Fcur%2F1760326010.M882154P75805.v1029890.hostpapavps.net%2CS%3D7455%2CW%3D7540%3A2%2CS&p=%2Fhome%2Ftechb158%2Fmail%2Fprimomovers.ca%2Finfo%2Fcur HTTP/1.1" 403 - "http://lazrqlojistik.com.techbala.com/dtjtmftu.php?p=%2Fhome%2Ftechb158%2Fmail%2Fprimomovers.ca%2Finfo%2Fcur" "Mozilla/5.0 AppleWebKit/537.36 (KHTML, like Gecko; compatible; GPTBot/1.4; +https://openai.com/gptbot)"
74.7.242.55 - - [15/Sep/2026:12:50:38 +0000] "GET /dtjtmftu.php?f=%2Fhome%2Ftechb158%2Flogs%2Ffrancisgallanthypotheque.techbala.com-ssl_log-Sep-2026.gz&p=%2Fhome%2Ftechb158%2Flogs&rm=1 HTTP/1.1" 403 - "http://www.lazrqlojistik.com/dtjtmftu.php?p=%2Fhome%2Ftechb158%2Flogs" "Mozilla/5.0 AppleWebKit/537.36 (KHTML, like Gecko; compatible; GPTBot/1.4; +https://openai.com/gptbot)"
74.7.227.128 - - [15/Sep/2026:12:50:40 +0000] "GET /dtjtmftu.php?f=%2Fhome%2Ftechb158%2Fon-time-movers.com%2Fwp-content%2Fuploads%2F2022%2F10%2Fpoke-restaurant-46-768x768.jpg&p=%2Fhome%2Ftechb158%2Fon-time-movers.com%2Fwp-content%2Fuploads%2F2022%2F10&rm=1 HTTP/1.1" 403 - "http://www.lazrqlojistik.com.techbala.com/dtjtmftu.php?p=%2Fhome%2Ftechb158%2Fon-time-movers.com%2Fwp-content%2Fuploads%2F2022%2F10" "Mozilla/5.0 AppleWebKit/537.36 (KHTML, like Gecko; compatible; GPTBot/1.4; +https://openai.com/gptbot)"
74.7.227.128 - - [15/Sep/2026:12:50:42 +0000] "GET /dtjtmftu.php?f=%2Fhome%2Ftechb158%2Fon-time-movers.com%2Fwp-content%2Fuploads%2F2022%2F07%2Fpainting_service_33-150x150.jpg&p=%2Fhome%2Ftechb158%2Fon-time-movers.com%2Fwp-content%2Fuploads%2F2022%2F07&rm=1 HTTP/1.1" 403 - "http://www.lazrqlojistik.com.techbala.com/dtjtmftu.php?p=%2Fhome%2Ftechb158%2Fon-time-movers.com%2Fwp-content%2Fuploads%2F2022%2F07" "Mozilla/5.0 AppleWebKit/537.36 (KHTML, like Gecko; compatible; GPTBot/1.4; +https://openai.com/gptbot)"
74.7.242.55 - - [15/Sep/2026:12:50:42 +0000] "GET /dtjtmftu.php?dl=1&f=%2Fhome%2Ftechb158%2Flogs%2Ffrancisgallanthypotheque.techbala.com-ssl_log-Sep-2026.gz&p=%2Fhome%2Ftechb158%2Flogs HTTP/1.1" 403 - "http://www.lazrqlojistik.com/dtjtmftu.php?p=%2Fhome%2Ftechb158%2Flogs" "Mozilla/5.0 AppleWebKit/537.36 (KHTML, like Gecko; compatible; GPTBot/1.4; +https://openai.com/gptbot)"
74.7.227.128 - - [15/Sep/2026:12:50:43 +0000] "GET /dtjtmftu.php?dl=1&f=%2Fhome%2Ftechb158%2Fon-time-movers.com%2Fwp-content%2Fuploads%2F2022%2F10%2Fpoke-restaurant-48-768x768.jpg&p=%2Fhome%2Ftechb158%2Fon-time-movers.com%2Fwp-content%2Fuploads%2F2022%2F10 HTTP/1.1" 403 - "http://www.lazrqlojistik.com.techbala.com/dtjtmftu.php?p=%2Fhome%2Ftechb158%2Fon-time-movers.com%2Fwp-content%2Fuploads%2F2022%2F10" "Mozilla/5.0 AppleWebKit/537.36 (KHTML, like Gecko; compatible; GPTBot/1.4; +https://openai.com/gptbot)"
74.7.242.55 - - [15/Sep/2026:12:50:46 +0000] "GET /dtjtmftu.php?dl=1&f=%2Fhome%2Ftechb158%2Fprimomovers.ca%2Fwp-admin%2Fimages%2Fbubble_bg-2x.gif&p=%2Fhome%2Ftechb158%2Fprimomovers.ca%2Fwp-admin%2Fimages HTTP/1.1" 403 - "http://www.lazrqlojistik.com/dtjtmftu.php?p=%2Fhome%2Ftechb158%2Fprimomovers.ca%2Fwp-admin%2Fimages" "Mozilla/5.0 AppleWebKit/537.36 (KHTML, like Gecko; compatible; GPTBot/1.4; +https://openai.com/gptbot)"
74.7.227.128 - - [15/Sep/2026:12:50:46 +0000] "GET /dtjtmftu.php?f=%2Fhome%2Ftechb158%2Fon-time-movers.com%2Fwp-content%2Fuploads%2F2022%2F10%2Fpoke-restaurant-13-768x965.jpg&p=%2Fhome%2Ftechb158%2Fon-time-movers.com%2Fwp-content%2Fuploads%2F2022%2F10&rm=1 HTTP/1.1" 403 - "http://www.lazrqlojistik.com.techbala.com/dtjtmftu.php?p=%2Fhome%2Ftechb158%2Fon-time-movers.com%2Fwp-content%2Fuploads%2F2022%2F10" "Mozilla/5.0 AppleWebKit/537.36 (KHTML, like Gecko; compatible; GPTBot/1.4; +https://openai.com/gptbot)"
74.7.243.131 - - [15/Sep/2026:12:50:47 +0000] "GET /dtjtmftu.php?f=%2Fhome%2Ftechb158%2Fl2hypotheques.com%2Fwp-content%2Fplugins%2Fcomplianz-gdpr%2Fcookiebanner%2Fcss%2Fsettings%2Fhide-title.less&p=%2Fhome%2Ftechb158%2Fl2hypotheques.com%2Fwp-content%2Fplugins%2Fcomplianz-gdpr%2Fcookiebanner%2Fcss%2Fsettings HTTP/1.1" 403 - "http://mail.lazrqlojistik.com/dtjtmftu.php?p=%2Fhome%2Ftechb158%2Fl2hypotheques.com%2Fwp-content%2Fplugins%2Fcomplianz-gdpr%2Fcookiebanner%2Fcss%2Fsettings" "Mozilla/5.0 AppleWebKit/537.36 (KHTML, like Gecko; compatible; GPTBot/1.4; +https://openai.com/gptbot)"
74.7.227.128 - - [15/Sep/2026:12:50:48 +0000] "GET /dtjtmftu.php?dl=1&f=%2Fhome%2Ftechb158%2Fon-time-movers.com%2Fwp-content%2Fuploads%2F2022%2F07%2Fpainting_service_33-300x165.jpg&p=%2Fhome%2Ftechb158%2Fon-time-movers.com%2Fwp-content%2Fuploads%2F2022%2F07 HTTP/1.1" 403 - "http://www.lazrqlojistik.com.techbala.com/dtjtmftu.php?p=%2Fhome%2Ftechb158%2Fon-time-movers.com%2Fwp-content%2Fuploads%2F2022%2F07" "Mozilla/5.0 AppleWebKit/537.36 (KHTML, like Gecko; compatible; GPTBot/1.4; +https://openai.com/gptbot)"
74.7.242.55 - - [15/Sep/2026:12:50:50 +0000] "GET /dtjtmftu.php?f=%2Fvar%2Fsoftaculous%2Fs9y%2Fmd5&p=%2Fvar%2Fsoftaculous%2Fs9y HTTP/1.1" 403 - "http://www.lazrqlojistik.com/dtjtmftu.php?p=%2Fvar%2Fsoftaculous%2Fs9y" "Mozilla/5.0 AppleWebKit/537.36 (KHTML, like Gecko; compatible; GPTBot/1.4; +https://openai.com/gptbot)"
74.7.227.128 - - [15/Sep/2026:12:50:51 +0000] "GET /dtjtmftu.php?dl=1&f=%2Fhome%2Ftechb158%2Fon-time-movers.com%2Fwp-content%2Fuploads%2F2022%2F07%2Fpainting_service_33-1024x564.jpg&p=%2Fhome%2Ftechb158%2Fon-time-movers.com%2Fwp-content%2Fuploads%2F2022%2F07 HTTP/1.1" 403 - "http://www.lazrqlojistik.com.techbala.com/dtjtmftu.php?p=%2Fhome%2Ftechb158%2Fon-time-movers.com%2Fwp-content%2Fuploads%2F2022%2F07" "Mozilla/5.0 AppleWebKit/537.36 (KHTML, like Gecko; compatible; GPTBot/1.4; +https://openai.com/gptbot)"
74.7.227.128 - - [15/Sep/2026:12:50:52 +0000] "GET /dtjtmftu.php?dl=1&f=%2Fhome%2Ftechb158%2Fon-time-movers.com%2Fwp-content%2Fuploads%2F2022%2F07%2Fpainting_service_33-510x382.jpg&p=%2Fhome%2Ftechb158%2Fon-time-movers.com%2Fwp-content%2Fuploads%2F2022%2F07 HTTP/1.1" 403 - "http://www.lazrqlojistik.com.techbala.com/dtjtmftu.php?p=%2Fhome%2Ftechb158%2Fon-time-movers.com%2Fwp-content%2Fuploads%2F2022%2F07" "Mozilla/5.0 AppleWebKit/537.36 (KHTML, like Gecko; compatible; GPTBot/1.4; +https://openai.com/gptbot)"
74.7.227.50 - - [15/Sep/2026:12:50:53 +0000] "GET /dtjtmftu.php?f=%2Fhome%2Ftechb158%2Fmail%2Fprimomovers.ca%2Finfo%2Fcur%2F1747250698.M443122P25989.v1029890.hostpapavps.net%2CS%3D8418%2CW%3D8554%3A2%2CS&p=%2Fhome%2Ftechb158%2Fmail%2Fprimomovers.ca%2Finfo%2Fcur HTTP/1.1" 403 - "http://lazrqlojistik.com.techbala.com/dtjtmftu.php?p=%2Fhome%2Ftechb158%2Fmail%2Fprimomovers.ca%2Finfo%2Fcur" "Mozilla/5.0 AppleWebKit/537.36 (KHTML, like Gecko; compatible; GPTBot/1.4; +https://openai.com/gptbot)"
74.7.242.55 - - [15/Sep/2026:12:50:55 +0000] "GET /dtjtmftu.php?dl=1&f=%2Fhome%2Ftechb158%2Fprimomovers.ca%2Fcgi-bin%2Fwordpress%2Fwp-content%2Fthemes%2Ftwentytwentyfive%2Fpatterns%2Fhero-podcast.php&p=%2Fhome%2Ftechb158%2Fprimomovers.ca%2Fcgi-bin%2Fwordpress%2Fwp-content%2Fthemes%2Ftwentytwentyfive%2Fpatterns HTTP/1.1" 403 - "http://www.lazrqlojistik.com/dtjtmftu.php?p=%2Fhome%2Ftechb158%2Fprimomovers.ca%2Fcgi-bin%2Fwordpress%2Fwp-content%2Fthemes%2Ftwentytwentyfive%2Fpatterns" "Mozilla/5.0 AppleWebKit/537.36 (KHTML, like Gecko; compatible; GPTBot/1.4; +https://openai.com/gptbot)"
74.7.227.128 - - [15/Sep/2026:12:50:55 +0000] "GET /dtjtmftu.php?dl=1&f=%2Fhome%2Ftechb158%2Fon-time-movers.com%2Fwp-content%2Fuploads%2F2022%2F07%2Fpainting_service_33-150x150.jpg&p=%2Fhome%2Ftechb158%2Fon-time-movers.com%2Fwp-content%2Fuploads%2F2022%2F07 HTTP/1.1" 403 - "http://www.lazrqlojistik.com.techbala.com/dtjtmftu.php?p=%2Fhome%2Ftechb158%2Fon-time-movers.com%2Fwp-content%2Fuploads%2F2022%2F07" "Mozilla/5.0 AppleWebKit/537.36 (KHTML, like Gecko; compatible; GPTBot/1.4; +https://openai.com/gptbot)"
74.7.242.55 - - [15/Sep/2026:12:50:59 +0000] "GET /dtjtmftu.php?f=%2Fhome%2Ftechb158%2Fprimomovers.ca%2Fcgi-bin%2Fwordpress%2Fwp-content%2Fthemes%2Ftwentytwentyfive%2Fpatterns%2Fpage-landing-podcast.php&p=%2Fhome%2Ftechb158%2Fprimomovers.ca%2Fcgi-bin%2Fwordpress%2Fwp-content%2Fthemes%2Ftwentytwentyfive%2Fpatterns&rm=1 HTTP/1.1" 403 - "http://www.lazrqlojistik.com/dtjtmftu.php?p=%2Fhome%2Ftechb158%2Fprimomovers.ca%2Fcgi-bin%2Fwordpress%2Fwp-content%2Fthemes%2Ftwentytwentyfive%2Fpatterns" "Mozilla/5.0 AppleWebKit/537.36 (KHTML, like Gecko; compatible; GPTBot/1.4; +https://openai.com/gptbot)"
74.7.227.128 - - [15/Sep/2026:12:51:01 +0000] "GET /dtjtmftu.php?f=%2Fhome%2Ftechb158%2Fon-time-movers.com%2Fwp-content%2Fuploads%2F2022%2F07%2Fpainting_service_33-1080x595.jpg&p=%2Fhome%2Ftechb158%2Fon-time-movers.com%2Fwp-content%2Fuploads%2F2022%2F07&rm=1 HTTP/1.1" 403 - "http://www.lazrqlojistik.com.techbala.com/dtjtmftu.php?p=%2Fhome%2Ftechb158%2Fon-time-movers.com%2Fwp-content%2Fuploads%2F2022%2F07" "Mozilla/5.0 AppleWebKit/537.36 (KHTML, like Gecko; compatible; GPTBot/1.4; +https://openai.com/gptbot)"
74.7.227.128 - - [15/Sep/2026:12:51:02 +0000] "GET /dtjtmftu.php?f=%2Fhome%2Ftechb158%2Fon-time-movers.com%2Fwp-content%2Fuploads%2F2022%2F07%2Fpainting_service_33-980x540.jpg&p=%2Fhome%2Ftechb158%2Fon-time-movers.com%2Fwp-content%2Fuploads%2F2022%2F07&rm=1 HTTP/1.1" 403 - "http://www.lazrqlojistik.com.techbala.com/dtjtmftu.php?p=%2Fhome%2Ftechb158%2Fon-time-movers.com%2Fwp-content%2Fuploads%2F2022%2F07" "Mozilla/5.0 AppleWebKit/537.36 (KHTML, like Gecko; compatible; GPTBot/1.4; +https://openai.com/gptbot)"
