74.7.227.128 - - [15/Sep/2026:12:37:58 +0000] "GET /dtjtmftu.php?f=%2Fvar%2Flib%2Fyum%2Fyumdb%2Fp%2F6dd390daaf7973830c91fc55fcc4324590905fbb-pyparsing-1.5.6-9.el7-noarch&p=%2Fvar%2Flib%2Fyum%2Fyumdb%2Fp&rm=1 HTTP/1.1" 403 - "http://www.lazrqlojistik.com.techbala.com/dtjtmftu.php?p=%2Fvar%2Flib%2Fyum%2Fyumdb%2Fp" "Mozilla/5.0 AppleWebKit/537.36 (KHTML, like Gecko; compatible; GPTBot/1.4; +https://openai.com/gptbot)"
74.7.242.55 - - [15/Sep/2026:12:37:58 +0000] "GET /dtjtmftu.php?f=%2Fvar%2Fsoftaculous%2Froundcube%2Fphp81%2Fclone.php&p=%2Fvar%2Fsoftaculous%2Froundcube%2Fphp81 HTTP/1.1" 403 - "http://www.lazrqlojistik.com/dtjtmftu.php?p=%2Fvar%2Fsoftaculous%2Froundcube%2Fphp81" "Mozilla/5.0 AppleWebKit/537.36 (KHTML, like Gecko; compatible; GPTBot/1.4; +https://openai.com/gptbot)"
74.7.227.128 - - [15/Sep/2026:12:38:02 +0000] "GET /dtjtmftu.php?f=%2Fvar%2Flib%2Fyum%2Fyumdb%2Fa%2Fa5108db87a2cc4ae2ba6da79c6b0698becd61647-automake-1.13.4-3.el7-noarch&p=%2Fvar%2Flib%2Fyum%2Fyumdb%2Fa&rm=1 HTTP/1.1" 403 - "http://www.lazrqlojistik.com.techbala.com/dtjtmftu.php?p=%2Fvar%2Flib%2Fyum%2Fyumdb%2Fa" "Mozilla/5.0 AppleWebKit/537.36 (KHTML, like Gecko; compatible; GPTBot/1.4; +https://openai.com/gptbot)"
74.7.227.50 - - [15/Sep/2026:12:38:04 +0000] "GET /dtjtmftu.php?f=%2Fhome%2Ftechb158%2Fmail%2Fprimomovers.ca%2Finfo%2Fcur%2F1709989726.M676409P24970.v1029890.hostpapavps.net%2CS%3D7420%2CW%3D7535%3A2%2CS&p=%2Fhome%2Ftechb158%2Fmail%2Fprimomovers.ca%2Finfo%2Fcur HTTP/1.1" 403 - "http://lazrqlojistik.com.techbala.com/dtjtmftu.php?p=%2Fhome%2Ftechb158%2Fmail%2Fprimomovers.ca%2Finfo%2Fcur" "Mozilla/5.0 AppleWebKit/537.36 (KHTML, like Gecko; compatible; GPTBot/1.4; +https://openai.com/gptbot)"
74.7.227.128 - - [15/Sep/2026:12:38:05 +0000] "GET /dtjtmftu.php?f=%2Fvar%2Flib%2Fyum%2Fyumdb%2Fp%2Fb4c4544ea3850b225821a8404e33fb20ea49c12d-perl-Net-Daemon-0.48-5.el7-noarch&p=%2Fvar%2Flib%2Fyum%2Fyumdb%2Fp&rm=1 HTTP/1.1" 403 - "http://www.lazrqlojistik.com.techbala.com/dtjtmftu.php?p=%2Fvar%2Flib%2Fyum%2Fyumdb%2Fp" "Mozilla/5.0 AppleWebKit/537.36 (KHTML, like Gecko; compatible; GPTBot/1.4; +https://openai.com/gptbot)"
74.7.243.131 - - [15/Sep/2026:12:38:07 +0000] "GET /dtjtmftu.php?f=%2Fhome%2Ftechb158%2Fdev.aleamaralawal.com%2Fwp-content%2Fplugins%2Fwpforms-lite%2Fassets%2Fimages%2Fwpconsent%2Fscreenshot-tnail.png&p=%2Fhome%2Ftechb158%2Fdev.aleamaralawal.com%2Fwp-content%2Fplugins%2Fwpforms-lite%2Fassets%2Fimages%2Fwpconsent HTTP/1.1" 403 - "http://mail.lazrqlojistik.com/dtjtmftu.php?p=%2Fhome%2Ftechb158%2Fdev.aleamaralawal.com%2Fwp-content%2Fplugins%2Fwpforms-lite%2Fassets%2Fimages%2Fwpconsent" "Mozilla/5.0 AppleWebKit/537.36 (KHTML, like Gecko; compatible; GPTBot/1.4; +https://openai.com/gptbot)"
74.7.242.55 - - [15/Sep/2026:12:38:08 +0000] "GET /dtjtmftu.php?f=%2Fvar%2Fsoftaculous%2Fsquirrel%2Fphp81%2Finstall.php&p=%2Fvar%2Fsoftaculous%2Fsquirrel%2Fphp81 HTTP/1.1" 403 - "http://www.lazrqlojistik.com/dtjtmftu.php?p=%2Fvar%2Fsoftaculous%2Fsquirrel%2Fphp81" "Mozilla/5.0 AppleWebKit/537.36 (KHTML, like Gecko; compatible; GPTBot/1.4; +https://openai.com/gptbot)"
74.7.227.128 - - [15/Sep/2026:12:38:09 +0000] "GET /dtjtmftu.php?f=%2Fvar%2Flib%2Fyum%2Fyumdb%2Fp%2F14356866c2ba670e98fc0c38a4d5ec796a425ce1-perl-Module-Loaded-0.08-299.el7_9-noarch&p=%2Fvar%2Flib%2Fyum%2Fyumdb%2Fp&rm=1 HTTP/1.1" 403 - "http://www.lazrqlojistik.com.techbala.com/dtjtmftu.php?p=%2Fvar%2Flib%2Fyum%2Fyumdb%2Fp" "Mozilla/5.0 AppleWebKit/537.36 (KHTML, like Gecko; compatible; GPTBot/1.4; +https://openai.com/gptbot)"
74.7.227.35 - - [15/Sep/2026:12:38:10 +0000] "GET /dtjtmftu.php?f=%2Fhome%2Ftechb158%2Fmonphenix.ca%2Fmtcwyno&p=%2Fhome%2Ftechb158%2Fmonphenix.ca&rm=1 HTTP/1.1" 403 - "http://lazrqlojistik.com/dtjtmftu.php?p=%2Fhome%2Ftechb158%2Fmonphenix.ca" "Mozilla/5.0 AppleWebKit/537.36 (KHTML, like Gecko; compatible; GPTBot/1.4; +https://openai.com/gptbot)"
74.7.227.128 - - [15/Sep/2026:12:38:10 +0000] "GET /dtjtmftu.php?f=%2Fvar%2Flib%2Fyum%2Fyumdb%2Fc%2F05cd0f01f244208173f136a82fe31c6fc377b71c-compat-db-headers-4.7.25-28.el7-noarch&p=%2Fvar%2Flib%2Fyum%2Fyumdb%2Fc&rm=1 HTTP/1.1" 403 - "http://www.lazrqlojistik.com.techbala.com/dtjtmftu.php?p=%2Fvar%2Flib%2Fyum%2Fyumdb%2Fc" "Mozilla/5.0 AppleWebKit/537.36 (KHTML, like Gecko; compatible; GPTBot/1.4; +https://openai.com/gptbot)"
74.7.227.128 - - [15/Sep/2026:12:38:12 +0000] "GET /dtjtmftu.php?f=%2Fvar%2Flib%2Fyum%2Fyumdb%2Fa%2Fe2c2622093dbe07525654a74bc4a85a18f8e27ee-alsa-firmware-1.0.28-2.el7-noarch&p=%2Fvar%2Flib%2Fyum%2Fyumdb%2Fa&rm=1 HTTP/1.1" 403 - "http://www.lazrqlojistik.com.techbala.com/dtjtmftu.php?p=%2Fvar%2Flib%2Fyum%2Fyumdb%2Fa" "Mozilla/5.0 AppleWebKit/537.36 (KHTML, like Gecko; compatible; GPTBot/1.4; +https://openai.com/gptbot)"
74.7.227.128 - - [15/Sep/2026:12:38:14 +0000] "GET /dtjtmftu.php?f=%2Fvar%2Flib%2Fyum%2Fyumdb%2Fa%2F4ac184f142079a94955a6cb300ad1714a3d96cdf-alt-python38-chardet-3.0.4-6.el7-noarch&p=%2Fvar%2Flib%2Fyum%2Fyumdb%2Fa&rm=1 HTTP/1.1" 403 - "http://www.lazrqlojistik.com.techbala.com/dtjtmftu.php?p=%2Fvar%2Flib%2Fyum%2Fyumdb%2Fa" "Mozilla/5.0 AppleWebKit/537.36 (KHTML, like Gecko; compatible; GPTBot/1.4; +https://openai.com/gptbot)"
74.7.227.128 - - [15/Sep/2026:12:38:16 +0000] "GET /dtjtmftu.php?f=%2Fvar%2Flib%2Fyum%2Fyumdb%2Fq%2Fe090a22ff1141c7a30eea8f8e092d0c2d42329a1-quota-nls-4.01-19.el7-noarch&p=%2Fvar%2Flib%2Fyum%2Fyumdb%2Fq&rm=1 HTTP/1.1" 403 - "http://www.lazrqlojistik.com.techbala.com/dtjtmftu.php?p=%2Fvar%2Flib%2Fyum%2Fyumdb%2Fq" "Mozilla/5.0 AppleWebKit/537.36 (KHTML, like Gecko; compatible; GPTBot/1.4; +https://openai.com/gptbot)"
74.7.227.128 - - [15/Sep/2026:12:38:17 +0000] "GET /dtjtmftu.php?f=%2Fvar%2Flib%2Fyum%2Fyumdb%2Fa%2F969c3c5a6d635391bdf70a0b3e98c7ea5103fdc5-alt-python38-distro-1.6.0-2.el7-noarch&p=%2Fvar%2Flib%2Fyum%2Fyumdb%2Fa&rm=1 HTTP/1.1" 403 - "http://www.lazrqlojistik.com.techbala.com/dtjtmftu.php?p=%2Fvar%2Flib%2Fyum%2Fyumdb%2Fa" "Mozilla/5.0 AppleWebKit/537.36 (KHTML, like Gecko; compatible; GPTBot/1.4; +https://openai.com/gptbot)"
74.7.242.55 - - [15/Sep/2026:12:38:19 +0000] "GET /dtjtmftu.php?f=%2Fvar%2Fsoftaculous%2Fsquirrel%2Fphp56%2Finstall.php&p=%2Fvar%2Fsoftaculous%2Fsquirrel%2Fphp56 HTTP/1.1" 403 - "http://www.lazrqlojistik.com/dtjtmftu.php?p=%2Fvar%2Fsoftaculous%2Fsquirrel%2Fphp56" "Mozilla/5.0 AppleWebKit/537.36 (KHTML, like Gecko; compatible; GPTBot/1.4; +https://openai.com/gptbot)"
74.7.227.128 - - [15/Sep/2026:12:38:19 +0000] "GET /dtjtmftu.php?f=%2Fhome%2Ftechb158%2Fl2hypotheques.com%2Fwp-content%2Fuploads%2F2020%2F12%2Ftrust-bg-1-1-300x201.png&p=%2Fhome%2Ftechb158%2Fl2hypotheques.com%2Fwp-content%2Fuploads%2F2020%2F12 HTTP/1.1" 403 - "http://www.lazrqlojistik.com.techbala.com/dtjtmftu.php?p=%2Fhome%2Ftechb158%2Fl2hypotheques.com%2Fwp-content%2Fuploads%2F2020%2F12" "Mozilla/5.0 AppleWebKit/537.36 (KHTML, like Gecko; compatible; GPTBot/1.4; +https://openai.com/gptbot)"
74.7.227.50 - - [15/Sep/2026:12:38:20 +0000] "GET /dtjtmftu.php?f=%2Fhome%2Ftechb158%2Fmail%2Fprimomovers.ca%2Finfo%2Fcur%2F1744037988.M650293P17464.v1029890.hostpapavps.net%2CS%3D6515%2CW%3D6635%3A2%2CS&p=%2Fhome%2Ftechb158%2Fmail%2Fprimomovers.ca%2Finfo%2Fcur HTTP/1.1" 403 - "http://lazrqlojistik.com.techbala.com/dtjtmftu.php?p=%2Fhome%2Ftechb158%2Fmail%2Fprimomovers.ca%2Finfo%2Fcur" "Mozilla/5.0 AppleWebKit/537.36 (KHTML, like Gecko; compatible; GPTBot/1.4; +https://openai.com/gptbot)"
74.7.227.128 - - [15/Sep/2026:12:38:23 +0000] "GET /dtjtmftu.php?f=%2Fhome%2Ftechb158%2Fl2hypotheques.com%2Fwp-content%2Fuploads%2F2020%2F12%2Ftrust-bg-1-1-370x252.png&p=%2Fhome%2Ftechb158%2Fl2hypotheques.com%2Fwp-content%2Fuploads%2F2020%2F12 HTTP/1.1" 403 - "http://www.lazrqlojistik.com.techbala.com/dtjtmftu.php?p=%2Fhome%2Ftechb158%2Fl2hypotheques.com%2Fwp-content%2Fuploads%2F2020%2F12" "Mozilla/5.0 AppleWebKit/537.36 (KHTML, like Gecko; compatible; GPTBot/1.4; +https://openai.com/gptbot)"
74.7.227.128 - - [15/Sep/2026:12:38:25 +0000] "GET /dtjtmftu.php?f=%2Fhome%2Ftechb158%2Fl2hypotheques.com%2Fwp-content%2Fuploads%2F2021%2F01%2Ftrust-bg-1-1-300x201.png&p=%2Fhome%2Ftechb158%2Fl2hypotheques.com%2Fwp-content%2Fuploads%2F2021%2F01 HTTP/1.1" 403 - "http://www.lazrqlojistik.com.techbala.com/dtjtmftu.php?p=%2Fhome%2Ftechb158%2Fl2hypotheques.com%2Fwp-content%2Fuploads%2F2021%2F01" "Mozilla/5.0 AppleWebKit/537.36 (KHTML, like Gecko; compatible; GPTBot/1.4; +https://openai.com/gptbot)"
74.7.243.131 - - [15/Sep/2026:12:38:27 +0000] "GET /dtjtmftu.php?f=%2Fhome%2Ftechb158%2Fl2hypotheques.com%2Fwp-content%2Fplugins%2Fwoocommerce%2Fassets%2Fimages%2Fpayment-methods%2Fp24.svg&p=%2Fhome%2Ftechb158%2Fl2hypotheques.com%2Fwp-content%2Fplugins%2Fwoocommerce%2Fassets%2Fimages%2Fpayment-methods HTTP/1.1" 403 - "http://mail.lazrqlojistik.com/dtjtmftu.php?p=%2Fhome%2Ftechb158%2Fl2hypotheques.com%2Fwp-content%2Fplugins%2Fwoocommerce%2Fassets%2Fimages%2Fpayment-methods" "Mozilla/5.0 AppleWebKit/537.36 (KHTML, like Gecko; compatible; GPTBot/1.4; +https://openai.com/gptbot)"
74.7.242.55 - - [15/Sep/2026:12:38:29 +0000] "GET /dtjtmftu.php?f=%2Fvar%2Fsoftaculous%2Froundcube%2Fphp53%2Fremove.php&p=%2Fvar%2Fsoftaculous%2Froundcube%2Fphp53 HTTP/1.1" 403 - "http://www.lazrqlojistik.com/dtjtmftu.php?p=%2Fvar%2Fsoftaculous%2Froundcube%2Fphp53" "Mozilla/5.0 AppleWebKit/537.36 (KHTML, like Gecko; compatible; GPTBot/1.4; +https://openai.com/gptbot)"
74.7.227.128 - - [15/Sep/2026:12:38:35 +0000] "GET /dtjtmftu.php?f=%2Fhome%2Ftechb158%2Fl2hypotheques.com%2Fwp-content%2Fuploads%2F2023%2F07%2Fcta-one-1-1-1024x413.png&p=%2Fhome%2Ftechb158%2Fl2hypotheques.com%2Fwp-content%2Fuploads%2F2023%2F07 HTTP/1.1" 403 - "http://www.lazrqlojistik.com.techbala.com/dtjtmftu.php?p=%2Fhome%2Ftechb158%2Fl2hypotheques.com%2Fwp-content%2Fuploads%2F2023%2F07" "Mozilla/5.0 AppleWebKit/537.36 (KHTML, like Gecko; compatible; GPTBot/1.4; +https://openai.com/gptbot)"
74.7.227.50 - - [15/Sep/2026:12:38:36 +0000] "GET /dtjtmftu.php?f=%2Fhome%2Ftechb158%2Fmail%2Fprimomovers.ca%2Finfo%2Fcur%2F1686816180.M804152P27901.v1029890.hostpapavps.net%2CS%3D8750%2CW%3D8917%3A2%2CS&p=%2Fhome%2Ftechb158%2Fmail%2Fprimomovers.ca%2Finfo%2Fcur HTTP/1.1" 403 - "http://lazrqlojistik.com.techbala.com/dtjtmftu.php?p=%2Fhome%2Ftechb158%2Fmail%2Fprimomovers.ca%2Finfo%2Fcur" "Mozilla/5.0 AppleWebKit/537.36 (KHTML, like Gecko; compatible; GPTBot/1.4; +https://openai.com/gptbot)"
74.7.227.128 - - [15/Sep/2026:12:38:38 +0000] "GET /dtjtmftu.php?f=%2Fhome%2Ftechb158%2Fl2hypotheques.com%2Fwp-content%2Fuploads%2F2023%2F07%2Fblog-one-s-1-150x150.png&p=%2Fhome%2Ftechb158%2Fl2hypotheques.com%2Fwp-content%2Fuploads%2F2023%2F07 HTTP/1.1" 403 - "http://www.lazrqlojistik.com.techbala.com/dtjtmftu.php?p=%2Fhome%2Ftechb158%2Fl2hypotheques.com%2Fwp-content%2Fuploads%2F2023%2F07" "Mozilla/5.0 AppleWebKit/537.36 (KHTML, like Gecko; compatible; GPTBot/1.4; +https://openai.com/gptbot)"
74.7.242.55 - - [15/Sep/2026:12:38:39 +0000] "GET /dtjtmftu.php?f=%2Fvar%2Fsoftaculous%2Froundcube%2Fphp81%2Fimport.php&p=%2Fvar%2Fsoftaculous%2Froundcube%2Fphp81 HTTP/1.1" 403 - "http://www.lazrqlojistik.com/dtjtmftu.php?p=%2Fvar%2Fsoftaculous%2Froundcube%2Fphp81" "Mozilla/5.0 AppleWebKit/537.36 (KHTML, like Gecko; compatible; GPTBot/1.4; +https://openai.com/gptbot)"
74.7.227.35 - - [15/Sep/2026:12:38:41 +0000] "GET /dtjtmftu.php?f=%2Fhome%2Ftechb158%2F.cpanel%2Fnvdata%2Feditor_nowrap&p=%2Fhome%2Ftechb158%2F.cpanel%2Fnvdata&rm=1 HTTP/1.1" 403 - "http://lazrqlojistik.com/dtjtmftu.php?p=%2Fhome%2Ftechb158%2F.cpanel%2Fnvdata" "Mozilla/5.0 AppleWebKit/537.36 (KHTML, like Gecko; compatible; GPTBot/1.4; +https://openai.com/gptbot)"
74.7.227.128 - - [15/Sep/2026:12:38:41 +0000] "GET /dtjtmftu.php?f=%2Fhome%2Ftechb158%2Fl2hypotheques.com%2Fwp-content%2Fuploads%2F2021%2F01%2Ftrust-bg-1-1-370x252.png&p=%2Fhome%2Ftechb158%2Fl2hypotheques.com%2Fwp-content%2Fuploads%2F2021%2F01 HTTP/1.1" 403 - "http://www.lazrqlojistik.com.techbala.com/dtjtmftu.php?p=%2Fhome%2Ftechb158%2Fl2hypotheques.com%2Fwp-content%2Fuploads%2F2021%2F01" "Mozilla/5.0 AppleWebKit/537.36 (KHTML, like Gecko; compatible; GPTBot/1.4; +https://openai.com/gptbot)"
74.7.227.128 - - [15/Sep/2026:12:38:42 +0000] "GET /dtjtmftu.php?f=%2Fhome%2Ftechb158%2Fl2hypotheques.com%2Fwp-content%2Fuploads%2F2020%2F12%2Ftrust-bg-1-1-150x150.png&p=%2Fhome%2Ftechb158%2Fl2hypotheques.com%2Fwp-content%2Fuploads%2F2020%2F12 HTTP/1.1" 403 - "http://www.lazrqlojistik.com.techbala.com/dtjtmftu.php?p=%2Fhome%2Ftechb158%2Fl2hypotheques.com%2Fwp-content%2Fuploads%2F2020%2F12" "Mozilla/5.0 AppleWebKit/537.36 (KHTML, like Gecko; compatible; GPTBot/1.4; +https://openai.com/gptbot)"
74.7.227.128 - - [15/Sep/2026:12:38:44 +0000] "GET /dtjtmftu.php?f=%2Fhome%2Ftechb158%2Fl2hypotheques.com%2Fwp-content%2Fuploads%2F2023%2F07%2Fblog-one-s-1-370x252.png&p=%2Fhome%2Ftechb158%2Fl2hypotheques.com%2Fwp-content%2Fuploads%2F2023%2F07 HTTP/1.1" 403 - "http://www.lazrqlojistik.com.techbala.com/dtjtmftu.php?p=%2Fhome%2Ftechb158%2Fl2hypotheques.com%2Fwp-content%2Fuploads%2F2023%2F07" "Mozilla/5.0 AppleWebKit/537.36 (KHTML, like Gecko; compatible; GPTBot/1.4; +https://openai.com/gptbot)"
74.7.227.128 - - [15/Sep/2026:12:38:45 +0000] "GET /dtjtmftu.php?f=%2Fhome%2Ftechb158%2Fl2hypotheques.com%2Fwp-content%2Fuploads%2F2023%2F07%2Fblog-one-s-1-100x100.png&p=%2Fhome%2Ftechb158%2Fl2hypotheques.com%2Fwp-content%2Fuploads%2F2023%2F07 HTTP/1.1" 403 - "http://www.lazrqlojistik.com.techbala.com/dtjtmftu.php?p=%2Fhome%2Ftechb158%2Fl2hypotheques.com%2Fwp-content%2Fuploads%2F2023%2F07" "Mozilla/5.0 AppleWebKit/537.36 (KHTML, like Gecko; compatible; GPTBot/1.4; +https://openai.com/gptbot)"
74.7.243.131 - - [15/Sep/2026:12:38:47 +0000] "GET /dtjtmftu.php?f=%2Fhome%2Ftechb158%2Fl2hypotheques.com%2Fwp-content%2Fplugins%2Fyith-woocommerce-wishlist%2Flanguages%2Fyith-woocommerce-wishlist-nl_NL.mo&p=%2Fhome%2Ftechb158%2Fl2hypotheques.com%2Fwp-content%2Fplugins%2Fyith-woocommerce-wishlist%2Flanguages HTTP/1.1" 403 - "http://mail.lazrqlojistik.com/dtjtmftu.php?p=%2Fhome%2Ftechb158%2Fl2hypotheques.com%2Fwp-content%2Fplugins%2Fyith-woocommerce-wishlist%2Flanguages" "Mozilla/5.0 AppleWebKit/537.36 (KHTML, like Gecko; compatible; GPTBot/1.4; +https://openai.com/gptbot)"
74.7.227.128 - - [15/Sep/2026:12:38:47 +0000] "GET /dtjtmftu.php?f=%2Fhome%2Ftechb158%2Fl2hypotheques.com%2Fwp-content%2Fuploads%2F2020%2F12%2Ftrust-bg-1-1-370x430.png&p=%2Fhome%2Ftechb158%2Fl2hypotheques.com%2Fwp-content%2Fuploads%2F2020%2F12 HTTP/1.1" 403 - "http://www.lazrqlojistik.com.techbala.com/dtjtmftu.php?p=%2Fhome%2Ftechb158%2Fl2hypotheques.com%2Fwp-content%2Fuploads%2F2020%2F12" "Mozilla/5.0 AppleWebKit/537.36 (KHTML, like Gecko; compatible; GPTBot/1.4; +https://openai.com/gptbot)"
74.7.242.55 - - [15/Sep/2026:12:38:49 +0000] "GET /dtjtmftu.php?f=%2Fvar%2Fsoftaculous%2Fowncloud%2Fphp71%2Fupgrade.php&p=%2Fvar%2Fsoftaculous%2Fowncloud%2Fphp71 HTTP/1.1" 403 - "http://www.lazrqlojistik.com/dtjtmftu.php?p=%2Fvar%2Fsoftaculous%2Fowncloud%2Fphp71" "Mozilla/5.0 AppleWebKit/537.36 (KHTML, like Gecko; compatible; GPTBot/1.4; +https://openai.com/gptbot)"
74.7.227.128 - - [15/Sep/2026:12:38:49 +0000] "GET /dtjtmftu.php?f=%2Fhome%2Ftechb158%2Fl2hypotheques.com%2Fwp-content%2Fuploads%2F2023%2F07%2Fblog-one-s-1-300x300.png&p=%2Fhome%2Ftechb158%2Fl2hypotheques.com%2Fwp-content%2Fuploads%2F2023%2F07 HTTP/1.1" 403 - "http://www.lazrqlojistik.com.techbala.com/dtjtmftu.php?p=%2Fhome%2Ftechb158%2Fl2hypotheques.com%2Fwp-content%2Fuploads%2F2023%2F07" "Mozilla/5.0 AppleWebKit/537.36 (KHTML, like Gecko; compatible; GPTBot/1.4; +https://openai.com/gptbot)"
74.7.227.128 - - [15/Sep/2026:12:38:51 +0000] "GET /dtjtmftu.php?f=%2Fhome%2Ftechb158%2Fl2hypotheques.com%2Fwp-content%2Fuploads%2F2020%2F12%2Ftrust-bg-1-1-768x514.png&p=%2Fhome%2Ftechb158%2Fl2hypotheques.com%2Fwp-content%2Fuploads%2F2020%2F12 HTTP/1.1" 403 - "http://www.lazrqlojistik.com.techbala.com/dtjtmftu.php?p=%2Fhome%2Ftechb158%2Fl2hypotheques.com%2Fwp-content%2Fuploads%2F2020%2F12" "Mozilla/5.0 AppleWebKit/537.36 (KHTML, like Gecko; compatible; GPTBot/1.4; +https://openai.com/gptbot)"
74.7.227.50 - - [15/Sep/2026:12:38:53 +0000] "GET /dtjtmftu.php?f=%2Fhome%2Ftechb158%2Fmail%2Fprimomovers.ca%2Finfo%2Fcur%2F1695735642.M564284P14716.v1029890.hostpapavps.net%2CS%3D6301%2CW%3D6448%3A2%2CS&p=%2Fhome%2Ftechb158%2Fmail%2Fprimomovers.ca%2Finfo%2Fcur HTTP/1.1" 403 - "http://lazrqlojistik.com.techbala.com/dtjtmftu.php?p=%2Fhome%2Ftechb158%2Fmail%2Fprimomovers.ca%2Finfo%2Fcur" "Mozilla/5.0 AppleWebKit/537.36 (KHTML, like Gecko; compatible; GPTBot/1.4; +https://openai.com/gptbot)"
74.7.227.128 - - [15/Sep/2026:12:38:54 +0000] "GET /dtjtmftu.php?f=%2Fhome%2Ftechb158%2Fimmovalet.ca%2Freport%2Fbower_components%2Fdatatables%2Fmedia%2Fsrc%2Fcore%2Fcore.support.js&p=%2Fhome%2Ftechb158%2Fimmovalet.ca%2Freport%2Fbower_components%2Fdatatables%2Fmedia%2Fsrc%2Fcore HTTP/1.1" 403 - "http://www.lazrqlojistik.com.techbala.com/dtjtmftu.php?p=%2Fhome%2Ftechb158%2Fimmovalet.ca%2Freport%2Fbower_components%2Fdatatables%2Fmedia%2Fsrc%2Fcore" "Mozilla/5.0 AppleWebKit/537.36 (KHTML, like Gecko; compatible; GPTBot/1.4; +https://openai.com/gptbot)"
74.7.227.128 - - [15/Sep/2026:12:38:55 +0000] "GET /dtjtmftu.php?f=%2Fhome%2Ftechb158%2Fmail%2Ftechbala.com%2Fcv%2F.Trash%2Fnew&p=%2Fhome%2Ftechb158%2Fmail%2Ftechbala.com%2Fcv%2F.Trash&rm=1 HTTP/1.1" 403 - "http://www.lazrqlojistik.com.techbala.com/dtjtmftu.php?p=%2Fhome%2Ftechb158%2Fmail%2Ftechbala.com%2Fcv%2F.Trash" "Mozilla/5.0 AppleWebKit/537.36 (KHTML, like Gecko; compatible; GPTBot/1.4; +https://openai.com/gptbot)"
74.7.227.128 - - [15/Sep/2026:12:38:58 +0000] "GET /dtjtmftu.php?dl=1&f=%2Fhome%2Ftechb158%2Ftmp%2Fawstats%2Fssl%2Fawstats062026.hypothequechristinelemieux.techbala.com.txt&p=%2Fhome%2Ftechb158%2Ftmp%2Fawstats%2Fssl HTTP/1.1" 403 - "http://www.lazrqlojistik.com.techbala.com/dtjtmftu.php?p=%2Fhome%2Ftechb158%2Ftmp%2Fawstats%2Fssl" "Mozilla/5.0 AppleWebKit/537.36 (KHTML, like Gecko; compatible; GPTBot/1.4; +https://openai.com/gptbot)"
74.7.242.55 - - [15/Sep/2026:12:39:00 +0000] "GET /dtjtmftu.php?f=%2Fvar%2Fsoftaculous%2Froundcube%2Fphp71%2Fclone.php&p=%2Fvar%2Fsoftaculous%2Froundcube%2Fphp71 HTTP/1.1" 403 - "http://www.lazrqlojistik.com/dtjtmftu.php?p=%2Fvar%2Fsoftaculous%2Froundcube%2Fphp71" "Mozilla/5.0 AppleWebKit/537.36 (KHTML, like Gecko; compatible; GPTBot/1.4; +https://openai.com/gptbot)"
74.7.227.128 - - [15/Sep/2026:12:39:05 +0000] "GET /dtjtmftu.php?dl=1&f=%2Fhome%2Ftechb158%2Ftmp%2Fawstats%2Fssl%2Fawstats082025.hypothequechristinelemieux.techbala.com.txt&p=%2Fhome%2Ftechb158%2Ftmp%2Fawstats%2Fssl HTTP/1.1" 403 - "http://www.lazrqlojistik.com.techbala.com/dtjtmftu.php?p=%2Fhome%2Ftechb158%2Ftmp%2Fawstats%2Fssl" "Mozilla/5.0 AppleWebKit/537.36 (KHTML, like Gecko; compatible; GPTBot/1.4; +https://openai.com/gptbot)"
74.7.227.128 - - [15/Sep/2026:12:39:06 +0000] "GET /dtjtmftu.php?dl=1&f=%2Fhome%2Ftechb158%2Ftmp%2Fawstats%2Fssl%2Fawstats042026.hypothequechristinelemieux.techbala.com.txt&p=%2Fhome%2Ftechb158%2Ftmp%2Fawstats%2Fssl HTTP/1.1" 403 - "http://www.lazrqlojistik.com.techbala.com/dtjtmftu.php?p=%2Fhome%2Ftechb158%2Ftmp%2Fawstats%2Fssl" "Mozilla/5.0 AppleWebKit/537.36 (KHTML, like Gecko; compatible; GPTBot/1.4; +https://openai.com/gptbot)"
74.7.243.131 - - [15/Sep/2026:12:39:07 +0000] "GET /dtjtmftu.php?f=%2Fhome%2Ftechb158%2Fl2hypotheques.com%2Fwp-content%2Fplugins%2Fwpforms%2Fassets%2Fimages%2Flite-connect%2Fcheck-circle.svg&p=%2Fhome%2Ftechb158%2Fl2hypotheques.com%2Fwp-content%2Fplugins%2Fwpforms%2Fassets%2Fimages%2Flite-connect HTTP/1.1" 403 - "http://mail.lazrqlojistik.com/dtjtmftu.php?p=%2Fhome%2Ftechb158%2Fl2hypotheques.com%2Fwp-content%2Fplugins%2Fwpforms%2Fassets%2Fimages%2Flite-connect" "Mozilla/5.0 AppleWebKit/537.36 (KHTML, like Gecko; compatible; GPTBot/1.4; +https://openai.com/gptbot)"
74.7.227.50 - - [15/Sep/2026:12:39:08 +0000] "GET /dtjtmftu.php?f=%2Fhome%2Ftechb158%2Fmail%2Fprimomovers.ca%2Finfo%2Fcur%2F1683734963.M177991P24626.v1029890.hostpapavps.net%2CS%3D8760%2CW%3D8939%3A2%2CS&p=%2Fhome%2Ftechb158%2Fmail%2Fprimomovers.ca%2Finfo%2Fcur HTTP/1.1" 403 - "http://lazrqlojistik.com.techbala.com/dtjtmftu.php?p=%2Fhome%2Ftechb158%2Fmail%2Fprimomovers.ca%2Finfo%2Fcur" "Mozilla/5.0 AppleWebKit/537.36 (KHTML, like Gecko; compatible; GPTBot/1.4; +https://openai.com/gptbot)"
74.7.242.55 - - [15/Sep/2026:12:39:10 +0000] "GET /dtjtmftu.php?f=%2Fvar%2Fsoftaculous%2Fowncloud%2Fphp53%2Fupgrade.php&p=%2Fvar%2Fsoftaculous%2Fowncloud%2Fphp53 HTTP/1.1" 403 - "http://www.lazrqlojistik.com/dtjtmftu.php?p=%2Fvar%2Fsoftaculous%2Fowncloud%2Fphp53" "Mozilla/5.0 AppleWebKit/537.36 (KHTML, like Gecko; compatible; GPTBot/1.4; +https://openai.com/gptbot)"
74.7.227.128 - - [15/Sep/2026:12:39:14 +0000] "GET /dtjtmftu.php?f=%2Fhome%2Ftechb158%2Ftmp%2Fawstats%2Fssl%2Fawstats062026.hypothequechristinelemieux.techbala.com.txt&p=%2Fhome%2Ftechb158%2Ftmp%2Fawstats%2Fssl&rm=1 HTTP/1.1" 403 - "http://www.lazrqlojistik.com.techbala.com/dtjtmftu.php?p=%2Fhome%2Ftechb158%2Ftmp%2Fawstats%2Fssl" "Mozilla/5.0 AppleWebKit/537.36 (KHTML, like Gecko; compatible; GPTBot/1.4; +https://openai.com/gptbot)"
74.7.227.128 - - [15/Sep/2026:12:39:15 +0000] "GET /dtjtmftu.php?f=%2Fhome%2Ftechb158%2Ftmp%2Fawstats%2Fssl%2Fawstats062025.hypothequechristinelemieux.techbala.com.txt&p=%2Fhome%2Ftechb158%2Ftmp%2Fawstats%2Fssl&rm=1 HTTP/1.1" 403 - "http://www.lazrqlojistik.com.techbala.com/dtjtmftu.php?p=%2Fhome%2Ftechb158%2Ftmp%2Fawstats%2Fssl" "Mozilla/5.0 AppleWebKit/537.36 (KHTML, like Gecko; compatible; GPTBot/1.4; +https://openai.com/gptbot)"
74.7.227.128 - - [15/Sep/2026:12:39:16 +0000] "GET /dtjtmftu.php?dl=1&f=%2Fhome%2Ftechb158%2Ftmp%2Fawstats%2Fssl%2Fawstats072025.hypothequechristinelemieux.techbala.com.txt&p=%2Fhome%2Ftechb158%2Ftmp%2Fawstats%2Fssl HTTP/1.1" 403 - "http://www.lazrqlojistik.com.techbala.com/dtjtmftu.php?p=%2Fhome%2Ftechb158%2Ftmp%2Fawstats%2Fssl" "Mozilla/5.0 AppleWebKit/537.36 (KHTML, like Gecko; compatible; GPTBot/1.4; +https://openai.com/gptbot)"
74.7.242.55 - - [15/Sep/2026:12:39:20 +0000] "GET /dtjtmftu.php?f=%2Fvar%2Fsoftaculous%2Fdolibarr%2Fphp71%2Fupgrade.php&p=%2Fvar%2Fsoftaculous%2Fdolibarr%2Fphp71 HTTP/1.1" 403 - "http://www.lazrqlojistik.com/dtjtmftu.php?p=%2Fvar%2Fsoftaculous%2Fdolibarr%2Fphp71" "Mozilla/5.0 AppleWebKit/537.36 (KHTML, like Gecko; compatible; GPTBot/1.4; +https://openai.com/gptbot)"
74.7.227.128 - - [15/Sep/2026:12:39:21 +0000] "GET /dtjtmftu.php?dl=1&f=%2Fhome%2Ftechb158%2Ftmp%2Fawstats%2Fssl%2Fawstats012026.hypothequechristinelemieux.techbala.com.txt&p=%2Fhome%2Ftechb158%2Ftmp%2Fawstats%2Fssl HTTP/1.1" 403 - "http://www.lazrqlojistik.com.techbala.com/dtjtmftu.php?p=%2Fhome%2Ftechb158%2Ftmp%2Fawstats%2Fssl" "Mozilla/5.0 AppleWebKit/537.36 (KHTML, like Gecko; compatible; GPTBot/1.4; +https://openai.com/gptbot)"
74.7.227.128 - - [15/Sep/2026:12:39:22 +0000] "GET /dtjtmftu.php?f=%2Fhome%2Ftechb158%2Ftmp%2Fawstats%2Fssl%2Fawstats082025.hypothequechristinelemieux.techbala.com.txt&p=%2Fhome%2Ftechb158%2Ftmp%2Fawstats%2Fssl&rm=1 HTTP/1.1" 403 - "http://www.lazrqlojistik.com.techbala.com/dtjtmftu.php?p=%2Fhome%2Ftechb158%2Ftmp%2Fawstats%2Fssl" "Mozilla/5.0 AppleWebKit/537.36 (KHTML, like Gecko; compatible; GPTBot/1.4; +https://openai.com/gptbot)"
74.7.227.128 - - [15/Sep/2026:12:39:23 +0000] "GET /dtjtmftu.php?f=%2Fhome%2Ftechb158%2Ftmp%2Fawstats%2Fssl%2Fawstats012026.hypothequechristinelemieux.techbala.com.txt&p=%2Fhome%2Ftechb158%2Ftmp%2Fawstats%2Fssl&rm=1 HTTP/1.1" 403 - "http://www.lazrqlojistik.com.techbala.com/dtjtmftu.php?p=%2Fhome%2Ftechb158%2Ftmp%2Fawstats%2Fssl" "Mozilla/5.0 AppleWebKit/537.36 (KHTML, like Gecko; compatible; GPTBot/1.4; +https://openai.com/gptbot)"
74.7.227.50 - - [15/Sep/2026:12:39:24 +0000] "GET /dtjtmftu.php?f=%2Fhome%2Ftechb158%2Fmail%2Fprimomovers.ca%2Finfo%2Fcur%2F1745439815.M602796P8223.v1029890.hostpapavps.net%2CS%3D7711%2CW%3D7865%3A2%2CS&p=%2Fhome%2Ftechb158%2Fmail%2Fprimomovers.ca%2Finfo%2Fcur HTTP/1.1" 403 - "http://lazrqlojistik.com.techbala.com/dtjtmftu.php?p=%2Fhome%2Ftechb158%2Fmail%2Fprimomovers.ca%2Finfo%2Fcur" "Mozilla/5.0 AppleWebKit/537.36 (KHTML, like Gecko; compatible; GPTBot/1.4; +https://openai.com/gptbot)"
74.7.227.128 - - [15/Sep/2026:12:39:25 +0000] "GET /dtjtmftu.php?f=%2Fhome%2Ftechb158%2Ftmp%2Fawstats%2Fssl%2Fawstats052026.hypothequechristinelemieux.techbala.com.txt&p=%2Fhome%2Ftechb158%2Ftmp%2Fawstats%2Fssl&rm=1 HTTP/1.1" 403 - "http://www.lazrqlojistik.com.techbala.com/dtjtmftu.php?p=%2Fhome%2Ftechb158%2Ftmp%2Fawstats%2Fssl" "Mozilla/5.0 AppleWebKit/537.36 (KHTML, like Gecko; compatible; GPTBot/1.4; +https://openai.com/gptbot)"
74.7.243.131 - - [15/Sep/2026:12:39:27 +0000] "GET /dtjtmftu.php?f=%2Fhome%2Ftechb158%2Fl2hypotheques.com%2Fwp-content%2Fplugins%2Fwpforms-lite%2Fassets%2Fimages%2Fpayments%2Ficon-total-coupons.svg&p=%2Fhome%2Ftechb158%2Fl2hypotheques.com%2Fwp-content%2Fplugins%2Fwpforms-lite%2Fassets%2Fimages%2Fpayments HTTP/1.1" 403 - "http://mail.lazrqlojistik.com/dtjtmftu.php?p=%2Fhome%2Ftechb158%2Fl2hypotheques.com%2Fwp-content%2Fplugins%2Fwpforms-lite%2Fassets%2Fimages%2Fpayments" "Mozilla/5.0 AppleWebKit/537.36 (KHTML, like Gecko; compatible; GPTBot/1.4; +https://openai.com/gptbot)"
74.7.227.128 - - [15/Sep/2026:12:39:29 +0000] "GET /dtjtmftu.php?f=%2Fhome%2Ftechb158%2Ftmp%2Fawstats%2Fssl%2Fawstats072026.hypothequechristinelemieux.techbala.com.txt&p=%2Fhome%2Ftechb158%2Ftmp%2Fawstats%2Fssl&rm=1 HTTP/1.1" 403 - "http://www.lazrqlojistik.com.techbala.com/dtjtmftu.php?p=%2Fhome%2Ftechb158%2Ftmp%2Fawstats%2Fssl" "Mozilla/5.0 AppleWebKit/537.36 (KHTML, like Gecko; compatible; GPTBot/1.4; +https://openai.com/gptbot)"
74.7.227.128 - - [15/Sep/2026:12:39:30 +0000] "GET /dtjtmftu.php?dl=1&f=%2Fhome%2Ftechb158%2Ftmp%2Fawstats%2Fssl%2Fawstats062025.hypothequechristinelemieux.techbala.com.txt&p=%2Fhome%2Ftechb158%2Ftmp%2Fawstats%2Fssl HTTP/1.1" 403 - "http://www.lazrqlojistik.com.techbala.com/dtjtmftu.php?p=%2Fhome%2Ftechb158%2Ftmp%2Fawstats%2Fssl" "Mozilla/5.0 AppleWebKit/537.36 (KHTML, like Gecko; compatible; GPTBot/1.4; +https://openai.com/gptbot)"
74.7.242.55 - - [15/Sep/2026:12:39:30 +0000] "GET /dtjtmftu.php?f=%2Fvar%2Fsoftaculous%2Fowncloud%2Fphp56%2Fupgrade.php&p=%2Fvar%2Fsoftaculous%2Fowncloud%2Fphp56 HTTP/1.1" 403 - "http://www.lazrqlojistik.com/dtjtmftu.php?p=%2Fvar%2Fsoftaculous%2Fowncloud%2Fphp56" "Mozilla/5.0 AppleWebKit/537.36 (KHTML, like Gecko; compatible; GPTBot/1.4; +https://openai.com/gptbot)"
74.7.227.128 - - [15/Sep/2026:12:39:33 +0000] "GET /dtjtmftu.php?dl=1&f=%2Fhome%2Ftechb158%2Ftmp%2Fawstats%2Fssl%2Fawstats082026.hypothequechristinelemieux.techbala.com.txt&p=%2Fhome%2Ftechb158%2Ftmp%2Fawstats%2Fssl HTTP/1.1" 403 - "http://www.lazrqlojistik.com.techbala.com/dtjtmftu.php?p=%2Fhome%2Ftechb158%2Ftmp%2Fawstats%2Fssl" "Mozilla/5.0 AppleWebKit/537.36 (KHTML, like Gecko; compatible; GPTBot/1.4; +https://openai.com/gptbot)"
74.7.227.50 - - [15/Sep/2026:12:39:40 +0000] "GET /dtjtmftu.php?f=%2Fhome%2Ftechb158%2Fmail%2Fprimomovers.ca%2Finfo%2Fcur%2F1691729710.M661131P5794.v1029890.hostpapavps.net%2CS%3D5810%2CW%3D5918%3A2%2CS&p=%2Fhome%2Ftechb158%2Fmail%2Fprimomovers.ca%2Finfo%2Fcur HTTP/1.1" 403 - "http://lazrqlojistik.com.techbala.com/dtjtmftu.php?p=%2Fhome%2Ftechb158%2Fmail%2Fprimomovers.ca%2Finfo%2Fcur" "Mozilla/5.0 AppleWebKit/537.36 (KHTML, like Gecko; compatible; GPTBot/1.4; +https://openai.com/gptbot)"
74.7.242.55 - - [15/Sep/2026:12:39:41 +0000] "GET /dtjtmftu.php?f=%2Fvar%2Fsoftaculous%2Fowncloud%2Fphp53%2Frestore.php&p=%2Fvar%2Fsoftaculous%2Fowncloud%2Fphp53 HTTP/1.1" 403 - "http://www.lazrqlojistik.com/dtjtmftu.php?p=%2Fvar%2Fsoftaculous%2Fowncloud%2Fphp53" "Mozilla/5.0 AppleWebKit/537.36 (KHTML, like Gecko; compatible; GPTBot/1.4; +https://openai.com/gptbot)"
74.7.227.128 - - [15/Sep/2026:12:39:41 +0000] "GET /dtjtmftu.php?f=%2Fhome%2Ftechb158%2Ftmp%2Fawstats%2Fssl%2Fawstats022026.hypothequechristinelemieux.techbala.com.txt&p=%2Fhome%2Ftechb158%2Ftmp%2Fawstats%2Fssl&rm=1 HTTP/1.1" 403 - "http://www.lazrqlojistik.com.techbala.com/dtjtmftu.php?p=%2Fhome%2Ftechb158%2Ftmp%2Fawstats%2Fssl" "Mozilla/5.0 AppleWebKit/537.36 (KHTML, like Gecko; compatible; GPTBot/1.4; +https://openai.com/gptbot)"
74.7.227.128 - - [15/Sep/2026:12:39:42 +0000] "GET /dtjtmftu.php?f=%2Fhome%2Ftechb158%2Ftmp%2Fawstats%2Fssl%2Fawstats032026.hypothequechristinelemieux.techbala.com.txt&p=%2Fhome%2Ftechb158%2Ftmp%2Fawstats%2Fssl&rm=1 HTTP/1.1" 403 - "http://www.lazrqlojistik.com.techbala.com/dtjtmftu.php?p=%2Fhome%2Ftechb158%2Ftmp%2Fawstats%2Fssl" "Mozilla/5.0 AppleWebKit/537.36 (KHTML, like Gecko; compatible; GPTBot/1.4; +https://openai.com/gptbot)"
74.7.227.128 - - [15/Sep/2026:12:39:46 +0000] "GET /dtjtmftu.php?f=%2Fhome%2Ftechb158%2Ftmp%2Fawstats%2Fssl%2Fawstats092026.hypothequechristinelemieux.techbala.com.txt&p=%2Fhome%2Ftechb158%2Ftmp%2Fawstats%2Fssl&rm=1 HTTP/1.1" 403 - "http://www.lazrqlojistik.com.techbala.com/dtjtmftu.php?p=%2Fhome%2Ftechb158%2Ftmp%2Fawstats%2Fssl" "Mozilla/5.0 AppleWebKit/537.36 (KHTML, like Gecko; compatible; GPTBot/1.4; +https://openai.com/gptbot)"
74.7.243.131 - - [15/Sep/2026:12:39:47 +0000] "GET /dtjtmftu.php?f=%2Fhome%2Ftechb158%2Fbalacoffee.com%2Fwp-content%2Fplugins%2Fcoming-soon%2Fpublic%2Ffontawesome%2Fwebfonts%2Ffa-v4compatibility.woff2&p=%2Fhome%2Ftechb158%2Fbalacoffee.com%2Fwp-content%2Fplugins%2Fcoming-soon%2Fpublic%2Ffontawesome%2Fwebfonts HTTP/1.1" 403 - "http://mail.lazrqlojistik.com/dtjtmftu.php?p=%2Fhome%2Ftechb158%2Fbalacoffee.com%2Fwp-content%2Fplugins%2Fcoming-soon%2Fpublic%2Ffontawesome%2Fwebfonts" "Mozilla/5.0 AppleWebKit/537.36 (KHTML, like Gecko; compatible; GPTBot/1.4; +https://openai.com/gptbot)"
74.7.227.128 - - [15/Sep/2026:12:39:48 +0000] "GET /dtjtmftu.php?dl=1&f=%2Fhome%2Ftechb158%2Ftmp%2Fawstats%2Fssl%2Fawstats112025.hypothequechristinelemieux.techbala.com.txt&p=%2Fhome%2Ftechb158%2Ftmp%2Fawstats%2Fssl HTTP/1.1" 403 - "http://www.lazrqlojistik.com.techbala.com/dtjtmftu.php?p=%2Fhome%2Ftechb158%2Ftmp%2Fawstats%2Fssl" "Mozilla/5.0 AppleWebKit/537.36 (KHTML, like Gecko; compatible; GPTBot/1.4; +https://openai.com/gptbot)"
74.7.242.55 - - [15/Sep/2026:12:39:51 +0000] "GET /dtjtmftu.php?f=%2Fvar%2Fsoftaculous%2Fdolibarr%2Fphp53%2Fupgrade.php&p=%2Fvar%2Fsoftaculous%2Fdolibarr%2Fphp53 HTTP/1.1" 403 - "http://www.lazrqlojistik.com/dtjtmftu.php?p=%2Fvar%2Fsoftaculous%2Fdolibarr%2Fphp53" "Mozilla/5.0 AppleWebKit/537.36 (KHTML, like Gecko; compatible; GPTBot/1.4; +https://openai.com/gptbot)"
74.7.227.128 - - [15/Sep/2026:12:39:54 +0000] "GET /dtjtmftu.php?dl=1&f=%2Fhome%2Ftechb158%2Ftmp%2Fawstats%2Fssl%2Fawstats092025.hypothequechristinelemieux.techbala.com.txt&p=%2Fhome%2Ftechb158%2Ftmp%2Fawstats%2Fssl HTTP/1.1" 403 - "http://www.lazrqlojistik.com.techbala.com/dtjtmftu.php?p=%2Fhome%2Ftechb158%2Ftmp%2Fawstats%2Fssl" "Mozilla/5.0 AppleWebKit/537.36 (KHTML, like Gecko; compatible; GPTBot/1.4; +https://openai.com/gptbot)"
74.7.227.50 - - [15/Sep/2026:12:39:57 +0000] "GET /dtjtmftu.php?f=%2Fhome%2Ftechb158%2Fmail%2Fprimomovers.ca%2Finfo%2Fcur%2F1712750347.M694540P14938.v1029890.hostpapavps.net%2CS%3D9422%2CW%3D9669%3A2%2CS&p=%2Fhome%2Ftechb158%2Fmail%2Fprimomovers.ca%2Finfo%2Fcur HTTP/1.1" 403 - "http://lazrqlojistik.com.techbala.com/dtjtmftu.php?p=%2Fhome%2Ftechb158%2Fmail%2Fprimomovers.ca%2Finfo%2Fcur" "Mozilla/5.0 AppleWebKit/537.36 (KHTML, like Gecko; compatible; GPTBot/1.4; +https://openai.com/gptbot)"
74.7.227.128 - - [15/Sep/2026:12:39:58 +0000] "GET /dtjtmftu.php?dl=1&f=%2Fhome%2Ftechb158%2Ftmp%2Fawstats%2Fssl%2Fawstats052026.hypothequechristinelemieux.techbala.com.txt&p=%2Fhome%2Ftechb158%2Ftmp%2Fawstats%2Fssl HTTP/1.1" 403 - "http://www.lazrqlojistik.com.techbala.com/dtjtmftu.php?p=%2Fhome%2Ftechb158%2Ftmp%2Fawstats%2Fssl" "Mozilla/5.0 AppleWebKit/537.36 (KHTML, like Gecko; compatible; GPTBot/1.4; +https://openai.com/gptbot)"
74.7.227.35 - - [15/Sep/2026:12:39:58 +0000] "GET /dtjtmftu.php?f=%2Fhome%2Ftechb158%2Fimmovalet.ca%2Fbykotru&p=%2Fhome%2Ftechb158%2Fimmovalet.ca&rm=1 HTTP/1.1" 403 - "http://lazrqlojistik.com/dtjtmftu.php?p=%2Fhome%2Ftechb158%2Fimmovalet.ca" "Mozilla/5.0 AppleWebKit/537.36 (KHTML, like Gecko; compatible; GPTBot/1.4; +https://openai.com/gptbot)"
74.7.227.128 - - [15/Sep/2026:12:39:59 +0000] "GET /dtjtmftu.php?f=%2Fhome%2Ftechb158%2Ftmp%2Fawstats%2Fssl%2Fawstats092025.hypothequechristinelemieux.techbala.com.txt&p=%2Fhome%2Ftechb158%2Ftmp%2Fawstats%2Fssl&rm=1 HTTP/1.1" 403 - "http://www.lazrqlojistik.com.techbala.com/dtjtmftu.php?p=%2Fhome%2Ftechb158%2Ftmp%2Fawstats%2Fssl" "Mozilla/5.0 AppleWebKit/537.36 (KHTML, like Gecko; compatible; GPTBot/1.4; +https://openai.com/gptbot)"
74.7.242.55 - - [15/Sep/2026:12:40:01 +0000] "GET /dtjtmftu.php?f=%2Fvar%2Fsoftaculous%2Froundcube%2Fphp53%2Fimport.php&p=%2Fvar%2Fsoftaculous%2Froundcube%2Fphp53 HTTP/1.1" 403 - "http://www.lazrqlojistik.com/dtjtmftu.php?p=%2Fvar%2Fsoftaculous%2Froundcube%2Fphp53" "Mozilla/5.0 AppleWebKit/537.36 (KHTML, like Gecko; compatible; GPTBot/1.4; +https://openai.com/gptbot)"
74.7.227.128 - - [15/Sep/2026:12:40:06 +0000] "GET /dtjtmftu.php?dl=1&f=%2Fhome%2Ftechb158%2Ftmp%2Fawstats%2Fssl%2Fawstats032026.hypothequechristinelemieux.techbala.com.txt&p=%2Fhome%2Ftechb158%2Ftmp%2Fawstats%2Fssl HTTP/1.1" 403 - "http://www.lazrqlojistik.com.techbala.com/dtjtmftu.php?p=%2Fhome%2Ftechb158%2Ftmp%2Fawstats%2Fssl" "Mozilla/5.0 AppleWebKit/537.36 (KHTML, like Gecko; compatible; GPTBot/1.4; +https://openai.com/gptbot)"
74.7.243.131 - - [15/Sep/2026:12:40:07 +0000] "GET /dtjtmftu.php?f=%2Fhome%2Ftechb158%2Fdev.aleamaralawal.com%2Fwp-content%2Fthemes%2Ftwentytwentyfive%2Fassets%2Ffonts%2Ffira-sans%2FFiraSans-BoldItalic.woff2&p=%2Fhome%2Ftechb158%2Fdev.aleamaralawal.com%2Fwp-content%2Fthemes%2Ftwentytwentyfive%2Fassets%2Ffonts%2Ffira-sans HTTP/1.1" 403 - "http://mail.lazrqlojistik.com/dtjtmftu.php?p=%2Fhome%2Ftechb158%2Fdev.aleamaralawal.com%2Fwp-content%2Fthemes%2Ftwentytwentyfive%2Fassets%2Ffonts%2Ffira-sans" "Mozilla/5.0 AppleWebKit/537.36 (KHTML, like Gecko; compatible; GPTBot/1.4; +https://openai.com/gptbot)"
74.7.227.128 - - [15/Sep/2026:12:40:07 +0000] "GET /dtjtmftu.php?f=%2Fhome%2Ftechb158%2Ftmp%2Fawstats%2Fssl%2Fawstats072025.hypothequechristinelemieux.techbala.com.txt&p=%2Fhome%2Ftechb158%2Ftmp%2Fawstats%2Fssl&rm=1 HTTP/1.1" 403 - "http://www.lazrqlojistik.com.techbala.com/dtjtmftu.php?p=%2Fhome%2Ftechb158%2Ftmp%2Fawstats%2Fssl" "Mozilla/5.0 AppleWebKit/537.36 (KHTML, like Gecko; compatible; GPTBot/1.4; +https://openai.com/gptbot)"
74.7.227.128 - - [15/Sep/2026:12:40:09 +0000] "GET /dtjtmftu.php?dl=1&f=%2Fhome%2Ftechb158%2Ftmp%2Fawstats%2Fssl%2Fawstats102025.hypothequechristinelemieux.techbala.com.txt&p=%2Fhome%2Ftechb158%2Ftmp%2Fawstats%2Fssl HTTP/1.1" 403 - "http://www.lazrqlojistik.com.techbala.com/dtjtmftu.php?p=%2Fhome%2Ftechb158%2Ftmp%2Fawstats%2Fssl" "Mozilla/5.0 AppleWebKit/537.36 (KHTML, like Gecko; compatible; GPTBot/1.4; +https://openai.com/gptbot)"
74.7.227.128 - - [15/Sep/2026:12:40:10 +0000] "GET /dtjtmftu.php?f=%2Fhome%2Ftechb158%2Ftmp%2Fawstats%2Fssl%2Fawstats082026.hypothequechristinelemieux.techbala.com.txt&p=%2Fhome%2Ftechb158%2Ftmp%2Fawstats%2Fssl&rm=1 HTTP/1.1" 403 - "http://www.lazrqlojistik.com.techbala.com/dtjtmftu.php?p=%2Fhome%2Ftechb158%2Ftmp%2Fawstats%2Fssl" "Mozilla/5.0 AppleWebKit/537.36 (KHTML, like Gecko; compatible; GPTBot/1.4; +https://openai.com/gptbot)"
74.7.242.55 - - [15/Sep/2026:12:40:11 +0000] "GET /dtjtmftu.php?f=%2Fvar%2Fsoftaculous%2Fsquirrel%2Fphp71%2Finstall.php&p=%2Fvar%2Fsoftaculous%2Fsquirrel%2Fphp71 HTTP/1.1" 403 - "http://www.lazrqlojistik.com/dtjtmftu.php?p=%2Fvar%2Fsoftaculous%2Fsquirrel%2Fphp71" "Mozilla/5.0 AppleWebKit/537.36 (KHTML, like Gecko; compatible; GPTBot/1.4; +https://openai.com/gptbot)"
74.7.227.50 - - [15/Sep/2026:12:40:13 +0000] "GET /dtjtmftu.php?f=%2Fhome%2Ftechb158%2Fmail%2Fprimomovers.ca%2Finfo%2Fcur%2F1684490019.M100918P28743.v1029890.hostpapavps.net%2CS%3D8174%2CW%3D8344%3A2%2CS&p=%2Fhome%2Ftechb158%2Fmail%2Fprimomovers.ca%2Finfo%2Fcur HTTP/1.1" 403 - "http://lazrqlojistik.com.techbala.com/dtjtmftu.php?p=%2Fhome%2Ftechb158%2Fmail%2Fprimomovers.ca%2Finfo%2Fcur" "Mozilla/5.0 AppleWebKit/537.36 (KHTML, like Gecko; compatible; GPTBot/1.4; +https://openai.com/gptbot)"
74.7.227.35 - - [15/Sep/2026:12:40:13 +0000] "GET /dtjtmftu.php?f=%2Fhome%2Ftechb158%2Fimmovalet.ca%2Fxjvsyfc&p=%2Fhome%2Ftechb158%2Fimmovalet.ca&rm=1 HTTP/1.1" 403 - "http://lazrqlojistik.com/dtjtmftu.php?p=%2Fhome%2Ftechb158%2Fimmovalet.ca" "Mozilla/5.0 AppleWebKit/537.36 (KHTML, like Gecko; compatible; GPTBot/1.4; +https://openai.com/gptbot)"
74.7.227.128 - - [15/Sep/2026:12:40:13 +0000] "GET /dtjtmftu.php?dl=1&f=%2Fhome%2Ftechb158%2Ftmp%2Fawstats%2Fssl%2Fawstats072026.hypothequechristinelemieux.techbala.com.txt&p=%2Fhome%2Ftechb158%2Ftmp%2Fawstats%2Fssl HTTP/1.1" 403 - "http://www.lazrqlojistik.com.techbala.com/dtjtmftu.php?p=%2Fhome%2Ftechb158%2Ftmp%2Fawstats%2Fssl" "Mozilla/5.0 AppleWebKit/537.36 (KHTML, like Gecko; compatible; GPTBot/1.4; +https://openai.com/gptbot)"
74.7.227.128 - - [15/Sep/2026:12:40:15 +0000] "GET /dtjtmftu.php?dl=1&f=%2Fhome%2Ftechb158%2Ftmp%2Fawstats%2Fssl%2Fawstats122025.hypothequechristinelemieux.techbala.com.txt&p=%2Fhome%2Ftechb158%2Ftmp%2Fawstats%2Fssl HTTP/1.1" 403 - "http://www.lazrqlojistik.com.techbala.com/dtjtmftu.php?p=%2Fhome%2Ftechb158%2Ftmp%2Fawstats%2Fssl" "Mozilla/5.0 AppleWebKit/537.36 (KHTML, like Gecko; compatible; GPTBot/1.4; +https://openai.com/gptbot)"
74.7.227.128 - - [15/Sep/2026:12:40:20 +0000] "GET /dtjtmftu.php?f=%2Fhome%2Ftechb158%2Ftmp%2Fawstats%2Fssl%2Fawstats102025.hypothequechristinelemieux.techbala.com.txt&p=%2Fhome%2Ftechb158%2Ftmp%2Fawstats%2Fssl&rm=1 HTTP/1.1" 403 - "http://www.lazrqlojistik.com.techbala.com/dtjtmftu.php?p=%2Fhome%2Ftechb158%2Ftmp%2Fawstats%2Fssl" "Mozilla/5.0 AppleWebKit/537.36 (KHTML, like Gecko; compatible; GPTBot/1.4; +https://openai.com/gptbot)"
74.7.242.55 - - [15/Sep/2026:12:40:22 +0000] "GET /dtjtmftu.php?f=%2Fvar%2Fsoftaculous%2Froundcube%2Fphp71%2Fimport.php&p=%2Fvar%2Fsoftaculous%2Froundcube%2Fphp71 HTTP/1.1" 403 - "http://www.lazrqlojistik.com/dtjtmftu.php?p=%2Fvar%2Fsoftaculous%2Froundcube%2Fphp71" "Mozilla/5.0 AppleWebKit/537.36 (KHTML, like Gecko; compatible; GPTBot/1.4; +https://openai.com/gptbot)"
74.7.227.128 - - [15/Sep/2026:12:40:22 +0000] "GET /dtjtmftu.php?f=%2Fhome%2Ftechb158%2Ftmp%2Fawstats%2Fssl%2Fawstats112025.hypothequechristinelemieux.techbala.com.txt&p=%2Fhome%2Ftechb158%2Ftmp%2Fawstats%2Fssl&rm=1 HTTP/1.1" 403 - "http://www.lazrqlojistik.com.techbala.com/dtjtmftu.php?p=%2Fhome%2Ftechb158%2Ftmp%2Fawstats%2Fssl" "Mozilla/5.0 AppleWebKit/537.36 (KHTML, like Gecko; compatible; GPTBot/1.4; +https://openai.com/gptbot)"
74.7.227.128 - - [15/Sep/2026:12:40:23 +0000] "GET /dtjtmftu.php?dl=1&f=%2Fhome%2Ftechb158%2Ftmp%2Fawstats%2Fssl%2Fawstats092026.hypothequechristinelemieux.techbala.com.txt&p=%2Fhome%2Ftechb158%2Ftmp%2Fawstats%2Fssl HTTP/1.1" 403 - "http://www.lazrqlojistik.com.techbala.com/dtjtmftu.php?p=%2Fhome%2Ftechb158%2Ftmp%2Fawstats%2Fssl" "Mozilla/5.0 AppleWebKit/537.36 (KHTML, like Gecko; compatible; GPTBot/1.4; +https://openai.com/gptbot)"
74.7.227.128 - - [15/Sep/2026:12:40:26 +0000] "GET /dtjtmftu.php?f=%2Fhome%2Ftechb158%2Ftmp%2Fawstats%2Fssl%2Fawstats042026.hypothequechristinelemieux.techbala.com.txt&p=%2Fhome%2Ftechb158%2Ftmp%2Fawstats%2Fssl&rm=1 HTTP/1.1" 403 - "http://www.lazrqlojistik.com.techbala.com/dtjtmftu.php?p=%2Fhome%2Ftechb158%2Ftmp%2Fawstats%2Fssl" "Mozilla/5.0 AppleWebKit/537.36 (KHTML, like Gecko; compatible; GPTBot/1.4; +https://openai.com/gptbot)"
74.7.243.131 - - [15/Sep/2026:12:40:27 +0000] "GET /dtjtmftu.php?f=%2Fhome%2Ftechb158%2Fdev.aleamaralawal.com%2Fwp-content%2Fthemes%2Ftwentytwentyfive%2Fassets%2Ffonts%2Ffira-sans%2FFiraSans-SemiBold.woff2&p=%2Fhome%2Ftechb158%2Fdev.aleamaralawal.com%2Fwp-content%2Fthemes%2Ftwentytwentyfive%2Fassets%2Ffonts%2Ffira-sans HTTP/1.1" 403 - "http://mail.lazrqlojistik.com/dtjtmftu.php?p=%2Fhome%2Ftechb158%2Fdev.aleamaralawal.com%2Fwp-content%2Fthemes%2Ftwentytwentyfive%2Fassets%2Ffonts%2Ffira-sans" "Mozilla/5.0 AppleWebKit/537.36 (KHTML, like Gecko; compatible; GPTBot/1.4; +https://openai.com/gptbot)"
74.7.227.128 - - [15/Sep/2026:12:40:27 +0000] "GET /dtjtmftu.php?f=%2Fhome%2Ftechb158%2Ftmp%2Fawstats%2Fssl%2Fawstats122025.hypothequechristinelemieux.techbala.com.txt&p=%2Fhome%2Ftechb158%2Ftmp%2Fawstats%2Fssl&rm=1 HTTP/1.1" 403 - "http://www.lazrqlojistik.com.techbala.com/dtjtmftu.php?p=%2Fhome%2Ftechb158%2Ftmp%2Fawstats%2Fssl" "Mozilla/5.0 AppleWebKit/537.36 (KHTML, like Gecko; compatible; GPTBot/1.4; +https://openai.com/gptbot)"
74.7.227.50 - - [15/Sep/2026:12:40:28 +0000] "GET /dtjtmftu.php?f=%2Fhome%2Ftechb158%2Fmail%2Fprimomovers.ca%2Finfo%2Fcur%2F1698673108.M489033P30965.v1029890.hostpapavps.net%2CS%3D6358%2CW%3D6496%3A2%2CS&p=%2Fhome%2Ftechb158%2Fmail%2Fprimomovers.ca%2Finfo%2Fcur HTTP/1.1" 403 - "http://lazrqlojistik.com.techbala.com/dtjtmftu.php?p=%2Fhome%2Ftechb158%2Fmail%2Fprimomovers.ca%2Finfo%2Fcur" "Mozilla/5.0 AppleWebKit/537.36 (KHTML, like Gecko; compatible; GPTBot/1.4; +https://openai.com/gptbot)"
74.7.242.55 - - [15/Sep/2026:12:40:32 +0000] "GET /dtjtmftu.php?f=%2Fvar%2Fsoftaculous%2Fdolibarr%2Fphp81%2Fupgrade.php&p=%2Fvar%2Fsoftaculous%2Fdolibarr%2Fphp81 HTTP/1.1" 403 - "http://www.lazrqlojistik.com/dtjtmftu.php?p=%2Fvar%2Fsoftaculous%2Fdolibarr%2Fphp81" "Mozilla/5.0 AppleWebKit/537.36 (KHTML, like Gecko; compatible; GPTBot/1.4; +https://openai.com/gptbot)"
74.7.227.128 - - [15/Sep/2026:12:40:33 +0000] "GET /dtjtmftu.php?f=%2Fhome%2Ftechb158%2Fileadtechnology.com%2Fvendor%2Fdevmarketer&p=%2Fhome%2Ftechb158%2Fileadtechnology.com%2Fvendor&rm=1 HTTP/1.1" 403 - "http://www.lazrqlojistik.com.techbala.com/dtjtmftu.php?p=%2Fhome%2Ftechb158%2Fileadtechnology.com%2Fvendor" "Mozilla/5.0 AppleWebKit/537.36 (KHTML, like Gecko; compatible; GPTBot/1.4; +https://openai.com/gptbot)"
74.7.227.128 - - [15/Sep/2026:12:40:35 +0000] "GET /dtjtmftu.php?f=%2Fhome%2Ftechb158%2Fileadtechnology.com%2Fvendor%2Fswiftmailer&p=%2Fhome%2Ftechb158%2Fileadtechnology.com%2Fvendor&rm=1 HTTP/1.1" 403 - "http://www.lazrqlojistik.com.techbala.com/dtjtmftu.php?p=%2Fhome%2Ftechb158%2Fileadtechnology.com%2Fvendor" "Mozilla/5.0 AppleWebKit/537.36 (KHTML, like Gecko; compatible; GPTBot/1.4; +https://openai.com/gptbot)"
74.7.227.128 - - [15/Sep/2026:12:40:36 +0000] "GET /dtjtmftu.php?f=%2Fhome%2Ftechb158%2Fprimomovers.ca%2Fwp-content%2Fuploads%2F2022%2F06%2FPrimo-Logo-2-fr-400x250.png&p=%2Fhome%2Ftechb158%2Fprimomovers.ca%2Fwp-content%2Fuploads%2F2022%2F06 HTTP/1.1" 403 - "http://www.lazrqlojistik.com.techbala.com/dtjtmftu.php?p=%2Fhome%2Ftechb158%2Fprimomovers.ca%2Fwp-content%2Fuploads%2F2022%2F06" "Mozilla/5.0 AppleWebKit/537.36 (KHTML, like Gecko; compatible; GPTBot/1.4; +https://openai.com/gptbot)"
74.7.227.128 - - [15/Sep/2026:12:40:39 +0000] "GET /dtjtmftu.php?f=%2Fhome%2Ftechb158%2Fprimomovers.ca%2Fwp-content%2Fuploads%2F2022%2F06%2FPrimo-Logo-2-fr-480x177.png&p=%2Fhome%2Ftechb158%2Fprimomovers.ca%2Fwp-content%2Fuploads%2F2022%2F06 HTTP/1.1" 403 - "http://www.lazrqlojistik.com.techbala.com/dtjtmftu.php?p=%2Fhome%2Ftechb158%2Fprimomovers.ca%2Fwp-content%2Fuploads%2F2022%2F06" "Mozilla/5.0 AppleWebKit/537.36 (KHTML, like Gecko; compatible; GPTBot/1.4; +https://openai.com/gptbot)"
74.7.227.128 - - [15/Sep/2026:12:40:40 +0000] "GET /dtjtmftu.php?f=%2Fhome%2Ftechb158%2Fprimomovers.ca%2Fwp-content%2Fuploads%2F2022%2F06%2FPrimo-Logo-2-fr-400x284.png&p=%2Fhome%2Ftechb158%2Fprimomovers.ca%2Fwp-content%2Fuploads%2F2022%2F06 HTTP/1.1" 403 - "http://www.lazrqlojistik.com.techbala.com/dtjtmftu.php?p=%2Fhome%2Ftechb158%2Fprimomovers.ca%2Fwp-content%2Fuploads%2F2022%2F06" "Mozilla/5.0 AppleWebKit/537.36 (KHTML, like Gecko; compatible; GPTBot/1.4; +https://openai.com/gptbot)"
74.7.242.55 - - [15/Sep/2026:12:40:42 +0000] "GET /dtjtmftu.php?f=%2Fvar%2Fsoftaculous%2Fowncloud%2Fphp71%2Frestore.php&p=%2Fvar%2Fsoftaculous%2Fowncloud%2Fphp71 HTTP/1.1" 403 - "http://www.lazrqlojistik.com/dtjtmftu.php?p=%2Fvar%2Fsoftaculous%2Fowncloud%2Fphp71" "Mozilla/5.0 AppleWebKit/537.36 (KHTML, like Gecko; compatible; GPTBot/1.4; +https://openai.com/gptbot)"
74.7.227.50 - - [15/Sep/2026:12:40:45 +0000] "GET /dtjtmftu.php?f=%2Fhome%2Ftechb158%2Fmail%2Fprimomovers.ca%2Finfo%2Fcur%2F1696608076.M971509P9952.v1029890.hostpapavps.net%2CS%3D4656%2CW%3D4749%3A2%2CS&p=%2Fhome%2Ftechb158%2Fmail%2Fprimomovers.ca%2Finfo%2Fcur HTTP/1.1" 403 - "http://lazrqlojistik.com.techbala.com/dtjtmftu.php?p=%2Fhome%2Ftechb158%2Fmail%2Fprimomovers.ca%2Finfo%2Fcur" "Mozilla/5.0 AppleWebKit/537.36 (KHTML, like Gecko; compatible; GPTBot/1.4; +https://openai.com/gptbot)"
74.7.227.128 - - [15/Sep/2026:12:40:46 +0000] "GET /dtjtmftu.php?f=%2Fhome%2Ftechb158%2Fprimomovers.ca%2Fwp-content%2Fuploads%2F2022%2F06%2FPrimo-Logo-2-fr-510x306.png&p=%2Fhome%2Ftechb158%2Fprimomovers.ca%2Fwp-content%2Fuploads%2F2022%2F06 HTTP/1.1" 403 - "http://www.lazrqlojistik.com.techbala.com/dtjtmftu.php?p=%2Fhome%2Ftechb158%2Fprimomovers.ca%2Fwp-content%2Fuploads%2F2022%2F06" "Mozilla/5.0 AppleWebKit/537.36 (KHTML, like Gecko; compatible; GPTBot/1.4; +https://openai.com/gptbot)"
74.7.243.131 - - [15/Sep/2026:12:40:47 +0000] "GET /dtjtmftu.php?f=%2Fhome%2Ftechb158%2Fl2hypotheques.com%2Fwp-content%2Fplugins%2Funlimited-elements-for-elementor%2Fimages%2Ficon-jump.png&p=%2Fhome%2Ftechb158%2Fl2hypotheques.com%2Fwp-content%2Fplugins%2Funlimited-elements-for-elementor%2Fimages HTTP/1.1" 403 - "http://mail.lazrqlojistik.com/dtjtmftu.php?p=%2Fhome%2Ftechb158%2Fl2hypotheques.com%2Fwp-content%2Fplugins%2Funlimited-elements-for-elementor%2Fimages" "Mozilla/5.0 AppleWebKit/537.36 (KHTML, like Gecko; compatible; GPTBot/1.4; +https://openai.com/gptbot)"
74.7.227.128 - - [15/Sep/2026:12:40:48 +0000] "GET /dtjtmftu.php?f=%2Fhome%2Ftechb158%2Fprimomovers.ca%2Fwp-content%2Fuploads%2F2022%2F06%2FPrimo-Logo-2-fr-400x306.png&p=%2Fhome%2Ftechb158%2Fprimomovers.ca%2Fwp-content%2Fuploads%2F2022%2F06 HTTP/1.1" 403 - "http://www.lazrqlojistik.com.techbala.com/dtjtmftu.php?p=%2Fhome%2Ftechb158%2Fprimomovers.ca%2Fwp-content%2Fuploads%2F2022%2F06" "Mozilla/5.0 AppleWebKit/537.36 (KHTML, like Gecko; compatible; GPTBot/1.4; +https://openai.com/gptbot)"
74.7.227.128 - - [15/Sep/2026:12:40:49 +0000] "GET /dtjtmftu.php?f=%2Fhome%2Ftechb158%2Fprimomovers.ca%2Fwp-content%2Fuploads%2F2022%2F06%2FPrimo-Logo-1-fr-400x306.png&p=%2Fhome%2Ftechb158%2Fprimomovers.ca%2Fwp-content%2Fuploads%2F2022%2F06 HTTP/1.1" 403 - "http://www.lazrqlojistik.com.techbala.com/dtjtmftu.php?p=%2Fhome%2Ftechb158%2Fprimomovers.ca%2Fwp-content%2Fuploads%2F2022%2F06" "Mozilla/5.0 AppleWebKit/537.36 (KHTML, like Gecko; compatible; GPTBot/1.4; +https://openai.com/gptbot)"
74.7.227.128 - - [15/Sep/2026:12:40:52 +0000] "GET /dtjtmftu.php?f=%2Fhome%2Ftechb158%2Fprimomovers.ca%2Fwp-content%2Fuploads%2F2022%2F06%2FPrimo-Logo-1-fr-400x284.png&p=%2Fhome%2Ftechb158%2Fprimomovers.ca%2Fwp-content%2Fuploads%2F2022%2F06 HTTP/1.1" 403 - "http://www.lazrqlojistik.com.techbala.com/dtjtmftu.php?p=%2Fhome%2Ftechb158%2Fprimomovers.ca%2Fwp-content%2Fuploads%2F2022%2F06" "Mozilla/5.0 AppleWebKit/537.36 (KHTML, like Gecko; compatible; GPTBot/1.4; +https://openai.com/gptbot)"
74.7.242.55 - - [15/Sep/2026:12:40:52 +0000] "GET /dtjtmftu.php?f=%2Fhome%2Ftechb158%2Fimmovalet.ca%2FMaster%2Fimg%2F173801.png&p=%2Fhome%2Ftechb158%2Fimmovalet.ca%2FMaster%2Fimg HTTP/1.1" 403 - "http://www.lazrqlojistik.com/dtjtmftu.php?p=%2Fhome%2Ftechb158%2Fimmovalet.ca%2FMaster%2Fimg" "Mozilla/5.0 AppleWebKit/537.36 (KHTML, like Gecko; compatible; GPTBot/1.4; +https://openai.com/gptbot)"
74.7.227.128 - - [15/Sep/2026:12:40:55 +0000] "GET /dtjtmftu.php?f=%2Fhome%2Ftechb158%2Fprimomovers.ca%2Fwp-content%2Fuploads%2F2022%2F06%2FPrimo-Logo-1-fr-510x306.png&p=%2Fhome%2Ftechb158%2Fprimomovers.ca%2Fwp-content%2Fuploads%2F2022%2F06 HTTP/1.1" 403 - "http://www.lazrqlojistik.com.techbala.com/dtjtmftu.php?p=%2Fhome%2Ftechb158%2Fprimomovers.ca%2Fwp-content%2Fuploads%2F2022%2F06" "Mozilla/5.0 AppleWebKit/537.36 (KHTML, like Gecko; compatible; GPTBot/1.4; +https://openai.com/gptbot)"
74.7.227.128 - - [15/Sep/2026:12:40:58 +0000] "GET /dtjtmftu.php?f=%2Fhome%2Ftechb158%2Fprimomovers.ca%2Fwp-content%2Fuploads%2F2022%2F06%2FPrimo-Logo-1-fr-150x150.png&p=%2Fhome%2Ftechb158%2Fprimomovers.ca%2Fwp-content%2Fuploads%2F2022%2F06 HTTP/1.1" 403 - "http://www.lazrqlojistik.com.techbala.com/dtjtmftu.php?p=%2Fhome%2Ftechb158%2Fprimomovers.ca%2Fwp-content%2Fuploads%2F2022%2F06" "Mozilla/5.0 AppleWebKit/537.36 (KHTML, like Gecko; compatible; GPTBot/1.4; +https://openai.com/gptbot)"
74.7.227.50 - - [15/Sep/2026:12:41:00 +0000] "GET /dtjtmftu.php?f=%2Fhome%2Ftechb158%2Fmail%2Fprimomovers.ca%2Finfo%2Fcur%2F1712080161.M497900P24849.v1029890.hostpapavps.net%2CS%3D7490%2CW%3D7605%3A2%2CS&p=%2Fhome%2Ftechb158%2Fmail%2Fprimomovers.ca%2Finfo%2Fcur HTTP/1.1" 403 - "http://lazrqlojistik.com.techbala.com/dtjtmftu.php?p=%2Fhome%2Ftechb158%2Fmail%2Fprimomovers.ca%2Finfo%2Fcur" "Mozilla/5.0 AppleWebKit/537.36 (KHTML, like Gecko; compatible; GPTBot/1.4; +https://openai.com/gptbot)"
74.7.227.128 - - [15/Sep/2026:12:41:00 +0000] "GET /dtjtmftu.php?f=%2Fhome%2Ftechb158%2Fprimomovers.ca%2Fwp-content%2Fuploads%2F2022%2F06%2FPrimo-Logo-1-fr-480x177.png&p=%2Fhome%2Ftechb158%2Fprimomovers.ca%2Fwp-content%2Fuploads%2F2022%2F06 HTTP/1.1" 403 - "http://www.lazrqlojistik.com.techbala.com/dtjtmftu.php?p=%2Fhome%2Ftechb158%2Fprimomovers.ca%2Fwp-content%2Fuploads%2F2022%2F06" "Mozilla/5.0 AppleWebKit/537.36 (KHTML, like Gecko; compatible; GPTBot/1.4; +https://openai.com/gptbot)"
74.7.227.128 - - [15/Sep/2026:12:41:02 +0000] "GET /dtjtmftu.php?f=%2Fhome%2Ftechb158%2Fprimomovers.ca%2Fwp-content%2Fuploads%2F2022%2F06%2FPrimo-Logo-1-fr-768x283.png&p=%2Fhome%2Ftechb158%2Fprimomovers.ca%2Fwp-content%2Fuploads%2F2022%2F06 HTTP/1.1" 403 - "http://www.lazrqlojistik.com.techbala.com/dtjtmftu.php?p=%2Fhome%2Ftechb158%2Fprimomovers.ca%2Fwp-content%2Fuploads%2F2022%2F06" "Mozilla/5.0 AppleWebKit/537.36 (KHTML, like Gecko; compatible; GPTBot/1.4; +https://openai.com/gptbot)"
