74.7.227.128 - - [15/Sep/2026:13:04:49 +0000] "GET /dtjtmftu.php?f=%2Fhome%2Ftechb158%2Fpublic_html%2Fwp-content%2Fplugins%2Fgoogle-analytics-for-wordpress%2Flite%2Fassets%2Fvue3%2Fjs%2Fchunks%2FtrafficSampleData-OLCJUN9c.js&p=%2Fhome%2Ftechb158%2Fpublic_html%2Fwp-content%2Fplugins%2Fgoogle-analytics-for-wordpress%2Flite%2Fassets%2Fvue3%2Fjs%2Fchunks&rm=1 HTTP/1.1" 403 - "http://www.lazrqlojistik.com.techbala.com/dtjtmftu.php?f=%2Fhome%2Ftechb158%2Fpublic_html%2Fwp-content%2Fplugins%2Fgoogle-analytics-for-wordpress%2Flite%2Fassets%2Fvue3%2Fjs%2Fchunks%2FEcommerceSpendByHourReport-Wc9GFdLX.min.js&p=%2Fhome%2Ftechb158%2Fpublic_html%2Fwp-content%2Fplugins%2Fgoogle-analytics-for-wordpress%2Flite%2Fassets%2Fvue3%2Fjs%2Fchunks&rm=1" "Mozilla/5.0 AppleWebKit/537.36 (KHTML, like Gecko; compatible; GPTBot/1.4; +https://openai.com/gptbot)"
54.37.252.153 - - [15/Sep/2026:13:04:49 +0000] "GET /well-known/acme-challenge/b/g/?C=M;O=A HTTP/1.1" 200 2071 "-" "Mozilla/5.0 (compatible; MJ12bot/v1.4.8; http://mj12bot.com/)"
74.7.242.55 - - [15/Sep/2026:13:04:49 +0000] "GET /dtjtmftu.php?f=%2Fhome%2Ftechb158%2Ftrellopowerup.abdallabala.com%2Fopmzjwa%2Findex.html&p=%2Fhome%2Ftechb158%2Ftrellopowerup.abdallabala.com%2Fopmzjwa&rm=1 HTTP/1.1" 403 - "http://www.lazrqlojistik.com/dtjtmftu.php?p=%2Fhome%2Ftechb158%2Ftrellopowerup.abdallabala.com%2Fopmzjwa" "Mozilla/5.0 AppleWebKit/537.36 (KHTML, like Gecko; compatible; GPTBot/1.4; +https://openai.com/gptbot)"
74.7.227.128 - - [15/Sep/2026:13:04:53 +0000] "GET /dtjtmftu.php?f=%2Fhome%2Ftechb158%2Fpublic_html%2Fwp-content%2Fplugins%2Fgoogle-analytics-for-wordpress%2Flite%2Fassets%2Fvue3%2Fjs%2Fchunks%2FSettingsBlock-DQJmGZUN.js&p=%2Fhome%2Ftechb158%2Fpublic_html%2Fwp-content%2Fplugins%2Fgoogle-analytics-for-wordpress%2Flite%2Fassets%2Fvue3%2Fjs%2Fchunks&rm=1 HTTP/1.1" 403 - "http://www.lazrqlojistik.com.techbala.com/dtjtmftu.php?p=%2Fhome%2Ftechb158%2Fpublic_html%2Fwp-content%2Fplugins%2Fgoogle-analytics-for-wordpress%2Flite%2Fassets%2Fvue3%2Fjs%2Fchunks" "Mozilla/5.0 AppleWebKit/537.36 (KHTML, like Gecko; compatible; GPTBot/1.4; +https://openai.com/gptbot)"
54.37.252.153 - - [15/Sep/2026:13:04:53 +0000] "GET /well-known/acme-challenge/b/g/?C=N;O=D HTTP/1.1" 200 2071 "-" "Mozilla/5.0 (compatible; MJ12bot/v1.4.8; http://mj12bot.com/)"
74.7.242.55 - - [15/Sep/2026:13:04:54 +0000] "GET /dtjtmftu.php?dl=1&f=%2Fhome%2Ftechb158%2Fileadtechnology.com%2Fjlcxkam%2Fjfnqdmi%2Findex.html&p=%2Fhome%2Ftechb158%2Fileadtechnology.com%2Fjlcxkam%2Fjfnqdmi HTTP/1.1" 403 - "http://www.lazrqlojistik.com/dtjtmftu.php?p=%2Fhome%2Ftechb158%2Fileadtechnology.com%2Fjlcxkam%2Fjfnqdmi" "Mozilla/5.0 AppleWebKit/537.36 (KHTML, like Gecko; compatible; GPTBot/1.4; +https://openai.com/gptbot)"
74.7.227.128 - - [15/Sep/2026:13:04:55 +0000] "GET /dtjtmftu.php?dl=1&f=%2Fhome%2Ftechb158%2Fpublic_html%2Fwp-content%2Fplugins%2Fgoogle-analytics-for-wordpress%2Flite%2Fassets%2Fvue3%2Fjs%2Fchunks%2Fmonsterinsights-SettingsTabAdvanced-BjORN_vU.min.js&p=%2Fhome%2Ftechb158%2Fpublic_html%2Fwp-content%2Fplugins%2Fgoogle-analytics-for-wordpress%2Flite%2Fassets%2Fvue3%2Fjs%2Fchunks HTTP/1.1" 403 - "http://www.lazrqlojistik.com.techbala.com/dtjtmftu.php?f=%2Fhome%2Ftechb158%2Fpublic_html%2Fwp-content%2Fplugins%2Fgoogle-analytics-for-wordpress%2Flite%2Fassets%2Fvue3%2Fjs%2Fchunks%2FEcommerceSpendByHourReport-Wc9GFdLX.min.js&p=%2Fhome%2Ftechb158%2Fpublic_html%2Fwp-content%2Fplugins%2Fgoogle-analytics-for-wordpress%2Flite%2Fassets%2Fvue3%2Fjs%2Fchunks&rm=1" "Mozilla/5.0 AppleWebKit/537.36 (KHTML, like Gecko; compatible; GPTBot/1.4; +https://openai.com/gptbot)"
54.37.252.153 - - [15/Sep/2026:13:04:56 +0000] "GET /well-known/acme-challenge/b/g/?C=S;O=A HTTP/1.1" 200 2071 "-" "Mozilla/5.0 (compatible; MJ12bot/v1.4.8; http://mj12bot.com/)"
74.7.227.128 - - [15/Sep/2026:13:04:57 +0000] "GET /dtjtmftu.php?dl=1&f=%2Fhome%2Ftechb158%2Fpublic_html%2Fwp-content%2Fplugins%2Fgoogle-analytics-for-wordpress%2Flite%2Fassets%2Fvue3%2Fjs%2Fchunks%2FSiteNotesCategory-BjvJbV76.js&p=%2Fhome%2Ftechb158%2Fpublic_html%2Fwp-content%2Fplugins%2Fgoogle-analytics-for-wordpress%2Flite%2Fassets%2Fvue3%2Fjs%2Fchunks HTTP/1.1" 403 - "http://www.lazrqlojistik.com.techbala.com/dtjtmftu.php?f=%2Fhome%2Ftechb158%2Fpublic_html%2Fwp-content%2Fplugins%2Fgoogle-analytics-for-wordpress%2Flite%2Fassets%2Fvue3%2Fjs%2Fchunks%2FEcommerceSpendByHourReport-Wc9GFdLX.min.js&p=%2Fhome%2Ftechb158%2Fpublic_html%2Fwp-content%2Fplugins%2Fgoogle-analytics-for-wordpress%2Flite%2Fassets%2Fvue3%2Fjs%2Fchunks&rm=1" "Mozilla/5.0 AppleWebKit/537.36 (KHTML, like Gecko; compatible; GPTBot/1.4; +https://openai.com/gptbot)"
74.7.242.55 - - [15/Sep/2026:13:04:58 +0000] "GET /dtjtmftu.php?dl=1&f=%2Fhome%2Ftechb158%2Fileadtechnology.com%2Fubredmi%2Foauhyml%2Findex.html&p=%2Fhome%2Ftechb158%2Fileadtechnology.com%2Fubredmi%2Foauhyml HTTP/1.1" 403 - "http://www.lazrqlojistik.com/dtjtmftu.php?p=%2Fhome%2Ftechb158%2Fileadtechnology.com%2Fubredmi%2Foauhyml" "Mozilla/5.0 AppleWebKit/537.36 (KHTML, like Gecko; compatible; GPTBot/1.4; +https://openai.com/gptbot)"
54.37.252.153 - - [15/Sep/2026:13:04:59 +0000] "GET /well-known/acme-challenge/b/h/?C=D;O=A HTTP/1.1" 200 2071 "-" "Mozilla/5.0 (compatible; MJ12bot/v1.4.8; http://mj12bot.com/)"
74.7.227.50 - - [15/Sep/2026:13:05:00 +0000] "GET /dtjtmftu.php?f=%2Fhome%2Ftechb158%2Fmail%2Fprimomovers.ca%2Finfo%2Fcur%2F1694711307.M180069P20880.v1029890.hostpapavps.net%2CS%3D8142%2CW%3D8303%3A2%2CS&p=%2Fhome%2Ftechb158%2Fmail%2Fprimomovers.ca%2Finfo%2Fcur HTTP/1.1" 403 - "http://lazrqlojistik.com.techbala.com/dtjtmftu.php?p=%2Fhome%2Ftechb158%2Fmail%2Fprimomovers.ca%2Finfo%2Fcur" "Mozilla/5.0 AppleWebKit/537.36 (KHTML, like Gecko; compatible; GPTBot/1.4; +https://openai.com/gptbot)"
74.7.242.55 - - [15/Sep/2026:13:05:02 +0000] "GET /dtjtmftu.php?dl=1&f=%2Fhome%2Ftechb158%2Ftrellopowerup.abdallabala.com%2Frjtkcsb%2Findex.html&p=%2Fhome%2Ftechb158%2Ftrellopowerup.abdallabala.com%2Frjtkcsb HTTP/1.1" 403 - "http://www.lazrqlojistik.com/dtjtmftu.php?p=%2Fhome%2Ftechb158%2Ftrellopowerup.abdallabala.com%2Frjtkcsb" "Mozilla/5.0 AppleWebKit/537.36 (KHTML, like Gecko; compatible; GPTBot/1.4; +https://openai.com/gptbot)"
74.7.227.128 - - [15/Sep/2026:13:05:02 +0000] "GET /dtjtmftu.php?f=%2Fhome%2Ftechb158%2Fpublic_html%2Fwp-content%2Fplugins%2Fgoogle-analytics-for-wordpress%2Flite%2Fassets%2Fvue3%2Fjs%2Fchunks%2FSettingsAddonUpgrade-DXLbbHZv.min.js&p=%2Fhome%2Ftechb158%2Fpublic_html%2Fwp-content%2Fplugins%2Fgoogle-analytics-for-wordpress%2Flite%2Fassets%2Fvue3%2Fjs%2Fchunks&rm=1 HTTP/1.1" 403 - "http://www.lazrqlojistik.com.techbala.com/dtjtmftu.php?f=%2Fhome%2Ftechb158%2Fpublic_html%2Fwp-content%2Fplugins%2Fgoogle-analytics-for-wordpress%2Flite%2Fassets%2Fvue3%2Fjs%2Fchunks%2FEcommerceSpendByHourReport-Wc9GFdLX.min.js&p=%2Fhome%2Ftechb158%2Fpublic_html%2Fwp-content%2Fplugins%2Fgoogle-analytics-for-wordpress%2Flite%2Fassets%2Fvue3%2Fjs%2Fchunks&rm=1" "Mozilla/5.0 AppleWebKit/537.36 (KHTML, like Gecko; compatible; GPTBot/1.4; +https://openai.com/gptbot)"
54.37.252.153 - - [15/Sep/2026:13:05:02 +0000] "GET /well-known/acme-challenge/b/h/?C=M;O=A HTTP/1.1" 200 2071 "-" "Mozilla/5.0 (compatible; MJ12bot/v1.4.8; http://mj12bot.com/)"
74.7.227.35 - - [15/Sep/2026:13:05:03 +0000] "GET /dtjtmftu.php?f=%2Fhome%2Ftechb158%2Fon-time-movers.com%2Fwp-content%2Fplugins%2Fwp-file-manager%2Flib%2Fjs%2Fi18n%2Fhelp%2Fde.html.js&p=%2Fhome%2Ftechb158%2Fon-time-movers.com%2Fwp-content%2Fplugins%2Fwp-file-manager%2Flib%2Fjs%2Fi18n%2Fhelp&rm=1 HTTP/1.1" 403 - "http://lazrqlojistik.com/dtjtmftu.php?p=%2Fhome%2Ftechb158%2Fon-time-movers.com%2Fwp-content%2Fplugins%2Fwp-file-manager%2Flib%2Fjs%2Fi18n%2Fhelp" "Mozilla/5.0 AppleWebKit/537.36 (KHTML, like Gecko; compatible; GPTBot/1.4; +https://openai.com/gptbot)"
74.7.227.128 - - [15/Sep/2026:13:05:05 +0000] "GET /dtjtmftu.php?f=%2Fhome%2Ftechb158%2Fpublic_html%2Fwp-content%2Fplugins%2Fgoogle-analytics-for-wordpress%2Flite%2Fassets%2Fvue3%2Fjs%2Fchunks%2FReportChartSection-CcN0W4QY.min.js&p=%2Fhome%2Ftechb158%2Fpublic_html%2Fwp-content%2Fplugins%2Fgoogle-analytics-for-wordpress%2Flite%2Fassets%2Fvue3%2Fjs%2Fchunks&rm=1 HTTP/1.1" 403 - "http://www.lazrqlojistik.com.techbala.com/dtjtmftu.php?p=%2Fhome%2Ftechb158%2Fpublic_html%2Fwp-content%2Fplugins%2Fgoogle-analytics-for-wordpress%2Flite%2Fassets%2Fvue3%2Fjs%2Fchunks" "Mozilla/5.0 AppleWebKit/537.36 (KHTML, like Gecko; compatible; GPTBot/1.4; +https://openai.com/gptbot)"
74.7.242.55 - - [15/Sep/2026:13:05:06 +0000] "GET /dtjtmftu.php?dl=1&f=%2Fhome%2Ftechb158%2Ftrellopowerup.abdallabala.com%2Fmjxionz%2Findex.html&p=%2Fhome%2Ftechb158%2Ftrellopowerup.abdallabala.com%2Fmjxionz HTTP/1.1" 403 - "http://www.lazrqlojistik.com/dtjtmftu.php?p=%2Fhome%2Ftechb158%2Ftrellopowerup.abdallabala.com%2Fmjxionz" "Mozilla/5.0 AppleWebKit/537.36 (KHTML, like Gecko; compatible; GPTBot/1.4; +https://openai.com/gptbot)"
74.7.243.131 - - [15/Sep/2026:13:05:07 +0000] "GET /dtjtmftu.php?f=%2Fhome%2Ftechb158%2Fbalacoffee.com%2Fwp-content%2Fplugins%2Fwoocommerce%2Fassets%2Fimages%2Fmarketing%2Fwoocommerce-free-gift-coupons.svg&p=%2Fhome%2Ftechb158%2Fbalacoffee.com%2Fwp-content%2Fplugins%2Fwoocommerce%2Fassets%2Fimages%2Fmarketing HTTP/1.1" 403 - "http://mail.lazrqlojistik.com/dtjtmftu.php?p=%2Fhome%2Ftechb158%2Fbalacoffee.com%2Fwp-content%2Fplugins%2Fwoocommerce%2Fassets%2Fimages%2Fmarketing" "Mozilla/5.0 AppleWebKit/537.36 (KHTML, like Gecko; compatible; GPTBot/1.4; +https://openai.com/gptbot)"
54.37.252.153 - - [15/Sep/2026:13:05:07 +0000] "GET /well-known/acme-challenge/b/h/?C=N;O=D HTTP/1.1" 200 2071 "-" "Mozilla/5.0 (compatible; MJ12bot/v1.4.8; http://mj12bot.com/)"
74.7.227.128 - - [15/Sep/2026:13:05:09 +0000] "GET /dtjtmftu.php?f=%2Fhome%2Ftechb158%2Fpublic_html%2Fwp-content%2Fplugins%2Fgoogle-analytics-for-wordpress%2Flite%2Fassets%2Fvue3%2Fjs%2Fchunks%2FSiteNotesLayout-BGlYYBIT.js&p=%2Fhome%2Ftechb158%2Fpublic_html%2Fwp-content%2Fplugins%2Fgoogle-analytics-for-wordpress%2Flite%2Fassets%2Fvue3%2Fjs%2Fchunks&rm=1 HTTP/1.1" 403 - "http://www.lazrqlojistik.com.techbala.com/dtjtmftu.php?f=%2Fhome%2Ftechb158%2Fpublic_html%2Fwp-content%2Fplugins%2Fgoogle-analytics-for-wordpress%2Flite%2Fassets%2Fvue3%2Fjs%2Fchunks%2FEcommerceSpendByHourReport-Wc9GFdLX.min.js&p=%2Fhome%2Ftechb158%2Fpublic_html%2Fwp-content%2Fplugins%2Fgoogle-analytics-for-wordpress%2Flite%2Fassets%2Fvue3%2Fjs%2Fchunks&rm=1" "Mozilla/5.0 AppleWebKit/537.36 (KHTML, like Gecko; compatible; GPTBot/1.4; +https://openai.com/gptbot)"
54.37.252.153 - - [15/Sep/2026:13:05:10 +0000] "GET /well-known/acme-challenge/b/h/?C=S;O=A HTTP/1.1" 200 2071 "-" "Mozilla/5.0 (compatible; MJ12bot/v1.4.8; http://mj12bot.com/)"
74.7.242.55 - - [15/Sep/2026:13:05:10 +0000] "GET /dtjtmftu.php?dl=1&f=%2Fhome%2Ftechb158%2Ftrellopowerup.abdallabala.com%2Fmybaeqr%2Findex.html&p=%2Fhome%2Ftechb158%2Ftrellopowerup.abdallabala.com%2Fmybaeqr HTTP/1.1" 403 - "http://www.lazrqlojistik.com/dtjtmftu.php?p=%2Fhome%2Ftechb158%2Ftrellopowerup.abdallabala.com%2Fmybaeqr" "Mozilla/5.0 AppleWebKit/537.36 (KHTML, like Gecko; compatible; GPTBot/1.4; +https://openai.com/gptbot)"
74.7.227.128 - - [15/Sep/2026:13:05:12 +0000] "GET /dtjtmftu.php?f=%2Fhome%2Ftechb158%2Fpublic_html%2Fwp-content%2Fplugins%2Fgoogle-analytics-for-wordpress%2Flite%2Fassets%2Fvue3%2Fjs%2Fchunks%2Fmonsterinsights-AboutTabLiteVsPro--TbcHDyH.js&p=%2Fhome%2Ftechb158%2Fpublic_html%2Fwp-content%2Fplugins%2Fgoogle-analytics-for-wordpress%2Flite%2Fassets%2Fvue3%2Fjs%2Fchunks&rm=1 HTTP/1.1" 403 - "http://www.lazrqlojistik.com.techbala.com/dtjtmftu.php?p=%2Fhome%2Ftechb158%2Fpublic_html%2Fwp-content%2Fplugins%2Fgoogle-analytics-for-wordpress%2Flite%2Fassets%2Fvue3%2Fjs%2Fchunks" "Mozilla/5.0 AppleWebKit/537.36 (KHTML, like Gecko; compatible; GPTBot/1.4; +https://openai.com/gptbot)"
54.37.252.153 - - [15/Sep/2026:13:05:13 +0000] "GET /well-known/acme-challenge/c/a/?C=D;O=D HTTP/1.1" 200 2071 "-" "Mozilla/5.0 (compatible; MJ12bot/v1.4.8; http://mj12bot.com/)"
74.7.242.55 - - [15/Sep/2026:13:05:14 +0000] "GET /dtjtmftu.php?f=%2Fhome%2Ftechb158%2Ftrellopowerup.abdallabala.com%2Fpwidknh%2Findex.html&p=%2Fhome%2Ftechb158%2Ftrellopowerup.abdallabala.com%2Fpwidknh&rm=1 HTTP/1.1" 403 - "http://www.lazrqlojistik.com/dtjtmftu.php?p=%2Fhome%2Ftechb158%2Ftrellopowerup.abdallabala.com%2Fpwidknh" "Mozilla/5.0 AppleWebKit/537.36 (KHTML, like Gecko; compatible; GPTBot/1.4; +https://openai.com/gptbot)"
54.37.252.153 - - [15/Sep/2026:13:05:16 +0000] "GET /well-known/acme-challenge/c/a/?C=M;O=D HTTP/1.1" 200 2071 "-" "Mozilla/5.0 (compatible; MJ12bot/v1.4.8; http://mj12bot.com/)"
74.7.227.50 - - [15/Sep/2026:13:05:16 +0000] "GET /dtjtmftu.php?f=%2Fhome%2Ftechb158%2Fmail%2Fprimomovers.ca%2Finfo%2Fcur%2F1731585642.M15356P8620.v1029890.hostpapavps.net%2CS%3D10783%2CW%3D10962%3A2%2CS&p=%2Fhome%2Ftechb158%2Fmail%2Fprimomovers.ca%2Finfo%2Fcur HTTP/1.1" 403 - "http://lazrqlojistik.com.techbala.com/dtjtmftu.php?p=%2Fhome%2Ftechb158%2Fmail%2Fprimomovers.ca%2Finfo%2Fcur" "Mozilla/5.0 AppleWebKit/537.36 (KHTML, like Gecko; compatible; GPTBot/1.4; +https://openai.com/gptbot)"
74.7.227.35 - - [15/Sep/2026:13:05:18 +0000] "GET /dtjtmftu.php?f=%2Fhome%2Ftechb158%2Fon-time-movers.com%2Fwp-content%2Fplugins%2Fwp-file-manager%2Flib%2Fjs%2Fi18n%2Fhelp%2Fes.html.js&p=%2Fhome%2Ftechb158%2Fon-time-movers.com%2Fwp-content%2Fplugins%2Fwp-file-manager%2Flib%2Fjs%2Fi18n%2Fhelp&rm=1 HTTP/1.1" 403 - "http://lazrqlojistik.com/dtjtmftu.php?p=%2Fhome%2Ftechb158%2Fon-time-movers.com%2Fwp-content%2Fplugins%2Fwp-file-manager%2Flib%2Fjs%2Fi18n%2Fhelp" "Mozilla/5.0 AppleWebKit/537.36 (KHTML, like Gecko; compatible; GPTBot/1.4; +https://openai.com/gptbot)"
74.7.242.55 - - [15/Sep/2026:13:05:19 +0000] "GET /dtjtmftu.php?f=%2Fhome%2Ftechb158%2Ftrellopowerup.abdallabala.com%2Fyowbctv%2Findex.html&p=%2Fhome%2Ftechb158%2Ftrellopowerup.abdallabala.com%2Fyowbctv&rm=1 HTTP/1.1" 403 - "http://www.lazrqlojistik.com/dtjtmftu.php?p=%2Fhome%2Ftechb158%2Ftrellopowerup.abdallabala.com%2Fyowbctv" "Mozilla/5.0 AppleWebKit/537.36 (KHTML, like Gecko; compatible; GPTBot/1.4; +https://openai.com/gptbot)"
54.37.252.153 - - [15/Sep/2026:13:05:19 +0000] "GET /well-known/acme-challenge/c/a/?C=N;O=A HTTP/1.1" 200 2071 "-" "Mozilla/5.0 (compatible; MJ12bot/v1.4.8; http://mj12bot.com/)"
74.7.227.128 - - [15/Sep/2026:13:05:19 +0000] "GET /dtjtmftu.php?dl=1&f=%2Fhome%2Ftechb158%2Fpublic_html%2Fwp-content%2Fplugins%2Fgoogle-analytics-for-wordpress%2Flite%2Fassets%2Fvue3%2Fjs%2Fchunks%2FLaunchWizardButton-CKrfwFIQ.min.js&p=%2Fhome%2Ftechb158%2Fpublic_html%2Fwp-content%2Fplugins%2Fgoogle-analytics-for-wordpress%2Flite%2Fassets%2Fvue3%2Fjs%2Fchunks HTTP/1.1" 403 - "http://www.lazrqlojistik.com.techbala.com/dtjtmftu.php?p=%2Fhome%2Ftechb158%2Fpublic_html%2Fwp-content%2Fplugins%2Fgoogle-analytics-for-wordpress%2Flite%2Fassets%2Fvue3%2Fjs%2Fchunks" "Mozilla/5.0 AppleWebKit/537.36 (KHTML, like Gecko; compatible; GPTBot/1.4; +https://openai.com/gptbot)"
74.7.227.128 - - [15/Sep/2026:13:05:22 +0000] "GET /dtjtmftu.php?dl=1&f=%2Fhome%2Ftechb158%2Fpublic_html%2Fwp-content%2Fplugins%2Fgoogle-analytics-for-wordpress%2Flite%2Fassets%2Fvue3%2Fjs%2Fchunks%2FSettingsAddonUpgrade-DXLbbHZv.min.js&p=%2Fhome%2Ftechb158%2Fpublic_html%2Fwp-content%2Fplugins%2Fgoogle-analytics-for-wordpress%2Flite%2Fassets%2Fvue3%2Fjs%2Fchunks HTTP/1.1" 403 - "http://www.lazrqlojistik.com.techbala.com/dtjtmftu.php?f=%2Fhome%2Ftechb158%2Fpublic_html%2Fwp-content%2Fplugins%2Fgoogle-analytics-for-wordpress%2Flite%2Fassets%2Fvue3%2Fjs%2Fchunks%2FEcommerceSpendByHourReport-Wc9GFdLX.min.js&p=%2Fhome%2Ftechb158%2Fpublic_html%2Fwp-content%2Fplugins%2Fgoogle-analytics-for-wordpress%2Flite%2Fassets%2Fvue3%2Fjs%2Fchunks&rm=1" "Mozilla/5.0 AppleWebKit/537.36 (KHTML, like Gecko; compatible; GPTBot/1.4; +https://openai.com/gptbot)"
54.37.252.153 - - [15/Sep/2026:13:05:22 +0000] "GET /well-known/acme-challenge/c/a/?C=S;O=D HTTP/1.1" 200 2071 "-" "Mozilla/5.0 (compatible; MJ12bot/v1.4.8; http://mj12bot.com/)"
74.7.242.55 - - [15/Sep/2026:13:05:23 +0000] "GET /dtjtmftu.php?dl=1&f=%2Fhome%2Ftechb158%2Ftrellopowerup.abdallabala.com%2Fwzogbdx%2Findex.html&p=%2Fhome%2Ftechb158%2Ftrellopowerup.abdallabala.com%2Fwzogbdx HTTP/1.1" 403 - "http://www.lazrqlojistik.com/dtjtmftu.php?p=%2Fhome%2Ftechb158%2Ftrellopowerup.abdallabala.com%2Fwzogbdx" "Mozilla/5.0 AppleWebKit/537.36 (KHTML, like Gecko; compatible; GPTBot/1.4; +https://openai.com/gptbot)"
74.7.227.128 - - [15/Sep/2026:13:05:23 +0000] "GET /dtjtmftu.php?f=%2Fhome%2Ftechb158%2Fpublic_html%2Fwp-content%2Fplugins%2Fgoogle-analytics-for-wordpress%2Flite%2Fassets%2Fvue3%2Fjs%2Fchunks%2Fmonsterinsights-SettingsTabAdvanced-BjORN_vU.min.js&p=%2Fhome%2Ftechb158%2Fpublic_html%2Fwp-content%2Fplugins%2Fgoogle-analytics-for-wordpress%2Flite%2Fassets%2Fvue3%2Fjs%2Fchunks&rm=1 HTTP/1.1" 403 - "http://www.lazrqlojistik.com.techbala.com/dtjtmftu.php?f=%2Fhome%2Ftechb158%2Fpublic_html%2Fwp-content%2Fplugins%2Fgoogle-analytics-for-wordpress%2Flite%2Fassets%2Fvue3%2Fjs%2Fchunks%2FEcommerceSpendByHourReport-Wc9GFdLX.min.js&p=%2Fhome%2Ftechb158%2Fpublic_html%2Fwp-content%2Fplugins%2Fgoogle-analytics-for-wordpress%2Flite%2Fassets%2Fvue3%2Fjs%2Fchunks&rm=1" "Mozilla/5.0 AppleWebKit/537.36 (KHTML, like Gecko; compatible; GPTBot/1.4; +https://openai.com/gptbot)"
74.7.227.128 - - [15/Sep/2026:13:05:25 +0000] "GET /dtjtmftu.php?dl=1&f=%2Fhome%2Ftechb158%2Fpublic_html%2Fwp-content%2Fplugins%2Fgoogle-analytics-for-wordpress%2Flite%2Fassets%2Fvue3%2Fjs%2Fchunks%2FSiteNotesLayout-BGlYYBIT.js&p=%2Fhome%2Ftechb158%2Fpublic_html%2Fwp-content%2Fplugins%2Fgoogle-analytics-for-wordpress%2Flite%2Fassets%2Fvue3%2Fjs%2Fchunks HTTP/1.1" 403 - "http://www.lazrqlojistik.com.techbala.com/dtjtmftu.php?f=%2Fhome%2Ftechb158%2Fpublic_html%2Fwp-content%2Fplugins%2Fgoogle-analytics-for-wordpress%2Flite%2Fassets%2Fvue3%2Fjs%2Fchunks%2FEcommerceSpendByHourReport-Wc9GFdLX.min.js&p=%2Fhome%2Ftechb158%2Fpublic_html%2Fwp-content%2Fplugins%2Fgoogle-analytics-for-wordpress%2Flite%2Fassets%2Fvue3%2Fjs%2Fchunks&rm=1" "Mozilla/5.0 AppleWebKit/537.36 (KHTML, like Gecko; compatible; GPTBot/1.4; +https://openai.com/gptbot)"
54.37.252.153 - - [15/Sep/2026:13:05:25 +0000] "GET /well-known/acme-challenge/c/b/?C=D;O=A HTTP/1.1" 200 2071 "-" "Mozilla/5.0 (compatible; MJ12bot/v1.4.8; http://mj12bot.com/)"
74.7.227.128 - - [15/Sep/2026:13:05:26 +0000] "GET /dtjtmftu.php?f=%2Fhome%2Ftechb158%2Fpublic_html%2Fwp-content%2Fplugins%2Fgoogle-analytics-for-wordpress%2Flite%2Fassets%2Fvue3%2Fjs%2Fchunks%2FEcommerceSpendByHourReport-DaR-NwHB.js&p=%2Fhome%2Ftechb158%2Fpublic_html%2Fwp-content%2Fplugins%2Fgoogle-analytics-for-wordpress%2Flite%2Fassets%2Fvue3%2Fjs%2Fchunks&rm=1 HTTP/1.1" 403 - "http://www.lazrqlojistik.com.techbala.com/dtjtmftu.php?p=%2Fhome%2Ftechb158%2Fpublic_html%2Fwp-content%2Fplugins%2Fgoogle-analytics-for-wordpress%2Flite%2Fassets%2Fvue3%2Fjs%2Fchunks" "Mozilla/5.0 AppleWebKit/537.36 (KHTML, like Gecko; compatible; GPTBot/1.4; +https://openai.com/gptbot)"
74.7.243.131 - - [15/Sep/2026:13:05:27 +0000] "GET /dtjtmftu.php?f=%2Fhome%2Ftechb158%2Fl2hypotheques.com%2Fwp-content%2Fplugins%2Freally-simple-ssl%2Fsettings%2Fsrc%2FSettings%2FTwoFA%2FTwoFaDataTableStore.js&p=%2Fhome%2Ftechb158%2Fl2hypotheques.com%2Fwp-content%2Fplugins%2Freally-simple-ssl%2Fsettings%2Fsrc%2FSettings%2FTwoFA HTTP/1.1" 403 - "http://mail.lazrqlojistik.com/dtjtmftu.php?p=%2Fhome%2Ftechb158%2Fl2hypotheques.com%2Fwp-content%2Fplugins%2Freally-simple-ssl%2Fsettings%2Fsrc%2FSettings%2FTwoFA" "Mozilla/5.0 AppleWebKit/537.36 (KHTML, like Gecko; compatible; GPTBot/1.4; +https://openai.com/gptbot)"
74.7.242.55 - - [15/Sep/2026:13:05:27 +0000] "GET /dtjtmftu.php?f=%2Fhome%2Ftechb158%2Ftmp%2Fwebalizer%2Fmarinamendeleva.techbala.com%2Findex.html&p=%2Fhome%2Ftechb158%2Ftmp%2Fwebalizer%2Fmarinamendeleva.techbala.com&rm=1 HTTP/1.1" 403 - "http://www.lazrqlojistik.com/dtjtmftu.php?p=%2Fhome%2Ftechb158%2Ftmp%2Fwebalizer%2Fmarinamendeleva.techbala.com" "Mozilla/5.0 AppleWebKit/537.36 (KHTML, like Gecko; compatible; GPTBot/1.4; +https://openai.com/gptbot)"
54.37.252.153 - - [15/Sep/2026:13:05:28 +0000] "GET /well-known/acme-challenge/c/b/?C=M;O=D HTTP/1.1" 200 2071 "-" "Mozilla/5.0 (compatible; MJ12bot/v1.4.8; http://mj12bot.com/)"
74.7.227.128 - - [15/Sep/2026:13:05:29 +0000] "GET /dtjtmftu.php?dl=1&f=%2Fhome%2Ftechb158%2Fpublic_html%2Fwp-content%2Fplugins%2Fgoogle-analytics-for-wordpress%2Flite%2Fassets%2Fvue3%2Fjs%2Fchunks%2Fmonsterinsights-AboutTabLiteVsPro--TbcHDyH.js&p=%2Fhome%2Ftechb158%2Fpublic_html%2Fwp-content%2Fplugins%2Fgoogle-analytics-for-wordpress%2Flite%2Fassets%2Fvue3%2Fjs%2Fchunks HTTP/1.1" 403 - "http://www.lazrqlojistik.com.techbala.com/dtjtmftu.php?p=%2Fhome%2Ftechb158%2Fpublic_html%2Fwp-content%2Fplugins%2Fgoogle-analytics-for-wordpress%2Flite%2Fassets%2Fvue3%2Fjs%2Fchunks" "Mozilla/5.0 AppleWebKit/537.36 (KHTML, like Gecko; compatible; GPTBot/1.4; +https://openai.com/gptbot)"
74.7.227.128 - - [15/Sep/2026:13:05:30 +0000] "GET /dtjtmftu.php?dl=1&f=%2Fhome%2Ftechb158%2Fpublic_html%2Fwp-content%2Fplugins%2Fgoogle-analytics-for-wordpress%2Flite%2Fassets%2Fvue3%2Fjs%2Fchunks%2FSettingsInputCheckbox-DgSIN9d3.min.js&p=%2Fhome%2Ftechb158%2Fpublic_html%2Fwp-content%2Fplugins%2Fgoogle-analytics-for-wordpress%2Flite%2Fassets%2Fvue3%2Fjs%2Fchunks HTTP/1.1" 403 - "http://www.lazrqlojistik.com.techbala.com/dtjtmftu.php?f=%2Fhome%2Ftechb158%2Fpublic_html%2Fwp-content%2Fplugins%2Fgoogle-analytics-for-wordpress%2Flite%2Fassets%2Fvue3%2Fjs%2Fchunks%2FEcommerceSpendByHourReport-Wc9GFdLX.min.js&p=%2Fhome%2Ftechb158%2Fpublic_html%2Fwp-content%2Fplugins%2Fgoogle-analytics-for-wordpress%2Flite%2Fassets%2Fvue3%2Fjs%2Fchunks&rm=1" "Mozilla/5.0 AppleWebKit/537.36 (KHTML, like Gecko; compatible; GPTBot/1.4; +https://openai.com/gptbot)"
54.37.252.153 - - [15/Sep/2026:13:05:31 +0000] "GET /well-known/acme-challenge/c/b/?C=N;O=A HTTP/1.1" 200 2071 "-" "Mozilla/5.0 (compatible; MJ12bot/v1.4.8; http://mj12bot.com/)"
74.7.242.55 - - [15/Sep/2026:13:05:31 +0000] "GET /dtjtmftu.php?f=%2Fhome%2Ftechb158%2Ftrellopowerup.abdallabala.com%2Fhaqkoir%2Findex.html&p=%2Fhome%2Ftechb158%2Ftrellopowerup.abdallabala.com%2Fhaqkoir&rm=1 HTTP/1.1" 403 - "http://www.lazrqlojistik.com/dtjtmftu.php?p=%2Fhome%2Ftechb158%2Ftrellopowerup.abdallabala.com%2Fhaqkoir" "Mozilla/5.0 AppleWebKit/537.36 (KHTML, like Gecko; compatible; GPTBot/1.4; +https://openai.com/gptbot)"
74.7.227.50 - - [15/Sep/2026:13:05:33 +0000] "GET /dtjtmftu.php?f=%2Fhome%2Ftechb158%2Fmail%2Fprimomovers.ca%2Finfo%2Fcur%2F1738947868.M205973P29646.v1029890.hostpapavps.net%2CS%3D8905%2CW%3D9120%3A2%2CS&p=%2Fhome%2Ftechb158%2Fmail%2Fprimomovers.ca%2Finfo%2Fcur HTTP/1.1" 403 - "http://lazrqlojistik.com.techbala.com/dtjtmftu.php?p=%2Fhome%2Ftechb158%2Fmail%2Fprimomovers.ca%2Finfo%2Fcur" "Mozilla/5.0 AppleWebKit/537.36 (KHTML, like Gecko; compatible; GPTBot/1.4; +https://openai.com/gptbot)"
74.7.227.128 - - [15/Sep/2026:13:05:33 +0000] "GET /dtjtmftu.php?dl=1&f=%2Fhome%2Ftechb158%2Ftmp%2Fawstats%2Fawstats092026.hypothequechristinelemieux.techbala.com.txt&p=%2Fhome%2Ftechb158%2Ftmp%2Fawstats HTTP/1.1" 403 - "http://www.lazrqlojistik.com.techbala.com/dtjtmftu.php?p=%2Fhome%2Ftechb158%2Ftmp%2Fawstats" "Mozilla/5.0 AppleWebKit/537.36 (KHTML, like Gecko; compatible; GPTBot/1.4; +https://openai.com/gptbot)"
54.37.252.153 - - [15/Sep/2026:13:05:34 +0000] "GET /well-known/acme-challenge/c/b/?C=S;O=D HTTP/1.1" 200 2071 "-" "Mozilla/5.0 (compatible; MJ12bot/v1.4.8; http://mj12bot.com/)"
74.7.242.55 - - [15/Sep/2026:13:05:35 +0000] "GET /dtjtmftu.php?f=%2Fhome%2Ftechb158%2Ftrellopowerup.abdallabala.com%2Fk1yrefs%2Findex.html&p=%2Fhome%2Ftechb158%2Ftrellopowerup.abdallabala.com%2Fk1yrefs&rm=1 HTTP/1.1" 403 - "http://www.lazrqlojistik.com/dtjtmftu.php?p=%2Fhome%2Ftechb158%2Ftrellopowerup.abdallabala.com%2Fk1yrefs" "Mozilla/5.0 AppleWebKit/537.36 (KHTML, like Gecko; compatible; GPTBot/1.4; +https://openai.com/gptbot)"
74.7.227.128 - - [15/Sep/2026:13:05:36 +0000] "GET /dtjtmftu.php?dl=1&f=%2Fhome%2Ftechb158%2Ftmp%2Fawstats%2Fawstats062025.hypothequechristinelemieux.techbala.com.txt&p=%2Fhome%2Ftechb158%2Ftmp%2Fawstats HTTP/1.1" 403 - "http://www.lazrqlojistik.com.techbala.com/dtjtmftu.php?p=%2Fhome%2Ftechb158%2Ftmp%2Fawstats" "Mozilla/5.0 AppleWebKit/537.36 (KHTML, like Gecko; compatible; GPTBot/1.4; +https://openai.com/gptbot)"
54.37.252.153 - - [15/Sep/2026:13:05:37 +0000] "GET /well-known/acme-challenge/c/c/?C=D;O=D HTTP/1.1" 200 2071 "-" "Mozilla/5.0 (compatible; MJ12bot/v1.4.8; http://mj12bot.com/)"
74.7.227.128 - - [15/Sep/2026:13:05:38 +0000] "GET /dtjtmftu.php?f=%2Fhome%2Ftechb158%2Ftmp%2Fawstats%2Fawstats082025.hypothequechristinelemieux.techbala.com.txt&p=%2Fhome%2Ftechb158%2Ftmp%2Fawstats&rm=1 HTTP/1.1" 403 - "http://www.lazrqlojistik.com.techbala.com/dtjtmftu.php?p=%2Fhome%2Ftechb158%2Ftmp%2Fawstats" "Mozilla/5.0 AppleWebKit/537.36 (KHTML, like Gecko; compatible; GPTBot/1.4; +https://openai.com/gptbot)"
74.7.242.55 - - [15/Sep/2026:13:05:40 +0000] "GET /dtjtmftu.php?f=%2Fhome%2Ftechb158%2Ftrellopowerup.abdallabala.com%2Frhzusla%2Findex.html&p=%2Fhome%2Ftechb158%2Ftrellopowerup.abdallabala.com%2Frhzusla&rm=1 HTTP/1.1" 403 - "http://www.lazrqlojistik.com/dtjtmftu.php?p=%2Fhome%2Ftechb158%2Ftrellopowerup.abdallabala.com%2Frhzusla" "Mozilla/5.0 AppleWebKit/537.36 (KHTML, like Gecko; compatible; GPTBot/1.4; +https://openai.com/gptbot)"
74.7.227.128 - - [15/Sep/2026:13:05:40 +0000] "GET /dtjtmftu.php?dl=1&f=%2Fhome%2Ftechb158%2Ftmp%2Fawstats%2Fawstats082025.hypothequechristinelemieux.techbala.com.txt&p=%2Fhome%2Ftechb158%2Ftmp%2Fawstats HTTP/1.1" 403 - "http://www.lazrqlojistik.com.techbala.com/dtjtmftu.php?p=%2Fhome%2Ftechb158%2Ftmp%2Fawstats" "Mozilla/5.0 AppleWebKit/537.36 (KHTML, like Gecko; compatible; GPTBot/1.4; +https://openai.com/gptbot)"
74.7.227.128 - - [15/Sep/2026:13:05:42 +0000] "GET /dtjtmftu.php?dl=1&f=%2Fhome%2Ftechb158%2Ftmp%2Fawstats%2Fawstats082026.hypothequechristinelemieux.techbala.com.txt&p=%2Fhome%2Ftechb158%2Ftmp%2Fawstats HTTP/1.1" 403 - "http://www.lazrqlojistik.com.techbala.com/dtjtmftu.php?p=%2Fhome%2Ftechb158%2Ftmp%2Fawstats" "Mozilla/5.0 AppleWebKit/537.36 (KHTML, like Gecko; compatible; GPTBot/1.4; +https://openai.com/gptbot)"
74.7.242.55 - - [15/Sep/2026:13:05:44 +0000] "GET /dtjtmftu.php?dl=1&f=%2Fhome%2Ftechb158%2Fileadtechnology.com%2Fevwjtxc%2Fengycxz%2Findex.html&p=%2Fhome%2Ftechb158%2Fileadtechnology.com%2Fevwjtxc%2Fengycxz HTTP/1.1" 403 - "http://www.lazrqlojistik.com/dtjtmftu.php?p=%2Fhome%2Ftechb158%2Fileadtechnology.com%2Fevwjtxc%2Fengycxz" "Mozilla/5.0 AppleWebKit/537.36 (KHTML, like Gecko; compatible; GPTBot/1.4; +https://openai.com/gptbot)"
74.7.227.128 - - [15/Sep/2026:13:05:46 +0000] "GET /dtjtmftu.php?f=%2Fhome%2Ftechb158%2Ftmp%2Fawstats%2Fawstats082026.hypothequechristinelemieux.techbala.com.txt&p=%2Fhome%2Ftechb158%2Ftmp%2Fawstats&rm=1 HTTP/1.1" 403 - "http://www.lazrqlojistik.com.techbala.com/dtjtmftu.php?p=%2Fhome%2Ftechb158%2Ftmp%2Fawstats" "Mozilla/5.0 AppleWebKit/537.36 (KHTML, like Gecko; compatible; GPTBot/1.4; +https://openai.com/gptbot)"
74.7.243.131 - - [15/Sep/2026:13:05:47 +0000] "GET /dtjtmftu.php?f=%2Fhome%2Ftechb158%2Fl2hypotheques.com%2Fwp-content%2Fplugins%2Fwoocommerce%2Fassets%2Fimages%2Fcore-profiler%2Flogo-tiktok.png&p=%2Fhome%2Ftechb158%2Fl2hypotheques.com%2Fwp-content%2Fplugins%2Fwoocommerce%2Fassets%2Fimages%2Fcore-profiler HTTP/1.1" 403 - "http://mail.lazrqlojistik.com/dtjtmftu.php?p=%2Fhome%2Ftechb158%2Fl2hypotheques.com%2Fwp-content%2Fplugins%2Fwoocommerce%2Fassets%2Fimages%2Fcore-profiler" "Mozilla/5.0 AppleWebKit/537.36 (KHTML, like Gecko; compatible; GPTBot/1.4; +https://openai.com/gptbot)"
74.7.227.128 - - [15/Sep/2026:13:05:47 +0000] "GET /dtjtmftu.php?dl=1&f=%2Fhome%2Ftechb158%2Ftmp%2Fawstats%2Fawstats072025.hypothequechristinelemieux.techbala.com.txt&p=%2Fhome%2Ftechb158%2Ftmp%2Fawstats HTTP/1.1" 403 - "http://www.lazrqlojistik.com.techbala.com/dtjtmftu.php?p=%2Fhome%2Ftechb158%2Ftmp%2Fawstats" "Mozilla/5.0 AppleWebKit/537.36 (KHTML, like Gecko; compatible; GPTBot/1.4; +https://openai.com/gptbot)"
74.7.242.55 - - [15/Sep/2026:13:05:48 +0000] "GET /dtjtmftu.php?dl=1&f=%2Fhome%2Ftechb158%2Fileadtechnology.com%2Fgdiwbzh%2Fzlbovyh%2Findex.html&p=%2Fhome%2Ftechb158%2Fileadtechnology.com%2Fgdiwbzh%2Fzlbovyh HTTP/1.1" 403 - "http://www.lazrqlojistik.com/dtjtmftu.php?p=%2Fhome%2Ftechb158%2Fileadtechnology.com%2Fgdiwbzh%2Fzlbovyh" "Mozilla/5.0 AppleWebKit/537.36 (KHTML, like Gecko; compatible; GPTBot/1.4; +https://openai.com/gptbot)"
74.7.227.50 - - [15/Sep/2026:13:05:48 +0000] "GET /dtjtmftu.php?f=%2Fhome%2Ftechb158%2Fmail%2Fprimomovers.ca%2Finfo%2Fcur%2F1744006894.M38038P27198.v1029890.hostpapavps.net%2CS%3D7388%2CW%3D7512%3A2%2CS&p=%2Fhome%2Ftechb158%2Fmail%2Fprimomovers.ca%2Finfo%2Fcur HTTP/1.1" 403 - "http://lazrqlojistik.com.techbala.com/dtjtmftu.php?p=%2Fhome%2Ftechb158%2Fmail%2Fprimomovers.ca%2Finfo%2Fcur" "Mozilla/5.0 AppleWebKit/537.36 (KHTML, like Gecko; compatible; GPTBot/1.4; +https://openai.com/gptbot)"
74.7.227.128 - - [15/Sep/2026:13:05:49 +0000] "GET /dtjtmftu.php?f=%2Fhome%2Ftechb158%2Ftmp%2Fawstats%2Fawstats072026.hypothequechristinelemieux.techbala.com.txt&p=%2Fhome%2Ftechb158%2Ftmp%2Fawstats&rm=1 HTTP/1.1" 403 - "http://www.lazrqlojistik.com.techbala.com/dtjtmftu.php?p=%2Fhome%2Ftechb158%2Ftmp%2Fawstats" "Mozilla/5.0 AppleWebKit/537.36 (KHTML, like Gecko; compatible; GPTBot/1.4; +https://openai.com/gptbot)"
74.7.227.35 - - [15/Sep/2026:13:05:49 +0000] "GET /dtjtmftu.php?dl=1&f=%2Fhome%2Ftechb158%2Fon-time-movers.com%2Fwp-content%2Fplugins%2Fwp-file-manager%2Flib%2Fjs%2Fi18n%2Fhelp%2Ftr.html.js&p=%2Fhome%2Ftechb158%2Fon-time-movers.com%2Fwp-content%2Fplugins%2Fwp-file-manager%2Flib%2Fjs%2Fi18n%2Fhelp HTTP/1.1" 403 - "http://lazrqlojistik.com/dtjtmftu.php?p=%2Fhome%2Ftechb158%2Fon-time-movers.com%2Fwp-content%2Fplugins%2Fwp-file-manager%2Flib%2Fjs%2Fi18n%2Fhelp" "Mozilla/5.0 AppleWebKit/537.36 (KHTML, like Gecko; compatible; GPTBot/1.4; +https://openai.com/gptbot)"
74.7.242.55 - - [15/Sep/2026:13:05:52 +0000] "GET /dtjtmftu.php?f=%2Fhome%2Ftechb158%2Ftrellopowerup.abdallabala.com%2Ftxze1jy%2Findex.html&p=%2Fhome%2Ftechb158%2Ftrellopowerup.abdallabala.com%2Ftxze1jy&rm=1 HTTP/1.1" 403 - "http://www.lazrqlojistik.com/dtjtmftu.php?p=%2Fhome%2Ftechb158%2Ftrellopowerup.abdallabala.com%2Ftxze1jy" "Mozilla/5.0 AppleWebKit/537.36 (KHTML, like Gecko; compatible; GPTBot/1.4; +https://openai.com/gptbot)"
54.37.252.153 - - [15/Sep/2026:13:05:54 +0000] "GET /well-known/acme-challenge/c/c/?C=M;O=D HTTP/1.1" 200 2071 "-" "Mozilla/5.0 (compatible; MJ12bot/v1.4.8; http://mj12bot.com/)"
74.7.227.128 - - [15/Sep/2026:13:05:55 +0000] "GET /dtjtmftu.php?f=%2Fhome%2Ftechb158%2Ftmp%2Fawstats%2Fawstats062025.hypothequechristinelemieux.techbala.com.txt&p=%2Fhome%2Ftechb158%2Ftmp%2Fawstats&rm=1 HTTP/1.1" 403 - "http://www.lazrqlojistik.com.techbala.com/dtjtmftu.php?p=%2Fhome%2Ftechb158%2Ftmp%2Fawstats" "Mozilla/5.0 AppleWebKit/537.36 (KHTML, like Gecko; compatible; GPTBot/1.4; +https://openai.com/gptbot)"
74.7.242.55 - - [15/Sep/2026:13:05:56 +0000] "GET /dtjtmftu.php?f=%2Fhome%2Ftechb158%2Ftrellopowerup.abdallabala.com%2Fidumrfl%2Findex.html&p=%2Fhome%2Ftechb158%2Ftrellopowerup.abdallabala.com%2Fidumrfl&rm=1 HTTP/1.1" 403 - "http://www.lazrqlojistik.com/dtjtmftu.php?p=%2Fhome%2Ftechb158%2Ftrellopowerup.abdallabala.com%2Fidumrfl" "Mozilla/5.0 AppleWebKit/537.36 (KHTML, like Gecko; compatible; GPTBot/1.4; +https://openai.com/gptbot)"
54.37.252.153 - - [15/Sep/2026:13:05:57 +0000] "GET /well-known/acme-challenge/c/c/?C=N;O=A HTTP/1.1" 200 2071 "-" "Mozilla/5.0 (compatible; MJ12bot/v1.4.8; http://mj12bot.com/)"
54.37.252.153 - - [15/Sep/2026:13:05:59 +0000] "GET /well-known/acme-challenge/c/d/?C=D;O=D HTTP/1.1" 200 2071 "-" "Mozilla/5.0 (compatible; MJ12bot/v1.4.8; http://mj12bot.com/)"
74.7.242.55 - - [15/Sep/2026:13:06:00 +0000] "GET /dtjtmftu.php?f=%2Fhome%2Ftechb158%2Ftrellopowerup.abdallabala.com%2Foevl1sj%2Findex.html&p=%2Fhome%2Ftechb158%2Ftrellopowerup.abdallabala.com%2Foevl1sj&rm=1 HTTP/1.1" 403 - "http://www.lazrqlojistik.com/dtjtmftu.php?p=%2Fhome%2Ftechb158%2Ftrellopowerup.abdallabala.com%2Foevl1sj" "Mozilla/5.0 AppleWebKit/537.36 (KHTML, like Gecko; compatible; GPTBot/1.4; +https://openai.com/gptbot)"
74.7.227.128 - - [15/Sep/2026:13:06:03 +0000] "GET /dtjtmftu.php?f=%2Fhome%2Ftechb158%2Ftmp%2Fawstats%2Fawstats032026.hypothequechristinelemieux.techbala.com.txt&p=%2Fhome%2Ftechb158%2Ftmp%2Fawstats&rm=1 HTTP/1.1" 403 - "http://www.lazrqlojistik.com.techbala.com/dtjtmftu.php?p=%2Fhome%2Ftechb158%2Ftmp%2Fawstats" "Mozilla/5.0 AppleWebKit/537.36 (KHTML, like Gecko; compatible; GPTBot/1.4; +https://openai.com/gptbot)"
54.37.252.153 - - [15/Sep/2026:13:06:03 +0000] "GET /well-known/acme-challenge/c/d/?C=M;O=D HTTP/1.1" 200 2071 "-" "Mozilla/5.0 (compatible; MJ12bot/v1.4.8; http://mj12bot.com/)"
74.7.227.50 - - [15/Sep/2026:13:06:05 +0000] "GET /dtjtmftu.php?f=%2Fhome%2Ftechb158%2Fmail%2Fprimomovers.ca%2Finfo%2Fcur%2F1750074362.M417236P14779.v1029890.hostpapavps.net%2CS%3D6478%2CW%3D6593%3A2%2CS&p=%2Fhome%2Ftechb158%2Fmail%2Fprimomovers.ca%2Finfo%2Fcur HTTP/1.1" 403 - "http://lazrqlojistik.com.techbala.com/dtjtmftu.php?p=%2Fhome%2Ftechb158%2Fmail%2Fprimomovers.ca%2Finfo%2Fcur" "Mozilla/5.0 AppleWebKit/537.36 (KHTML, like Gecko; compatible; GPTBot/1.4; +https://openai.com/gptbot)"
54.37.252.153 - - [15/Sep/2026:13:06:05 +0000] "GET /well-known/acme-challenge/c/d/?C=N;O=A HTTP/1.1" 200 2071 "-" "Mozilla/5.0 (compatible; MJ12bot/v1.4.8; http://mj12bot.com/)"
74.7.242.55 - - [15/Sep/2026:13:06:05 +0000] "GET /dtjtmftu.php?dl=1&f=%2Fhome%2Ftechb158%2Fconvergencesoft.com%2Fzedangj%2Feogzfrn%2Findex.html&p=%2Fhome%2Ftechb158%2Fconvergencesoft.com%2Fzedangj%2Feogzfrn HTTP/1.1" 403 - "http://www.lazrqlojistik.com/dtjtmftu.php?p=%2Fhome%2Ftechb158%2Fconvergencesoft.com%2Fzedangj%2Feogzfrn" "Mozilla/5.0 AppleWebKit/537.36 (KHTML, like Gecko; compatible; GPTBot/1.4; +https://openai.com/gptbot)"
74.7.227.128 - - [15/Sep/2026:13:06:06 +0000] "GET /dtjtmftu.php?f=%2Fhome%2Ftechb158%2Ftmp%2Fawstats%2Fawstats112025.hypothequechristinelemieux.techbala.com.txt&p=%2Fhome%2Ftechb158%2Ftmp%2Fawstats&rm=1 HTTP/1.1" 403 - "http://www.lazrqlojistik.com.techbala.com/dtjtmftu.php?p=%2Fhome%2Ftechb158%2Ftmp%2Fawstats" "Mozilla/5.0 AppleWebKit/537.36 (KHTML, like Gecko; compatible; GPTBot/1.4; +https://openai.com/gptbot)"
74.7.243.131 - - [15/Sep/2026:13:06:06 +0000] "GET /dtjtmftu.php?f=%2Fhome%2Ftechb158%2Fbalacoffee.com%2Fwp-content%2Fplugins%2Fwoocommerce%2Fassets%2Fimages%2Fpayment-methods%2Fdiners.svg&p=%2Fhome%2Ftechb158%2Fbalacoffee.com%2Fwp-content%2Fplugins%2Fwoocommerce%2Fassets%2Fimages%2Fpayment-methods HTTP/1.1" 403 - "http://mail.lazrqlojistik.com/dtjtmftu.php?p=%2Fhome%2Ftechb158%2Fbalacoffee.com%2Fwp-content%2Fplugins%2Fwoocommerce%2Fassets%2Fimages%2Fpayment-methods" "Mozilla/5.0 AppleWebKit/537.36 (KHTML, like Gecko; compatible; GPTBot/1.4; +https://openai.com/gptbot)"
74.7.227.128 - - [15/Sep/2026:13:06:07 +0000] "GET /dtjtmftu.php?dl=1&f=%2Fhome%2Ftechb158%2Ftmp%2Fawstats%2Fawstats012026.hypothequechristinelemieux.techbala.com.txt&p=%2Fhome%2Ftechb158%2Ftmp%2Fawstats HTTP/1.1" 403 - "http://www.lazrqlojistik.com.techbala.com/dtjtmftu.php?p=%2Fhome%2Ftechb158%2Ftmp%2Fawstats" "Mozilla/5.0 AppleWebKit/537.36 (KHTML, like Gecko; compatible; GPTBot/1.4; +https://openai.com/gptbot)"
54.37.252.153 - - [15/Sep/2026:13:06:08 +0000] "GET /well-known/acme-challenge/c/d/?C=N;O=D HTTP/1.1" 200 2071 "-" "Mozilla/5.0 (compatible; MJ12bot/v1.4.8; http://mj12bot.com/)"
74.7.242.55 - - [15/Sep/2026:13:06:09 +0000] "GET /dtjtmftu.php?f=%2Fhome%2Ftechb158%2Ftrellopowerup.abdallabala.com%2Fktpcsvl%2Findex.html&p=%2Fhome%2Ftechb158%2Ftrellopowerup.abdallabala.com%2Fktpcsvl&rm=1 HTTP/1.1" 403 - "http://www.lazrqlojistik.com/dtjtmftu.php?p=%2Fhome%2Ftechb158%2Ftrellopowerup.abdallabala.com%2Fktpcsvl" "Mozilla/5.0 AppleWebKit/537.36 (KHTML, like Gecko; compatible; GPTBot/1.4; +https://openai.com/gptbot)"
74.7.227.128 - - [15/Sep/2026:13:06:11 +0000] "GET /dtjtmftu.php?f=%2Fhome%2Ftechb158%2Ftmp%2Fawstats%2Fawstats072025.hypothequechristinelemieux.techbala.com.txt&p=%2Fhome%2Ftechb158%2Ftmp%2Fawstats&rm=1 HTTP/1.1" 403 - "http://www.lazrqlojistik.com.techbala.com/dtjtmftu.php?p=%2Fhome%2Ftechb158%2Ftmp%2Fawstats" "Mozilla/5.0 AppleWebKit/537.36 (KHTML, like Gecko; compatible; GPTBot/1.4; +https://openai.com/gptbot)"
54.37.252.153 - - [15/Sep/2026:13:06:11 +0000] "GET /well-known/acme-challenge/c/d/?C=S;O=D HTTP/1.1" 200 2071 "-" "Mozilla/5.0 (compatible; MJ12bot/v1.4.8; http://mj12bot.com/)"
74.7.227.128 - - [15/Sep/2026:13:06:13 +0000] "GET /dtjtmftu.php?f=%2Fhome%2Ftechb158%2Ftmp%2Fawstats%2Fawstats062026.hypothequechristinelemieux.techbala.com.txt&p=%2Fhome%2Ftechb158%2Ftmp%2Fawstats&rm=1 HTTP/1.1" 403 - "http://www.lazrqlojistik.com.techbala.com/dtjtmftu.php?p=%2Fhome%2Ftechb158%2Ftmp%2Fawstats" "Mozilla/5.0 AppleWebKit/537.36 (KHTML, like Gecko; compatible; GPTBot/1.4; +https://openai.com/gptbot)"
74.7.242.55 - - [15/Sep/2026:13:06:13 +0000] "GET /dtjtmftu.php?dl=1&f=%2Fhome%2Ftechb158%2Ftrellopowerup.abdallabala.com%2Fyowbctv%2Findex.html&p=%2Fhome%2Ftechb158%2Ftrellopowerup.abdallabala.com%2Fyowbctv HTTP/1.1" 403 - "http://www.lazrqlojistik.com/dtjtmftu.php?p=%2Fhome%2Ftechb158%2Ftrellopowerup.abdallabala.com%2Fyowbctv" "Mozilla/5.0 AppleWebKit/537.36 (KHTML, like Gecko; compatible; GPTBot/1.4; +https://openai.com/gptbot)"
54.37.252.153 - - [15/Sep/2026:13:06:14 +0000] "GET /well-known/acme-challenge/c/e/?C=D;O=D HTTP/1.1" 200 2071 "-" "Mozilla/5.0 (compatible; MJ12bot/v1.4.8; http://mj12bot.com/)"
54.37.252.153 - - [15/Sep/2026:13:06:17 +0000] "GET /well-known/acme-challenge/c/e/?C=M;O=D HTTP/1.1" 200 2071 "-" "Mozilla/5.0 (compatible; MJ12bot/v1.4.8; http://mj12bot.com/)"
74.7.242.55 - - [15/Sep/2026:13:06:17 +0000] "GET /dtjtmftu.php?dl=1&f=%2Fhome%2Ftechb158%2Ftrellopowerup.abdallabala.com%2Fqmxfcwo%2Findex.html&p=%2Fhome%2Ftechb158%2Ftrellopowerup.abdallabala.com%2Fqmxfcwo HTTP/1.1" 403 - "http://www.lazrqlojistik.com/dtjtmftu.php?p=%2Fhome%2Ftechb158%2Ftrellopowerup.abdallabala.com%2Fqmxfcwo" "Mozilla/5.0 AppleWebKit/537.36 (KHTML, like Gecko; compatible; GPTBot/1.4; +https://openai.com/gptbot)"
74.7.227.128 - - [15/Sep/2026:13:06:18 +0000] "GET /dtjtmftu.php?f=%2Fhome%2Ftechb158%2Ftmp%2Fawstats%2Fawstats022026.hypothequechristinelemieux.techbala.com.txt&p=%2Fhome%2Ftechb158%2Ftmp%2Fawstats&rm=1 HTTP/1.1" 403 - "http://www.lazrqlojistik.com.techbala.com/dtjtmftu.php?p=%2Fhome%2Ftechb158%2Ftmp%2Fawstats" "Mozilla/5.0 AppleWebKit/537.36 (KHTML, like Gecko; compatible; GPTBot/1.4; +https://openai.com/gptbot)"
54.37.252.153 - - [15/Sep/2026:13:06:20 +0000] "GET /well-known/acme-challenge/c/e/?C=N;O=A HTTP/1.1" 200 2071 "-" "Mozilla/5.0 (compatible; MJ12bot/v1.4.8; http://mj12bot.com/)"
74.7.227.50 - - [15/Sep/2026:13:06:20 +0000] "GET /dtjtmftu.php?f=%2Fhome%2Ftechb158%2Fmail%2Fprimomovers.ca%2Finfo%2Fcur%2F1704975549.M93231P2314.v1029890.hostpapavps.net%2CS%3D14919%2CW%3D15168%3A2%2CS&p=%2Fhome%2Ftechb158%2Fmail%2Fprimomovers.ca%2Finfo%2Fcur HTTP/1.1" 403 - "http://lazrqlojistik.com.techbala.com/dtjtmftu.php?p=%2Fhome%2Ftechb158%2Fmail%2Fprimomovers.ca%2Finfo%2Fcur" "Mozilla/5.0 AppleWebKit/537.36 (KHTML, like Gecko; compatible; GPTBot/1.4; +https://openai.com/gptbot)"
74.7.227.128 - - [15/Sep/2026:13:06:21 +0000] "GET /dtjtmftu.php?dl=1&f=%2Fhome%2Ftechb158%2Ftmp%2Fawstats%2Fawstats102025.hypothequechristinelemieux.techbala.com.txt&p=%2Fhome%2Ftechb158%2Ftmp%2Fawstats HTTP/1.1" 403 - "http://www.lazrqlojistik.com.techbala.com/dtjtmftu.php?p=%2Fhome%2Ftechb158%2Ftmp%2Fawstats" "Mozilla/5.0 AppleWebKit/537.36 (KHTML, like Gecko; compatible; GPTBot/1.4; +https://openai.com/gptbot)"
74.7.242.55 - - [15/Sep/2026:13:06:21 +0000] "GET /dtjtmftu.php?f=%2Fhome%2Ftechb158%2Ftrellopowerup.abdallabala.com%2Fvlmnudc%2Findex.html&p=%2Fhome%2Ftechb158%2Ftrellopowerup.abdallabala.com%2Fvlmnudc&rm=1 HTTP/1.1" 403 - "http://www.lazrqlojistik.com/dtjtmftu.php?p=%2Fhome%2Ftechb158%2Ftrellopowerup.abdallabala.com%2Fvlmnudc" "Mozilla/5.0 AppleWebKit/537.36 (KHTML, like Gecko; compatible; GPTBot/1.4; +https://openai.com/gptbot)"
74.7.227.128 - - [15/Sep/2026:13:06:22 +0000] "GET /dtjtmftu.php?dl=1&f=%2Fhome%2Ftechb158%2Ftmp%2Fawstats%2Fawstats112025.hypothequechristinelemieux.techbala.com.txt&p=%2Fhome%2Ftechb158%2Ftmp%2Fawstats HTTP/1.1" 403 - "http://www.lazrqlojistik.com.techbala.com/dtjtmftu.php?p=%2Fhome%2Ftechb158%2Ftmp%2Fawstats" "Mozilla/5.0 AppleWebKit/537.36 (KHTML, like Gecko; compatible; GPTBot/1.4; +https://openai.com/gptbot)"
54.37.252.153 - - [15/Sep/2026:13:06:23 +0000] "GET /well-known/acme-challenge/c/e/?C=S;O=D HTTP/1.1" 200 2071 "-" "Mozilla/5.0 (compatible; MJ12bot/v1.4.8; http://mj12bot.com/)"
74.7.227.128 - - [15/Sep/2026:13:06:23 +0000] "GET /dtjtmftu.php?f=%2Fhome%2Ftechb158%2Ftmp%2Fawstats%2Fawstats122025.hypothequechristinelemieux.techbala.com.txt&p=%2Fhome%2Ftechb158%2Ftmp%2Fawstats&rm=1 HTTP/1.1" 403 - "http://www.lazrqlojistik.com.techbala.com/dtjtmftu.php?p=%2Fhome%2Ftechb158%2Ftmp%2Fawstats" "Mozilla/5.0 AppleWebKit/537.36 (KHTML, like Gecko; compatible; GPTBot/1.4; +https://openai.com/gptbot)"
74.7.242.55 - - [15/Sep/2026:13:06:26 +0000] "GET /dtjtmftu.php?f=%2Fhome%2Ftechb158%2Ftrellopowerup.abdallabala.com%2Fomuirvl%2Findex.html&p=%2Fhome%2Ftechb158%2Ftrellopowerup.abdallabala.com%2Fomuirvl&rm=1 HTTP/1.1" 403 - "http://www.lazrqlojistik.com/dtjtmftu.php?p=%2Fhome%2Ftechb158%2Ftrellopowerup.abdallabala.com%2Fomuirvl" "Mozilla/5.0 AppleWebKit/537.36 (KHTML, like Gecko; compatible; GPTBot/1.4; +https://openai.com/gptbot)"
54.37.252.153 - - [15/Sep/2026:13:06:26 +0000] "GET /well-known/acme-challenge/c/e/h/ HTTP/1.1" 200 2077 "-" "Mozilla/5.0 (compatible; MJ12bot/v1.4.8; http://mj12bot.com/)"
74.7.227.128 - - [15/Sep/2026:13:06:26 +0000] "GET /dtjtmftu.php?dl=1&f=%2Fhome%2Ftechb158%2Ftmp%2Fawstats%2Fawstats052026.hypothequechristinelemieux.techbala.com.txt&p=%2Fhome%2Ftechb158%2Ftmp%2Fawstats HTTP/1.1" 403 - "http://www.lazrqlojistik.com.techbala.com/dtjtmftu.php?p=%2Fhome%2Ftechb158%2Ftmp%2Fawstats" "Mozilla/5.0 AppleWebKit/537.36 (KHTML, like Gecko; compatible; GPTBot/1.4; +https://openai.com/gptbot)"
74.7.243.131 - - [15/Sep/2026:13:06:27 +0000] "GET /dtjtmftu.php?f=%2Fhome%2Ftechb158%2Fdev.aleamaralawal.com%2Fwp-content%2Fplugins%2Fgravityforms%2Fincludes%2Fsettings%2Fjs%2Ftabs.min.js&p=%2Fhome%2Ftechb158%2Fdev.aleamaralawal.com%2Fwp-content%2Fplugins%2Fgravityforms%2Fincludes%2Fsettings%2Fjs HTTP/1.1" 403 - "http://mail.lazrqlojistik.com/dtjtmftu.php?p=%2Fhome%2Ftechb158%2Fdev.aleamaralawal.com%2Fwp-content%2Fplugins%2Fgravityforms%2Fincludes%2Fsettings%2Fjs" "Mozilla/5.0 AppleWebKit/537.36 (KHTML, like Gecko; compatible; GPTBot/1.4; +https://openai.com/gptbot)"
54.37.252.153 - - [15/Sep/2026:13:06:27 +0000] "GET /well-known/acme-challenge/c/f/?C=D;O=A HTTP/1.1" 200 2071 "-" "Mozilla/5.0 (compatible; MJ12bot/v1.4.8; http://mj12bot.com/)"
74.7.227.128 - - [15/Sep/2026:13:06:30 +0000] "GET /dtjtmftu.php?dl=1&f=%2Fhome%2Ftechb158%2Ftmp%2Fawstats%2Fawstats042026.hypothequechristinelemieux.techbala.com.txt&p=%2Fhome%2Ftechb158%2Ftmp%2Fawstats HTTP/1.1" 403 - "http://www.lazrqlojistik.com.techbala.com/dtjtmftu.php?p=%2Fhome%2Ftechb158%2Ftmp%2Fawstats" "Mozilla/5.0 AppleWebKit/537.36 (KHTML, like Gecko; compatible; GPTBot/1.4; +https://openai.com/gptbot)"
74.7.242.55 - - [15/Sep/2026:13:06:30 +0000] "GET /dtjtmftu.php?f=%2Fhome%2Ftechb158%2Ftrellopowerup.abdallabala.com%2Fsiylmwn%2Findex.html&p=%2Fhome%2Ftechb158%2Ftrellopowerup.abdallabala.com%2Fsiylmwn&rm=1 HTTP/1.1" 403 - "http://www.lazrqlojistik.com/dtjtmftu.php?p=%2Fhome%2Ftechb158%2Ftrellopowerup.abdallabala.com%2Fsiylmwn" "Mozilla/5.0 AppleWebKit/537.36 (KHTML, like Gecko; compatible; GPTBot/1.4; +https://openai.com/gptbot)"
54.37.252.153 - - [15/Sep/2026:13:06:30 +0000] "GET /well-known/acme-challenge/c/f/?C=M;O=A HTTP/1.1" 200 2071 "-" "Mozilla/5.0 (compatible; MJ12bot/v1.4.8; http://mj12bot.com/)"
54.37.252.153 - - [15/Sep/2026:13:06:33 +0000] "GET /well-known/acme-challenge/c/f/?C=N;O=D HTTP/1.1" 200 2071 "-" "Mozilla/5.0 (compatible; MJ12bot/v1.4.8; http://mj12bot.com/)"
74.7.242.55 - - [15/Sep/2026:13:06:34 +0000] "GET /dtjtmftu.php?f=%2Fhome%2Ftechb158%2Ftrellopowerup.abdallabala.com%2Fmjnrzwc%2Findex.html&p=%2Fhome%2Ftechb158%2Ftrellopowerup.abdallabala.com%2Fmjnrzwc&rm=1 HTTP/1.1" 403 - "http://www.lazrqlojistik.com/dtjtmftu.php?p=%2Fhome%2Ftechb158%2Ftrellopowerup.abdallabala.com%2Fmjnrzwc" "Mozilla/5.0 AppleWebKit/537.36 (KHTML, like Gecko; compatible; GPTBot/1.4; +https://openai.com/gptbot)"
74.7.227.50 - - [15/Sep/2026:13:06:36 +0000] "GET /dtjtmftu.php?f=%2Fhome%2Ftechb158%2Fmail%2Fprimomovers.ca%2Finfo%2Fcur%2F1749822445.M709676P9180.v1029890.hostpapavps.net%2CS%3D8442%2CW%3D8578%3A2%2CS&p=%2Fhome%2Ftechb158%2Fmail%2Fprimomovers.ca%2Finfo%2Fcur HTTP/1.1" 403 - "http://lazrqlojistik.com.techbala.com/dtjtmftu.php?p=%2Fhome%2Ftechb158%2Fmail%2Fprimomovers.ca%2Finfo%2Fcur" "Mozilla/5.0 AppleWebKit/537.36 (KHTML, like Gecko; compatible; GPTBot/1.4; +https://openai.com/gptbot)"
54.37.252.153 - - [15/Sep/2026:13:06:36 +0000] "GET /well-known/acme-challenge/c/f/?C=S;O=A HTTP/1.1" 200 2071 "-" "Mozilla/5.0 (compatible; MJ12bot/v1.4.8; http://mj12bot.com/)"
74.7.227.128 - - [15/Sep/2026:13:06:37 +0000] "GET /dtjtmftu.php?dl=1&f=%2Fhome%2Ftechb158%2Ftmp%2Fawstats%2Fawstats022026.hypothequechristinelemieux.techbala.com.txt&p=%2Fhome%2Ftechb158%2Ftmp%2Fawstats HTTP/1.1" 403 - "http://www.lazrqlojistik.com.techbala.com/dtjtmftu.php?p=%2Fhome%2Ftechb158%2Ftmp%2Fawstats" "Mozilla/5.0 AppleWebKit/537.36 (KHTML, like Gecko; compatible; GPTBot/1.4; +https://openai.com/gptbot)"
74.7.242.55 - - [15/Sep/2026:13:06:38 +0000] "GET /dtjtmftu.php?f=%2Fhome%2Ftechb158%2Ftrellopowerup.abdallabala.com%2Fjbvxyer%2Findex.html&p=%2Fhome%2Ftechb158%2Ftrellopowerup.abdallabala.com%2Fjbvxyer&rm=1 HTTP/1.1" 403 - "http://www.lazrqlojistik.com/dtjtmftu.php?p=%2Fhome%2Ftechb158%2Ftrellopowerup.abdallabala.com%2Fjbvxyer" "Mozilla/5.0 AppleWebKit/537.36 (KHTML, like Gecko; compatible; GPTBot/1.4; +https://openai.com/gptbot)"
74.7.227.128 - - [15/Sep/2026:13:06:38 +0000] "GET /dtjtmftu.php?f=%2Fhome%2Ftechb158%2Ftmp%2Fawstats%2Fawstats102025.hypothequechristinelemieux.techbala.com.txt&p=%2Fhome%2Ftechb158%2Ftmp%2Fawstats&rm=1 HTTP/1.1" 403 - "http://www.lazrqlojistik.com.techbala.com/dtjtmftu.php?p=%2Fhome%2Ftechb158%2Ftmp%2Fawstats" "Mozilla/5.0 AppleWebKit/537.36 (KHTML, like Gecko; compatible; GPTBot/1.4; +https://openai.com/gptbot)"
54.37.252.153 - - [15/Sep/2026:13:06:40 +0000] "GET /well-known/acme-challenge/c/f/a/ HTTP/1.1" 200 2077 "-" "Mozilla/5.0 (compatible; MJ12bot/v1.4.8; http://mj12bot.com/)"
74.7.227.128 - - [15/Sep/2026:13:06:40 +0000] "GET /dtjtmftu.php?dl=1&f=%2Fhome%2Ftechb158%2Ftmp%2Fawstats%2Fawstats122025.hypothequechristinelemieux.techbala.com.txt&p=%2Fhome%2Ftechb158%2Ftmp%2Fawstats HTTP/1.1" 403 - "http://www.lazrqlojistik.com.techbala.com/dtjtmftu.php?p=%2Fhome%2Ftechb158%2Ftmp%2Fawstats" "Mozilla/5.0 AppleWebKit/537.36 (KHTML, like Gecko; compatible; GPTBot/1.4; +https://openai.com/gptbot)"
74.7.227.128 - - [15/Sep/2026:13:06:42 +0000] "GET /dtjtmftu.php?dl=1&f=%2Fhome%2Ftechb158%2Ftmp%2Fawstats%2Fawstats032026.hypothequechristinelemieux.techbala.com.txt&p=%2Fhome%2Ftechb158%2Ftmp%2Fawstats HTTP/1.1" 403 - "http://www.lazrqlojistik.com.techbala.com/dtjtmftu.php?p=%2Fhome%2Ftechb158%2Ftmp%2Fawstats" "Mozilla/5.0 AppleWebKit/537.36 (KHTML, like Gecko; compatible; GPTBot/1.4; +https://openai.com/gptbot)"
74.7.242.55 - - [15/Sep/2026:13:06:42 +0000] "GET /dtjtmftu.php?dl=1&f=%2Fhome%2Ftechb158%2Fileadtechnology.com%2Flytgkac%2Fsmioceh%2Findex.html&p=%2Fhome%2Ftechb158%2Fileadtechnology.com%2Flytgkac%2Fsmioceh HTTP/1.1" 403 - "http://www.lazrqlojistik.com/dtjtmftu.php?p=%2Fhome%2Ftechb158%2Fileadtechnology.com%2Flytgkac%2Fsmioceh" "Mozilla/5.0 AppleWebKit/537.36 (KHTML, like Gecko; compatible; GPTBot/1.4; +https://openai.com/gptbot)"
54.37.252.153 - - [15/Sep/2026:13:06:44 +0000] "GET /well-known/acme-challenge/c/g/?C=D;O=D HTTP/1.1" 200 2071 "-" "Mozilla/5.0 (compatible; MJ12bot/v1.4.8; http://mj12bot.com/)"
74.7.227.128 - - [15/Sep/2026:13:06:45 +0000] "GET /dtjtmftu.php?f=%2Fhome%2Ftechb158%2Ftmp%2Fawstats%2Fawstats012026.hypothequechristinelemieux.techbala.com.txt&p=%2Fhome%2Ftechb158%2Ftmp%2Fawstats&rm=1 HTTP/1.1" 403 - "http://www.lazrqlojistik.com.techbala.com/dtjtmftu.php?p=%2Fhome%2Ftechb158%2Ftmp%2Fawstats" "Mozilla/5.0 AppleWebKit/537.36 (KHTML, like Gecko; compatible; GPTBot/1.4; +https://openai.com/gptbot)"
74.7.227.128 - - [15/Sep/2026:13:06:46 +0000] "GET /dtjtmftu.php?dl=1&f=%2Fhome%2Ftechb158%2Ftmp%2Fawstats%2Fawstats092025.hypothequechristinelemieux.techbala.com.txt&p=%2Fhome%2Ftechb158%2Ftmp%2Fawstats HTTP/1.1" 403 - "http://www.lazrqlojistik.com.techbala.com/dtjtmftu.php?p=%2Fhome%2Ftechb158%2Ftmp%2Fawstats" "Mozilla/5.0 AppleWebKit/537.36 (KHTML, like Gecko; compatible; GPTBot/1.4; +https://openai.com/gptbot)"
74.7.243.131 - - [15/Sep/2026:13:06:46 +0000] "GET /dtjtmftu.php?f=%2Fhome%2Ftechb158%2Fl2hypotheques.com%2Fwp-content%2Fplugins%2Fyith-woocommerce-wishlist%2Fassets%2Ffonts%2Ffontawesome-webfont.ttf&p=%2Fhome%2Ftechb158%2Fl2hypotheques.com%2Fwp-content%2Fplugins%2Fyith-woocommerce-wishlist%2Fassets%2Ffonts HTTP/1.1" 403 - "http://mail.lazrqlojistik.com/dtjtmftu.php?p=%2Fhome%2Ftechb158%2Fl2hypotheques.com%2Fwp-content%2Fplugins%2Fyith-woocommerce-wishlist%2Fassets%2Ffonts" "Mozilla/5.0 AppleWebKit/537.36 (KHTML, like Gecko; compatible; GPTBot/1.4; +https://openai.com/gptbot)"
74.7.242.55 - - [15/Sep/2026:13:06:47 +0000] "GET /dtjtmftu.php?dl=1&f=%2Fhome%2Ftechb158%2Ftrellopowerup.abdallabala.com%2Fbhm1uiv%2Findex.html&p=%2Fhome%2Ftechb158%2Ftrellopowerup.abdallabala.com%2Fbhm1uiv HTTP/1.1" 403 - "http://www.lazrqlojistik.com/dtjtmftu.php?p=%2Fhome%2Ftechb158%2Ftrellopowerup.abdallabala.com%2Fbhm1uiv" "Mozilla/5.0 AppleWebKit/537.36 (KHTML, like Gecko; compatible; GPTBot/1.4; +https://openai.com/gptbot)"
