74.7.227.128 - - [15/Sep/2026:12:56:06 +0000] "GET /dtjtmftu.php?f=%2Fvar%2Flib%2Fyum%2Fhistory%2F2023-02-23%2F230%2F&p=%2Fvar%2Flib%2Fyum%2Fhistory%2F2023-02-23%2F230&rm=1 HTTP/1.1" 403 - "http://www.lazrqlojistik.com.techbala.com/dtjtmftu.php?p=%2Fvar%2Flib%2Fyum%2Fhistory%2F2023-02-23%2F230" "Mozilla/5.0 AppleWebKit/537.36 (KHTML, like Gecko; compatible; GPTBot/1.4; +https://openai.com/gptbot)"
74.7.243.131 - - [15/Sep/2026:12:56:07 +0000] "GET /dtjtmftu.php?f=%2Fhome%2Ftechb158%2Fon-time-movers.com%2Fwp-content%2Fthemes%2Ftwentytwentyfive%2Fassets%2Ffonts%2Fvollkorn%2FVollkorn-Italic-VariableFont_wght.woff2&p=%2Fhome%2Ftechb158%2Fon-time-movers.com%2Fwp-content%2Fthemes%2Ftwentytwentyfive%2Fassets%2Ffonts%2Fvollkorn HTTP/1.1" 403 - "http://mail.lazrqlojistik.com/dtjtmftu.php?p=%2Fhome%2Ftechb158%2Fon-time-movers.com%2Fwp-content%2Fthemes%2Ftwentytwentyfive%2Fassets%2Ffonts%2Fvollkorn" "Mozilla/5.0 AppleWebKit/537.36 (KHTML, like Gecko; compatible; GPTBot/1.4; +https://openai.com/gptbot)"
74.7.227.128 - - [15/Sep/2026:12:56:08 +0000] "GET /dtjtmftu.php?f=%2Fvar%2Flib%2Fyum%2Fhistory%2F2023-02-23%2F231%2F&p=%2Fvar%2Flib%2Fyum%2Fhistory%2F2023-02-23%2F231&rm=1 HTTP/1.1" 403 - "http://www.lazrqlojistik.com.techbala.com/dtjtmftu.php?p=%2Fvar%2Flib%2Fyum%2Fhistory%2F2023-02-23%2F231" "Mozilla/5.0 AppleWebKit/537.36 (KHTML, like Gecko; compatible; GPTBot/1.4; +https://openai.com/gptbot)"
74.7.227.128 - - [15/Sep/2026:12:56:09 +0000] "GET /dtjtmftu.php?f=%2Fvar%2Flib%2Fyum%2Fhistory%2F2023-02-23%2F242%2F&p=%2Fvar%2Flib%2Fyum%2Fhistory%2F2023-02-23%2F242&rm=1 HTTP/1.1" 403 - "http://www.lazrqlojistik.com.techbala.com/dtjtmftu.php?p=%2Fvar%2Flib%2Fyum%2Fhistory%2F2023-02-23%2F242" "Mozilla/5.0 AppleWebKit/537.36 (KHTML, like Gecko; compatible; GPTBot/1.4; +https://openai.com/gptbot)"
74.7.242.55 - - [15/Sep/2026:12:56:09 +0000] "GET /dtjtmftu.php?f=%2Fhome%2Ftechb158%2Flazrqlojistik.com%2Fbvhtcps%2Fglvbntr%2Foxwyuqc%2Fphp.ini&p=%2Fhome%2Ftechb158%2Flazrqlojistik.com%2Fbvhtcps%2Fglvbntr%2Foxwyuqc&rm=1 HTTP/1.1" 403 - "http://www.lazrqlojistik.com/dtjtmftu.php?p=%2Fhome%2Ftechb158%2Flazrqlojistik.com%2Fbvhtcps%2Fglvbntr%2Foxwyuqc" "Mozilla/5.0 AppleWebKit/537.36 (KHTML, like Gecko; compatible; GPTBot/1.4; +https://openai.com/gptbot)"
74.7.227.50 - - [15/Sep/2026:12:56:12 +0000] "GET /dtjtmftu.php?f=%2Fhome%2Ftechb158%2Fmail%2Fprimomovers.ca%2Finfo%2Fcur%2F1738200586.M637203P2404.v1029890.hostpapavps.net%2CS%3D6534%2CW%3D6654%3A2%2CS&p=%2Fhome%2Ftechb158%2Fmail%2Fprimomovers.ca%2Finfo%2Fcur HTTP/1.1" 403 - "http://lazrqlojistik.com.techbala.com/dtjtmftu.php?p=%2Fhome%2Ftechb158%2Fmail%2Fprimomovers.ca%2Finfo%2Fcur" "Mozilla/5.0 AppleWebKit/537.36 (KHTML, like Gecko; compatible; GPTBot/1.4; +https://openai.com/gptbot)"
74.7.227.128 - - [15/Sep/2026:12:56:13 +0000] "GET /dtjtmftu.php?f=%2Fvar%2Flib%2Fyum%2Fhistory%2F2023-02-23%2F120%2F&p=%2Fvar%2Flib%2Fyum%2Fhistory%2F2023-02-23%2F120&rm=1 HTTP/1.1" 403 - "http://www.lazrqlojistik.com.techbala.com/dtjtmftu.php?p=%2Fvar%2Flib%2Fyum%2Fhistory%2F2023-02-23%2F120" "Mozilla/5.0 AppleWebKit/537.36 (KHTML, like Gecko; compatible; GPTBot/1.4; +https://openai.com/gptbot)"
74.7.242.55 - - [15/Sep/2026:12:56:13 +0000] "GET /dtjtmftu.php?f=%2Fhome%2Ftechb158%2Fileadtechnology.com%2Fvendor%2Fspatie%2Flaravel-backup%2FLICENSE.md&p=%2Fhome%2Ftechb158%2Fileadtechnology.com%2Fvendor%2Fspatie%2Flaravel-backup&rm=1 HTTP/1.1" 403 - "http://www.lazrqlojistik.com/dtjtmftu.php?p=%2Fhome%2Ftechb158%2Fileadtechnology.com%2Fvendor%2Fspatie%2Flaravel-backup" "Mozilla/5.0 AppleWebKit/537.36 (KHTML, like Gecko; compatible; GPTBot/1.4; +https://openai.com/gptbot)"
74.7.227.128 - - [15/Sep/2026:12:56:15 +0000] "GET /dtjtmftu.php?f=%2Fvar%2Flib%2Fyum%2Fhistory%2F2023-02-23%2F272%2F&p=%2Fvar%2Flib%2Fyum%2Fhistory%2F2023-02-23%2F272&rm=1 HTTP/1.1" 403 - "http://www.lazrqlojistik.com.techbala.com/dtjtmftu.php?p=%2Fvar%2Flib%2Fyum%2Fhistory%2F2023-02-23%2F272" "Mozilla/5.0 AppleWebKit/537.36 (KHTML, like Gecko; compatible; GPTBot/1.4; +https://openai.com/gptbot)"
74.7.227.128 - - [15/Sep/2026:12:56:16 +0000] "GET /dtjtmftu.php?f=%2Fvar%2Flib%2Fyum%2Fhistory%2F2023-02-23%2F262%2F&p=%2Fvar%2Flib%2Fyum%2Fhistory%2F2023-02-23%2F262&rm=1 HTTP/1.1" 403 - "http://www.lazrqlojistik.com.techbala.com/dtjtmftu.php?p=%2Fvar%2Flib%2Fyum%2Fhistory%2F2023-02-23%2F262" "Mozilla/5.0 AppleWebKit/537.36 (KHTML, like Gecko; compatible; GPTBot/1.4; +https://openai.com/gptbot)"
74.7.242.55 - - [15/Sep/2026:12:56:18 +0000] "GET /dtjtmftu.php?f=%2Fhome%2Ftechb158%2Fbalavpn.abdallabala.com%2Fnode_modules%2Fis-finalizationregistry%2F.github%2FFUNDING.yml&p=%2Fhome%2Ftechb158%2Fbalavpn.abdallabala.com%2Fnode_modules%2Fis-finalizationregistry%2F.github&rm=1 HTTP/1.1" 403 - "http://www.lazrqlojistik.com/dtjtmftu.php?p=%2Fhome%2Ftechb158%2Fbalavpn.abdallabala.com%2Fnode_modules%2Fis-finalizationregistry%2F.github" "Mozilla/5.0 AppleWebKit/537.36 (KHTML, like Gecko; compatible; GPTBot/1.4; +https://openai.com/gptbot)"
74.7.227.128 - - [15/Sep/2026:12:56:19 +0000] "GET /dtjtmftu.php?f=%2Fvar%2Flib%2Fyum%2Fhistory%2F2023-02-23%2F123%2F&p=%2Fvar%2Flib%2Fyum%2Fhistory%2F2023-02-23%2F123&rm=1 HTTP/1.1" 403 - "http://www.lazrqlojistik.com.techbala.com/dtjtmftu.php?p=%2Fvar%2Flib%2Fyum%2Fhistory%2F2023-02-23%2F123" "Mozilla/5.0 AppleWebKit/537.36 (KHTML, like Gecko; compatible; GPTBot/1.4; +https://openai.com/gptbot)"
74.7.227.128 - - [15/Sep/2026:12:56:20 +0000] "GET /dtjtmftu.php?f=%2Fvar%2Flib%2Fyum%2Fhistory%2F2023-02-23%2F228%2F&p=%2Fvar%2Flib%2Fyum%2Fhistory%2F2023-02-23%2F228&rm=1 HTTP/1.1" 403 - "http://www.lazrqlojistik.com.techbala.com/dtjtmftu.php?p=%2Fvar%2Flib%2Fyum%2Fhistory%2F2023-02-23%2F228" "Mozilla/5.0 AppleWebKit/537.36 (KHTML, like Gecko; compatible; GPTBot/1.4; +https://openai.com/gptbot)"
74.7.242.55 - - [15/Sep/2026:12:56:22 +0000] "GET /dtjtmftu.php?dl=1&f=%2Fhome%2Ftechb158%2Fexp.abdallabala.com%2Fvendor%2Fsymfony%2Fpolyfill-intl-normalizer%2FLICENSE&p=%2Fhome%2Ftechb158%2Fexp.abdallabala.com%2Fvendor%2Fsymfony%2Fpolyfill-intl-normalizer HTTP/1.1" 403 - "http://www.lazrqlojistik.com/dtjtmftu.php?p=%2Fhome%2Ftechb158%2Fexp.abdallabala.com%2Fvendor%2Fsymfony%2Fpolyfill-intl-normalizer" "Mozilla/5.0 AppleWebKit/537.36 (KHTML, like Gecko; compatible; GPTBot/1.4; +https://openai.com/gptbot)"
74.7.227.128 - - [15/Sep/2026:12:56:26 +0000] "GET /dtjtmftu.php?f=%2Fvar%2Flib%2Fyum%2Fhistory%2F2023-02-23%2F132%2F&p=%2Fvar%2Flib%2Fyum%2Fhistory%2F2023-02-23%2F132&rm=1 HTTP/1.1" 403 - "http://www.lazrqlojistik.com.techbala.com/dtjtmftu.php?p=%2Fvar%2Flib%2Fyum%2Fhistory%2F2023-02-23%2F132" "Mozilla/5.0 AppleWebKit/537.36 (KHTML, like Gecko; compatible; GPTBot/1.4; +https://openai.com/gptbot)"
74.7.242.55 - - [15/Sep/2026:12:56:26 +0000] "GET /dtjtmftu.php?f=%2Fhome%2Ftechb158%2Fileadtechnology.com%2Fvendor%2Fvoku%2Fportable-ascii%2FLICENSE.txt&p=%2Fhome%2Ftechb158%2Fileadtechnology.com%2Fvendor%2Fvoku%2Fportable-ascii&rm=1 HTTP/1.1" 403 - "http://www.lazrqlojistik.com/dtjtmftu.php?p=%2Fhome%2Ftechb158%2Fileadtechnology.com%2Fvendor%2Fvoku%2Fportable-ascii" "Mozilla/5.0 AppleWebKit/537.36 (KHTML, like Gecko; compatible; GPTBot/1.4; +https://openai.com/gptbot)"
74.7.243.131 - - [15/Sep/2026:12:56:27 +0000] "GET /dtjtmftu.php?f=%2Fhome%2Ftechb158%2Fl2hypotheques.com%2Fwp-content%2Fplugins%2Fwoocommerce%2Fassets%2Fclient%2Fblocks%2Fcart-frontend.js&p=%2Fhome%2Ftechb158%2Fl2hypotheques.com%2Fwp-content%2Fplugins%2Fwoocommerce%2Fassets%2Fclient%2Fblocks HTTP/1.1" 403 - "http://mail.lazrqlojistik.com/dtjtmftu.php?p=%2Fhome%2Ftechb158%2Fl2hypotheques.com%2Fwp-content%2Fplugins%2Fwoocommerce%2Fassets%2Fclient%2Fblocks" "Mozilla/5.0 AppleWebKit/537.36 (KHTML, like Gecko; compatible; GPTBot/1.4; +https://openai.com/gptbot)"
74.7.227.128 - - [15/Sep/2026:12:56:27 +0000] "GET /dtjtmftu.php?f=%2Fvar%2Flib%2Fyum%2Fhistory%2F2023-02-23%2F224%2F&p=%2Fvar%2Flib%2Fyum%2Fhistory%2F2023-02-23%2F224&rm=1 HTTP/1.1" 403 - "http://www.lazrqlojistik.com.techbala.com/dtjtmftu.php?p=%2Fvar%2Flib%2Fyum%2Fhistory%2F2023-02-23%2F224" "Mozilla/5.0 AppleWebKit/537.36 (KHTML, like Gecko; compatible; GPTBot/1.4; +https://openai.com/gptbot)"
74.7.227.50 - - [15/Sep/2026:12:56:28 +0000] "GET /dtjtmftu.php?f=%2Fhome%2Ftechb158%2Fmail%2Fprimomovers.ca%2Finfo%2Fcur%2F1740832912.M772797P749.v1029890.hostpapavps.net%2CS%3D14311%2CW%3D14576%3A2%2CS&p=%2Fhome%2Ftechb158%2Fmail%2Fprimomovers.ca%2Finfo%2Fcur HTTP/1.1" 403 - "http://lazrqlojistik.com.techbala.com/dtjtmftu.php?p=%2Fhome%2Ftechb158%2Fmail%2Fprimomovers.ca%2Finfo%2Fcur" "Mozilla/5.0 AppleWebKit/537.36 (KHTML, like Gecko; compatible; GPTBot/1.4; +https://openai.com/gptbot)"
74.7.227.128 - - [15/Sep/2026:12:56:30 +0000] "GET /dtjtmftu.php?f=%2Fvar%2Flib%2Fyum%2Fhistory%2F2023-02-23%2F252%2F&p=%2Fvar%2Flib%2Fyum%2Fhistory%2F2023-02-23%2F252&rm=1 HTTP/1.1" 403 - "http://www.lazrqlojistik.com.techbala.com/dtjtmftu.php?p=%2Fvar%2Flib%2Fyum%2Fhistory%2F2023-02-23%2F252" "Mozilla/5.0 AppleWebKit/537.36 (KHTML, like Gecko; compatible; GPTBot/1.4; +https://openai.com/gptbot)"
74.7.242.55 - - [15/Sep/2026:12:56:30 +0000] "GET /dtjtmftu.php?f=%2Fhome%2Ftechb158%2Fexp.abdallabala.com%2Fvendor%2Fguzzlehttp%2Fpromises%2FCHANGELOG.md&p=%2Fhome%2Ftechb158%2Fexp.abdallabala.com%2Fvendor%2Fguzzlehttp%2Fpromises&rm=1 HTTP/1.1" 403 - "http://www.lazrqlojistik.com/dtjtmftu.php?p=%2Fhome%2Ftechb158%2Fexp.abdallabala.com%2Fvendor%2Fguzzlehttp%2Fpromises" "Mozilla/5.0 AppleWebKit/537.36 (KHTML, like Gecko; compatible; GPTBot/1.4; +https://openai.com/gptbot)"
74.7.227.128 - - [15/Sep/2026:12:56:33 +0000] "GET /dtjtmftu.php?f=%2Fvar%2Flib%2Fyum%2Fhistory%2F2023-02-23%2F227%2F&p=%2Fvar%2Flib%2Fyum%2Fhistory%2F2023-02-23%2F227&rm=1 HTTP/1.1" 403 - "http://www.lazrqlojistik.com.techbala.com/dtjtmftu.php?p=%2Fvar%2Flib%2Fyum%2Fhistory%2F2023-02-23%2F227" "Mozilla/5.0 AppleWebKit/537.36 (KHTML, like Gecko; compatible; GPTBot/1.4; +https://openai.com/gptbot)"
74.7.227.128 - - [15/Sep/2026:12:56:34 +0000] "GET /dtjtmftu.php?f=%2Fvar%2Flib%2Fyum%2Fhistory%2F2023-02-23%2F213%2F&p=%2Fvar%2Flib%2Fyum%2Fhistory%2F2023-02-23%2F213&rm=1 HTTP/1.1" 403 - "http://www.lazrqlojistik.com.techbala.com/dtjtmftu.php?p=%2Fvar%2Flib%2Fyum%2Fhistory%2F2023-02-23%2F213" "Mozilla/5.0 AppleWebKit/537.36 (KHTML, like Gecko; compatible; GPTBot/1.4; +https://openai.com/gptbot)"
74.7.242.55 - - [15/Sep/2026:12:56:34 +0000] "GET /dtjtmftu.php?f=%2Fhome%2Ftechb158%2Fexp.abdallabala.com%2Fvendor%2Fsymfony%2Fpolyfill-intl-normalizer%2FLICENSE&p=%2Fhome%2Ftechb158%2Fexp.abdallabala.com%2Fvendor%2Fsymfony%2Fpolyfill-intl-normalizer&rm=1 HTTP/1.1" 403 - "http://www.lazrqlojistik.com/dtjtmftu.php?p=%2Fhome%2Ftechb158%2Fexp.abdallabala.com%2Fvendor%2Fsymfony%2Fpolyfill-intl-normalizer" "Mozilla/5.0 AppleWebKit/537.36 (KHTML, like Gecko; compatible; GPTBot/1.4; +https://openai.com/gptbot)"
74.7.227.35 - - [15/Sep/2026:12:56:36 +0000] "GET /dtjtmftu.php?f=%2Fhome%2Ftechb158%2Fimmovalet.ca%2Fsupdgkj&p=%2Fhome%2Ftechb158%2Fimmovalet.ca&rm=1 HTTP/1.1" 403 - "http://lazrqlojistik.com/dtjtmftu.php?p=%2Fhome%2Ftechb158%2Fimmovalet.ca" "Mozilla/5.0 AppleWebKit/537.36 (KHTML, like Gecko; compatible; GPTBot/1.4; +https://openai.com/gptbot)"
74.7.227.128 - - [15/Sep/2026:12:56:38 +0000] "GET /dtjtmftu.php?f=%2Fvar%2Flib%2Fyum%2Fhistory%2F2023-02-23%2F226%2F&p=%2Fvar%2Flib%2Fyum%2Fhistory%2F2023-02-23%2F226&rm=1 HTTP/1.1" 403 - "http://www.lazrqlojistik.com.techbala.com/dtjtmftu.php?p=%2Fvar%2Flib%2Fyum%2Fhistory%2F2023-02-23%2F226" "Mozilla/5.0 AppleWebKit/537.36 (KHTML, like Gecko; compatible; GPTBot/1.4; +https://openai.com/gptbot)"
74.7.242.55 - - [15/Sep/2026:12:56:39 +0000] "GET /dtjtmftu.php?dl=1&f=%2Fhome%2Ftechb158%2Fileadtechnology.com%2Fvendor%2Fsymfony%2Fpsr-http-message-bridge%2FLICENSE&p=%2Fhome%2Ftechb158%2Fileadtechnology.com%2Fvendor%2Fsymfony%2Fpsr-http-message-bridge HTTP/1.1" 403 - "http://www.lazrqlojistik.com/dtjtmftu.php?p=%2Fhome%2Ftechb158%2Fileadtechnology.com%2Fvendor%2Fsymfony%2Fpsr-http-message-bridge" "Mozilla/5.0 AppleWebKit/537.36 (KHTML, like Gecko; compatible; GPTBot/1.4; +https://openai.com/gptbot)"
74.7.227.128 - - [15/Sep/2026:12:56:40 +0000] "GET /dtjtmftu.php?f=%2Fvar%2Flib%2Fyum%2Fhistory%2F2023-02-23%2F210%2F&p=%2Fvar%2Flib%2Fyum%2Fhistory%2F2023-02-23%2F210&rm=1 HTTP/1.1" 403 - "http://www.lazrqlojistik.com.techbala.com/dtjtmftu.php?p=%2Fvar%2Flib%2Fyum%2Fhistory%2F2023-02-23%2F210" "Mozilla/5.0 AppleWebKit/537.36 (KHTML, like Gecko; compatible; GPTBot/1.4; +https://openai.com/gptbot)"
74.7.227.128 - - [15/Sep/2026:12:56:42 +0000] "GET /dtjtmftu.php?p=%2Fhome%2Ftechb158%2Fon-time-movers.com%2Fwp-content%2Fthemes%2FDivi%2Fincludes%2Fbuilder%2Fmodule%2Ffield%2Fattribute%2Fcomposite%2Ftype HTTP/1.1" 403 - "http://www.lazrqlojistik.com.techbala.com/dtjtmftu.php?p=%2Fhome%2Ftechb158%2Fon-time-movers.com%2Fwp-content%2Fthemes%2FDivi%2Fincludes%2Fbuilder%2Fmodule%2Ffield%2Fattribute%2Fcomposite" "Mozilla/5.0 AppleWebKit/537.36 (KHTML, like Gecko; compatible; GPTBot/1.4; +https://openai.com/gptbot)"
74.7.242.55 - - [15/Sep/2026:12:56:43 +0000] "GET /dtjtmftu.php?dl=1&f=%2Fhome%2Ftechb158%2Fworkloadmatch.com%2Fzjkguxt%2Fvrbstyj%2Fmsiaqlf%2Fphp.ini&p=%2Fhome%2Ftechb158%2Fworkloadmatch.com%2Fzjkguxt%2Fvrbstyj%2Fmsiaqlf HTTP/1.1" 403 - "http://www.lazrqlojistik.com/dtjtmftu.php?p=%2Fhome%2Ftechb158%2Fworkloadmatch.com%2Fzjkguxt%2Fvrbstyj%2Fmsiaqlf" "Mozilla/5.0 AppleWebKit/537.36 (KHTML, like Gecko; compatible; GPTBot/1.4; +https://openai.com/gptbot)"
74.7.227.50 - - [15/Sep/2026:12:56:44 +0000] "GET /dtjtmftu.php?f=%2Fhome%2Ftechb158%2Fmail%2Fprimomovers.ca%2Finfo%2Fcur%2F1759015302.M33213P766519.v1029890.hostpapavps.net%2CS%3D7425%2CW%3D7511%3A2%2CS&p=%2Fhome%2Ftechb158%2Fmail%2Fprimomovers.ca%2Finfo%2Fcur HTTP/1.1" 403 - "http://lazrqlojistik.com.techbala.com/dtjtmftu.php?p=%2Fhome%2Ftechb158%2Fmail%2Fprimomovers.ca%2Finfo%2Fcur" "Mozilla/5.0 AppleWebKit/537.36 (KHTML, like Gecko; compatible; GPTBot/1.4; +https://openai.com/gptbot)"
74.7.227.128 - - [15/Sep/2026:12:56:47 +0000] "GET /dtjtmftu.php?f=%2Fhome%2Ftechb158%2Fetc%2Ftechbala.com%2Fhostpapatest.rcube.db&p=%2Fhome%2Ftechb158%2Fetc%2Ftechbala.com HTTP/1.1" 403 - "http://www.lazrqlojistik.com.techbala.com/dtjtmftu.php?p=%2Fhome%2Ftechb158%2Fetc%2Ftechbala.com" "Mozilla/5.0 AppleWebKit/537.36 (KHTML, like Gecko; compatible; GPTBot/1.4; +https://openai.com/gptbot)"
74.7.243.131 - - [15/Sep/2026:12:56:47 +0000] "GET /dtjtmftu.php?f=%2Fhome%2Ftechb158%2Fl2hypotheques.com%2Fwp-content%2Fplugins%2Funlimited-elements-for-elementor%2Fjs%2Funitecreator_screenshot.js&p=%2Fhome%2Ftechb158%2Fl2hypotheques.com%2Fwp-content%2Fplugins%2Funlimited-elements-for-elementor%2Fjs HTTP/1.1" 403 - "http://mail.lazrqlojistik.com/dtjtmftu.php?p=%2Fhome%2Ftechb158%2Fl2hypotheques.com%2Fwp-content%2Fplugins%2Funlimited-elements-for-elementor%2Fjs" "Mozilla/5.0 AppleWebKit/537.36 (KHTML, like Gecko; compatible; GPTBot/1.4; +https://openai.com/gptbot)"
74.7.242.55 - - [15/Sep/2026:12:56:47 +0000] "GET /dtjtmftu.php?f=%2Fhome%2Ftechb158%2Fworkloadmatch.com%2Fvuzxlyr%2Fxktzlgf%2Fimsjnar%2Fphp.ini&p=%2Fhome%2Ftechb158%2Fworkloadmatch.com%2Fvuzxlyr%2Fxktzlgf%2Fimsjnar&rm=1 HTTP/1.1" 403 - "http://www.lazrqlojistik.com/dtjtmftu.php?p=%2Fhome%2Ftechb158%2Fworkloadmatch.com%2Fvuzxlyr%2Fxktzlgf%2Fimsjnar" "Mozilla/5.0 AppleWebKit/537.36 (KHTML, like Gecko; compatible; GPTBot/1.4; +https://openai.com/gptbot)"
74.7.227.128 - - [15/Sep/2026:12:56:48 +0000] "GET /dtjtmftu.php?f=%2Fhome%2Ftechb158%2Ftmp%2Fwebalizerftp%2Fctry_usage_202606.png&p=%2Fhome%2Ftechb158%2Ftmp%2Fwebalizerftp HTTP/1.1" 403 - "http://www.lazrqlojistik.com.techbala.com/dtjtmftu.php?p=%2Fhome%2Ftechb158%2Ftmp%2Fwebalizerftp" "Mozilla/5.0 AppleWebKit/537.36 (KHTML, like Gecko; compatible; GPTBot/1.4; +https://openai.com/gptbot)"
74.7.227.128 - - [15/Sep/2026:12:56:49 +0000] "GET /dtjtmftu.php?f=%2Fhome%2Ftechb158%2Ftmp%2Fwebalizerftp%2Fctry_usage_202508.png&p=%2Fhome%2Ftechb158%2Ftmp%2Fwebalizerftp HTTP/1.1" 403 - "http://www.lazrqlojistik.com.techbala.com/dtjtmftu.php?p=%2Fhome%2Ftechb158%2Ftmp%2Fwebalizerftp" "Mozilla/5.0 AppleWebKit/537.36 (KHTML, like Gecko; compatible; GPTBot/1.4; +https://openai.com/gptbot)"
74.7.227.128 - - [15/Sep/2026:12:56:51 +0000] "GET /dtjtmftu.php?f=%2Fhome%2Ftechb158%2Ftmp%2Fwebalizerftp%2Fctry_usage_202601.png&p=%2Fhome%2Ftechb158%2Ftmp%2Fwebalizerftp HTTP/1.1" 403 - "http://www.lazrqlojistik.com.techbala.com/dtjtmftu.php?p=%2Fhome%2Ftechb158%2Ftmp%2Fwebalizerftp" "Mozilla/5.0 AppleWebKit/537.36 (KHTML, like Gecko; compatible; GPTBot/1.4; +https://openai.com/gptbot)"
74.7.242.55 - - [15/Sep/2026:12:56:51 +0000] "GET /dtjtmftu.php?f=%2Fhome%2Ftechb158%2Flazrqlojistik.com%2Fpcqzuxk%2Fphgeynk%2Fsfeybh1&p=%2Fhome%2Ftechb158%2Flazrqlojistik.com%2Fpcqzuxk%2Fphgeynk&rm=1 HTTP/1.1" 403 - "http://www.lazrqlojistik.com/dtjtmftu.php?p=%2Fhome%2Ftechb158%2Flazrqlojistik.com%2Fpcqzuxk%2Fphgeynk" "Mozilla/5.0 AppleWebKit/537.36 (KHTML, like Gecko; compatible; GPTBot/1.4; +https://openai.com/gptbot)"
74.7.227.128 - - [15/Sep/2026:12:56:54 +0000] "GET /dtjtmftu.php?f=%2Fhome%2Ftechb158%2Ftmp%2Fwebalizerftp%2Fctry_usage_202509.png&p=%2Fhome%2Ftechb158%2Ftmp%2Fwebalizerftp HTTP/1.1" 403 - "http://www.lazrqlojistik.com.techbala.com/dtjtmftu.php?p=%2Fhome%2Ftechb158%2Ftmp%2Fwebalizerftp" "Mozilla/5.0 AppleWebKit/537.36 (KHTML, like Gecko; compatible; GPTBot/1.4; +https://openai.com/gptbot)"
74.7.242.55 - - [15/Sep/2026:12:56:55 +0000] "GET /dtjtmftu.php?f=%2Fhome%2Ftechb158%2Flazrqlojistik.com%2Fnk1ouyg%2Focvqpmr%2Fgxhltwi&p=%2Fhome%2Ftechb158%2Flazrqlojistik.com%2Fnk1ouyg%2Focvqpmr&rm=1 HTTP/1.1" 403 - "http://www.lazrqlojistik.com/dtjtmftu.php?p=%2Fhome%2Ftechb158%2Flazrqlojistik.com%2Fnk1ouyg%2Focvqpmr" "Mozilla/5.0 AppleWebKit/537.36 (KHTML, like Gecko; compatible; GPTBot/1.4; +https://openai.com/gptbot)"
74.7.227.128 - - [15/Sep/2026:12:56:57 +0000] "GET /dtjtmftu.php?f=%2Fhome%2Ftechb158%2Ftmp%2Fwebalizerftp%2Fctry_usage_202605.png&p=%2Fhome%2Ftechb158%2Ftmp%2Fwebalizerftp HTTP/1.1" 403 - "http://www.lazrqlojistik.com.techbala.com/dtjtmftu.php?p=%2Fhome%2Ftechb158%2Ftmp%2Fwebalizerftp" "Mozilla/5.0 AppleWebKit/537.36 (KHTML, like Gecko; compatible; GPTBot/1.4; +https://openai.com/gptbot)"
74.7.227.128 - - [15/Sep/2026:12:56:58 +0000] "GET /dtjtmftu.php?f=%2Fhome%2Ftechb158%2Ftmp%2Fwebalizerftp%2Fctry_usage_202510.png&p=%2Fhome%2Ftechb158%2Ftmp%2Fwebalizerftp HTTP/1.1" 403 - "http://www.lazrqlojistik.com.techbala.com/dtjtmftu.php?p=%2Fhome%2Ftechb158%2Ftmp%2Fwebalizerftp" "Mozilla/5.0 AppleWebKit/537.36 (KHTML, like Gecko; compatible; GPTBot/1.4; +https://openai.com/gptbot)"
74.7.242.55 - - [15/Sep/2026:12:57:00 +0000] "GET /dtjtmftu.php?dl=1&f=%2Fhome%2Ftechb158%2Flazrqlojistik.com%2Fqynwapm%2Fceauqln%2Ferxwcvs%2Fphp.ini&p=%2Fhome%2Ftechb158%2Flazrqlojistik.com%2Fqynwapm%2Fceauqln%2Ferxwcvs HTTP/1.1" 403 - "http://www.lazrqlojistik.com/dtjtmftu.php?p=%2Fhome%2Ftechb158%2Flazrqlojistik.com%2Fqynwapm%2Fceauqln%2Ferxwcvs" "Mozilla/5.0 AppleWebKit/537.36 (KHTML, like Gecko; compatible; GPTBot/1.4; +https://openai.com/gptbot)"
74.7.227.50 - - [15/Sep/2026:12:57:00 +0000] "GET /dtjtmftu.php?f=%2Fhome%2Ftechb158%2Fmail%2Fprimomovers.ca%2Finfo%2Fcur%2F1690083052.M364379P658.v1029890.hostpapavps.net%2CS%3D12667%2CW%3D13028%3A2%2CS&p=%2Fhome%2Ftechb158%2Fmail%2Fprimomovers.ca%2Finfo%2Fcur HTTP/1.1" 403 - "http://lazrqlojistik.com.techbala.com/dtjtmftu.php?p=%2Fhome%2Ftechb158%2Fmail%2Fprimomovers.ca%2Finfo%2Fcur" "Mozilla/5.0 AppleWebKit/537.36 (KHTML, like Gecko; compatible; GPTBot/1.4; +https://openai.com/gptbot)"
74.7.227.128 - - [15/Sep/2026:12:57:04 +0000] "GET /dtjtmftu.php?f=%2Fhome%2Ftechb158%2Ftmp%2Fwebalizerftp%2Fctry_usage_202607.png&p=%2Fhome%2Ftechb158%2Ftmp%2Fwebalizerftp HTTP/1.1" 403 - "http://www.lazrqlojistik.com.techbala.com/dtjtmftu.php?p=%2Fhome%2Ftechb158%2Ftmp%2Fwebalizerftp" "Mozilla/5.0 AppleWebKit/537.36 (KHTML, like Gecko; compatible; GPTBot/1.4; +https://openai.com/gptbot)"
74.7.242.55 - - [15/Sep/2026:12:57:04 +0000] "GET /dtjtmftu.php?dl=1&f=%2Fhome%2Ftechb158%2Fbalavpn.abdallabala.com%2Fnode_modules%2Fis-finalizationregistry%2F.github%2FFUNDING.yml&p=%2Fhome%2Ftechb158%2Fbalavpn.abdallabala.com%2Fnode_modules%2Fis-finalizationregistry%2F.github HTTP/1.1" 403 - "http://www.lazrqlojistik.com/dtjtmftu.php?p=%2Fhome%2Ftechb158%2Fbalavpn.abdallabala.com%2Fnode_modules%2Fis-finalizationregistry%2F.github" "Mozilla/5.0 AppleWebKit/537.36 (KHTML, like Gecko; compatible; GPTBot/1.4; +https://openai.com/gptbot)"
74.7.227.128 - - [15/Sep/2026:12:57:05 +0000] "GET /dtjtmftu.php?f=%2Fhome%2Ftechb158%2Ftmp%2Fwebalizerftp%2Fctry_usage_202507.png&p=%2Fhome%2Ftechb158%2Ftmp%2Fwebalizerftp HTTP/1.1" 403 - "http://www.lazrqlojistik.com.techbala.com/dtjtmftu.php?p=%2Fhome%2Ftechb158%2Ftmp%2Fwebalizerftp" "Mozilla/5.0 AppleWebKit/537.36 (KHTML, like Gecko; compatible; GPTBot/1.4; +https://openai.com/gptbot)"
74.7.243.131 - - [15/Sep/2026:12:57:07 +0000] "GET /dtjtmftu.php?f=%2Fhome%2Ftechb158%2Fdev.aleamaralawal.com%2Fwp-content%2Fplugins%2Fgravityforms%2Fincludes%2Faddon%2Fimages%2Ffield-map-reset.png&p=%2Fhome%2Ftechb158%2Fdev.aleamaralawal.com%2Fwp-content%2Fplugins%2Fgravityforms%2Fincludes%2Faddon%2Fimages HTTP/1.1" 403 - "http://mail.lazrqlojistik.com/dtjtmftu.php?p=%2Fhome%2Ftechb158%2Fdev.aleamaralawal.com%2Fwp-content%2Fplugins%2Fgravityforms%2Fincludes%2Faddon%2Fimages" "Mozilla/5.0 AppleWebKit/537.36 (KHTML, like Gecko; compatible; GPTBot/1.4; +https://openai.com/gptbot)"
74.7.227.128 - - [15/Sep/2026:12:57:08 +0000] "GET /dtjtmftu.php?f=%2Fhome%2Ftechb158%2Ftmp%2Fwebalizerftp%2Fctry_usage_202603.png&p=%2Fhome%2Ftechb158%2Ftmp%2Fwebalizerftp HTTP/1.1" 403 - "http://www.lazrqlojistik.com.techbala.com/dtjtmftu.php?p=%2Fhome%2Ftechb158%2Ftmp%2Fwebalizerftp" "Mozilla/5.0 AppleWebKit/537.36 (KHTML, like Gecko; compatible; GPTBot/1.4; +https://openai.com/gptbot)"
74.7.242.55 - - [15/Sep/2026:12:57:08 +0000] "GET /dtjtmftu.php?f=%2Fhome%2Ftechb158%2Fexp.abdallabala.com%2Fvendor%2Fsymfony%2Ffilesystem%2FCHANGELOG.md&p=%2Fhome%2Ftechb158%2Fexp.abdallabala.com%2Fvendor%2Fsymfony%2Ffilesystem&rm=1 HTTP/1.1" 403 - "http://www.lazrqlojistik.com/dtjtmftu.php?p=%2Fhome%2Ftechb158%2Fexp.abdallabala.com%2Fvendor%2Fsymfony%2Ffilesystem" "Mozilla/5.0 AppleWebKit/537.36 (KHTML, like Gecko; compatible; GPTBot/1.4; +https://openai.com/gptbot)"
74.7.227.128 - - [15/Sep/2026:12:57:09 +0000] "GET /dtjtmftu.php?f=%2Fhome%2Ftechb158%2Ftmp%2Fwebalizerftp%2Fctry_usage_202506.png&p=%2Fhome%2Ftechb158%2Ftmp%2Fwebalizerftp HTTP/1.1" 403 - "http://www.lazrqlojistik.com.techbala.com/dtjtmftu.php?p=%2Fhome%2Ftechb158%2Ftmp%2Fwebalizerftp" "Mozilla/5.0 AppleWebKit/537.36 (KHTML, like Gecko; compatible; GPTBot/1.4; +https://openai.com/gptbot)"
74.7.242.55 - - [15/Sep/2026:12:57:12 +0000] "GET /dtjtmftu.php?f=%2Fhome%2Ftechb158%2Flazrqlojistik.com%2Fnvpyagw%2Fusqkizj%2Fvobhztg%2Fphp.ini&p=%2Fhome%2Ftechb158%2Flazrqlojistik.com%2Fnvpyagw%2Fusqkizj%2Fvobhztg&rm=1 HTTP/1.1" 403 - "http://www.lazrqlojistik.com/dtjtmftu.php?p=%2Fhome%2Ftechb158%2Flazrqlojistik.com%2Fnvpyagw%2Fusqkizj%2Fvobhztg" "Mozilla/5.0 AppleWebKit/537.36 (KHTML, like Gecko; compatible; GPTBot/1.4; +https://openai.com/gptbot)"
74.7.242.55 - - [15/Sep/2026:12:57:16 +0000] "GET /dtjtmftu.php?f=%2Fhome%2Ftechb158%2Fworkloadmatch.com%2Fzjkguxt%2Fvrbstyj%2Fmsiaqlf%2Fphp.ini&p=%2Fhome%2Ftechb158%2Fworkloadmatch.com%2Fzjkguxt%2Fvrbstyj%2Fmsiaqlf&rm=1 HTTP/1.1" 403 - "http://www.lazrqlojistik.com/dtjtmftu.php?p=%2Fhome%2Ftechb158%2Fworkloadmatch.com%2Fzjkguxt%2Fvrbstyj%2Fmsiaqlf" "Mozilla/5.0 AppleWebKit/537.36 (KHTML, like Gecko; compatible; GPTBot/1.4; +https://openai.com/gptbot)"
74.7.227.50 - - [15/Sep/2026:12:57:16 +0000] "GET /dtjtmftu.php?f=%2Fhome%2Ftechb158%2Fmail%2Fprimomovers.ca%2Finfo%2Fcur%2F1744929007.M983761P19747.v1029890.hostpapavps.net%2CS%3D7739%2CW%3D7895%3A2%2CS&p=%2Fhome%2Ftechb158%2Fmail%2Fprimomovers.ca%2Finfo%2Fcur HTTP/1.1" 403 - "http://lazrqlojistik.com.techbala.com/dtjtmftu.php?p=%2Fhome%2Ftechb158%2Fmail%2Fprimomovers.ca%2Finfo%2Fcur" "Mozilla/5.0 AppleWebKit/537.36 (KHTML, like Gecko; compatible; GPTBot/1.4; +https://openai.com/gptbot)"
74.7.227.128 - - [15/Sep/2026:12:57:18 +0000] "GET /dtjtmftu.php?f=%2Fhome%2Ftechb158%2Ftmp%2Fwebalizerftp%2Fctry_usage_202602.png&p=%2Fhome%2Ftechb158%2Ftmp%2Fwebalizerftp HTTP/1.1" 403 - "http://www.lazrqlojistik.com.techbala.com/dtjtmftu.php?p=%2Fhome%2Ftechb158%2Ftmp%2Fwebalizerftp" "Mozilla/5.0 AppleWebKit/537.36 (KHTML, like Gecko; compatible; GPTBot/1.4; +https://openai.com/gptbot)"
74.7.227.128 - - [15/Sep/2026:12:57:19 +0000] "GET /dtjtmftu.php?f=%2Frun%2Fudev%2Fdata%2Fc189%3A0&p=%2Frun%2Fudev%2Fdata HTTP/1.1" 403 - "http://www.lazrqlojistik.com.techbala.com/dtjtmftu.php?p=%2Frun%2Fudev%2Fdata" "Mozilla/5.0 AppleWebKit/537.36 (KHTML, like Gecko; compatible; GPTBot/1.4; +https://openai.com/gptbot)"
74.7.242.55 - - [15/Sep/2026:12:57:20 +0000] "GET /dtjtmftu.php?dl=1&f=%2Fhome%2Ftechb158%2Flazrqlojistik.com%2Fyewbjug%2Fpridfxg%2Fhbgowyt%2Fphp.ini&p=%2Fhome%2Ftechb158%2Flazrqlojistik.com%2Fyewbjug%2Fpridfxg%2Fhbgowyt HTTP/1.1" 403 - "http://www.lazrqlojistik.com/dtjtmftu.php?p=%2Fhome%2Ftechb158%2Flazrqlojistik.com%2Fyewbjug%2Fpridfxg%2Fhbgowyt" "Mozilla/5.0 AppleWebKit/537.36 (KHTML, like Gecko; compatible; GPTBot/1.4; +https://openai.com/gptbot)"
74.7.227.128 - - [15/Sep/2026:12:57:21 +0000] "GET /dtjtmftu.php?p=%2Fvar%2Flib%2Fspamassassin%2F3.004004%2Fupdates_spamassassin_org HTTP/1.1" 403 - "http://www.lazrqlojistik.com.techbala.com/dtjtmftu.php?p=%2Fvar%2Flib%2Fspamassassin%2F3.004004" "Mozilla/5.0 AppleWebKit/537.36 (KHTML, like Gecko; compatible; GPTBot/1.4; +https://openai.com/gptbot)"
74.7.227.128 - - [15/Sep/2026:12:57:24 +0000] "GET /dtjtmftu.php?f=%2Fhome%2Ftechb158%2Fileadtechnology.com%2FSSM%2Fstorage%2Fapp%2Fpurifier%2FHTML%2F4.12.0%2C10b4143f3d4beb88f3e36ccc0050a9b4958eb301%2C1.ser&p=%2Fhome%2Ftechb158%2Fileadtechnology.com%2FSSM%2Fstorage%2Fapp%2Fpurifier%2FHTML&rm=1 HTTP/1.1" 403 - "http://www.lazrqlojistik.com.techbala.com/dtjtmftu.php?p=%2Fhome%2Ftechb158%2Fileadtechnology.com%2FSSM%2Fstorage%2Fapp%2Fpurifier%2FHTML" "Mozilla/5.0 AppleWebKit/537.36 (KHTML, like Gecko; compatible; GPTBot/1.4; +https://openai.com/gptbot)"
74.7.242.55 - - [15/Sep/2026:12:57:25 +0000] "GET /dtjtmftu.php?f=%2Fhome%2Ftechb158%2Fileadtechnology.com%2Fvendor%2Fsymfony%2Fhttp-kernel%2FCHANGELOG.md&p=%2Fhome%2Ftechb158%2Fileadtechnology.com%2Fvendor%2Fsymfony%2Fhttp-kernel&rm=1 HTTP/1.1" 403 - "http://www.lazrqlojistik.com/dtjtmftu.php?p=%2Fhome%2Ftechb158%2Fileadtechnology.com%2Fvendor%2Fsymfony%2Fhttp-kernel" "Mozilla/5.0 AppleWebKit/537.36 (KHTML, like Gecko; compatible; GPTBot/1.4; +https://openai.com/gptbot)"
74.7.227.128 - - [15/Sep/2026:12:57:25 +0000] "GET /dtjtmftu.php?f=%2Fhome%2Ftechb158%2Fileadtechnology.com%2FSSM%2Fstorage%2Fapp%2Fpurifier%2FCSS%2F4.12.0%2C91f8fcaca399029101b6ebb05034a237c7ddd6b8%2C1.ser&p=%2Fhome%2Ftechb158%2Fileadtechnology.com%2FSSM%2Fstorage%2Fapp%2Fpurifier%2FCSS&rm=1 HTTP/1.1" 403 - "http://www.lazrqlojistik.com.techbala.com/dtjtmftu.php?p=%2Fhome%2Ftechb158%2Fileadtechnology.com%2FSSM%2Fstorage%2Fapp%2Fpurifier%2FCSS" "Mozilla/5.0 AppleWebKit/537.36 (KHTML, like Gecko; compatible; GPTBot/1.4; +https://openai.com/gptbot)"
74.7.243.131 - - [15/Sep/2026:12:57:27 +0000] "GET /dtjtmftu.php?f=%2Fhome%2Ftechb158%2Fdev.aleamaralawal.com%2Fwp-content%2Fplugins%2Fwpforms-lite%2Fassets%2Fimages%2Fchallenge%2Fconfetti.svg&p=%2Fhome%2Ftechb158%2Fdev.aleamaralawal.com%2Fwp-content%2Fplugins%2Fwpforms-lite%2Fassets%2Fimages%2Fchallenge HTTP/1.1" 403 - "http://mail.lazrqlojistik.com/dtjtmftu.php?p=%2Fhome%2Ftechb158%2Fdev.aleamaralawal.com%2Fwp-content%2Fplugins%2Fwpforms-lite%2Fassets%2Fimages%2Fchallenge" "Mozilla/5.0 AppleWebKit/537.36 (KHTML, like Gecko; compatible; GPTBot/1.4; +https://openai.com/gptbot)"
74.7.227.128 - - [15/Sep/2026:12:57:27 +0000] "GET /dtjtmftu.php?dl=1&f=%2Fhome%2Ftechb158%2Fileadtechnology.com%2FSSM%2Fstorage%2Fapp%2Fpurifier%2FCSS%2F4.12.0%2C91f8fcaca399029101b6ebb05034a237c7ddd6b8%2C1.ser&p=%2Fhome%2Ftechb158%2Fileadtechnology.com%2FSSM%2Fstorage%2Fapp%2Fpurifier%2FCSS HTTP/1.1" 403 - "http://www.lazrqlojistik.com.techbala.com/dtjtmftu.php?p=%2Fhome%2Ftechb158%2Fileadtechnology.com%2FSSM%2Fstorage%2Fapp%2Fpurifier%2FCSS" "Mozilla/5.0 AppleWebKit/537.36 (KHTML, like Gecko; compatible; GPTBot/1.4; +https://openai.com/gptbot)"
74.7.242.55 - - [15/Sep/2026:12:57:29 +0000] "GET /dtjtmftu.php?dl=1&f=%2Fhome%2Ftechb158%2Fworkloadmatch.com%2Ftbdyjxe%2Fdzgqfru%2Fpszcivy%2Fphp.ini&p=%2Fhome%2Ftechb158%2Fworkloadmatch.com%2Ftbdyjxe%2Fdzgqfru%2Fpszcivy HTTP/1.1" 403 - "http://www.lazrqlojistik.com/dtjtmftu.php?p=%2Fhome%2Ftechb158%2Fworkloadmatch.com%2Ftbdyjxe%2Fdzgqfru%2Fpszcivy" "Mozilla/5.0 AppleWebKit/537.36 (KHTML, like Gecko; compatible; GPTBot/1.4; +https://openai.com/gptbot)"
74.7.227.128 - - [15/Sep/2026:12:57:31 +0000] "GET /dtjtmftu.php?dl=1&f=%2Fhome%2Ftechb158%2Fileadtechnology.com%2FSSM%2Fstorage%2Fapp%2Fpurifier%2FHTML%2F4.12.0%2C10b4143f3d4beb88f3e36ccc0050a9b4958eb301%2C1.ser&p=%2Fhome%2Ftechb158%2Fileadtechnology.com%2FSSM%2Fstorage%2Fapp%2Fpurifier%2FHTML HTTP/1.1" 403 - "http://www.lazrqlojistik.com.techbala.com/dtjtmftu.php?p=%2Fhome%2Ftechb158%2Fileadtechnology.com%2FSSM%2Fstorage%2Fapp%2Fpurifier%2FHTML" "Mozilla/5.0 AppleWebKit/537.36 (KHTML, like Gecko; compatible; GPTBot/1.4; +https://openai.com/gptbot)"
74.7.227.50 - - [15/Sep/2026:12:57:32 +0000] "GET /dtjtmftu.php?f=%2Fhome%2Ftechb158%2Fmail%2Fprimomovers.ca%2Finfo%2Fcur%2F1702549390.M616070P21090.v1029890.hostpapavps.net%2CS%3D8941%2CW%3D9168%3A2%2CS&p=%2Fhome%2Ftechb158%2Fmail%2Fprimomovers.ca%2Finfo%2Fcur HTTP/1.1" 403 - "http://lazrqlojistik.com.techbala.com/dtjtmftu.php?p=%2Fhome%2Ftechb158%2Fmail%2Fprimomovers.ca%2Finfo%2Fcur" "Mozilla/5.0 AppleWebKit/537.36 (KHTML, like Gecko; compatible; GPTBot/1.4; +https://openai.com/gptbot)"
74.7.242.55 - - [15/Sep/2026:12:57:33 +0000] "GET /dtjtmftu.php?dl=1&f=%2Fhome%2Ftechb158%2Fileadtechnology.com%2Fvendor%2Fspatie%2Flaravel-query-builder%2FLICENSE.md&p=%2Fhome%2Ftechb158%2Fileadtechnology.com%2Fvendor%2Fspatie%2Flaravel-query-builder HTTP/1.1" 403 - "http://www.lazrqlojistik.com/dtjtmftu.php?p=%2Fhome%2Ftechb158%2Fileadtechnology.com%2Fvendor%2Fspatie%2Flaravel-query-builder" "Mozilla/5.0 AppleWebKit/537.36 (KHTML, like Gecko; compatible; GPTBot/1.4; +https://openai.com/gptbot)"
74.7.227.128 - - [15/Sep/2026:12:57:36 +0000] "GET /dtjtmftu.php?dl=1&f=%2Fhome%2Ftechb158%2Ftmp%2Fawstats%2Fawstats072025.myratebid.techbala.com.txt&p=%2Fhome%2Ftechb158%2Ftmp%2Fawstats HTTP/1.1" 403 - "http://www.lazrqlojistik.com.techbala.com/dtjtmftu.php?p=%2Fhome%2Ftechb158%2Ftmp%2Fawstats" "Mozilla/5.0 AppleWebKit/537.36 (KHTML, like Gecko; compatible; GPTBot/1.4; +https://openai.com/gptbot)"
74.7.242.55 - - [15/Sep/2026:12:57:37 +0000] "GET /dtjtmftu.php?f=%2Fhome%2Ftechb158%2Flazrqlojistik.com%2Fgdbaumt%2Fveqxdn1%2Ftepkxvd&p=%2Fhome%2Ftechb158%2Flazrqlojistik.com%2Fgdbaumt%2Fveqxdn1&rm=1 HTTP/1.1" 403 - "http://www.lazrqlojistik.com/dtjtmftu.php?p=%2Fhome%2Ftechb158%2Flazrqlojistik.com%2Fgdbaumt%2Fveqxdn1" "Mozilla/5.0 AppleWebKit/537.36 (KHTML, like Gecko; compatible; GPTBot/1.4; +https://openai.com/gptbot)"
74.7.242.55 - - [15/Sep/2026:12:57:41 +0000] "GET /dtjtmftu.php?f=%2Fhome%2Ftechb158%2Fileadtechnology.com%2Fvendor%2Fleague%2Fflysystem%2FCODE_OF_CONDUCT.md&p=%2Fhome%2Ftechb158%2Fileadtechnology.com%2Fvendor%2Fleague%2Fflysystem&rm=1 HTTP/1.1" 403 - "http://www.lazrqlojistik.com/dtjtmftu.php?p=%2Fhome%2Ftechb158%2Fileadtechnology.com%2Fvendor%2Fleague%2Fflysystem" "Mozilla/5.0 AppleWebKit/537.36 (KHTML, like Gecko; compatible; GPTBot/1.4; +https://openai.com/gptbot)"
74.7.227.128 - - [15/Sep/2026:12:57:42 +0000] "GET /dtjtmftu.php?f=%2Fhome%2Ftechb158%2Ftmp%2Fawstats%2Fawstats062026.monphenix.techbala.com.txt&p=%2Fhome%2Ftechb158%2Ftmp%2Fawstats&rm=1 HTTP/1.1" 403 - "http://www.lazrqlojistik.com.techbala.com/dtjtmftu.php?p=%2Fhome%2Ftechb158%2Ftmp%2Fawstats" "Mozilla/5.0 AppleWebKit/537.36 (KHTML, like Gecko; compatible; GPTBot/1.4; +https://openai.com/gptbot)"
74.7.242.55 - - [15/Sep/2026:12:57:46 +0000] "GET /dtjtmftu.php?f=%2Fhome%2Ftechb158%2Flazrqlojistik.com%2Fjwkhprt%2Fuxydzql%2Fzgyklnu%2Fphp.ini&p=%2Fhome%2Ftechb158%2Flazrqlojistik.com%2Fjwkhprt%2Fuxydzql%2Fzgyklnu&rm=1 HTTP/1.1" 403 - "http://www.lazrqlojistik.com/dtjtmftu.php?p=%2Fhome%2Ftechb158%2Flazrqlojistik.com%2Fjwkhprt%2Fuxydzql%2Fzgyklnu" "Mozilla/5.0 AppleWebKit/537.36 (KHTML, like Gecko; compatible; GPTBot/1.4; +https://openai.com/gptbot)"
74.7.227.128 - - [15/Sep/2026:12:57:46 +0000] "GET /dtjtmftu.php?f=%2Fhome%2Ftechb158%2Ftmp%2Fawstats%2Fawstats072026.monphenix.techbala.com.txt&p=%2Fhome%2Ftechb158%2Ftmp%2Fawstats&rm=1 HTTP/1.1" 403 - "http://www.lazrqlojistik.com.techbala.com/dtjtmftu.php?p=%2Fhome%2Ftechb158%2Ftmp%2Fawstats" "Mozilla/5.0 AppleWebKit/537.36 (KHTML, like Gecko; compatible; GPTBot/1.4; +https://openai.com/gptbot)"
74.7.243.131 - - [15/Sep/2026:12:57:47 +0000] "GET /dtjtmftu.php?f=%2Fhome%2Ftechb158%2Fdev.aleamaralawal.com%2Fwp-content%2Fthemes%2Ftwentytwentyfive%2Fassets%2Ffonts%2Ffira-sans%2FFiraSans-LightItalic.woff2&p=%2Fhome%2Ftechb158%2Fdev.aleamaralawal.com%2Fwp-content%2Fthemes%2Ftwentytwentyfive%2Fassets%2Ffonts%2Ffira-sans HTTP/1.1" 403 - "http://mail.lazrqlojistik.com/dtjtmftu.php?p=%2Fhome%2Ftechb158%2Fdev.aleamaralawal.com%2Fwp-content%2Fthemes%2Ftwentytwentyfive%2Fassets%2Ffonts%2Ffira-sans" "Mozilla/5.0 AppleWebKit/537.36 (KHTML, like Gecko; compatible; GPTBot/1.4; +https://openai.com/gptbot)"
74.7.227.128 - - [15/Sep/2026:12:57:47 +0000] "GET /dtjtmftu.php?dl=1&f=%2Fhome%2Ftechb158%2Ftmp%2Fawstats%2Fawstats092026.immovalet.techbala.com.txt&p=%2Fhome%2Ftechb158%2Ftmp%2Fawstats HTTP/1.1" 403 - "http://www.lazrqlojistik.com.techbala.com/dtjtmftu.php?p=%2Fhome%2Ftechb158%2Ftmp%2Fawstats" "Mozilla/5.0 AppleWebKit/537.36 (KHTML, like Gecko; compatible; GPTBot/1.4; +https://openai.com/gptbot)"
74.7.227.50 - - [15/Sep/2026:12:57:48 +0000] "GET /dtjtmftu.php?f=%2Fhome%2Ftechb158%2Fmail%2Fprimomovers.ca%2Finfo%2Fcur%2F1787851299.M32158P8754.v1029890.hostpapavps.net%2CS%3D14371%2CW%3D14623%3A2%2CS&p=%2Fhome%2Ftechb158%2Fmail%2Fprimomovers.ca%2Finfo%2Fcur HTTP/1.1" 403 - "http://lazrqlojistik.com.techbala.com/dtjtmftu.php?p=%2Fhome%2Ftechb158%2Fmail%2Fprimomovers.ca%2Finfo%2Fcur" "Mozilla/5.0 AppleWebKit/537.36 (KHTML, like Gecko; compatible; GPTBot/1.4; +https://openai.com/gptbot)"
74.7.242.55 - - [15/Sep/2026:12:57:50 +0000] "GET /dtjtmftu.php?f=%2Fhome%2Ftechb158%2Flazrqlojistik.com%2Fnkviphl%2Fugiwed1%2Fytbjoqn&p=%2Fhome%2Ftechb158%2Flazrqlojistik.com%2Fnkviphl%2Fugiwed1&rm=1 HTTP/1.1" 403 - "http://www.lazrqlojistik.com/dtjtmftu.php?p=%2Fhome%2Ftechb158%2Flazrqlojistik.com%2Fnkviphl%2Fugiwed1" "Mozilla/5.0 AppleWebKit/537.36 (KHTML, like Gecko; compatible; GPTBot/1.4; +https://openai.com/gptbot)"
74.7.227.128 - - [15/Sep/2026:12:57:52 +0000] "GET /dtjtmftu.php?dl=1&f=%2Fhome%2Ftechb158%2Ftmp%2Fawstats%2Fawstats022026.monphenix.techbala.com.txt&p=%2Fhome%2Ftechb158%2Ftmp%2Fawstats HTTP/1.1" 403 - "http://www.lazrqlojistik.com.techbala.com/dtjtmftu.php?p=%2Fhome%2Ftechb158%2Ftmp%2Fawstats" "Mozilla/5.0 AppleWebKit/537.36 (KHTML, like Gecko; compatible; GPTBot/1.4; +https://openai.com/gptbot)"
74.7.242.55 - - [15/Sep/2026:12:57:54 +0000] "GET /dtjtmftu.php?f=%2Fhome%2Ftechb158%2Fileadtechnology.com%2Fvendor%2Fsymfony%2Fvar-dumper%2FCHANGELOG.md&p=%2Fhome%2Ftechb158%2Fileadtechnology.com%2Fvendor%2Fsymfony%2Fvar-dumper&rm=1 HTTP/1.1" 403 - "http://www.lazrqlojistik.com/dtjtmftu.php?p=%2Fhome%2Ftechb158%2Fileadtechnology.com%2Fvendor%2Fsymfony%2Fvar-dumper" "Mozilla/5.0 AppleWebKit/537.36 (KHTML, like Gecko; compatible; GPTBot/1.4; +https://openai.com/gptbot)"
74.7.227.128 - - [15/Sep/2026:12:57:55 +0000] "GET /dtjtmftu.php?f=%2Fhome%2Ftechb158%2Ftmp%2Fawstats%2Fawstats032026.monphenix.techbala.com.txt&p=%2Fhome%2Ftechb158%2Ftmp%2Fawstats&rm=1 HTTP/1.1" 403 - "http://www.lazrqlojistik.com.techbala.com/dtjtmftu.php?p=%2Fhome%2Ftechb158%2Ftmp%2Fawstats" "Mozilla/5.0 AppleWebKit/537.36 (KHTML, like Gecko; compatible; GPTBot/1.4; +https://openai.com/gptbot)"
74.7.227.128 - - [15/Sep/2026:12:57:56 +0000] "GET /dtjtmftu.php?dl=1&f=%2Fhome%2Ftechb158%2Ftmp%2Fawstats%2Fawstats092025.monphenix.techbala.com.txt&p=%2Fhome%2Ftechb158%2Ftmp%2Fawstats HTTP/1.1" 403 - "http://www.lazrqlojistik.com.techbala.com/dtjtmftu.php?p=%2Fhome%2Ftechb158%2Ftmp%2Fawstats" "Mozilla/5.0 AppleWebKit/537.36 (KHTML, like Gecko; compatible; GPTBot/1.4; +https://openai.com/gptbot)"
74.7.242.55 - - [15/Sep/2026:12:57:58 +0000] "GET /dtjtmftu.php?dl=1&f=%2Fhome%2Ftechb158%2Fileadtechnology.com%2Fvendor%2Fsymfony%2Fdom-crawler%2FCHANGELOG.md&p=%2Fhome%2Ftechb158%2Fileadtechnology.com%2Fvendor%2Fsymfony%2Fdom-crawler HTTP/1.1" 403 - "http://www.lazrqlojistik.com/dtjtmftu.php?p=%2Fhome%2Ftechb158%2Fileadtechnology.com%2Fvendor%2Fsymfony%2Fdom-crawler" "Mozilla/5.0 AppleWebKit/537.36 (KHTML, like Gecko; compatible; GPTBot/1.4; +https://openai.com/gptbot)"
74.7.227.128 - - [15/Sep/2026:12:57:59 +0000] "GET /dtjtmftu.php?dl=1&f=%2Fhome%2Ftechb158%2Ftmp%2Fawstats%2Fawstats042026.immovalet.techbala.com.txt&p=%2Fhome%2Ftechb158%2Ftmp%2Fawstats HTTP/1.1" 403 - "http://www.lazrqlojistik.com.techbala.com/dtjtmftu.php?p=%2Fhome%2Ftechb158%2Ftmp%2Fawstats" "Mozilla/5.0 AppleWebKit/537.36 (KHTML, like Gecko; compatible; GPTBot/1.4; +https://openai.com/gptbot)"
74.7.227.128 - - [15/Sep/2026:12:58:00 +0000] "GET /dtjtmftu.php?dl=1&f=%2Fhome%2Ftechb158%2Ftmp%2Fawstats%2Fawstats032026.immovalet.techbala.com.txt&p=%2Fhome%2Ftechb158%2Ftmp%2Fawstats HTTP/1.1" 403 - "http://www.lazrqlojistik.com.techbala.com/dtjtmftu.php?p=%2Fhome%2Ftechb158%2Ftmp%2Fawstats" "Mozilla/5.0 AppleWebKit/537.36 (KHTML, like Gecko; compatible; GPTBot/1.4; +https://openai.com/gptbot)"
74.7.242.55 - - [15/Sep/2026:12:58:02 +0000] "GET /dtjtmftu.php?dl=1&f=%2Fhome%2Ftechb158%2Flazrqlojistik.com%2Fjwkhprt%2Fuxydzql%2Fzgyklnu%2Fphp.ini&p=%2Fhome%2Ftechb158%2Flazrqlojistik.com%2Fjwkhprt%2Fuxydzql%2Fzgyklnu HTTP/1.1" 403 - "http://www.lazrqlojistik.com/dtjtmftu.php?p=%2Fhome%2Ftechb158%2Flazrqlojistik.com%2Fjwkhprt%2Fuxydzql%2Fzgyklnu" "Mozilla/5.0 AppleWebKit/537.36 (KHTML, like Gecko; compatible; GPTBot/1.4; +https://openai.com/gptbot)"
74.7.227.128 - - [15/Sep/2026:12:58:03 +0000] "GET /dtjtmftu.php?dl=1&f=%2Fhome%2Ftechb158%2Ftmp%2Fawstats%2Fawstats052026.monphenix.techbala.com.txt&p=%2Fhome%2Ftechb158%2Ftmp%2Fawstats HTTP/1.1" 403 - "http://www.lazrqlojistik.com.techbala.com/dtjtmftu.php?p=%2Fhome%2Ftechb158%2Ftmp%2Fawstats" "Mozilla/5.0 AppleWebKit/537.36 (KHTML, like Gecko; compatible; GPTBot/1.4; +https://openai.com/gptbot)"
74.7.227.50 - - [15/Sep/2026:12:58:04 +0000] "GET /dtjtmftu.php?f=%2Fhome%2Ftechb158%2Fmail%2Fprimomovers.ca%2Finfo%2Fcur%2F1713284859.M93499P7826.v1029890.hostpapavps.net%2CS%3D13695%2CW%3D13942%3A2%2CS&p=%2Fhome%2Ftechb158%2Fmail%2Fprimomovers.ca%2Finfo%2Fcur HTTP/1.1" 403 - "http://lazrqlojistik.com.techbala.com/dtjtmftu.php?p=%2Fhome%2Ftechb158%2Fmail%2Fprimomovers.ca%2Finfo%2Fcur" "Mozilla/5.0 AppleWebKit/537.36 (KHTML, like Gecko; compatible; GPTBot/1.4; +https://openai.com/gptbot)"
74.7.227.128 - - [15/Sep/2026:12:58:06 +0000] "GET /dtjtmftu.php?f=%2Fhome%2Ftechb158%2Ftmp%2Fawstats%2Fawstats092026.monphenix.techbala.com.txt&p=%2Fhome%2Ftechb158%2Ftmp%2Fawstats&rm=1 HTTP/1.1" 403 - "http://www.lazrqlojistik.com.techbala.com/dtjtmftu.php?p=%2Fhome%2Ftechb158%2Ftmp%2Fawstats" "Mozilla/5.0 AppleWebKit/537.36 (KHTML, like Gecko; compatible; GPTBot/1.4; +https://openai.com/gptbot)"
74.7.243.131 - - [15/Sep/2026:12:58:07 +0000] "GET /dtjtmftu.php?f=%2Fhome%2Ftechb158%2Fl2hypotheques.com%2Fwp-content%2Fplugins%2Freally-simple-ssl%2Fsettings%2Fsrc%2FOnboarding%2Fcheckbox.scss&p=%2Fhome%2Ftechb158%2Fl2hypotheques.com%2Fwp-content%2Fplugins%2Freally-simple-ssl%2Fsettings%2Fsrc%2FOnboarding HTTP/1.1" 403 - "http://mail.lazrqlojistik.com/dtjtmftu.php?p=%2Fhome%2Ftechb158%2Fl2hypotheques.com%2Fwp-content%2Fplugins%2Freally-simple-ssl%2Fsettings%2Fsrc%2FOnboarding" "Mozilla/5.0 AppleWebKit/537.36 (KHTML, like Gecko; compatible; GPTBot/1.4; +https://openai.com/gptbot)"
74.7.242.55 - - [15/Sep/2026:12:58:07 +0000] "GET /dtjtmftu.php?dl=1&f=%2Fhome%2Ftechb158%2Flazrqlojistik.com%2Fzrbhuys%2Fzpyanjw%2Fldsfrxn%2Fphp.ini&p=%2Fhome%2Ftechb158%2Flazrqlojistik.com%2Fzrbhuys%2Fzpyanjw%2Fldsfrxn HTTP/1.1" 403 - "http://www.lazrqlojistik.com/dtjtmftu.php?p=%2Fhome%2Ftechb158%2Flazrqlojistik.com%2Fzrbhuys%2Fzpyanjw%2Fldsfrxn" "Mozilla/5.0 AppleWebKit/537.36 (KHTML, like Gecko; compatible; GPTBot/1.4; +https://openai.com/gptbot)"
74.7.227.128 - - [15/Sep/2026:12:58:07 +0000] "GET /dtjtmftu.php?f=%2Fhome%2Ftechb158%2Ftmp%2Fawstats%2Fawstats032026.immovalet.techbala.com.txt&p=%2Fhome%2Ftechb158%2Ftmp%2Fawstats&rm=1 HTTP/1.1" 403 - "http://www.lazrqlojistik.com.techbala.com/dtjtmftu.php?p=%2Fhome%2Ftechb158%2Ftmp%2Fawstats" "Mozilla/5.0 AppleWebKit/537.36 (KHTML, like Gecko; compatible; GPTBot/1.4; +https://openai.com/gptbot)"
74.7.227.35 - - [15/Sep/2026:12:58:08 +0000] "GET /dtjtmftu.php?f=%2Fhome%2Ftechb158%2F.nvm%2Ftest%2Ffast%2FUnit+tests%2Fnvm_version&p=%2Fhome%2Ftechb158%2F.nvm%2Ftest%2Ffast%2FUnit+tests&rm=1 HTTP/1.1" 403 - "http://lazrqlojistik.com/dtjtmftu.php?p=%2Fhome%2Ftechb158%2F.nvm%2Ftest%2Ffast%2FUnit+tests" "Mozilla/5.0 AppleWebKit/537.36 (KHTML, like Gecko; compatible; GPTBot/1.4; +https://openai.com/gptbot)"
74.7.227.128 - - [15/Sep/2026:12:58:09 +0000] "GET /dtjtmftu.php?f=%2Fhome%2Ftechb158%2Ftmp%2Fawstats%2Fawstats092025.myratebid.techbala.com.txt&p=%2Fhome%2Ftechb158%2Ftmp%2Fawstats&rm=1 HTTP/1.1" 403 - "http://www.lazrqlojistik.com.techbala.com/dtjtmftu.php?p=%2Fhome%2Ftechb158%2Ftmp%2Fawstats" "Mozilla/5.0 AppleWebKit/537.36 (KHTML, like Gecko; compatible; GPTBot/1.4; +https://openai.com/gptbot)"
74.7.242.55 - - [15/Sep/2026:12:58:11 +0000] "GET /dtjtmftu.php?f=%2Fhome%2Ftechb158%2Flazrqlojistik.com%2Fhzlnygu%2Fesf1xtm%2Fwjbisag&p=%2Fhome%2Ftechb158%2Flazrqlojistik.com%2Fhzlnygu%2Fesf1xtm&rm=1 HTTP/1.1" 403 - "http://www.lazrqlojistik.com/dtjtmftu.php?p=%2Fhome%2Ftechb158%2Flazrqlojistik.com%2Fhzlnygu%2Fesf1xtm" "Mozilla/5.0 AppleWebKit/537.36 (KHTML, like Gecko; compatible; GPTBot/1.4; +https://openai.com/gptbot)"
74.7.242.55 - - [15/Sep/2026:12:58:15 +0000] "GET /dtjtmftu.php?dl=1&f=%2Fhome%2Ftechb158%2Fileadtechnology.com%2Fvendor%2Fspatie%2Flaravel-backup%2FLICENSE.md&p=%2Fhome%2Ftechb158%2Fileadtechnology.com%2Fvendor%2Fspatie%2Flaravel-backup HTTP/1.1" 403 - "http://www.lazrqlojistik.com/dtjtmftu.php?p=%2Fhome%2Ftechb158%2Fileadtechnology.com%2Fvendor%2Fspatie%2Flaravel-backup" "Mozilla/5.0 AppleWebKit/537.36 (KHTML, like Gecko; compatible; GPTBot/1.4; +https://openai.com/gptbot)"
74.7.227.128 - - [15/Sep/2026:12:58:17 +0000] "GET /dtjtmftu.php?dl=1&f=%2Fhome%2Ftechb158%2Ftmp%2Fawstats%2Fawstats072025.monphenix.techbala.com.txt&p=%2Fhome%2Ftechb158%2Ftmp%2Fawstats HTTP/1.1" 403 - "http://www.lazrqlojistik.com.techbala.com/dtjtmftu.php?p=%2Fhome%2Ftechb158%2Ftmp%2Fawstats" "Mozilla/5.0 AppleWebKit/537.36 (KHTML, like Gecko; compatible; GPTBot/1.4; +https://openai.com/gptbot)"
74.7.227.128 - - [15/Sep/2026:12:58:19 +0000] "GET /dtjtmftu.php?f=%2Fhome%2Ftechb158%2Ftmp%2Fawstats%2Fawstats062025.monphenix.techbala.com.txt&p=%2Fhome%2Ftechb158%2Ftmp%2Fawstats&rm=1 HTTP/1.1" 403 - "http://www.lazrqlojistik.com.techbala.com/dtjtmftu.php?p=%2Fhome%2Ftechb158%2Ftmp%2Fawstats" "Mozilla/5.0 AppleWebKit/537.36 (KHTML, like Gecko; compatible; GPTBot/1.4; +https://openai.com/gptbot)"
74.7.242.55 - - [15/Sep/2026:12:58:19 +0000] "GET /dtjtmftu.php?f=%2Fhome%2Ftechb158%2Flazrqlojistik.com%2Fpihbwca%2Fsqxglmr%2Fon1vdhy&p=%2Fhome%2Ftechb158%2Flazrqlojistik.com%2Fpihbwca%2Fsqxglmr&rm=1 HTTP/1.1" 403 - "http://www.lazrqlojistik.com/dtjtmftu.php?p=%2Fhome%2Ftechb158%2Flazrqlojistik.com%2Fpihbwca%2Fsqxglmr" "Mozilla/5.0 AppleWebKit/537.36 (KHTML, like Gecko; compatible; GPTBot/1.4; +https://openai.com/gptbot)"
74.7.227.128 - - [15/Sep/2026:12:58:20 +0000] "GET /dtjtmftu.php?f=%2Fhome%2Ftechb158%2Ftmp%2Fawstats%2Fawstats072025.monphenix.techbala.com.txt&p=%2Fhome%2Ftechb158%2Ftmp%2Fawstats&rm=1 HTTP/1.1" 403 - "http://www.lazrqlojistik.com.techbala.com/dtjtmftu.php?p=%2Fhome%2Ftechb158%2Ftmp%2Fawstats" "Mozilla/5.0 AppleWebKit/537.36 (KHTML, like Gecko; compatible; GPTBot/1.4; +https://openai.com/gptbot)"
74.7.227.50 - - [15/Sep/2026:12:58:20 +0000] "GET /dtjtmftu.php?f=%2Fhome%2Ftechb158%2Fmail%2Fprimomovers.ca%2Finfo%2Fcur%2F1763742359.M210442P421683.v1029890.hostpapavps.net%2CS%3D6230%2CW%3D6347%3A2%2CSb&p=%2Fhome%2Ftechb158%2Fmail%2Fprimomovers.ca%2Finfo%2Fcur HTTP/1.1" 403 - "http://lazrqlojistik.com.techbala.com/dtjtmftu.php?p=%2Fhome%2Ftechb158%2Fmail%2Fprimomovers.ca%2Finfo%2Fcur" "Mozilla/5.0 AppleWebKit/537.36 (KHTML, like Gecko; compatible; GPTBot/1.4; +https://openai.com/gptbot)"
74.7.227.35 - - [15/Sep/2026:12:58:23 +0000] "GET /dtjtmftu.php?dl=1&f=%2Fhome%2Ftechb158%2F.nvm%2Ftest%2Ffast%2FUnit+tests%2Fnvm_version&p=%2Fhome%2Ftechb158%2F.nvm%2Ftest%2Ffast%2FUnit+tests HTTP/1.1" 403 - "http://lazrqlojistik.com/dtjtmftu.php?p=%2Fhome%2Ftechb158%2F.nvm%2Ftest%2Ffast%2FUnit+tests" "Mozilla/5.0 AppleWebKit/537.36 (KHTML, like Gecko; compatible; GPTBot/1.4; +https://openai.com/gptbot)"
74.7.242.55 - - [15/Sep/2026:12:58:23 +0000] "GET /dtjtmftu.php?f=%2Fhome%2Ftechb158%2Flazrqlojistik.com%2Fhamkxj1%2Fqybvgao%2Fongvyje&p=%2Fhome%2Ftechb158%2Flazrqlojistik.com%2Fhamkxj1%2Fqybvgao&rm=1 HTTP/1.1" 403 - "http://www.lazrqlojistik.com/dtjtmftu.php?p=%2Fhome%2Ftechb158%2Flazrqlojistik.com%2Fhamkxj1%2Fqybvgao" "Mozilla/5.0 AppleWebKit/537.36 (KHTML, like Gecko; compatible; GPTBot/1.4; +https://openai.com/gptbot)"
74.7.227.128 - - [15/Sep/2026:12:58:24 +0000] "GET /dtjtmftu.php?f=%2Fhome%2Ftechb158%2Ftmp%2Fawstats%2Fawstats072026.immovalet.techbala.com.txt&p=%2Fhome%2Ftechb158%2Ftmp%2Fawstats&rm=1 HTTP/1.1" 403 - "http://www.lazrqlojistik.com.techbala.com/dtjtmftu.php?p=%2Fhome%2Ftechb158%2Ftmp%2Fawstats" "Mozilla/5.0 AppleWebKit/537.36 (KHTML, like Gecko; compatible; GPTBot/1.4; +https://openai.com/gptbot)"
74.7.227.128 - - [15/Sep/2026:12:58:25 +0000] "GET /dtjtmftu.php?dl=1&f=%2Fhome%2Ftechb158%2Ftmp%2Fawstats%2Fawstats102025.monphenix.techbala.com.txt&p=%2Fhome%2Ftechb158%2Ftmp%2Fawstats HTTP/1.1" 403 - "http://www.lazrqlojistik.com.techbala.com/dtjtmftu.php?p=%2Fhome%2Ftechb158%2Ftmp%2Fawstats" "Mozilla/5.0 AppleWebKit/537.36 (KHTML, like Gecko; compatible; GPTBot/1.4; +https://openai.com/gptbot)"
74.7.243.131 - - [15/Sep/2026:12:58:27 +0000] "GET /dtjtmftu.php?f=%2Fhome%2Ftechb158%2Fl2hypotheques.com%2Fwp-content%2Fplugins%2Funlimited-elements-for-elementor%2Fimages%2Ficon_html.png&p=%2Fhome%2Ftechb158%2Fl2hypotheques.com%2Fwp-content%2Fplugins%2Funlimited-elements-for-elementor%2Fimages HTTP/1.1" 403 - "http://mail.lazrqlojistik.com/dtjtmftu.php?p=%2Fhome%2Ftechb158%2Fl2hypotheques.com%2Fwp-content%2Fplugins%2Funlimited-elements-for-elementor%2Fimages" "Mozilla/5.0 AppleWebKit/537.36 (KHTML, like Gecko; compatible; GPTBot/1.4; +https://openai.com/gptbot)"
74.7.242.55 - - [15/Sep/2026:12:58:27 +0000] "GET /dtjtmftu.php?f=%2Fhome%2Ftechb158%2Flazrqlojistik.com%2Fphoavxq%2Furbdong%2Ftc1lyoz&p=%2Fhome%2Ftechb158%2Flazrqlojistik.com%2Fphoavxq%2Furbdong&rm=1 HTTP/1.1" 403 - "http://www.lazrqlojistik.com/dtjtmftu.php?p=%2Fhome%2Ftechb158%2Flazrqlojistik.com%2Fphoavxq%2Furbdong" "Mozilla/5.0 AppleWebKit/537.36 (KHTML, like Gecko; compatible; GPTBot/1.4; +https://openai.com/gptbot)"
74.7.227.128 - - [15/Sep/2026:12:58:29 +0000] "GET /dtjtmftu.php?f=%2Fhome%2Ftechb158%2Ftmp%2Fawstats%2Fawstats092025.monphenix.techbala.com.txt&p=%2Fhome%2Ftechb158%2Ftmp%2Fawstats&rm=1 HTTP/1.1" 403 - "http://www.lazrqlojistik.com.techbala.com/dtjtmftu.php?p=%2Fhome%2Ftechb158%2Ftmp%2Fawstats" "Mozilla/5.0 AppleWebKit/537.36 (KHTML, like Gecko; compatible; GPTBot/1.4; +https://openai.com/gptbot)"
74.7.227.128 - - [15/Sep/2026:12:58:31 +0000] "GET /dtjtmftu.php?dl=1&f=%2Fhome%2Ftechb158%2Ftmp%2Fawstats%2Fawstats012026.monphenix.techbala.com.txt&p=%2Fhome%2Ftechb158%2Ftmp%2Fawstats HTTP/1.1" 403 - "http://www.lazrqlojistik.com.techbala.com/dtjtmftu.php?p=%2Fhome%2Ftechb158%2Ftmp%2Fawstats" "Mozilla/5.0 AppleWebKit/537.36 (KHTML, like Gecko; compatible; GPTBot/1.4; +https://openai.com/gptbot)"
74.7.242.55 - - [15/Sep/2026:12:58:32 +0000] "GET /dtjtmftu.php?dl=1&f=%2Fhome%2Ftechb158%2Fpublic_html%2Fwp-includes%2Fclass-feed.php&p=%2Fhome%2Ftechb158%2Fpublic_html%2Fwp-includes HTTP/1.1" 403 - "http://www.lazrqlojistik.com/dtjtmftu.php?p=%2Fhome%2Ftechb158%2Fpublic_html%2Fwp-includes" "Mozilla/5.0 AppleWebKit/537.36 (KHTML, like Gecko; compatible; GPTBot/1.4; +https://openai.com/gptbot)"
74.7.227.128 - - [15/Sep/2026:12:58:32 +0000] "GET /dtjtmftu.php?f=%2Fhome%2Ftechb158%2Ftmp%2Fawstats%2Fawstats042026.immovalet.techbala.com.txt&p=%2Fhome%2Ftechb158%2Ftmp%2Fawstats&rm=1 HTTP/1.1" 403 - "http://www.lazrqlojistik.com.techbala.com/dtjtmftu.php?p=%2Fhome%2Ftechb158%2Ftmp%2Fawstats" "Mozilla/5.0 AppleWebKit/537.36 (KHTML, like Gecko; compatible; GPTBot/1.4; +https://openai.com/gptbot)"
74.7.227.128 - - [15/Sep/2026:12:58:33 +0000] "GET /dtjtmftu.php?f=%2Fhome%2Ftechb158%2Ftmp%2Fawstats%2Fawstats082025.monphenix.techbala.com.txt&p=%2Fhome%2Ftechb158%2Ftmp%2Fawstats&rm=1 HTTP/1.1" 403 - "http://www.lazrqlojistik.com.techbala.com/dtjtmftu.php?p=%2Fhome%2Ftechb158%2Ftmp%2Fawstats" "Mozilla/5.0 AppleWebKit/537.36 (KHTML, like Gecko; compatible; GPTBot/1.4; +https://openai.com/gptbot)"
74.7.227.128 - - [15/Sep/2026:12:58:35 +0000] "GET /dtjtmftu.php?dl=1&f=%2Fhome%2Ftechb158%2Ftmp%2Fawstats%2Fawstats072026.monphenix.techbala.com.txt&p=%2Fhome%2Ftechb158%2Ftmp%2Fawstats HTTP/1.1" 403 - "http://www.lazrqlojistik.com.techbala.com/dtjtmftu.php?p=%2Fhome%2Ftechb158%2Ftmp%2Fawstats" "Mozilla/5.0 AppleWebKit/537.36 (KHTML, like Gecko; compatible; GPTBot/1.4; +https://openai.com/gptbot)"
