74.7.227.128 - - [15/Sep/2026:13:03:00 +0000] "GET /dtjtmftu.php?f=%2Fhome%2Ftechb158%2Fpublic_html%2Fwp-content%2Fplugins%2Fgoogle-analytics-for-wordpress%2Flite%2Fassets%2Fvue3%2Fjs%2Fchunks%2Fauth-Bv0009mY.js&p=%2Fhome%2Ftechb158%2Fpublic_html%2Fwp-content%2Fplugins%2Fgoogle-analytics-for-wordpress%2Flite%2Fassets%2Fvue3%2Fjs%2Fchunks&rm=1 HTTP/1.1" 403 - "http://www.lazrqlojistik.com.techbala.com/dtjtmftu.php?p=%2Fhome%2Ftechb158%2Fpublic_html%2Fwp-content%2Fplugins%2Fgoogle-analytics-for-wordpress%2Flite%2Fassets%2Fvue3%2Fjs%2Fchunks" "Mozilla/5.0 AppleWebKit/537.36 (KHTML, like Gecko; compatible; GPTBot/1.4; +https://openai.com/gptbot)"
74.7.242.55 - - [15/Sep/2026:13:03:00 +0000] "GET /dtjtmftu.php?dl=1&f=%2Fhome%2Ftechb158%2Fpublic_html%2Fhypothequetoimieux.com%2Fwoisdtu%2Findex.html&p=%2Fhome%2Ftechb158%2Fpublic_html%2Fhypothequetoimieux.com%2Fwoisdtu HTTP/1.1" 403 - "http://www.lazrqlojistik.com/dtjtmftu.php?p=%2Fhome%2Ftechb158%2Fpublic_html%2Fhypothequetoimieux.com%2Fwoisdtu" "Mozilla/5.0 AppleWebKit/537.36 (KHTML, like Gecko; compatible; GPTBot/1.4; +https://openai.com/gptbot)"
54.37.252.153 - - [15/Sep/2026:13:03:01 +0000] "GET /well-known/acme-challenge/a/g/?C=S;O=A HTTP/1.1" 200 2071 "-" "Mozilla/5.0 (compatible; MJ12bot/v1.4.8; http://mj12bot.com/)"
74.7.227.128 - - [15/Sep/2026:13:03:03 +0000] "GET /dtjtmftu.php?dl=1&f=%2Fhome%2Ftechb158%2Fpublic_html%2Fwp-content%2Fplugins%2Fgoogle-analytics-for-wordpress%2Flite%2Fassets%2Fvue3%2Fjs%2Fchunks%2Fauth-Bv0009mY.js&p=%2Fhome%2Ftechb158%2Fpublic_html%2Fwp-content%2Fplugins%2Fgoogle-analytics-for-wordpress%2Flite%2Fassets%2Fvue3%2Fjs%2Fchunks HTTP/1.1" 403 - "http://www.lazrqlojistik.com.techbala.com/dtjtmftu.php?p=%2Fhome%2Ftechb158%2Fpublic_html%2Fwp-content%2Fplugins%2Fgoogle-analytics-for-wordpress%2Flite%2Fassets%2Fvue3%2Fjs%2Fchunks" "Mozilla/5.0 AppleWebKit/537.36 (KHTML, like Gecko; compatible; GPTBot/1.4; +https://openai.com/gptbot)"
74.7.242.55 - - [15/Sep/2026:13:03:04 +0000] "GET /dtjtmftu.php?f=%2Fhome%2Ftechb158%2Ftrellopowerup.abdallabala.com%2Fqujdibt%2Findex.html&p=%2Fhome%2Ftechb158%2Ftrellopowerup.abdallabala.com%2Fqujdibt&rm=1 HTTP/1.1" 403 - "http://www.lazrqlojistik.com/dtjtmftu.php?p=%2Fhome%2Ftechb158%2Ftrellopowerup.abdallabala.com%2Fqujdibt" "Mozilla/5.0 AppleWebKit/537.36 (KHTML, like Gecko; compatible; GPTBot/1.4; +https://openai.com/gptbot)"
74.7.243.131 - - [15/Sep/2026:13:03:07 +0000] "GET /dtjtmftu.php?f=%2Fhome%2Ftechb158%2Fl2hypotheques.com%2Fwp-content%2Fplugins%2Funlimited-elements-for-elementor%2Fjs%2Ffarbtastic%2Fmarker.png&p=%2Fhome%2Ftechb158%2Fl2hypotheques.com%2Fwp-content%2Fplugins%2Funlimited-elements-for-elementor%2Fjs%2Ffarbtastic HTTP/1.1" 403 - "http://mail.lazrqlojistik.com/dtjtmftu.php?p=%2Fhome%2Ftechb158%2Fl2hypotheques.com%2Fwp-content%2Fplugins%2Funlimited-elements-for-elementor%2Fjs%2Ffarbtastic" "Mozilla/5.0 AppleWebKit/537.36 (KHTML, like Gecko; compatible; GPTBot/1.4; +https://openai.com/gptbot)"
74.7.227.128 - - [15/Sep/2026:13:03:07 +0000] "GET /dtjtmftu.php?f=%2Fhome%2Ftechb158%2Fssl%2Fcerts%2Fwebmail_primomovers_ca_e8570_af357_1788596811_33de16308621bd67a83c4d962f94030d.crt&p=%2Fhome%2Ftechb158%2Fssl%2Fcerts HTTP/1.1" 403 - "http://www.lazrqlojistik.com.techbala.com/dtjtmftu.php?p=%2Fhome%2Ftechb158%2Fssl%2Fcerts" "Mozilla/5.0 AppleWebKit/537.36 (KHTML, like Gecko; compatible; GPTBot/1.4; +https://openai.com/gptbot)"
74.7.227.128 - - [15/Sep/2026:13:03:08 +0000] "GET /dtjtmftu.php?f=%2Fhome%2Ftechb158%2Fssl%2Fcerts%2Fn8n_abdallabala_com_d9e79_58819_1787477451_366a0264d87f0b659b994c1f297a5708.crt&p=%2Fhome%2Ftechb158%2Fssl%2Fcerts HTTP/1.1" 403 - "http://www.lazrqlojistik.com.techbala.com/dtjtmftu.php?p=%2Fhome%2Ftechb158%2Fssl%2Fcerts" "Mozilla/5.0 AppleWebKit/537.36 (KHTML, like Gecko; compatible; GPTBot/1.4; +https://openai.com/gptbot)"
74.7.227.50 - - [15/Sep/2026:13:03:08 +0000] "GET /dtjtmftu.php?f=%2Fhome%2Ftechb158%2Fmail%2Fprimomovers.ca%2Finfo%2Fcur%2F1709113617.M43368P9394.v1029890.hostpapavps.net%2CS%3D11596%2CW%3D11760%3A2%2CS&p=%2Fhome%2Ftechb158%2Fmail%2Fprimomovers.ca%2Finfo%2Fcur HTTP/1.1" 403 - "http://lazrqlojistik.com.techbala.com/dtjtmftu.php?p=%2Fhome%2Ftechb158%2Fmail%2Fprimomovers.ca%2Finfo%2Fcur" "Mozilla/5.0 AppleWebKit/537.36 (KHTML, like Gecko; compatible; GPTBot/1.4; +https://openai.com/gptbot)"
74.7.242.55 - - [15/Sep/2026:13:03:09 +0000] "GET /dtjtmftu.php?f=%2Fhome%2Ftechb158%2Ftrellopowerup.abdallabala.com%2Fwitjrfl%2Findex.html&p=%2Fhome%2Ftechb158%2Ftrellopowerup.abdallabala.com%2Fwitjrfl&rm=1 HTTP/1.1" 403 - "http://www.lazrqlojistik.com/dtjtmftu.php?p=%2Fhome%2Ftechb158%2Ftrellopowerup.abdallabala.com%2Fwitjrfl" "Mozilla/5.0 AppleWebKit/537.36 (KHTML, like Gecko; compatible; GPTBot/1.4; +https://openai.com/gptbot)"
74.7.227.128 - - [15/Sep/2026:13:03:10 +0000] "GET /dtjtmftu.php?f=%2Fhome%2Ftechb158%2Fssl%2Fcerts%2Fabdallabala_com_b86d3_18cf7_1788586011_7285194c1b142d66957e3df18939ee56.crt&p=%2Fhome%2Ftechb158%2Fssl%2Fcerts HTTP/1.1" 403 - "http://www.lazrqlojistik.com.techbala.com/dtjtmftu.php?p=%2Fhome%2Ftechb158%2Fssl%2Fcerts" "Mozilla/5.0 AppleWebKit/537.36 (KHTML, like Gecko; compatible; GPTBot/1.4; +https://openai.com/gptbot)"
74.7.227.128 - - [15/Sep/2026:13:03:11 +0000] "GET /dtjtmftu.php?f=%2Fhome%2Ftechb158%2Fssl%2Fcerts%2Fexp_abdallabala_com_c654c_65b03_1791221200_504a1eb3b9f071454a10166b6b25488f.crt&p=%2Fhome%2Ftechb158%2Fssl%2Fcerts HTTP/1.1" 403 - "http://www.lazrqlojistik.com.techbala.com/dtjtmftu.php?p=%2Fhome%2Ftechb158%2Fssl%2Fcerts" "Mozilla/5.0 AppleWebKit/537.36 (KHTML, like Gecko; compatible; GPTBot/1.4; +https://openai.com/gptbot)"
74.7.242.55 - - [15/Sep/2026:13:03:13 +0000] "GET /dtjtmftu.php?f=%2Fhome%2Ftechb158%2Ftrellopowerup.abdallabala.com%2Fhpgzduc%2Findex.html&p=%2Fhome%2Ftechb158%2Ftrellopowerup.abdallabala.com%2Fhpgzduc&rm=1 HTTP/1.1" 403 - "http://www.lazrqlojistik.com/dtjtmftu.php?p=%2Fhome%2Ftechb158%2Ftrellopowerup.abdallabala.com%2Fhpgzduc" "Mozilla/5.0 AppleWebKit/537.36 (KHTML, like Gecko; compatible; GPTBot/1.4; +https://openai.com/gptbot)"
74.7.227.35 - - [15/Sep/2026:13:03:15 +0000] "GET /dtjtmftu.php?dl=1&f=%2Fhome%2Ftechb158%2Fon-time-movers.com%2Fwp-content%2Fplugins%2Fwp-file-manager%2Flib%2Fjs%2Fi18n%2Fhelp%2Fpl.html.js&p=%2Fhome%2Ftechb158%2Fon-time-movers.com%2Fwp-content%2Fplugins%2Fwp-file-manager%2Flib%2Fjs%2Fi18n%2Fhelp HTTP/1.1" 403 - "http://lazrqlojistik.com/dtjtmftu.php?p=%2Fhome%2Ftechb158%2Fon-time-movers.com%2Fwp-content%2Fplugins%2Fwp-file-manager%2Flib%2Fjs%2Fi18n%2Fhelp" "Mozilla/5.0 AppleWebKit/537.36 (KHTML, like Gecko; compatible; GPTBot/1.4; +https://openai.com/gptbot)"
74.7.227.128 - - [15/Sep/2026:13:03:15 +0000] "GET /dtjtmftu.php?f=%2Fhome%2Ftechb158%2Fssl%2Fcerts%2Fabdallabala_com_b86d3_18cf7_1788586011_7285194c1b142d66957e3df18939ee56.crt.cache&p=%2Fhome%2Ftechb158%2Fssl%2Fcerts HTTP/1.1" 403 - "http://www.lazrqlojistik.com.techbala.com/dtjtmftu.php?p=%2Fhome%2Ftechb158%2Fssl%2Fcerts" "Mozilla/5.0 AppleWebKit/537.36 (KHTML, like Gecko; compatible; GPTBot/1.4; +https://openai.com/gptbot)"
74.7.242.55 - - [15/Sep/2026:13:03:17 +0000] "GET /dtjtmftu.php?f=%2Fhome%2Ftechb158%2Ftrellopowerup.abdallabala.com%2Fimpqdrn%2Findex.html&p=%2Fhome%2Ftechb158%2Ftrellopowerup.abdallabala.com%2Fimpqdrn&rm=1 HTTP/1.1" 403 - "http://www.lazrqlojistik.com/dtjtmftu.php?p=%2Fhome%2Ftechb158%2Ftrellopowerup.abdallabala.com%2Fimpqdrn" "Mozilla/5.0 AppleWebKit/537.36 (KHTML, like Gecko; compatible; GPTBot/1.4; +https://openai.com/gptbot)"
74.7.227.128 - - [15/Sep/2026:13:03:19 +0000] "GET /dtjtmftu.php?f=%2Fhome%2Ftechb158%2Fssl%2Fcerts%2Fn8n_abdallabala_com_d9e79_58819_1787477451_366a0264d87f0b659b994c1f297a5708.crt.cache&p=%2Fhome%2Ftechb158%2Fssl%2Fcerts HTTP/1.1" 403 - "http://www.lazrqlojistik.com.techbala.com/dtjtmftu.php?p=%2Fhome%2Ftechb158%2Fssl%2Fcerts" "Mozilla/5.0 AppleWebKit/537.36 (KHTML, like Gecko; compatible; GPTBot/1.4; +https://openai.com/gptbot)"
74.7.242.55 - - [15/Sep/2026:13:03:21 +0000] "GET /dtjtmftu.php?dl=1&f=%2Fhome%2Ftechb158%2Ftrellopowerup.abdallabala.com%2Foevl1sj%2Findex.html&p=%2Fhome%2Ftechb158%2Ftrellopowerup.abdallabala.com%2Foevl1sj HTTP/1.1" 403 - "http://www.lazrqlojistik.com/dtjtmftu.php?p=%2Fhome%2Ftechb158%2Ftrellopowerup.abdallabala.com%2Foevl1sj" "Mozilla/5.0 AppleWebKit/537.36 (KHTML, like Gecko; compatible; GPTBot/1.4; +https://openai.com/gptbot)"
74.7.227.128 - - [15/Sep/2026:13:03:22 +0000] "GET /dtjtmftu.php?f=%2Fhome%2Ftechb158%2Fpublic_html%2Fwp-content%2Fplugins%2Felementor%2Fmodules%2Fsystem-info&p=%2Fhome%2Ftechb158%2Fpublic_html%2Fwp-content%2Fplugins%2Felementor%2Fmodules&rm=1 HTTP/1.1" 403 - "http://www.lazrqlojistik.com.techbala.com/dtjtmftu.php?p=%2Fhome%2Ftechb158%2Fpublic_html%2Fwp-content%2Fplugins%2Felementor%2Fmodules" "Mozilla/5.0 AppleWebKit/537.36 (KHTML, like Gecko; compatible; GPTBot/1.4; +https://openai.com/gptbot)"
74.7.227.50 - - [15/Sep/2026:13:03:24 +0000] "GET /dtjtmftu.php?f=%2Fhome%2Ftechb158%2Fmail%2Fprimomovers.ca%2Finfo%2Fcur%2F1714661340.M69369P19776.v1029890.hostpapavps.net%2CS%3D9185%2CW%3D9347%3A2%2CS&p=%2Fhome%2Ftechb158%2Fmail%2Fprimomovers.ca%2Finfo%2Fcur HTTP/1.1" 403 - "http://lazrqlojistik.com.techbala.com/dtjtmftu.php?p=%2Fhome%2Ftechb158%2Fmail%2Fprimomovers.ca%2Finfo%2Fcur" "Mozilla/5.0 AppleWebKit/537.36 (KHTML, like Gecko; compatible; GPTBot/1.4; +https://openai.com/gptbot)"
54.37.252.153 - - [15/Sep/2026:13:03:25 +0000] "GET /well-known/acme-challenge/a/h/?C=D;O=D HTTP/1.1" 200 2071 "-" "Mozilla/5.0 (compatible; MJ12bot/v1.4.8; http://mj12bot.com/)"
74.7.227.128 - - [15/Sep/2026:13:03:25 +0000] "GET /dtjtmftu.php?dl=1&f=%2Fhome%2Ftechb158%2Fpublic_html%2Fwp-content%2F.htaccess&p=%2Fhome%2Ftechb158%2Fpublic_html%2Fwp-content HTTP/1.1" 403 - "http://www.lazrqlojistik.com.techbala.com/dtjtmftu.php?p=%2Fhome%2Ftechb158%2Fpublic_html%2Fwp-content" "Mozilla/5.0 AppleWebKit/537.36 (KHTML, like Gecko; compatible; GPTBot/1.4; +https://openai.com/gptbot)"
74.7.242.55 - - [15/Sep/2026:13:03:26 +0000] "GET /dtjtmftu.php?f=%2Fhome%2Ftechb158%2Ftrellopowerup.abdallabala.com%2Fxnqcegw%2Findex.html&p=%2Fhome%2Ftechb158%2Ftrellopowerup.abdallabala.com%2Fxnqcegw&rm=1 HTTP/1.1" 403 - "http://www.lazrqlojistik.com/dtjtmftu.php?p=%2Fhome%2Ftechb158%2Ftrellopowerup.abdallabala.com%2Fxnqcegw" "Mozilla/5.0 AppleWebKit/537.36 (KHTML, like Gecko; compatible; GPTBot/1.4; +https://openai.com/gptbot)"
74.7.243.131 - - [15/Sep/2026:13:03:27 +0000] "GET /dtjtmftu.php?f=%2Fhome%2Ftechb158%2Fl2hypotheques.com%2Fwp-content%2Fplugins%2Fwoocommerce%2Fassets%2Fjs%2Fjquery-tiptip%2Fjquery.tipTip.js&p=%2Fhome%2Ftechb158%2Fl2hypotheques.com%2Fwp-content%2Fplugins%2Fwoocommerce%2Fassets%2Fjs%2Fjquery-tiptip HTTP/1.1" 403 - "http://mail.lazrqlojistik.com/dtjtmftu.php?p=%2Fhome%2Ftechb158%2Fl2hypotheques.com%2Fwp-content%2Fplugins%2Fwoocommerce%2Fassets%2Fjs%2Fjquery-tiptip" "Mozilla/5.0 AppleWebKit/537.36 (KHTML, like Gecko; compatible; GPTBot/1.4; +https://openai.com/gptbot)"
74.7.227.128 - - [15/Sep/2026:13:03:28 +0000] "GET /dtjtmftu.php?f=%2Fhome%2Ftechb158%2Fpublic_html%2Fwp-content%2F.htaccess&p=%2Fhome%2Ftechb158%2Fpublic_html%2Fwp-content&rm=1 HTTP/1.1" 403 - "http://www.lazrqlojistik.com.techbala.com/dtjtmftu.php?p=%2Fhome%2Ftechb158%2Fpublic_html%2Fwp-content" "Mozilla/5.0 AppleWebKit/537.36 (KHTML, like Gecko; compatible; GPTBot/1.4; +https://openai.com/gptbot)"
54.37.252.153 - - [15/Sep/2026:13:03:28 +0000] "GET /well-known/acme-challenge/a/h/?C=M;O=D HTTP/1.1" 200 2071 "-" "Mozilla/5.0 (compatible; MJ12bot/v1.4.8; http://mj12bot.com/)"
74.7.227.128 - - [15/Sep/2026:13:03:29 +0000] "GET /dtjtmftu.php?f=%2Fhome%2Ftechb158%2Fprimomovers.ca%2Fwp-content%2Fplugins%2Fseo-by-rank-math%2Fcomposer.json&p=%2Fhome%2Ftechb158%2Fprimomovers.ca%2Fwp-content%2Fplugins%2Fseo-by-rank-math HTTP/1.1" 403 - "http://www.lazrqlojistik.com.techbala.com/dtjtmftu.php?p=%2Fhome%2Ftechb158%2Fprimomovers.ca%2Fwp-content%2Fplugins%2Fseo-by-rank-math" "Mozilla/5.0 AppleWebKit/537.36 (KHTML, like Gecko; compatible; GPTBot/1.4; +https://openai.com/gptbot)"
74.7.242.55 - - [15/Sep/2026:13:03:30 +0000] "GET /dtjtmftu.php?f=%2Fhome%2Ftechb158%2Ftrellopowerup.abdallabala.com%2Frd1uzic%2Findex.html&p=%2Fhome%2Ftechb158%2Ftrellopowerup.abdallabala.com%2Frd1uzic&rm=1 HTTP/1.1" 403 - "http://www.lazrqlojistik.com/dtjtmftu.php?p=%2Fhome%2Ftechb158%2Ftrellopowerup.abdallabala.com%2Frd1uzic" "Mozilla/5.0 AppleWebKit/537.36 (KHTML, like Gecko; compatible; GPTBot/1.4; +https://openai.com/gptbot)"
74.7.227.128 - - [15/Sep/2026:13:03:32 +0000] "GET /dtjtmftu.php?f=%2Fhome%2Ftechb158%2Fprimomovers.ca%2Fwp-content%2Fuploads%2F2022%2F06%2FPrimo-Logo-2-fr-1-150x150.png&p=%2Fhome%2Ftechb158%2Fprimomovers.ca%2Fwp-content%2Fuploads%2F2022%2F06&rm=1 HTTP/1.1" 403 - "http://www.lazrqlojistik.com.techbala.com/dtjtmftu.php?p=%2Fhome%2Ftechb158%2Fprimomovers.ca%2Fwp-content%2Fuploads%2F2022%2F06" "Mozilla/5.0 AppleWebKit/537.36 (KHTML, like Gecko; compatible; GPTBot/1.4; +https://openai.com/gptbot)"
74.7.227.128 - - [15/Sep/2026:13:03:34 +0000] "GET /dtjtmftu.php?f=%2Fhome%2Ftechb158%2Fprimomovers.ca%2Fwp-content%2Fuploads%2F2022%2F06%2FPrimo-Logo-2-fr-1-400x250.png&p=%2Fhome%2Ftechb158%2Fprimomovers.ca%2Fwp-content%2Fuploads%2F2022%2F06&rm=1 HTTP/1.1" 403 - "http://www.lazrqlojistik.com.techbala.com/dtjtmftu.php?p=%2Fhome%2Ftechb158%2Fprimomovers.ca%2Fwp-content%2Fuploads%2F2022%2F06" "Mozilla/5.0 AppleWebKit/537.36 (KHTML, like Gecko; compatible; GPTBot/1.4; +https://openai.com/gptbot)"
74.7.242.55 - - [15/Sep/2026:13:03:34 +0000] "GET /dtjtmftu.php?dl=1&f=%2Fhome%2Ftechb158%2Ftrellopowerup.abdallabala.com%2Fjesiwcg%2Findex.html&p=%2Fhome%2Ftechb158%2Ftrellopowerup.abdallabala.com%2Fjesiwcg HTTP/1.1" 403 - "http://www.lazrqlojistik.com/dtjtmftu.php?p=%2Fhome%2Ftechb158%2Ftrellopowerup.abdallabala.com%2Fjesiwcg" "Mozilla/5.0 AppleWebKit/537.36 (KHTML, like Gecko; compatible; GPTBot/1.4; +https://openai.com/gptbot)"
54.37.252.153 - - [15/Sep/2026:13:03:34 +0000] "GET /well-known/acme-challenge/a/h/?C=S;O=D HTTP/1.1" 200 2071 "-" "Mozilla/5.0 (compatible; MJ12bot/v1.4.8; http://mj12bot.com/)"
54.37.252.153 - - [15/Sep/2026:13:03:36 +0000] "GET /well-known/acme-challenge/b/a/?C=D;O=D HTTP/1.1" 200 2071 "-" "Mozilla/5.0 (compatible; MJ12bot/v1.4.8; http://mj12bot.com/)"
74.7.242.55 - - [15/Sep/2026:13:03:38 +0000] "GET /dtjtmftu.php?dl=1&f=%2Fhome%2Ftechb158%2Ftrellopowerup.abdallabala.com%2Fnfqrtdx%2Findex.html&p=%2Fhome%2Ftechb158%2Ftrellopowerup.abdallabala.com%2Fnfqrtdx HTTP/1.1" 403 - "http://www.lazrqlojistik.com/dtjtmftu.php?p=%2Fhome%2Ftechb158%2Ftrellopowerup.abdallabala.com%2Fnfqrtdx" "Mozilla/5.0 AppleWebKit/537.36 (KHTML, like Gecko; compatible; GPTBot/1.4; +https://openai.com/gptbot)"
54.37.252.153 - - [15/Sep/2026:13:03:39 +0000] "GET /well-known/acme-challenge/b/a/?C=M;O=D HTTP/1.1" 200 2071 "-" "Mozilla/5.0 (compatible; MJ12bot/v1.4.8; http://mj12bot.com/)"
74.7.227.128 - - [15/Sep/2026:13:03:40 +0000] "GET /dtjtmftu.php?f=%2Fhome%2Ftechb158%2Fl2hypotheques.com%2Fwp-admin%2Ferror_log&p=%2Fhome%2Ftechb158%2Fl2hypotheques.com%2Fwp-admin&rm=1 HTTP/1.1" 403 - "http://www.lazrqlojistik.com.techbala.com/dtjtmftu.php?p=%2Fhome%2Ftechb158%2Fl2hypotheques.com%2Fwp-admin" "Mozilla/5.0 AppleWebKit/537.36 (KHTML, like Gecko; compatible; GPTBot/1.4; +https://openai.com/gptbot)"
74.7.227.50 - - [15/Sep/2026:13:03:40 +0000] "GET /dtjtmftu.php?f=%2Fhome%2Ftechb158%2Fmail%2Fprimomovers.ca%2Finfo%2Fcur%2F1720698997.M518017P2397.v1029890.hostpapavps.net%2CS%3D9910%2CW%3D10074%3A2%2CS&p=%2Fhome%2Ftechb158%2Fmail%2Fprimomovers.ca%2Finfo%2Fcur HTTP/1.1" 403 - "http://lazrqlojistik.com.techbala.com/dtjtmftu.php?p=%2Fhome%2Ftechb158%2Fmail%2Fprimomovers.ca%2Finfo%2Fcur" "Mozilla/5.0 AppleWebKit/537.36 (KHTML, like Gecko; compatible; GPTBot/1.4; +https://openai.com/gptbot)"
74.7.242.55 - - [15/Sep/2026:13:03:42 +0000] "GET /dtjtmftu.php?f=%2Fhome%2Ftechb158%2Ftrellopowerup.abdallabala.com%2Fr1nzabf%2Findex.html&p=%2Fhome%2Ftechb158%2Ftrellopowerup.abdallabala.com%2Fr1nzabf&rm=1 HTTP/1.1" 403 - "http://www.lazrqlojistik.com/dtjtmftu.php?p=%2Fhome%2Ftechb158%2Ftrellopowerup.abdallabala.com%2Fr1nzabf" "Mozilla/5.0 AppleWebKit/537.36 (KHTML, like Gecko; compatible; GPTBot/1.4; +https://openai.com/gptbot)"
74.7.227.128 - - [15/Sep/2026:13:03:42 +0000] "GET /dtjtmftu.php?dl=1&f=%2Fhome%2Ftechb158%2Fl2hypotheques.com%2Fwp-admin%2Ferror_log&p=%2Fhome%2Ftechb158%2Fl2hypotheques.com%2Fwp-admin HTTP/1.1" 403 - "http://www.lazrqlojistik.com.techbala.com/dtjtmftu.php?p=%2Fhome%2Ftechb158%2Fl2hypotheques.com%2Fwp-admin" "Mozilla/5.0 AppleWebKit/537.36 (KHTML, like Gecko; compatible; GPTBot/1.4; +https://openai.com/gptbot)"
54.37.252.153 - - [15/Sep/2026:13:03:43 +0000] "GET /well-known/acme-challenge/b/b/?C=M;O=D HTTP/1.1" 200 2071 "-" "Mozilla/5.0 (compatible; MJ12bot/v1.4.8; http://mj12bot.com/)"
74.7.227.128 - - [15/Sep/2026:13:03:45 +0000] "GET /dtjtmftu.php?f=%2Fhome%2Ftechb158%2Fpublic_html%2Fwp-content%2Fplugins%2Fall-in-one-seo-pack%2Fdist%2FLite%2Fassets%2Flocal-business-seo.1f970b29.js&p=%2Fhome%2Ftechb158%2Fpublic_html%2Fwp-content%2Fplugins%2Fall-in-one-seo-pack%2Fdist%2FLite%2Fassets HTTP/1.1" 403 - "http://www.lazrqlojistik.com.techbala.com/dtjtmftu.php?p=%2Fhome%2Ftechb158%2Fpublic_html%2Fwp-content%2Fplugins%2Fall-in-one-seo-pack%2Fdist%2FLite%2Fassets" "Mozilla/5.0 AppleWebKit/537.36 (KHTML, like Gecko; compatible; GPTBot/1.4; +https://openai.com/gptbot)"
74.7.227.35 - - [15/Sep/2026:13:03:46 +0000] "GET /dtjtmftu.php?dl=1&f=%2Fhome%2Ftechb158%2Fon-time-movers.com%2Fwp-content%2Fplugins%2Fwp-file-manager%2Flib%2Fjs%2Fi18n%2Fhelp%2Fen.html.js&p=%2Fhome%2Ftechb158%2Fon-time-movers.com%2Fwp-content%2Fplugins%2Fwp-file-manager%2Flib%2Fjs%2Fi18n%2Fhelp HTTP/1.1" 403 - "http://lazrqlojistik.com/dtjtmftu.php?p=%2Fhome%2Ftechb158%2Fon-time-movers.com%2Fwp-content%2Fplugins%2Fwp-file-manager%2Flib%2Fjs%2Fi18n%2Fhelp" "Mozilla/5.0 AppleWebKit/537.36 (KHTML, like Gecko; compatible; GPTBot/1.4; +https://openai.com/gptbot)"
74.7.227.128 - - [15/Sep/2026:13:03:46 +0000] "GET /dtjtmftu.php?f=%2Fhome%2Ftechb158%2Fpublic_html%2Fwp-content%2Fplugins%2Fall-in-one-seo-pack%2Fdist%2FLite%2Fassets%2Ffooter-links.00bfbfd7.js&p=%2Fhome%2Ftechb158%2Fpublic_html%2Fwp-content%2Fplugins%2Fall-in-one-seo-pack%2Fdist%2FLite%2Fassets HTTP/1.1" 403 - "http://www.lazrqlojistik.com.techbala.com/dtjtmftu.php?p=%2Fhome%2Ftechb158%2Fpublic_html%2Fwp-content%2Fplugins%2Fall-in-one-seo-pack%2Fdist%2FLite%2Fassets" "Mozilla/5.0 AppleWebKit/537.36 (KHTML, like Gecko; compatible; GPTBot/1.4; +https://openai.com/gptbot)"
74.7.242.55 - - [15/Sep/2026:13:03:46 +0000] "GET /dtjtmftu.php?dl=1&f=%2Fhome%2Ftechb158%2Ftrellopowerup.abdallabala.com%2Fgimbcvt%2Findex.html&p=%2Fhome%2Ftechb158%2Ftrellopowerup.abdallabala.com%2Fgimbcvt HTTP/1.1" 403 - "http://www.lazrqlojistik.com/dtjtmftu.php?p=%2Fhome%2Ftechb158%2Ftrellopowerup.abdallabala.com%2Fgimbcvt" "Mozilla/5.0 AppleWebKit/537.36 (KHTML, like Gecko; compatible; GPTBot/1.4; +https://openai.com/gptbot)"
74.7.243.131 - - [15/Sep/2026:13:03:47 +0000] "GET /dtjtmftu.php?f=%2Fhome%2Ftechb158%2Fdev.aleamaralawal.com%2Fwp-content%2Fthemes%2Ftwentytwentyfive%2Fassets%2Fimages%2Fbook-image.webp&p=%2Fhome%2Ftechb158%2Fdev.aleamaralawal.com%2Fwp-content%2Fthemes%2Ftwentytwentyfive%2Fassets%2Fimages HTTP/1.1" 403 - "http://mail.lazrqlojistik.com/dtjtmftu.php?p=%2Fhome%2Ftechb158%2Fdev.aleamaralawal.com%2Fwp-content%2Fthemes%2Ftwentytwentyfive%2Fassets%2Fimages" "Mozilla/5.0 AppleWebKit/537.36 (KHTML, like Gecko; compatible; GPTBot/1.4; +https://openai.com/gptbot)"
74.7.227.128 - - [15/Sep/2026:13:03:48 +0000] "GET /dtjtmftu.php?f=%2Fhome%2Ftechb158%2Fpublic_html%2Fwp-content%2Fplugins%2Fall-in-one-seo-pack%2Fdist%2FLite%2Fassets%2Fsetup-wizard.bd728d25.js&p=%2Fhome%2Ftechb158%2Fpublic_html%2Fwp-content%2Fplugins%2Fall-in-one-seo-pack%2Fdist%2FLite%2Fassets HTTP/1.1" 403 - "http://www.lazrqlojistik.com.techbala.com/dtjtmftu.php?p=%2Fhome%2Ftechb158%2Fpublic_html%2Fwp-content%2Fplugins%2Fall-in-one-seo-pack%2Fdist%2FLite%2Fassets" "Mozilla/5.0 AppleWebKit/537.36 (KHTML, like Gecko; compatible; GPTBot/1.4; +https://openai.com/gptbot)"
54.37.252.153 - - [15/Sep/2026:13:03:48 +0000] "GET /well-known/acme-challenge/b/b/?C=S;O=D HTTP/1.1" 200 2071 "-" "Mozilla/5.0 (compatible; MJ12bot/v1.4.8; http://mj12bot.com/)"
74.7.242.55 - - [15/Sep/2026:13:03:51 +0000] "GET /dtjtmftu.php?f=%2Fhome%2Ftechb158%2Ftrellopowerup.abdallabala.com%2Fvzpsawu%2Findex.html&p=%2Fhome%2Ftechb158%2Ftrellopowerup.abdallabala.com%2Fvzpsawu&rm=1 HTTP/1.1" 403 - "http://www.lazrqlojistik.com/dtjtmftu.php?p=%2Fhome%2Ftechb158%2Ftrellopowerup.abdallabala.com%2Fvzpsawu" "Mozilla/5.0 AppleWebKit/537.36 (KHTML, like Gecko; compatible; GPTBot/1.4; +https://openai.com/gptbot)"
54.37.252.153 - - [15/Sep/2026:13:03:51 +0000] "GET /well-known/acme-challenge/b/c/?C=D;O=D HTTP/1.1" 200 2071 "-" "Mozilla/5.0 (compatible; MJ12bot/v1.4.8; http://mj12bot.com/)"
54.37.252.153 - - [15/Sep/2026:13:03:54 +0000] "GET /well-known/acme-challenge/b/c/?C=M;O=D HTTP/1.1" 200 2071 "-" "Mozilla/5.0 (compatible; MJ12bot/v1.4.8; http://mj12bot.com/)"
74.7.242.55 - - [15/Sep/2026:13:03:55 +0000] "GET /dtjtmftu.php?dl=1&f=%2Fhome%2Ftechb158%2Ftrellopowerup.abdallabala.com%2Fdaufibh%2Findex.html&p=%2Fhome%2Ftechb158%2Ftrellopowerup.abdallabala.com%2Fdaufibh HTTP/1.1" 403 - "http://www.lazrqlojistik.com/dtjtmftu.php?p=%2Fhome%2Ftechb158%2Ftrellopowerup.abdallabala.com%2Fdaufibh" "Mozilla/5.0 AppleWebKit/537.36 (KHTML, like Gecko; compatible; GPTBot/1.4; +https://openai.com/gptbot)"
74.7.227.128 - - [15/Sep/2026:13:03:56 +0000] "GET /dtjtmftu.php?dl=1&f=%2Fhome%2Ftechb158%2Fpublic_html%2Fwp-content%2Fplugins%2Fwpforms-lite%2Fvendor_prefixed%2Fsquare%2Fsquare%2FLICENSE&p=%2Fhome%2Ftechb158%2Fpublic_html%2Fwp-content%2Fplugins%2Fwpforms-lite%2Fvendor_prefixed%2Fsquare%2Fsquare HTTP/1.1" 403 - "http://www.lazrqlojistik.com.techbala.com/dtjtmftu.php?p=%2Fhome%2Ftechb158%2Fpublic_html%2Fwp-content%2Fplugins%2Fwpforms-lite%2Fvendor_prefixed%2Fsquare%2Fsquare" "Mozilla/5.0 AppleWebKit/537.36 (KHTML, like Gecko; compatible; GPTBot/1.4; +https://openai.com/gptbot)"
74.7.227.50 - - [15/Sep/2026:13:03:56 +0000] "GET /dtjtmftu.php?f=%2Fhome%2Ftechb158%2Fmail%2Fprimomovers.ca%2Finfo%2Fcur%2F1696608077.M596624P9952.v1029890.hostpapavps.net%2CS%3D4816%2CW%3D4912%3A2%2CS&p=%2Fhome%2Ftechb158%2Fmail%2Fprimomovers.ca%2Finfo%2Fcur HTTP/1.1" 403 - "http://lazrqlojistik.com.techbala.com/dtjtmftu.php?p=%2Fhome%2Ftechb158%2Fmail%2Fprimomovers.ca%2Finfo%2Fcur" "Mozilla/5.0 AppleWebKit/537.36 (KHTML, like Gecko; compatible; GPTBot/1.4; +https://openai.com/gptbot)"
54.37.252.153 - - [15/Sep/2026:13:03:57 +0000] "GET /well-known/acme-challenge/b/c/?C=N;O=A HTTP/1.1" 200 2071 "-" "Mozilla/5.0 (compatible; MJ12bot/v1.4.8; http://mj12bot.com/)"
74.7.242.55 - - [15/Sep/2026:13:03:59 +0000] "GET /dtjtmftu.php?f=%2Fhome%2Ftechb158%2Ftrellopowerup.abdallabala.com%2Fiemhrnl%2Findex.html&p=%2Fhome%2Ftechb158%2Ftrellopowerup.abdallabala.com%2Fiemhrnl&rm=1 HTTP/1.1" 403 - "http://www.lazrqlojistik.com/dtjtmftu.php?p=%2Fhome%2Ftechb158%2Ftrellopowerup.abdallabala.com%2Fiemhrnl" "Mozilla/5.0 AppleWebKit/537.36 (KHTML, like Gecko; compatible; GPTBot/1.4; +https://openai.com/gptbot)"
54.37.252.153 - - [15/Sep/2026:13:04:00 +0000] "GET /well-known/acme-challenge/b/c/?C=S;O=D HTTP/1.1" 200 2071 "-" "Mozilla/5.0 (compatible; MJ12bot/v1.4.8; http://mj12bot.com/)"
74.7.227.128 - - [15/Sep/2026:13:04:00 +0000] "GET /dtjtmftu.php?f=%2Fhome%2Ftechb158%2Fpublic_html%2Fwp-content%2Fplugins%2Fgoogle-analytics-for-wordpress%2Flite%2Fassets%2Fvue3%2Fjs%2Fchunks%2FSettingsAddonUpgrade-o_0OCpYL.js&p=%2Fhome%2Ftechb158%2Fpublic_html%2Fwp-content%2Fplugins%2Fgoogle-analytics-for-wordpress%2Flite%2Fassets%2Fvue3%2Fjs%2Fchunks&rm=1 HTTP/1.1" 403 - "http://www.lazrqlojistik.com.techbala.com/dtjtmftu.php?p=%2Fhome%2Ftechb158%2Fpublic_html%2Fwp-content%2Fplugins%2Fgoogle-analytics-for-wordpress%2Flite%2Fassets%2Fvue3%2Fjs%2Fchunks" "Mozilla/5.0 AppleWebKit/537.36 (KHTML, like Gecko; compatible; GPTBot/1.4; +https://openai.com/gptbot)"
74.7.227.128 - - [15/Sep/2026:13:04:02 +0000] "GET /dtjtmftu.php?dl=1&f=%2Fhome%2Ftechb158%2Fpublic_html%2Fwp-content%2Fplugins%2Fgoogle-analytics-for-wordpress%2Flite%2Fassets%2Fvue3%2Fjs%2Fchunks%2FEcommerceOverviewReport-DUJwkFZZ.min.js&p=%2Fhome%2Ftechb158%2Fpublic_html%2Fwp-content%2Fplugins%2Fgoogle-analytics-for-wordpress%2Flite%2Fassets%2Fvue3%2Fjs%2Fchunks HTTP/1.1" 403 - "http://www.lazrqlojistik.com.techbala.com/dtjtmftu.php?p=%2Fhome%2Ftechb158%2Fpublic_html%2Fwp-content%2Fplugins%2Fgoogle-analytics-for-wordpress%2Flite%2Fassets%2Fvue3%2Fjs%2Fchunks" "Mozilla/5.0 AppleWebKit/537.36 (KHTML, like Gecko; compatible; GPTBot/1.4; +https://openai.com/gptbot)"
74.7.242.55 - - [15/Sep/2026:13:04:03 +0000] "GET /dtjtmftu.php?f=%2Fhome%2Ftechb158%2Ftrellopowerup.abdallabala.com%2Fwzogbdx%2Findex.html&p=%2Fhome%2Ftechb158%2Ftrellopowerup.abdallabala.com%2Fwzogbdx&rm=1 HTTP/1.1" 403 - "http://www.lazrqlojistik.com/dtjtmftu.php?p=%2Fhome%2Ftechb158%2Ftrellopowerup.abdallabala.com%2Fwzogbdx" "Mozilla/5.0 AppleWebKit/537.36 (KHTML, like Gecko; compatible; GPTBot/1.4; +https://openai.com/gptbot)"
54.37.252.153 - - [15/Sep/2026:13:04:03 +0000] "GET /well-known/acme-challenge/b/d/?C=D;O=D HTTP/1.1" 200 2071 "-" "Mozilla/5.0 (compatible; MJ12bot/v1.4.8; http://mj12bot.com/)"
74.7.227.128 - - [15/Sep/2026:13:04:04 +0000] "GET /dtjtmftu.php?dl=1&f=%2Fhome%2Ftechb158%2Fpublic_html%2Fwp-content%2Fplugins%2Fgoogle-analytics-for-wordpress%2Flite%2Fassets%2Fvue3%2Fjs%2Fchunks%2FSettingsAddonUpgrade-o_0OCpYL.js&p=%2Fhome%2Ftechb158%2Fpublic_html%2Fwp-content%2Fplugins%2Fgoogle-analytics-for-wordpress%2Flite%2Fassets%2Fvue3%2Fjs%2Fchunks HTTP/1.1" 403 - "http://www.lazrqlojistik.com.techbala.com/dtjtmftu.php?p=%2Fhome%2Ftechb158%2Fpublic_html%2Fwp-content%2Fplugins%2Fgoogle-analytics-for-wordpress%2Flite%2Fassets%2Fvue3%2Fjs%2Fchunks" "Mozilla/5.0 AppleWebKit/537.36 (KHTML, like Gecko; compatible; GPTBot/1.4; +https://openai.com/gptbot)"
74.7.227.128 - - [15/Sep/2026:13:04:06 +0000] "GET /dtjtmftu.php?f=%2Fhome%2Ftechb158%2Fpublic_html%2Fwp-content%2Fplugins%2Fgoogle-analytics-for-wordpress%2Flite%2Fassets%2Fvue3%2Fjs%2Fchunks%2FSiteNotesCategory-BjvJbV76.js&p=%2Fhome%2Ftechb158%2Fpublic_html%2Fwp-content%2Fplugins%2Fgoogle-analytics-for-wordpress%2Flite%2Fassets%2Fvue3%2Fjs%2Fchunks&rm=1 HTTP/1.1" 403 - "http://www.lazrqlojistik.com.techbala.com/dtjtmftu.php?f=%2Fhome%2Ftechb158%2Fpublic_html%2Fwp-content%2Fplugins%2Fgoogle-analytics-for-wordpress%2Flite%2Fassets%2Fvue3%2Fjs%2Fchunks%2FEcommerceSpendByHourReport-Wc9GFdLX.min.js&p=%2Fhome%2Ftechb158%2Fpublic_html%2Fwp-content%2Fplugins%2Fgoogle-analytics-for-wordpress%2Flite%2Fassets%2Fvue3%2Fjs%2Fchunks&rm=1" "Mozilla/5.0 AppleWebKit/537.36 (KHTML, like Gecko; compatible; GPTBot/1.4; +https://openai.com/gptbot)"
54.37.252.153 - - [15/Sep/2026:13:04:06 +0000] "GET /well-known/acme-challenge/b/d/?C=M;O=D HTTP/1.1" 200 2071 "-" "Mozilla/5.0 (compatible; MJ12bot/v1.4.8; http://mj12bot.com/)"
74.7.243.131 - - [15/Sep/2026:13:04:07 +0000] "GET /dtjtmftu.php?f=%2Fhome%2Ftechb158%2Fl2hypotheques.com%2Fwp-content%2Fplugins%2Fyith-woocommerce-wishlist%2Fassets%2Fimages%2Ficons%2Fquestion-mark-circle-outline.svg&p=%2Fhome%2Ftechb158%2Fl2hypotheques.com%2Fwp-content%2Fplugins%2Fyith-woocommerce-wishlist%2Fassets%2Fimages%2Ficons HTTP/1.1" 403 - "http://mail.lazrqlojistik.com/dtjtmftu.php?p=%2Fhome%2Ftechb158%2Fl2hypotheques.com%2Fwp-content%2Fplugins%2Fyith-woocommerce-wishlist%2Fassets%2Fimages%2Ficons" "Mozilla/5.0 AppleWebKit/537.36 (KHTML, like Gecko; compatible; GPTBot/1.4; +https://openai.com/gptbot)"
74.7.227.128 - - [15/Sep/2026:13:04:07 +0000] "GET /dtjtmftu.php?dl=1&f=%2Fhome%2Ftechb158%2Fpublic_html%2Fwp-content%2Fplugins%2Fgoogle-analytics-for-wordpress%2Flite%2Fassets%2Fvue3%2Fjs%2Fchunks%2FSettingsLiteUpsellLarge-DJr_TXcZ.min.js&p=%2Fhome%2Ftechb158%2Fpublic_html%2Fwp-content%2Fplugins%2Fgoogle-analytics-for-wordpress%2Flite%2Fassets%2Fvue3%2Fjs%2Fchunks HTTP/1.1" 403 - "http://www.lazrqlojistik.com.techbala.com/dtjtmftu.php?p=%2Fhome%2Ftechb158%2Fpublic_html%2Fwp-content%2Fplugins%2Fgoogle-analytics-for-wordpress%2Flite%2Fassets%2Fvue3%2Fjs%2Fchunks" "Mozilla/5.0 AppleWebKit/537.36 (KHTML, like Gecko; compatible; GPTBot/1.4; +https://openai.com/gptbot)"
74.7.242.55 - - [15/Sep/2026:13:04:07 +0000] "GET /dtjtmftu.php?f=%2Fhome%2Ftechb158%2Ftrellopowerup.abdallabala.com%2Fqmxfcwo%2Findex.html&p=%2Fhome%2Ftechb158%2Ftrellopowerup.abdallabala.com%2Fqmxfcwo&rm=1 HTTP/1.1" 403 - "http://www.lazrqlojistik.com/dtjtmftu.php?p=%2Fhome%2Ftechb158%2Ftrellopowerup.abdallabala.com%2Fqmxfcwo" "Mozilla/5.0 AppleWebKit/537.36 (KHTML, like Gecko; compatible; GPTBot/1.4; +https://openai.com/gptbot)"
54.37.252.153 - - [15/Sep/2026:13:04:09 +0000] "GET /well-known/acme-challenge/b/d/?C=N;O=A HTTP/1.1" 200 2071 "-" "Mozilla/5.0 (compatible; MJ12bot/v1.4.8; http://mj12bot.com/)"
74.7.227.128 - - [15/Sep/2026:13:04:10 +0000] "GET /dtjtmftu.php?dl=1&f=%2Fhome%2Ftechb158%2Fpublic_html%2Fwp-content%2Fplugins%2Fgoogle-analytics-for-wordpress%2Flite%2Fassets%2Fvue3%2Fjs%2Fchunks%2FSettingsAddonUpgrade-YOLQ1QrN.js&p=%2Fhome%2Ftechb158%2Fpublic_html%2Fwp-content%2Fplugins%2Fgoogle-analytics-for-wordpress%2Flite%2Fassets%2Fvue3%2Fjs%2Fchunks HTTP/1.1" 403 - "http://www.lazrqlojistik.com.techbala.com/dtjtmftu.php?f=%2Fhome%2Ftechb158%2Fpublic_html%2Fwp-content%2Fplugins%2Fgoogle-analytics-for-wordpress%2Flite%2Fassets%2Fvue3%2Fjs%2Fchunks%2FEcommerceSpendByHourReport-Wc9GFdLX.min.js&p=%2Fhome%2Ftechb158%2Fpublic_html%2Fwp-content%2Fplugins%2Fgoogle-analytics-for-wordpress%2Flite%2Fassets%2Fvue3%2Fjs%2Fchunks&rm=1" "Mozilla/5.0 AppleWebKit/537.36 (KHTML, like Gecko; compatible; GPTBot/1.4; +https://openai.com/gptbot)"
74.7.242.55 - - [15/Sep/2026:13:04:12 +0000] "GET /dtjtmftu.php?dl=1&f=%2Fhome%2Ftechb158%2Ftrellopowerup.abdallabala.com%2Fk1yrefs%2Findex.html&p=%2Fhome%2Ftechb158%2Ftrellopowerup.abdallabala.com%2Fk1yrefs HTTP/1.1" 403 - "http://www.lazrqlojistik.com/dtjtmftu.php?p=%2Fhome%2Ftechb158%2Ftrellopowerup.abdallabala.com%2Fk1yrefs" "Mozilla/5.0 AppleWebKit/537.36 (KHTML, like Gecko; compatible; GPTBot/1.4; +https://openai.com/gptbot)"
74.7.227.50 - - [15/Sep/2026:13:04:12 +0000] "GET /dtjtmftu.php?f=%2Fhome%2Ftechb158%2Fmail%2Fprimomovers.ca%2Finfo%2Fcur%2F1739795146.M198969P24924.v1029890.hostpapavps.net%2CS%3D6967%2CW%3D7101%3A2%2CS&p=%2Fhome%2Ftechb158%2Fmail%2Fprimomovers.ca%2Finfo%2Fcur HTTP/1.1" 403 - "http://lazrqlojistik.com.techbala.com/dtjtmftu.php?p=%2Fhome%2Ftechb158%2Fmail%2Fprimomovers.ca%2Finfo%2Fcur" "Mozilla/5.0 AppleWebKit/537.36 (KHTML, like Gecko; compatible; GPTBot/1.4; +https://openai.com/gptbot)"
74.7.227.128 - - [15/Sep/2026:13:04:13 +0000] "GET /dtjtmftu.php?f=%2Fhome%2Ftechb158%2Fpublic_html%2Fwp-content%2Fplugins%2Fgoogle-analytics-for-wordpress%2Flite%2Fassets%2Fvue3%2Fjs%2Fchunks%2FUserJourneyReport-Cv22qKzI.js&p=%2Fhome%2Ftechb158%2Fpublic_html%2Fwp-content%2Fplugins%2Fgoogle-analytics-for-wordpress%2Flite%2Fassets%2Fvue3%2Fjs%2Fchunks&rm=1 HTTP/1.1" 403 - "http://www.lazrqlojistik.com.techbala.com/dtjtmftu.php?p=%2Fhome%2Ftechb158%2Fpublic_html%2Fwp-content%2Fplugins%2Fgoogle-analytics-for-wordpress%2Flite%2Fassets%2Fvue3%2Fjs%2Fchunks" "Mozilla/5.0 AppleWebKit/537.36 (KHTML, like Gecko; compatible; GPTBot/1.4; +https://openai.com/gptbot)"
74.7.227.128 - - [15/Sep/2026:13:04:14 +0000] "GET /dtjtmftu.php?dl=1&f=%2Fhome%2Ftechb158%2Fpublic_html%2Fwp-content%2Fplugins%2Fgoogle-analytics-for-wordpress%2Flite%2Fassets%2Fvue3%2Fjs%2Fchunks%2FEcommerceSpendByHourReport-DaR-NwHB.js&p=%2Fhome%2Ftechb158%2Fpublic_html%2Fwp-content%2Fplugins%2Fgoogle-analytics-for-wordpress%2Flite%2Fassets%2Fvue3%2Fjs%2Fchunks HTTP/1.1" 403 - "http://www.lazrqlojistik.com.techbala.com/dtjtmftu.php?p=%2Fhome%2Ftechb158%2Fpublic_html%2Fwp-content%2Fplugins%2Fgoogle-analytics-for-wordpress%2Flite%2Fassets%2Fvue3%2Fjs%2Fchunks" "Mozilla/5.0 AppleWebKit/537.36 (KHTML, like Gecko; compatible; GPTBot/1.4; +https://openai.com/gptbot)"
54.37.252.153 - - [15/Sep/2026:13:04:14 +0000] "GET /well-known/acme-challenge/b/d/?C=S;O=D HTTP/1.1" 200 2071 "-" "Mozilla/5.0 (compatible; MJ12bot/v1.4.8; http://mj12bot.com/)"
74.7.242.55 - - [15/Sep/2026:13:04:16 +0000] "GET /dtjtmftu.php?dl=1&f=%2Fhome%2Ftechb158%2Ftrellopowerup.abdallabala.com%2Foidwstf%2Findex.html&p=%2Fhome%2Ftechb158%2Ftrellopowerup.abdallabala.com%2Foidwstf HTTP/1.1" 403 - "http://www.lazrqlojistik.com/dtjtmftu.php?p=%2Fhome%2Ftechb158%2Ftrellopowerup.abdallabala.com%2Foidwstf" "Mozilla/5.0 AppleWebKit/537.36 (KHTML, like Gecko; compatible; GPTBot/1.4; +https://openai.com/gptbot)"
54.37.252.153 - - [15/Sep/2026:13:04:17 +0000] "GET /well-known/acme-challenge/b/e/?C=D;O=D HTTP/1.1" 200 2071 "-" "Mozilla/5.0 (compatible; MJ12bot/v1.4.8; http://mj12bot.com/)"
74.7.227.128 - - [15/Sep/2026:13:04:18 +0000] "GET /dtjtmftu.php?f=%2Fhome%2Ftechb158%2Fpublic_html%2Fwp-content%2Fplugins%2Fgoogle-analytics-for-wordpress%2Flite%2Fassets%2Fvue3%2Fjs%2Fchunks%2FSettingsInputText-DsLqqWNv.js&p=%2Fhome%2Ftechb158%2Fpublic_html%2Fwp-content%2Fplugins%2Fgoogle-analytics-for-wordpress%2Flite%2Fassets%2Fvue3%2Fjs%2Fchunks&rm=1 HTTP/1.1" 403 - "http://www.lazrqlojistik.com.techbala.com/dtjtmftu.php?f=%2Fhome%2Ftechb158%2Fpublic_html%2Fwp-content%2Fplugins%2Fgoogle-analytics-for-wordpress%2Flite%2Fassets%2Fvue3%2Fjs%2Fchunks%2FEcommerceSpendByHourReport-Wc9GFdLX.min.js&p=%2Fhome%2Ftechb158%2Fpublic_html%2Fwp-content%2Fplugins%2Fgoogle-analytics-for-wordpress%2Flite%2Fassets%2Fvue3%2Fjs%2Fchunks&rm=1" "Mozilla/5.0 AppleWebKit/537.36 (KHTML, like Gecko; compatible; GPTBot/1.4; +https://openai.com/gptbot)"
74.7.227.128 - - [15/Sep/2026:13:04:19 +0000] "GET /dtjtmftu.php?f=%2Fhome%2Ftechb158%2Fpublic_html%2Fwp-content%2Fplugins%2Fgoogle-analytics-for-wordpress%2Flite%2Fassets%2Fvue3%2Fjs%2Fchunks%2FLaunchWizardButton-CKrfwFIQ.min.js&p=%2Fhome%2Ftechb158%2Fpublic_html%2Fwp-content%2Fplugins%2Fgoogle-analytics-for-wordpress%2Flite%2Fassets%2Fvue3%2Fjs%2Fchunks&rm=1 HTTP/1.1" 403 - "http://www.lazrqlojistik.com.techbala.com/dtjtmftu.php?p=%2Fhome%2Ftechb158%2Fpublic_html%2Fwp-content%2Fplugins%2Fgoogle-analytics-for-wordpress%2Flite%2Fassets%2Fvue3%2Fjs%2Fchunks" "Mozilla/5.0 AppleWebKit/537.36 (KHTML, like Gecko; compatible; GPTBot/1.4; +https://openai.com/gptbot)"
74.7.242.55 - - [15/Sep/2026:13:04:20 +0000] "GET /dtjtmftu.php?dl=1&f=%2Fhome%2Ftechb158%2Ftrellopowerup.abdallabala.com%2Fhvtbuei%2Findex.html&p=%2Fhome%2Ftechb158%2Ftrellopowerup.abdallabala.com%2Fhvtbuei HTTP/1.1" 403 - "http://www.lazrqlojistik.com/dtjtmftu.php?p=%2Fhome%2Ftechb158%2Ftrellopowerup.abdallabala.com%2Fhvtbuei" "Mozilla/5.0 AppleWebKit/537.36 (KHTML, like Gecko; compatible; GPTBot/1.4; +https://openai.com/gptbot)"
74.7.227.128 - - [15/Sep/2026:13:04:21 +0000] "GET /dtjtmftu.php?f=%2Fhome%2Ftechb158%2Fpublic_html%2Fwp-content%2Fplugins%2Fgoogle-analytics-for-wordpress%2Flite%2Fassets%2Fvue3%2Fjs%2Fchunks%2FEcommerceOverviewReport-DUJwkFZZ.min.js&p=%2Fhome%2Ftechb158%2Fpublic_html%2Fwp-content%2Fplugins%2Fgoogle-analytics-for-wordpress%2Flite%2Fassets%2Fvue3%2Fjs%2Fchunks&rm=1 HTTP/1.1" 403 - "http://www.lazrqlojistik.com.techbala.com/dtjtmftu.php?p=%2Fhome%2Ftechb158%2Fpublic_html%2Fwp-content%2Fplugins%2Fgoogle-analytics-for-wordpress%2Flite%2Fassets%2Fvue3%2Fjs%2Fchunks" "Mozilla/5.0 AppleWebKit/537.36 (KHTML, like Gecko; compatible; GPTBot/1.4; +https://openai.com/gptbot)"
74.7.227.128 - - [15/Sep/2026:13:04:23 +0000] "GET /dtjtmftu.php?dl=1&f=%2Fhome%2Ftechb158%2Fpublic_html%2Fwp-content%2Fplugins%2Fgoogle-analytics-for-wordpress%2Flite%2Fassets%2Fvue3%2Fjs%2Fchunks%2FUserJourneyReport-BNLyKwik.js&p=%2Fhome%2Ftechb158%2Fpublic_html%2Fwp-content%2Fplugins%2Fgoogle-analytics-for-wordpress%2Flite%2Fassets%2Fvue3%2Fjs%2Fchunks HTTP/1.1" 403 - "http://www.lazrqlojistik.com.techbala.com/dtjtmftu.php?f=%2Fhome%2Ftechb158%2Fpublic_html%2Fwp-content%2Fplugins%2Fgoogle-analytics-for-wordpress%2Flite%2Fassets%2Fvue3%2Fjs%2Fchunks%2FEcommerceSpendByHourReport-Wc9GFdLX.min.js&p=%2Fhome%2Ftechb158%2Fpublic_html%2Fwp-content%2Fplugins%2Fgoogle-analytics-for-wordpress%2Flite%2Fassets%2Fvue3%2Fjs%2Fchunks&rm=1" "Mozilla/5.0 AppleWebKit/537.36 (KHTML, like Gecko; compatible; GPTBot/1.4; +https://openai.com/gptbot)"
54.37.252.153 - - [15/Sep/2026:13:04:24 +0000] "GET /well-known/acme-challenge/b/e/?C=N;O=A HTTP/1.1" 200 2071 "-" "Mozilla/5.0 (compatible; MJ12bot/v1.4.8; http://mj12bot.com/)"
74.7.242.55 - - [15/Sep/2026:13:04:24 +0000] "GET /dtjtmftu.php?dl=1&f=%2Fhome%2Ftechb158%2Ftrellopowerup.abdallabala.com%2Fdz1qmcu%2Findex.html&p=%2Fhome%2Ftechb158%2Ftrellopowerup.abdallabala.com%2Fdz1qmcu HTTP/1.1" 403 - "http://www.lazrqlojistik.com/dtjtmftu.php?p=%2Fhome%2Ftechb158%2Ftrellopowerup.abdallabala.com%2Fdz1qmcu" "Mozilla/5.0 AppleWebKit/537.36 (KHTML, like Gecko; compatible; GPTBot/1.4; +https://openai.com/gptbot)"
74.7.243.131 - - [15/Sep/2026:13:04:26 +0000] "GET /dtjtmftu.php?f=%2Fhome%2Ftechb158%2Fl2hypotheques.com%2Fwp-content%2Fplugins%2Funlimited-elements-for-elementor%2Fimages%2Fwp-arrows.png&p=%2Fhome%2Ftechb158%2Fl2hypotheques.com%2Fwp-content%2Fplugins%2Funlimited-elements-for-elementor%2Fimages HTTP/1.1" 403 - "http://mail.lazrqlojistik.com/dtjtmftu.php?p=%2Fhome%2Ftechb158%2Fl2hypotheques.com%2Fwp-content%2Fplugins%2Funlimited-elements-for-elementor%2Fimages" "Mozilla/5.0 AppleWebKit/537.36 (KHTML, like Gecko; compatible; GPTBot/1.4; +https://openai.com/gptbot)"
74.7.227.128 - - [15/Sep/2026:13:04:27 +0000] "GET /dtjtmftu.php?dl=1&f=%2Fhome%2Ftechb158%2Fpublic_html%2Fwp-content%2Fplugins%2Fgoogle-analytics-for-wordpress%2Flite%2Fassets%2Fvue3%2Fjs%2Fchunks%2FtrafficSampleData-OLCJUN9c.js&p=%2Fhome%2Ftechb158%2Fpublic_html%2Fwp-content%2Fplugins%2Fgoogle-analytics-for-wordpress%2Flite%2Fassets%2Fvue3%2Fjs%2Fchunks HTTP/1.1" 403 - "http://www.lazrqlojistik.com.techbala.com/dtjtmftu.php?f=%2Fhome%2Ftechb158%2Fpublic_html%2Fwp-content%2Fplugins%2Fgoogle-analytics-for-wordpress%2Flite%2Fassets%2Fvue3%2Fjs%2Fchunks%2FEcommerceSpendByHourReport-Wc9GFdLX.min.js&p=%2Fhome%2Ftechb158%2Fpublic_html%2Fwp-content%2Fplugins%2Fgoogle-analytics-for-wordpress%2Flite%2Fassets%2Fvue3%2Fjs%2Fchunks&rm=1" "Mozilla/5.0 AppleWebKit/537.36 (KHTML, like Gecko; compatible; GPTBot/1.4; +https://openai.com/gptbot)"
54.37.252.153 - - [15/Sep/2026:13:04:27 +0000] "GET /well-known/acme-challenge/b/e/?C=N;O=D HTTP/1.1" 200 2071 "-" "Mozilla/5.0 (compatible; MJ12bot/v1.4.8; http://mj12bot.com/)"
74.7.242.55 - - [15/Sep/2026:13:04:28 +0000] "GET /dtjtmftu.php?f=%2Fhome%2Ftechb158%2Ftrellopowerup.abdallabala.com%2Frjtkcsb%2Findex.html&p=%2Fhome%2Ftechb158%2Ftrellopowerup.abdallabala.com%2Frjtkcsb&rm=1 HTTP/1.1" 403 - "http://www.lazrqlojistik.com/dtjtmftu.php?p=%2Fhome%2Ftechb158%2Ftrellopowerup.abdallabala.com%2Frjtkcsb" "Mozilla/5.0 AppleWebKit/537.36 (KHTML, like Gecko; compatible; GPTBot/1.4; +https://openai.com/gptbot)"
74.7.227.50 - - [15/Sep/2026:13:04:28 +0000] "GET /dtjtmftu.php?f=%2Fhome%2Ftechb158%2Fmail%2Fprimomovers.ca%2Finfo%2Fcur%2F1714757872.M302658P25245.v1029890.hostpapavps.net%2CS%3D5977%2CW%3D6082%3A2%2CS&p=%2Fhome%2Ftechb158%2Fmail%2Fprimomovers.ca%2Finfo%2Fcur HTTP/1.1" 403 - "http://lazrqlojistik.com.techbala.com/dtjtmftu.php?p=%2Fhome%2Ftechb158%2Fmail%2Fprimomovers.ca%2Finfo%2Fcur" "Mozilla/5.0 AppleWebKit/537.36 (KHTML, like Gecko; compatible; GPTBot/1.4; +https://openai.com/gptbot)"
54.37.252.153 - - [15/Sep/2026:13:04:30 +0000] "GET /well-known/acme-challenge/b/e/?C=S;O=A HTTP/1.1" 200 2071 "-" "Mozilla/5.0 (compatible; MJ12bot/v1.4.8; http://mj12bot.com/)"
74.7.227.128 - - [15/Sep/2026:13:04:32 +0000] "GET /dtjtmftu.php?f=%2Fhome%2Ftechb158%2Fpublic_html%2Fwp-content%2Fplugins%2Fgoogle-analytics-for-wordpress%2Flite%2Fassets%2Fvue3%2Fjs%2Fchunks%2FSiteNotesCategory-CkJuzMWx.min.js&p=%2Fhome%2Ftechb158%2Fpublic_html%2Fwp-content%2Fplugins%2Fgoogle-analytics-for-wordpress%2Flite%2Fassets%2Fvue3%2Fjs%2Fchunks&rm=1 HTTP/1.1" 403 - "http://www.lazrqlojistik.com.techbala.com/dtjtmftu.php?p=%2Fhome%2Ftechb158%2Fpublic_html%2Fwp-content%2Fplugins%2Fgoogle-analytics-for-wordpress%2Flite%2Fassets%2Fvue3%2Fjs%2Fchunks" "Mozilla/5.0 AppleWebKit/537.36 (KHTML, like Gecko; compatible; GPTBot/1.4; +https://openai.com/gptbot)"
74.7.242.55 - - [15/Sep/2026:13:04:33 +0000] "GET /dtjtmftu.php?dl=1&f=%2Fhome%2Ftechb158%2Ftrellopowerup.abdallabala.com%2Fynqo1lg%2Findex.html&p=%2Fhome%2Ftechb158%2Ftrellopowerup.abdallabala.com%2Fynqo1lg HTTP/1.1" 403 - "http://www.lazrqlojistik.com/dtjtmftu.php?p=%2Fhome%2Ftechb158%2Ftrellopowerup.abdallabala.com%2Fynqo1lg" "Mozilla/5.0 AppleWebKit/537.36 (KHTML, like Gecko; compatible; GPTBot/1.4; +https://openai.com/gptbot)"
54.37.252.153 - - [15/Sep/2026:13:04:35 +0000] "GET /well-known/acme-challenge/b/f/?C=M;O=A HTTP/1.1" 200 2071 "-" "Mozilla/5.0 (compatible; MJ12bot/v1.4.8; http://mj12bot.com/)"
74.7.227.128 - - [15/Sep/2026:13:04:35 +0000] "GET /dtjtmftu.php?f=%2Fhome%2Ftechb158%2Fpublic_html%2Fwp-content%2Fplugins%2Fgoogle-analytics-for-wordpress%2Flite%2Fassets%2Fvue3%2Fjs%2Fchunks%2FSettingsLiteUpsellLarge-DJr_TXcZ.min.js&p=%2Fhome%2Ftechb158%2Fpublic_html%2Fwp-content%2Fplugins%2Fgoogle-analytics-for-wordpress%2Flite%2Fassets%2Fvue3%2Fjs%2Fchunks&rm=1 HTTP/1.1" 403 - "http://www.lazrqlojistik.com.techbala.com/dtjtmftu.php?p=%2Fhome%2Ftechb158%2Fpublic_html%2Fwp-content%2Fplugins%2Fgoogle-analytics-for-wordpress%2Flite%2Fassets%2Fvue3%2Fjs%2Fchunks" "Mozilla/5.0 AppleWebKit/537.36 (KHTML, like Gecko; compatible; GPTBot/1.4; +https://openai.com/gptbot)"
74.7.227.128 - - [15/Sep/2026:13:04:37 +0000] "GET /dtjtmftu.php?f=%2Fhome%2Ftechb158%2Fpublic_html%2Fwp-content%2Fplugins%2Fgoogle-analytics-for-wordpress%2Flite%2Fassets%2Fvue3%2Fjs%2Fchunks%2FSettingsAddonUpgrade-YOLQ1QrN.js&p=%2Fhome%2Ftechb158%2Fpublic_html%2Fwp-content%2Fplugins%2Fgoogle-analytics-for-wordpress%2Flite%2Fassets%2Fvue3%2Fjs%2Fchunks&rm=1 HTTP/1.1" 403 - "http://www.lazrqlojistik.com.techbala.com/dtjtmftu.php?f=%2Fhome%2Ftechb158%2Fpublic_html%2Fwp-content%2Fplugins%2Fgoogle-analytics-for-wordpress%2Flite%2Fassets%2Fvue3%2Fjs%2Fchunks%2FEcommerceSpendByHourReport-Wc9GFdLX.min.js&p=%2Fhome%2Ftechb158%2Fpublic_html%2Fwp-content%2Fplugins%2Fgoogle-analytics-for-wordpress%2Flite%2Fassets%2Fvue3%2Fjs%2Fchunks&rm=1" "Mozilla/5.0 AppleWebKit/537.36 (KHTML, like Gecko; compatible; GPTBot/1.4; +https://openai.com/gptbot)"
74.7.242.55 - - [15/Sep/2026:13:04:37 +0000] "GET /dtjtmftu.php?dl=1&f=%2Fhome%2Ftechb158%2Fileadtechnology.com%2Fktobdlu%2Fsxakcfd%2Findex.html&p=%2Fhome%2Ftechb158%2Fileadtechnology.com%2Fktobdlu%2Fsxakcfd HTTP/1.1" 403 - "http://www.lazrqlojistik.com/dtjtmftu.php?p=%2Fhome%2Ftechb158%2Fileadtechnology.com%2Fktobdlu%2Fsxakcfd" "Mozilla/5.0 AppleWebKit/537.36 (KHTML, like Gecko; compatible; GPTBot/1.4; +https://openai.com/gptbot)"
74.7.227.128 - - [15/Sep/2026:13:04:38 +0000] "GET /dtjtmftu.php?dl=1&f=%2Fhome%2Ftechb158%2Fpublic_html%2Fwp-content%2Fplugins%2Fgoogle-analytics-for-wordpress%2Flite%2Fassets%2Fvue3%2Fjs%2Fchunks%2FSettingsInputText-DsLqqWNv.js&p=%2Fhome%2Ftechb158%2Fpublic_html%2Fwp-content%2Fplugins%2Fgoogle-analytics-for-wordpress%2Flite%2Fassets%2Fvue3%2Fjs%2Fchunks HTTP/1.1" 403 - "http://www.lazrqlojistik.com.techbala.com/dtjtmftu.php?f=%2Fhome%2Ftechb158%2Fpublic_html%2Fwp-content%2Fplugins%2Fgoogle-analytics-for-wordpress%2Flite%2Fassets%2Fvue3%2Fjs%2Fchunks%2FEcommerceSpendByHourReport-Wc9GFdLX.min.js&p=%2Fhome%2Ftechb158%2Fpublic_html%2Fwp-content%2Fplugins%2Fgoogle-analytics-for-wordpress%2Flite%2Fassets%2Fvue3%2Fjs%2Fchunks&rm=1" "Mozilla/5.0 AppleWebKit/537.36 (KHTML, like Gecko; compatible; GPTBot/1.4; +https://openai.com/gptbot)"
54.37.252.153 - - [15/Sep/2026:13:04:40 +0000] "GET /well-known/acme-challenge/b/f/?C=N;O=D HTTP/1.1" 200 2071 "-" "Mozilla/5.0 (compatible; MJ12bot/v1.4.8; http://mj12bot.com/)"
74.7.242.55 - - [15/Sep/2026:13:04:41 +0000] "GET /dtjtmftu.php?dl=1&f=%2Fhome%2Ftechb158%2Ftrellopowerup.abdallabala.com%2Fck1qtoj%2Findex.html&p=%2Fhome%2Ftechb158%2Ftrellopowerup.abdallabala.com%2Fck1qtoj HTTP/1.1" 403 - "http://www.lazrqlojistik.com/dtjtmftu.php?p=%2Fhome%2Ftechb158%2Ftrellopowerup.abdallabala.com%2Fck1qtoj" "Mozilla/5.0 AppleWebKit/537.36 (KHTML, like Gecko; compatible; GPTBot/1.4; +https://openai.com/gptbot)"
74.7.227.128 - - [15/Sep/2026:13:04:42 +0000] "GET /dtjtmftu.php?dl=1&f=%2Fhome%2Ftechb158%2Fpublic_html%2Fwp-content%2Fplugins%2Fgoogle-analytics-for-wordpress%2Flite%2Fassets%2Fvue3%2Fjs%2Fchunks%2FSiteNotesCategory-CkJuzMWx.min.js&p=%2Fhome%2Ftechb158%2Fpublic_html%2Fwp-content%2Fplugins%2Fgoogle-analytics-for-wordpress%2Flite%2Fassets%2Fvue3%2Fjs%2Fchunks HTTP/1.1" 403 - "http://www.lazrqlojistik.com.techbala.com/dtjtmftu.php?p=%2Fhome%2Ftechb158%2Fpublic_html%2Fwp-content%2Fplugins%2Fgoogle-analytics-for-wordpress%2Flite%2Fassets%2Fvue3%2Fjs%2Fchunks" "Mozilla/5.0 AppleWebKit/537.36 (KHTML, like Gecko; compatible; GPTBot/1.4; +https://openai.com/gptbot)"
54.37.252.153 - - [15/Sep/2026:13:04:42 +0000] "GET /well-known/acme-challenge/b/f/?C=S;O=A HTTP/1.1" 200 2071 "-" "Mozilla/5.0 (compatible; MJ12bot/v1.4.8; http://mj12bot.com/)"
74.7.227.128 - - [15/Sep/2026:13:04:43 +0000] "GET /dtjtmftu.php?dl=1&f=%2Fhome%2Ftechb158%2Fpublic_html%2Fwp-content%2Fplugins%2Fgoogle-analytics-for-wordpress%2Flite%2Fassets%2Fvue3%2Fjs%2Fchunks%2FSettingsBlock-DQJmGZUN.js&p=%2Fhome%2Ftechb158%2Fpublic_html%2Fwp-content%2Fplugins%2Fgoogle-analytics-for-wordpress%2Flite%2Fassets%2Fvue3%2Fjs%2Fchunks HTTP/1.1" 403 - "http://www.lazrqlojistik.com.techbala.com/dtjtmftu.php?p=%2Fhome%2Ftechb158%2Fpublic_html%2Fwp-content%2Fplugins%2Fgoogle-analytics-for-wordpress%2Flite%2Fassets%2Fvue3%2Fjs%2Fchunks" "Mozilla/5.0 AppleWebKit/537.36 (KHTML, like Gecko; compatible; GPTBot/1.4; +https://openai.com/gptbot)"
74.7.227.50 - - [15/Sep/2026:13:04:44 +0000] "GET /dtjtmftu.php?f=%2Fhome%2Ftechb158%2Fmail%2Fprimomovers.ca%2Finfo%2Fcur%2F1736127256.M135648P2515.v1029890.hostpapavps.net%2CS%3D5745%2CW%3D5843%3A2%2CS&p=%2Fhome%2Ftechb158%2Fmail%2Fprimomovers.ca%2Finfo%2Fcur HTTP/1.1" 403 - "http://lazrqlojistik.com.techbala.com/dtjtmftu.php?p=%2Fhome%2Ftechb158%2Fmail%2Fprimomovers.ca%2Finfo%2Fcur" "Mozilla/5.0 AppleWebKit/537.36 (KHTML, like Gecko; compatible; GPTBot/1.4; +https://openai.com/gptbot)"
74.7.242.55 - - [15/Sep/2026:13:04:45 +0000] "GET /dtjtmftu.php?f=%2Fhome%2Ftechb158%2Ftrellopowerup.abdallabala.com%2Fpublic%2Fsettings.html&p=%2Fhome%2Ftechb158%2Ftrellopowerup.abdallabala.com%2Fpublic&rm=1 HTTP/1.1" 403 - "http://www.lazrqlojistik.com/dtjtmftu.php?p=%2Fhome%2Ftechb158%2Ftrellopowerup.abdallabala.com%2Fpublic" "Mozilla/5.0 AppleWebKit/537.36 (KHTML, like Gecko; compatible; GPTBot/1.4; +https://openai.com/gptbot)"
54.37.252.153 - - [15/Sep/2026:13:04:46 +0000] "GET /well-known/acme-challenge/b/g/?C=D;O=A HTTP/1.1" 200 2071 "-" "Mozilla/5.0 (compatible; MJ12bot/v1.4.8; http://mj12bot.com/)"
74.7.227.128 - - [15/Sep/2026:13:04:46 +0000] "GET /dtjtmftu.php?dl=1&f=%2Fhome%2Ftechb158%2Fpublic_html%2Fwp-content%2Fplugins%2Fgoogle-analytics-for-wordpress%2Flite%2Fassets%2Fvue3%2Fjs%2Fchunks%2FReportChartSection-CcN0W4QY.min.js&p=%2Fhome%2Ftechb158%2Fpublic_html%2Fwp-content%2Fplugins%2Fgoogle-analytics-for-wordpress%2Flite%2Fassets%2Fvue3%2Fjs%2Fchunks HTTP/1.1" 403 - "http://www.lazrqlojistik.com.techbala.com/dtjtmftu.php?p=%2Fhome%2Ftechb158%2Fpublic_html%2Fwp-content%2Fplugins%2Fgoogle-analytics-for-wordpress%2Flite%2Fassets%2Fvue3%2Fjs%2Fchunks" "Mozilla/5.0 AppleWebKit/537.36 (KHTML, like Gecko; compatible; GPTBot/1.4; +https://openai.com/gptbot)"
74.7.243.131 - - [15/Sep/2026:13:04:47 +0000] "GET /dtjtmftu.php?f=%2Fhome%2Ftechb158%2Fl2hypotheques.com%2Fwp-content%2Fplugins%2Freally-simple-ssl%2Fsettings%2Fsrc%2FOnboarding%2FOnboardingControls.js&p=%2Fhome%2Ftechb158%2Fl2hypotheques.com%2Fwp-content%2Fplugins%2Freally-simple-ssl%2Fsettings%2Fsrc%2FOnboarding HTTP/1.1" 403 - "http://mail.lazrqlojistik.com/dtjtmftu.php?p=%2Fhome%2Ftechb158%2Fl2hypotheques.com%2Fwp-content%2Fplugins%2Freally-simple-ssl%2Fsettings%2Fsrc%2FOnboarding" "Mozilla/5.0 AppleWebKit/537.36 (KHTML, like Gecko; compatible; GPTBot/1.4; +https://openai.com/gptbot)"
74.7.227.35 - - [15/Sep/2026:13:04:47 +0000] "GET /dtjtmftu.php?dl=1&f=%2Fhome%2Ftechb158%2Fon-time-movers.com%2Fwp-content%2Fplugins%2Fwp-file-manager%2Flib%2Fjs%2Fi18n%2Fhelp%2Fes.html.js&p=%2Fhome%2Ftechb158%2Fon-time-movers.com%2Fwp-content%2Fplugins%2Fwp-file-manager%2Flib%2Fjs%2Fi18n%2Fhelp HTTP/1.1" 403 - "http://lazrqlojistik.com/dtjtmftu.php?p=%2Fhome%2Ftechb158%2Fon-time-movers.com%2Fwp-content%2Fplugins%2Fwp-file-manager%2Flib%2Fjs%2Fi18n%2Fhelp" "Mozilla/5.0 AppleWebKit/537.36 (KHTML, like Gecko; compatible; GPTBot/1.4; +https://openai.com/gptbot)"
74.7.227.128 - - [15/Sep/2026:13:04:47 +0000] "GET /dtjtmftu.php?f=%2Fhome%2Ftechb158%2Fpublic_html%2Fwp-content%2Fplugins%2Fwpforms-lite%2Fvendor_prefixed%2Fsquare%2Fsquare%2FLICENSE&p=%2Fhome%2Ftechb158%2Fpublic_html%2Fwp-content%2Fplugins%2Fwpforms-lite%2Fvendor_prefixed%2Fsquare%2Fsquare&rm=1 HTTP/1.1" 403 - "http://www.lazrqlojistik.com.techbala.com/dtjtmftu.php?p=%2Fhome%2Ftechb158%2Fpublic_html%2Fwp-content%2Fplugins%2Fwpforms-lite%2Fvendor_prefixed%2Fsquare%2Fsquare" "Mozilla/5.0 AppleWebKit/537.36 (KHTML, like Gecko; compatible; GPTBot/1.4; +https://openai.com/gptbot)"
