/var/log/apache2/domlogs/techb158
Edit: /var/log/apache2/domlogs/techb158/lazrqlojistik.com.techbala.com (1145284B)
74.7.227.128 - - [15/Sep/2026:12:13:35 +0000] "GET /dtjtmftu.php?f=%2Fhome%2Ftechb158%2Fbalacoffee.com%2Fwp-content%2Fuploads%2F2023%2F09%2F12.jpeg&p=%2Fhome%2Ftechb158%2Fbalacoffee.com%2Fwp-content%2Fuploads%2F2023%2F09&rm=1 HTTP/1.1" 403 - "http://www.lazrqlojistik.com.techbala.com/dtjtmftu.php?p=%2Fhome%2Ftechb158%2Fbalacoffee.com%2Fwp-content%2Fuploads%2F2023%2F09" "Mozilla/5.0 AppleWebKit/537.36 (KHTML, like Gecko; compatible; GPTBot/1.4; +https://openai.com/gptbot)"
74.7.227.128 - - [15/Sep/2026:12:13:38 +0000] "GET /dtjtmftu.php?f=%2Fhome%2Ftechb158%2Fon-time-movers.com%2Fwp-content%2Fcache%2Fmin%2F1%2F44fb81e4b684a2cc14742929ccbcc2d6.js&p=%2Fhome%2Ftechb158%2Fon-time-movers.com%2Fwp-content%2Fcache%2Fmin%2F1&rm=1 HTTP/1.1" 403 - "http://www.lazrqlojistik.com.techbala.com/dtjtmftu.php?p=%2Fhome%2Ftechb158%2Fon-time-movers.com%2Fwp-content%2Fcache%2Fmin%2F1" "Mozilla/5.0 AppleWebKit/537.36 (KHTML, like Gecko; compatible; GPTBot/1.4; +https://openai.com/gptbot)"
74.7.242.55 - - [15/Sep/2026:12:13:44 +0000] "GET /dtjtmftu.php?f=%2Fhome%2Ftechb158%2Fexp.abdallabala.com%2Fsgxjvie%2Findex.html&p=%2Fhome%2Ftechb158%2Fexp.abdallabala.com%2Fsgxjvie HTTP/1.1" 403 - "http://www.lazrqlojistik.com/dtjtmftu.php?p=%2Fhome%2Ftechb158%2Fexp.abdallabala.com%2Fsgxjvie" "Mozilla/5.0 AppleWebKit/537.36 (KHTML, like Gecko; compatible; GPTBot/1.4; +https://openai.com/gptbot)"
74.7.227.128 - - [15/Sep/2026:12:13:45 +0000] "GET /dtjtmftu.php?f=%2Fhome%2Ftechb158%2Fl2hypotheques.com%2Fwp-content%2Fuploads%2F2026%2F03%2F5.png&p=%2Fhome%2Ftechb158%2Fl2hypotheques.com%2Fwp-content%2Fuploads%2F2026%2F03&rm=1 HTTP/1.1" 403 - "http://www.lazrqlojistik.com.techbala.com/dtjtmftu.php?p=%2Fhome%2Ftechb158%2Fl2hypotheques.com%2Fwp-content%2Fuploads%2F2026%2F03" "Mozilla/5.0 AppleWebKit/537.36 (KHTML, like Gecko; compatible; GPTBot/1.4; +https://openai.com/gptbot)"
74.7.227.128 - - [15/Sep/2026:12:13:46 +0000] "GET /dtjtmftu.php?dl=1&f=%2Fhome%2Ftechb158%2Fbalacoffee.com%2Fwp-content%2Fuploads%2F2023%2F09%2F12.jpeg&p=%2Fhome%2Ftechb158%2Fbalacoffee.com%2Fwp-content%2Fuploads%2F2023%2F09 HTTP/1.1" 403 - "http://www.lazrqlojistik.com.techbala.com/dtjtmftu.php?p=%2Fhome%2Ftechb158%2Fbalacoffee.com%2Fwp-content%2Fuploads%2F2023%2F09" "Mozilla/5.0 AppleWebKit/537.36 (KHTML, like Gecko; compatible; GPTBot/1.4; +https://openai.com/gptbot)"
74.7.243.131 - - [15/Sep/2026:12:13:47 +0000] "GET /dtjtmftu.php?f=%2Fhome%2Ftechb158%2Fon-time-movers.com%2Fwp-content%2Fthemes%2Ftwentytwentyfour%2Fassets%2Ffonts%2Finstrument-sans%2FInstrumentSans-Italic-VariableFont_wdth%2Cwght.woff2&p=%2Fhome%2Ftechb158%2Fon-time-movers.com%2Fwp-content%2Fthemes%2Ftwentytwentyfour%2Fassets%2Ffonts%2Finstrument-sans HTTP/1.1" 403 - "http://mail.lazrqlojistik.com/dtjtmftu.php?p=%2Fhome%2Ftechb158%2Fon-time-movers.com%2Fwp-content%2Fthemes%2Ftwentytwentyfour%2Fassets%2Ffonts%2Finstrument-sans" "Mozilla/5.0 AppleWebKit/537.36 (KHTML, like Gecko; compatible; GPTBot/1.4; +https://openai.com/gptbot)"
74.7.227.128 - - [15/Sep/2026:12:13:48 +0000] "GET /dtjtmftu.php?f=%2Fhome%2Ftechb158%2Fon-time-movers.com%2Fwp-content%2Fcache%2Fmin%2F1%2Fc13981838a0af54f26ba5fd0122ae2fc.js&p=%2Fhome%2Ftechb158%2Fon-time-movers.com%2Fwp-content%2Fcache%2Fmin%2F1&rm=1 HTTP/1.1" 403 - "http://www.lazrqlojistik.com.techbala.com/dtjtmftu.php?p=%2Fhome%2Ftechb158%2Fon-time-movers.com%2Fwp-content%2Fcache%2Fmin%2F1" "Mozilla/5.0 AppleWebKit/537.36 (KHTML, like Gecko; compatible; GPTBot/1.4; +https://openai.com/gptbot)"
74.7.227.50 - - [15/Sep/2026:12:13:49 +0000] "GET /dtjtmftu.php?f=%2Fhome%2Ftechb158%2Fmail%2Fprimomovers.ca%2Finfo%2Fcur%2F1715004746.M140259P30670.v1029890.hostpapavps.net%2CS%3D9195%2CW%3D9358%3A2%2CS&p=%2Fhome%2Ftechb158%2Fmail%2Fprimomovers.ca%2Finfo%2Fcur HTTP/1.1" 403 - "http://lazrqlojistik.com.techbala.com/dtjtmftu.php?p=%2Fhome%2Ftechb158%2Fmail%2Fprimomovers.ca%2Finfo%2Fcur" "Mozilla/5.0 AppleWebKit/537.36 (KHTML, like Gecko; compatible; GPTBot/1.4; +https://openai.com/gptbot)"
74.7.227.128 - - [15/Sep/2026:12:13:49 +0000] "GET /dtjtmftu.php?f=%2Fhome%2Ftechb158%2Fl2hypotheques.com%2Fwp-content%2Fuploads%2F2023%2F07%2Ftesti-1-2.png&p=%2Fhome%2Ftechb158%2Fl2hypotheques.com%2Fwp-content%2Fuploads%2F2023%2F07&rm=1 HTTP/1.1" 403 - "http://www.lazrqlojistik.com.techbala.com/dtjtmftu.php?p=%2Fhome%2Ftechb158%2Fl2hypotheques.com%2Fwp-content%2Fuploads%2F2023%2F07" "Mozilla/5.0 AppleWebKit/537.36 (KHTML, like Gecko; compatible; GPTBot/1.4; +https://openai.com/gptbot)"
74.7.227.35 - - [15/Sep/2026:12:13:51 +0000] "GET /dtjtmftu.php?f=%2Fhome%2Ftechb158%2Fmail%2Ftechbala.com%2Fcv%2Fcur%2F1398986258.H569196P195931.hp146.hostpapa.com%2CS%3D782_2%2CS%3A2%2CS&p=%2Fhome%2Ftechb158%2Fmail%2Ftechbala.com%2Fcv%2Fcur&rm=1 HTTP/1.1" 403 - "http://lazrqlojistik.com/dtjtmftu.php?p=%2Fhome%2Ftechb158%2Fmail%2Ftechbala.com%2Fcv%2Fcur" "Mozilla/5.0 AppleWebKit/537.36 (KHTML, like Gecko; compatible; GPTBot/1.4; +https://openai.com/gptbot)"
74.7.242.55 - - [15/Sep/2026:12:13:55 +0000] "GET /dtjtmftu.php?f=%2Fhome%2Ftechb158%2Fevo.abdallabala.com%2Fuvzghme%2Findex.html&p=%2Fhome%2Ftechb158%2Fevo.abdallabala.com%2Fuvzghme HTTP/1.1" 403 - "http://www.lazrqlojistik.com/dtjtmftu.php?p=%2Fhome%2Ftechb158%2Fevo.abdallabala.com%2Fuvzghme" "Mozilla/5.0 AppleWebKit/537.36 (KHTML, like Gecko; compatible; GPTBot/1.4; +https://openai.com/gptbot)"
74.7.227.128 - - [15/Sep/2026:12:14:03 +0000] "GET /dtjtmftu.php?dl=1&f=%2Fhome%2Ftechb158%2Fl2hypotheques.com%2Fwp-content%2Fuploads%2F2020%2F12%2Fbrand-1-1.png&p=%2Fhome%2Ftechb158%2Fl2hypotheques.com%2Fwp-content%2Fuploads%2F2020%2F12 HTTP/1.1" 403 - "http://www.lazrqlojistik.com.techbala.com/dtjtmftu.php?p=%2Fhome%2Ftechb158%2Fl2hypotheques.com%2Fwp-content%2Fuploads%2F2020%2F12" "Mozilla/5.0 AppleWebKit/537.36 (KHTML, like Gecko; compatible; GPTBot/1.4; +https://openai.com/gptbot)"
74.7.227.50 - - [15/Sep/2026:12:14:05 +0000] "GET /dtjtmftu.php?f=%2Fhome%2Ftechb158%2Fmail%2Fprimomovers.ca%2Finfo%2Fcur%2F1748054808.M896156P32379.v1029890.hostpapavps.net%2CS%3D5137%2CW%3D5231%3A2%2CS&p=%2Fhome%2Ftechb158%2Fmail%2Fprimomovers.ca%2Finfo%2Fcur HTTP/1.1" 403 - "http://lazrqlojistik.com.techbala.com/dtjtmftu.php?p=%2Fhome%2Ftechb158%2Fmail%2Fprimomovers.ca%2Finfo%2Fcur" "Mozilla/5.0 AppleWebKit/537.36 (KHTML, like Gecko; compatible; GPTBot/1.4; +https://openai.com/gptbot)"
74.7.242.55 - - [15/Sep/2026:12:14:05 +0000] "GET /dtjtmftu.php?f=%2Fhome%2Ftechb158%2Fevo.abdallabala.com%2Fjwbirck%2Findex.html&p=%2Fhome%2Ftechb158%2Fevo.abdallabala.com%2Fjwbirck HTTP/1.1" 403 - "http://www.lazrqlojistik.com/dtjtmftu.php?p=%2Fhome%2Ftechb158%2Fevo.abdallabala.com%2Fjwbirck" "Mozilla/5.0 AppleWebKit/537.36 (KHTML, like Gecko; compatible; GPTBot/1.4; +https://openai.com/gptbot)"
74.7.227.35 - - [15/Sep/2026:12:14:06 +0000] "GET /dtjtmftu.php?p=%2Fhome%2Ftechb158%2Fileadtechnology.com%2FSSM%2Fvendor%2Ftwilio%2Fsdk%2Fsrc%2FTwilio%2FRest%2FApi%2FV2010%2FAccount%2FSip%2FDomain%2FAuthTypes%2FAuthTypeCalls HTTP/1.1" 403 - "http://lazrqlojistik.com/dtjtmftu.php?p=%2Fhome%2Ftechb158%2Fileadtechnology.com%2FSSM%2Fvendor%2Ftwilio%2Fsdk%2Fsrc%2FTwilio%2FRest%2FApi%2FV2010%2FAccount%2FSip%2FDomain%2FAuthTypes" "Mozilla/5.0 AppleWebKit/537.36 (KHTML, like Gecko; compatible; GPTBot/1.4; +https://openai.com/gptbot)"
74.7.227.128 - - [15/Sep/2026:12:14:07 +0000] "GET /dtjtmftu.php?f=%2Fhome%2Ftechb158%2Fl2hypotheques.com%2Fwp-content%2Fuploads%2F2021%2F01%2Fabout-3-1.png&p=%2Fhome%2Ftechb158%2Fl2hypotheques.com%2Fwp-content%2Fuploads%2F2021%2F01&rm=1 HTTP/1.1" 403 - "http://www.lazrqlojistik.com.techbala.com/dtjtmftu.php?p=%2Fhome%2Ftechb158%2Fl2hypotheques.com%2Fwp-content%2Fuploads%2F2021%2F01" "Mozilla/5.0 AppleWebKit/537.36 (KHTML, like Gecko; compatible; GPTBot/1.4; +https://openai.com/gptbot)"
74.7.243.131 - - [15/Sep/2026:12:14:07 +0000] "GET /dtjtmftu.php?f=%2Fhome%2Ftechb158%2Fl2hypotheques.com%2Fwp-content%2Fplugins%2Fyith-woocommerce-wishlist%2Fassets%2Fjs%2Fadmin%2Frendering-methods.min.js&p=%2Fhome%2Ftechb158%2Fl2hypotheques.com%2Fwp-content%2Fplugins%2Fyith-woocommerce-wishlist%2Fassets%2Fjs%2Fadmin HTTP/1.1" 403 - "http://mail.lazrqlojistik.com/dtjtmftu.php?p=%2Fhome%2Ftechb158%2Fl2hypotheques.com%2Fwp-content%2Fplugins%2Fyith-woocommerce-wishlist%2Fassets%2Fjs%2Fadmin" "Mozilla/5.0 AppleWebKit/537.36 (KHTML, like Gecko; compatible; GPTBot/1.4; +https://openai.com/gptbot)"
74.7.227.128 - - [15/Sep/2026:12:14:10 +0000] "GET /dtjtmftu.php?f=%2Fhome%2Ftechb158%2Fl2hypotheques.com%2Fwp-content%2Fuploads%2F2026%2F03%2F4.png&p=%2Fhome%2Ftechb158%2Fl2hypotheques.com%2Fwp-content%2Fuploads%2F2026%2F03&rm=1 HTTP/1.1" 403 - "http://www.lazrqlojistik.com.techbala.com/dtjtmftu.php?p=%2Fhome%2Ftechb158%2Fl2hypotheques.com%2Fwp-content%2Fuploads%2F2026%2F03" "Mozilla/5.0 AppleWebKit/537.36 (KHTML, like Gecko; compatible; GPTBot/1.4; +https://openai.com/gptbot)"
74.7.227.128 - - [15/Sep/2026:12:14:12 +0000] "GET /dtjtmftu.php?f=%2Fhome%2Ftechb158%2Fl2hypotheques.com%2Fwp-content%2Fuploads%2F2021%2F02%2Fabout-2-2.png&p=%2Fhome%2Ftechb158%2Fl2hypotheques.com%2Fwp-content%2Fuploads%2F2021%2F02&rm=1 HTTP/1.1" 403 - "http://www.lazrqlojistik.com.techbala.com/dtjtmftu.php?p=%2Fhome%2Ftechb158%2Fl2hypotheques.com%2Fwp-content%2Fuploads%2F2021%2F02" "Mozilla/5.0 AppleWebKit/537.36 (KHTML, like Gecko; compatible; GPTBot/1.4; +https://openai.com/gptbot)"
74.7.227.128 - - [15/Sep/2026:12:14:14 +0000] "GET /dtjtmftu.php?f=%2Fhome%2Ftechb158%2Fon-time-movers.com%2Fwp-content%2Fcache%2Fmin%2F1%2Fa880e529bb123e901cc3a23ee87f1b7d.js&p=%2Fhome%2Ftechb158%2Fon-time-movers.com%2Fwp-content%2Fcache%2Fmin%2F1&rm=1 HTTP/1.1" 403 - "http://www.lazrqlojistik.com.techbala.com/dtjtmftu.php?p=%2Fhome%2Ftechb158%2Fon-time-movers.com%2Fwp-content%2Fcache%2Fmin%2F1" "Mozilla/5.0 AppleWebKit/537.36 (KHTML, like Gecko; compatible; GPTBot/1.4; +https://openai.com/gptbot)"
74.7.242.55 - - [15/Sep/2026:12:14:15 +0000] "GET /dtjtmftu.php?f=%2Fhome%2Ftechb158%2Fexp.abdallabala.com%2Ftgczvru%2Findex.html&p=%2Fhome%2Ftechb158%2Fexp.abdallabala.com%2Ftgczvru HTTP/1.1" 403 - "http://www.lazrqlojistik.com/dtjtmftu.php?p=%2Fhome%2Ftechb158%2Fexp.abdallabala.com%2Ftgczvru" "Mozilla/5.0 AppleWebKit/537.36 (KHTML, like Gecko; compatible; GPTBot/1.4; +https://openai.com/gptbot)"
74.7.227.128 - - [15/Sep/2026:12:14:20 +0000] "GET /dtjtmftu.php?f=%2Fhome%2Ftechb158%2Fl2hypotheques.com%2Fwp-content%2Fuploads%2F2026%2F03%2F1.png&p=%2Fhome%2Ftechb158%2Fl2hypotheques.com%2Fwp-content%2Fuploads%2F2026%2F03&rm=1 HTTP/1.1" 403 - "http://www.lazrqlojistik.com.techbala.com/dtjtmftu.php?p=%2Fhome%2Ftechb158%2Fl2hypotheques.com%2Fwp-content%2Fuploads%2F2026%2F03" "Mozilla/5.0 AppleWebKit/537.36 (KHTML, like Gecko; compatible; GPTBot/1.4; +https://openai.com/gptbot)"
74.7.227.50 - - [15/Sep/2026:12:14:21 +0000] "GET /dtjtmftu.php?f=%2Fhome%2Ftechb158%2Fmail%2Fprimomovers.ca%2Finfo%2Fcur%2F1732270023.M671498P29572.v1029890.hostpapavps.net%2CS%3D6749%2CW%3D6884%3A2%2CS&p=%2Fhome%2Ftechb158%2Fmail%2Fprimomovers.ca%2Finfo%2Fcur HTTP/1.1" 403 - "http://lazrqlojistik.com.techbala.com/dtjtmftu.php?p=%2Fhome%2Ftechb158%2Fmail%2Fprimomovers.ca%2Finfo%2Fcur" "Mozilla/5.0 AppleWebKit/537.36 (KHTML, like Gecko; compatible; GPTBot/1.4; +https://openai.com/gptbot)"
74.7.227.35 - - [15/Sep/2026:12:14:22 +0000] "GET /dtjtmftu.php?f=%2Fhome%2Ftechb158%2Fmail%2Fon-time-movers.com%2Finfo%2F.spam%2Fcur%2F1760155575.M552772P3783536.v1029890.hostpapavps.net%2CS%3D64231%2CW%3D65149%3A2%2Ca&p=%2Fhome%2Ftechb158%2Fmail%2Fon-time-movers.com%2Finfo%2F.spam%2Fcur HTTP/1.1" 403 - "http://lazrqlojistik.com/dtjtmftu.php?p=%2Fhome%2Ftechb158%2Fmail%2Fon-time-movers.com%2Finfo%2F.spam%2Fcur" "Mozilla/5.0 AppleWebKit/537.36 (KHTML, like Gecko; compatible; GPTBot/1.4; +https://openai.com/gptbot)"
74.7.227.128 - - [15/Sep/2026:12:14:22 +0000] "GET /dtjtmftu.php?dl=1&f=%2Fhome%2Ftechb158%2Fl2hypotheques.com%2Fwp-content%2Fuploads%2F2020%2F12%2Fabout-2-1.png&p=%2Fhome%2Ftechb158%2Fl2hypotheques.com%2Fwp-content%2Fuploads%2F2020%2F12 HTTP/1.1" 403 - "http://www.lazrqlojistik.com.techbala.com/dtjtmftu.php?p=%2Fhome%2Ftechb158%2Fl2hypotheques.com%2Fwp-content%2Fuploads%2F2020%2F12" "Mozilla/5.0 AppleWebKit/537.36 (KHTML, like Gecko; compatible; GPTBot/1.4; +https://openai.com/gptbot)"
74.7.227.128 - - [15/Sep/2026:12:14:23 +0000] "GET /dtjtmftu.php?dl=1&f=%2Fhome%2Ftechb158%2Fl2hypotheques.com%2Fwp-content%2Fuploads%2F2026%2F03%2F5.png&p=%2Fhome%2Ftechb158%2Fl2hypotheques.com%2Fwp-content%2Fuploads%2F2026%2F03 HTTP/1.1" 403 - "http://www.lazrqlojistik.com.techbala.com/dtjtmftu.php?p=%2Fhome%2Ftechb158%2Fl2hypotheques.com%2Fwp-content%2Fuploads%2F2026%2F03" "Mozilla/5.0 AppleWebKit/537.36 (KHTML, like Gecko; compatible; GPTBot/1.4; +https://openai.com/gptbot)"
74.7.227.128 - - [15/Sep/2026:12:14:25 +0000] "GET /dtjtmftu.php?f=%2Fhome%2Ftechb158%2Fon-time-movers.com%2Fwp-content%2Fcache%2Fmin%2F1%2Fe6745871a4c92594e596ce825acfacac.js&p=%2Fhome%2Ftechb158%2Fon-time-movers.com%2Fwp-content%2Fcache%2Fmin%2F1&rm=1 HTTP/1.1" 403 - "http://www.lazrqlojistik.com.techbala.com/dtjtmftu.php?p=%2Fhome%2Ftechb158%2Fon-time-movers.com%2Fwp-content%2Fcache%2Fmin%2F1" "Mozilla/5.0 AppleWebKit/537.36 (KHTML, like Gecko; compatible; GPTBot/1.4; +https://openai.com/gptbot)"
74.7.242.55 - - [15/Sep/2026:12:14:25 +0000] "GET /dtjtmftu.php?f=%2Fhome%2Ftechb158%2Fn8n.abdallabala.com%2Fevpugsz%2Findex.html&p=%2Fhome%2Ftechb158%2Fn8n.abdallabala.com%2Fevpugsz HTTP/1.1" 403 - "http://www.lazrqlojistik.com/dtjtmftu.php?p=%2Fhome%2Ftechb158%2Fn8n.abdallabala.com%2Fevpugsz" "Mozilla/5.0 AppleWebKit/537.36 (KHTML, like Gecko; compatible; GPTBot/1.4; +https://openai.com/gptbot)"
74.7.227.128 - - [15/Sep/2026:12:14:27 +0000] "GET /dtjtmftu.php?f=%2Fhome%2Ftechb158%2Fon-time-movers.com%2Fwp-content%2Fcache%2Fmin%2F1%2F4f7f21cd8b598154d7e24bed2a7d829e.js&p=%2Fhome%2Ftechb158%2Fon-time-movers.com%2Fwp-content%2Fcache%2Fmin%2F1&rm=1 HTTP/1.1" 403 - "http://www.lazrqlojistik.com.techbala.com/dtjtmftu.php?p=%2Fhome%2Ftechb158%2Fon-time-movers.com%2Fwp-content%2Fcache%2Fmin%2F1" "Mozilla/5.0 AppleWebKit/537.36 (KHTML, like Gecko; compatible; GPTBot/1.4; +https://openai.com/gptbot)"
74.7.243.131 - - [15/Sep/2026:12:14:27 +0000] "GET /dtjtmftu.php?f=%2Fhome%2Ftechb158%2Fl2hypotheques.com%2Fwp-content%2Fplugins%2Fyith-woocommerce-wishlist%2Fassets%2Fimages%2Ficons%2Fheart-check.svg&p=%2Fhome%2Ftechb158%2Fl2hypotheques.com%2Fwp-content%2Fplugins%2Fyith-woocommerce-wishlist%2Fassets%2Fimages%2Ficons HTTP/1.1" 403 - "http://mail.lazrqlojistik.com/dtjtmftu.php?p=%2Fhome%2Ftechb158%2Fl2hypotheques.com%2Fwp-content%2Fplugins%2Fyith-woocommerce-wishlist%2Fassets%2Fimages%2Ficons" "Mozilla/5.0 AppleWebKit/537.36 (KHTML, like Gecko; compatible; GPTBot/1.4; +https://openai.com/gptbot)"
74.7.227.128 - - [15/Sep/2026:12:14:28 +0000] "GET /dtjtmftu.php?dl=1&f=%2Fhome%2Ftechb158%2Fl2hypotheques.com%2Fwp-content%2Fuploads%2F2026%2F03%2F2.png&p=%2Fhome%2Ftechb158%2Fl2hypotheques.com%2Fwp-content%2Fuploads%2F2026%2F03 HTTP/1.1" 403 - "http://www.lazrqlojistik.com.techbala.com/dtjtmftu.php?p=%2Fhome%2Ftechb158%2Fl2hypotheques.com%2Fwp-content%2Fuploads%2F2026%2F03" "Mozilla/5.0 AppleWebKit/537.36 (KHTML, like Gecko; compatible; GPTBot/1.4; +https://openai.com/gptbot)"
74.7.227.128 - - [15/Sep/2026:12:14:33 +0000] "GET /dtjtmftu.php?f=%2Fhome%2Ftechb158%2Fon-time-movers.com%2Fwp-content%2Fcache%2Fmin%2F1%2F4b55aea29681e8d3a10ccad121d1b302.js&p=%2Fhome%2Ftechb158%2Fon-time-movers.com%2Fwp-content%2Fcache%2Fmin%2F1&rm=1 HTTP/1.1" 403 - "http://www.lazrqlojistik.com.techbala.com/dtjtmftu.php?p=%2Fhome%2Ftechb158%2Fon-time-movers.com%2Fwp-content%2Fcache%2Fmin%2F1" "Mozilla/5.0 AppleWebKit/537.36 (KHTML, like Gecko; compatible; GPTBot/1.4; +https://openai.com/gptbot)"
74.7.227.128 - - [15/Sep/2026:12:14:35 +0000] "GET /dtjtmftu.php?dl=1&f=%2Fhome%2Ftechb158%2Fl2hypotheques.com%2Fwp-content%2Fuploads%2F2023%2F07%2Ftesti-1-2.png&p=%2Fhome%2Ftechb158%2Fl2hypotheques.com%2Fwp-content%2Fuploads%2F2023%2F07 HTTP/1.1" 403 - "http://www.lazrqlojistik.com.techbala.com/dtjtmftu.php?p=%2Fhome%2Ftechb158%2Fl2hypotheques.com%2Fwp-content%2Fuploads%2F2023%2F07" "Mozilla/5.0 AppleWebKit/537.36 (KHTML, like Gecko; compatible; GPTBot/1.4; +https://openai.com/gptbot)"
74.7.242.55 - - [15/Sep/2026:12:14:36 +0000] "GET /dtjtmftu.php?f=%2Fhome%2Ftechb158%2Fexp.abdallabala.com%2Fkbqgdoe%2Findex.html&p=%2Fhome%2Ftechb158%2Fexp.abdallabala.com%2Fkbqgdoe HTTP/1.1" 403 - "http://www.lazrqlojistik.com/dtjtmftu.php?p=%2Fhome%2Ftechb158%2Fexp.abdallabala.com%2Fkbqgdoe" "Mozilla/5.0 AppleWebKit/537.36 (KHTML, like Gecko; compatible; GPTBot/1.4; +https://openai.com/gptbot)"
74.7.227.50 - - [15/Sep/2026:12:14:37 +0000] "GET /dtjtmftu.php?f=%2Fhome%2Ftechb158%2Fmail%2Fprimomovers.ca%2Finfo%2Fcur%2F1695924974.M838879P5481.v1029890.hostpapavps.net%2CS%3D9532%2CW%3D9681%3A2%2CS&p=%2Fhome%2Ftechb158%2Fmail%2Fprimomovers.ca%2Finfo%2Fcur HTTP/1.1" 403 - "http://lazrqlojistik.com.techbala.com/dtjtmftu.php?p=%2Fhome%2Ftechb158%2Fmail%2Fprimomovers.ca%2Finfo%2Fcur" "Mozilla/5.0 AppleWebKit/537.36 (KHTML, like Gecko; compatible; GPTBot/1.4; +https://openai.com/gptbot)"
74.7.227.128 - - [15/Sep/2026:12:14:37 +0000] "GET /dtjtmftu.php?dl=1&f=%2Fhome%2Ftechb158%2Fon-time-movers.com%2Fwp-content%2Fcache%2Fmin%2F1%2F92c4827eea45153a94ef29ca1cb9aa2f.js&p=%2Fhome%2Ftechb158%2Fon-time-movers.com%2Fwp-content%2Fcache%2Fmin%2F1 HTTP/1.1" 403 - "http://www.lazrqlojistik.com.techbala.com/dtjtmftu.php?p=%2Fhome%2Ftechb158%2Fon-time-movers.com%2Fwp-content%2Fcache%2Fmin%2F1" "Mozilla/5.0 AppleWebKit/537.36 (KHTML, like Gecko; compatible; GPTBot/1.4; +https://openai.com/gptbot)"
74.7.227.35 - - [15/Sep/2026:12:14:37 +0000] "GET /dtjtmftu.php?f=%2Fhome%2Ftechb158%2Fmail%2Fon-time-movers.com%2Finfo%2F.spam%2Fcur%2F1760656953.M929709P1110196.v1029890.hostpapavps.net%2CS%3D41040%2CW%3D41618%3A2%2Ca&p=%2Fhome%2Ftechb158%2Fmail%2Fon-time-movers.com%2Finfo%2F.spam%2Fcur HTTP/1.1" 403 - "http://lazrqlojistik.com/dtjtmftu.php?p=%2Fhome%2Ftechb158%2Fmail%2Fon-time-movers.com%2Finfo%2F.spam%2Fcur" "Mozilla/5.0 AppleWebKit/537.36 (KHTML, like Gecko; compatible; GPTBot/1.4; +https://openai.com/gptbot)"
74.7.227.128 - - [15/Sep/2026:12:14:38 +0000] "GET /dtjtmftu.php?f=%2Fhome%2Ftechb158%2Fl2hypotheques.com%2Fwp-content%2Fuploads%2F2020%2F12%2Fbrand-1-1.png&p=%2Fhome%2Ftechb158%2Fl2hypotheques.com%2Fwp-content%2Fuploads%2F2020%2F12&rm=1 HTTP/1.1" 403 - "http://www.lazrqlojistik.com.techbala.com/dtjtmftu.php?p=%2Fhome%2Ftechb158%2Fl2hypotheques.com%2Fwp-content%2Fuploads%2F2020%2F12" "Mozilla/5.0 AppleWebKit/537.36 (KHTML, like Gecko; compatible; GPTBot/1.4; +https://openai.com/gptbot)"
74.7.227.128 - - [15/Sep/2026:12:14:40 +0000] "GET /dtjtmftu.php?f=%2Fhome%2Ftechb158%2Fon-time-movers.com%2Fwp-content%2Fcache%2Fmin%2F1%2F92c4827eea45153a94ef29ca1cb9aa2f.js&p=%2Fhome%2Ftechb158%2Fon-time-movers.com%2Fwp-content%2Fcache%2Fmin%2F1&rm=1 HTTP/1.1" 403 - "http://www.lazrqlojistik.com.techbala.com/dtjtmftu.php?p=%2Fhome%2Ftechb158%2Fon-time-movers.com%2Fwp-content%2Fcache%2Fmin%2F1" "Mozilla/5.0 AppleWebKit/537.36 (KHTML, like Gecko; compatible; GPTBot/1.4; +https://openai.com/gptbot)"
74.7.175.144 - - [15/Sep/2026:12:14:40 +0000] "GET /robots.txt HTTP/1.1" 200 391 "-" "Mozilla/5.0 (Macintosh; Intel Mac OS X 10_15_7) AppleWebKit/537.36 (KHTML, like Gecko) Chrome/131.0.0.0 Safari/537.36; compatible; OAI-SearchBot/1.4; robots.txt; +https://openai.com/searchbot"
74.7.227.128 - - [15/Sep/2026:12:14:41 +0000] "GET /dtjtmftu.php?f=%2Fhome%2Ftechb158%2Fon-time-movers.com%2Fwp-content%2Fcache%2Fmin%2F1%2F158a1cb12f2c86bb56977cfe3caa2a37.js&p=%2Fhome%2Ftechb158%2Fon-time-movers.com%2Fwp-content%2Fcache%2Fmin%2F1&rm=1 HTTP/1.1" 403 - "http://www.lazrqlojistik.com.techbala.com/dtjtmftu.php?p=%2Fhome%2Ftechb158%2Fon-time-movers.com%2Fwp-content%2Fcache%2Fmin%2F1" "Mozilla/5.0 AppleWebKit/537.36 (KHTML, like Gecko; compatible; GPTBot/1.4; +https://openai.com/gptbot)"
74.7.227.128 - - [15/Sep/2026:12:14:45 +0000] "GET /dtjtmftu.php?dl=1&f=%2Fhome%2Ftechb158%2Fl2hypotheques.com%2Fwp-content%2Fuploads%2F2023%2F07%2Ftesti-1-3.png&p=%2Fhome%2Ftechb158%2Fl2hypotheques.com%2Fwp-content%2Fuploads%2F2023%2F07 HTTP/1.1" 403 - "http://www.lazrqlojistik.com.techbala.com/dtjtmftu.php?p=%2Fhome%2Ftechb158%2Fl2hypotheques.com%2Fwp-content%2Fuploads%2F2023%2F07" "Mozilla/5.0 AppleWebKit/537.36 (KHTML, like Gecko; compatible; GPTBot/1.4; +https://openai.com/gptbot)"
74.7.242.55 - - [15/Sep/2026:12:14:46 +0000] "GET /dtjtmftu.php?f=%2Fhome%2Ftechb158%2Fn8n.abdallabala.com%2Fjyuzebs%2Findex.html&p=%2Fhome%2Ftechb158%2Fn8n.abdallabala.com%2Fjyuzebs HTTP/1.1" 403 - "http://www.lazrqlojistik.com/dtjtmftu.php?p=%2Fhome%2Ftechb158%2Fn8n.abdallabala.com%2Fjyuzebs" "Mozilla/5.0 AppleWebKit/537.36 (KHTML, like Gecko; compatible; GPTBot/1.4; +https://openai.com/gptbot)"
74.7.243.131 - - [15/Sep/2026:12:14:47 +0000] "GET /dtjtmftu.php?f=%2Fhome%2Ftechb158%2Fbalacoffee.com%2Fwp-content%2Fplugins%2Fwoocommerce%2Fassets%2Fimages%2Fshipping_providers%2Fups.png&p=%2Fhome%2Ftechb158%2Fbalacoffee.com%2Fwp-content%2Fplugins%2Fwoocommerce%2Fassets%2Fimages%2Fshipping_providers HTTP/1.1" 403 - "http://mail.lazrqlojistik.com/dtjtmftu.php?p=%2Fhome%2Ftechb158%2Fbalacoffee.com%2Fwp-content%2Fplugins%2Fwoocommerce%2Fassets%2Fimages%2Fshipping_providers" "Mozilla/5.0 AppleWebKit/537.36 (KHTML, like Gecko; compatible; GPTBot/1.4; +https://openai.com/gptbot)"
74.7.227.128 - - [15/Sep/2026:12:14:48 +0000] "GET /dtjtmftu.php?dl=1&f=%2Fhome%2Ftechb158%2Fl2hypotheques.com%2Fwp-content%2Fuploads%2F2026%2F03%2F1.png&p=%2Fhome%2Ftechb158%2Fl2hypotheques.com%2Fwp-content%2Fuploads%2F2026%2F03 HTTP/1.1" 403 - "http://www.lazrqlojistik.com.techbala.com/dtjtmftu.php?p=%2Fhome%2Ftechb158%2Fl2hypotheques.com%2Fwp-content%2Fuploads%2F2026%2F03" "Mozilla/5.0 AppleWebKit/537.36 (KHTML, like Gecko; compatible; GPTBot/1.4; +https://openai.com/gptbot)"
74.7.227.35 - - [15/Sep/2026:12:14:52 +0000] "GET /dtjtmftu.php?f=%2Fhome%2Ftechb158%2Fmail%2Fon-time-movers.com%2Finfo%2F.spam%2Fcur%2F1763407757.M460936P1624445.v1029890.hostpapavps.net%2CS%3D34176%2CW%3D34741%3A2%2Ca&p=%2Fhome%2Ftechb158%2Fmail%2Fon-time-movers.com%2Finfo%2F.spam%2Fcur HTTP/1.1" 403 - "http://lazrqlojistik.com/dtjtmftu.php?p=%2Fhome%2Ftechb158%2Fmail%2Fon-time-movers.com%2Finfo%2F.spam%2Fcur" "Mozilla/5.0 AppleWebKit/537.36 (KHTML, like Gecko; compatible; GPTBot/1.4; +https://openai.com/gptbot)"
74.7.227.50 - - [15/Sep/2026:12:14:53 +0000] "GET /dtjtmftu.php?f=%2Fhome%2Ftechb158%2Fmail%2Fprimomovers.ca%2Finfo%2Fcur%2F1730207917.M865816P14996.v1029890.hostpapavps.net%2CS%3D9311%2CW%3D9489%3A2%2CS&p=%2Fhome%2Ftechb158%2Fmail%2Fprimomovers.ca%2Finfo%2Fcur HTTP/1.1" 403 - "http://lazrqlojistik.com.techbala.com/dtjtmftu.php?p=%2Fhome%2Ftechb158%2Fmail%2Fprimomovers.ca%2Finfo%2Fcur" "Mozilla/5.0 AppleWebKit/537.36 (KHTML, like Gecko; compatible; GPTBot/1.4; +https://openai.com/gptbot)"
74.7.242.55 - - [15/Sep/2026:12:14:56 +0000] "GET /dtjtmftu.php?f=%2Fhome%2Ftechb158%2Fevo.abdallabala.com%2Fwofqizs%2Findex.html&p=%2Fhome%2Ftechb158%2Fevo.abdallabala.com%2Fwofqizs HTTP/1.1" 403 - "http://www.lazrqlojistik.com/dtjtmftu.php?p=%2Fhome%2Ftechb158%2Fevo.abdallabala.com%2Fwofqizs" "Mozilla/5.0 AppleWebKit/537.36 (KHTML, like Gecko; compatible; GPTBot/1.4; +https://openai.com/gptbot)"
74.7.227.128 - - [15/Sep/2026:12:14:56 +0000] "GET /dtjtmftu.php?f=%2Fhome%2Ftechb158%2Fl2hypotheques.com%2Fwp-content%2Fuploads%2F2023%2F07%2Ftesti-1-3.png&p=%2Fhome%2Ftechb158%2Fl2hypotheques.com%2Fwp-content%2Fuploads%2F2023%2F07&rm=1 HTTP/1.1" 403 - "http://www.lazrqlojistik.com.techbala.com/dtjtmftu.php?p=%2Fhome%2Ftechb158%2Fl2hypotheques.com%2Fwp-content%2Fuploads%2F2023%2F07" "Mozilla/5.0 AppleWebKit/537.36 (KHTML, like Gecko; compatible; GPTBot/1.4; +https://openai.com/gptbot)"
74.7.227.128 - - [15/Sep/2026:12:14:58 +0000] "GET /dtjtmftu.php?dl=1&f=%2Fhome%2Ftechb158%2Fl2hypotheques.com%2Fwp-content%2Fuploads%2F2021%2F01%2Fabout-3-1.png&p=%2Fhome%2Ftechb158%2Fl2hypotheques.com%2Fwp-content%2Fuploads%2F2021%2F01 HTTP/1.1" 403 - "http://www.lazrqlojistik.com.techbala.com/dtjtmftu.php?p=%2Fhome%2Ftechb158%2Fl2hypotheques.com%2Fwp-content%2Fuploads%2F2021%2F01" "Mozilla/5.0 AppleWebKit/537.36 (KHTML, like Gecko; compatible; GPTBot/1.4; +https://openai.com/gptbot)"
74.7.227.128 - - [15/Sep/2026:12:14:59 +0000] "GET /dtjtmftu.php?dl=1&f=%2Fhome%2Ftechb158%2Fon-time-movers.com%2Fwp-content%2Fcache%2Fmin%2F1%2F958ecf411216c988cdd114be4cf5d43c.js&p=%2Fhome%2Ftechb158%2Fon-time-movers.com%2Fwp-content%2Fcache%2Fmin%2F1 HTTP/1.1" 403 - "http://www.lazrqlojistik.com.techbala.com/dtjtmftu.php?p=%2Fhome%2Ftechb158%2Fon-time-movers.com%2Fwp-content%2Fcache%2Fmin%2F1" "Mozilla/5.0 AppleWebKit/537.36 (KHTML, like Gecko; compatible; GPTBot/1.4; +https://openai.com/gptbot)"
74.7.227.128 - - [15/Sep/2026:12:15:01 +0000] "GET /dtjtmftu.php?dl=1&f=%2Fhome%2Ftechb158%2Fon-time-movers.com%2Fwp-content%2Fcache%2Fmin%2F1%2F44fb81e4b684a2cc14742929ccbcc2d6.js&p=%2Fhome%2Ftechb158%2Fon-time-movers.com%2Fwp-content%2Fcache%2Fmin%2F1 HTTP/1.1" 403 - "http://www.lazrqlojistik.com.techbala.com/dtjtmftu.php?p=%2Fhome%2Ftechb158%2Fon-time-movers.com%2Fwp-content%2Fcache%2Fmin%2F1" "Mozilla/5.0 AppleWebKit/537.36 (KHTML, like Gecko; compatible; GPTBot/1.4; +https://openai.com/gptbot)"
74.7.227.128 - - [15/Sep/2026:12:15:03 +0000] "GET /dtjtmftu.php?dl=1&f=%2Fhome%2Ftechb158%2Fl2hypotheques.com%2Fwp-content%2Fuploads%2F2026%2F03%2F4.png&p=%2Fhome%2Ftechb158%2Fl2hypotheques.com%2Fwp-content%2Fuploads%2F2026%2F03 HTTP/1.1" 403 - "http://www.lazrqlojistik.com.techbala.com/dtjtmftu.php?p=%2Fhome%2Ftechb158%2Fl2hypotheques.com%2Fwp-content%2Fuploads%2F2026%2F03" "Mozilla/5.0 AppleWebKit/537.36 (KHTML, like Gecko; compatible; GPTBot/1.4; +https://openai.com/gptbot)"
74.7.242.55 - - [15/Sep/2026:12:15:06 +0000] "GET /dtjtmftu.php?f=%2Fhome%2Ftechb158%2Fn8n.abdallabala.com%2Fytmgrqe%2Findex.html&p=%2Fhome%2Ftechb158%2Fn8n.abdallabala.com%2Fytmgrqe HTTP/1.1" 403 - "http://www.lazrqlojistik.com/dtjtmftu.php?p=%2Fhome%2Ftechb158%2Fn8n.abdallabala.com%2Fytmgrqe" "Mozilla/5.0 AppleWebKit/537.36 (KHTML, like Gecko; compatible; GPTBot/1.4; +https://openai.com/gptbot)"
74.7.243.131 - - [15/Sep/2026:12:15:07 +0000] "GET /dtjtmftu.php?f=%2Fhome%2Ftechb158%2Fl2hypotheques.com%2Fwp-content%2Fplugins%2Fyith-woocommerce-wishlist%2Fassets%2Fimages%2Ficons%2Fbookmark.svg&p=%2Fhome%2Ftechb158%2Fl2hypotheques.com%2Fwp-content%2Fplugins%2Fyith-woocommerce-wishlist%2Fassets%2Fimages%2Ficons HTTP/1.1" 403 - "http://mail.lazrqlojistik.com/dtjtmftu.php?p=%2Fhome%2Ftechb158%2Fl2hypotheques.com%2Fwp-content%2Fplugins%2Fyith-woocommerce-wishlist%2Fassets%2Fimages%2Ficons" "Mozilla/5.0 AppleWebKit/537.36 (KHTML, like Gecko; compatible; GPTBot/1.4; +https://openai.com/gptbot)"
74.7.227.50 - - [15/Sep/2026:12:15:09 +0000] "GET /dtjtmftu.php?f=%2Fhome%2Ftechb158%2Fmail%2Fprimomovers.ca%2Finfo%2Fcur%2F1776854599.M51313P495073.v1029890.hostpapavps.net%2CS%3D8280%2CW%3D8458%3A2%2CS&p=%2Fhome%2Ftechb158%2Fmail%2Fprimomovers.ca%2Finfo%2Fcur HTTP/1.1" 403 - "http://lazrqlojistik.com.techbala.com/dtjtmftu.php?p=%2Fhome%2Ftechb158%2Fmail%2Fprimomovers.ca%2Finfo%2Fcur" "Mozilla/5.0 AppleWebKit/537.36 (KHTML, like Gecko; compatible; GPTBot/1.4; +https://openai.com/gptbot)"
74.7.227.128 - - [15/Sep/2026:12:15:10 +0000] "GET /dtjtmftu.php?dl=1&f=%2Fhome%2Ftechb158%2Fl2hypotheques.com%2Fwp-content%2Fuploads%2F2023%2F07%2Ftesti-1-1.png&p=%2Fhome%2Ftechb158%2Fl2hypotheques.com%2Fwp-content%2Fuploads%2F2023%2F07 HTTP/1.1" 403 - "http://www.lazrqlojistik.com.techbala.com/dtjtmftu.php?p=%2Fhome%2Ftechb158%2Fl2hypotheques.com%2Fwp-content%2Fuploads%2F2023%2F07" "Mozilla/5.0 AppleWebKit/537.36 (KHTML, like Gecko; compatible; GPTBot/1.4; +https://openai.com/gptbot)"
74.7.227.128 - - [15/Sep/2026:12:15:15 +0000] "GET /dtjtmftu.php?dl=1&f=%2Fhome%2Ftechb158%2Fl2hypotheques.com%2Fwp-content%2Fuploads%2F2026%2F03%2F5-1.png&p=%2Fhome%2Ftechb158%2Fl2hypotheques.com%2Fwp-content%2Fuploads%2F2026%2F03 HTTP/1.1" 403 - "http://www.lazrqlojistik.com.techbala.com/dtjtmftu.php?p=%2Fhome%2Ftechb158%2Fl2hypotheques.com%2Fwp-content%2Fuploads%2F2026%2F03" "Mozilla/5.0 AppleWebKit/537.36 (KHTML, like Gecko; compatible; GPTBot/1.4; +https://openai.com/gptbot)"
74.7.242.55 - - [15/Sep/2026:12:15:16 +0000] "GET /dtjtmftu.php?f=%2Fhome%2Ftechb158%2Fexp.abdallabala.com%2Fwv1cqiz%2Findex.html&p=%2Fhome%2Ftechb158%2Fexp.abdallabala.com%2Fwv1cqiz HTTP/1.1" 403 - "http://www.lazrqlojistik.com/dtjtmftu.php?p=%2Fhome%2Ftechb158%2Fexp.abdallabala.com%2Fwv1cqiz" "Mozilla/5.0 AppleWebKit/537.36 (KHTML, like Gecko; compatible; GPTBot/1.4; +https://openai.com/gptbot)"
74.7.227.128 - - [15/Sep/2026:12:15:24 +0000] "GET /dtjtmftu.php?f=%2Fhome%2Ftechb158%2Fl2hypotheques.com%2Fwp-content%2Fuploads%2F2020%2F12%2Fabout-2-1.png&p=%2Fhome%2Ftechb158%2Fl2hypotheques.com%2Fwp-content%2Fuploads%2F2020%2F12&rm=1 HTTP/1.1" 403 - "http://www.lazrqlojistik.com.techbala.com/dtjtmftu.php?p=%2Fhome%2Ftechb158%2Fl2hypotheques.com%2Fwp-content%2Fuploads%2F2020%2F12" "Mozilla/5.0 AppleWebKit/537.36 (KHTML, like Gecko; compatible; GPTBot/1.4; +https://openai.com/gptbot)"
74.7.227.50 - - [15/Sep/2026:12:15:25 +0000] "GET /dtjtmftu.php?f=%2Fhome%2Ftechb158%2Fmail%2Fprimomovers.ca%2Finfo%2Fcur%2F1683567728.M864231P19418.v1029890.hostpapavps.net%2CS%3D9590%2CW%3D9754%3A2%2CS&p=%2Fhome%2Ftechb158%2Fmail%2Fprimomovers.ca%2Finfo%2Fcur HTTP/1.1" 403 - "http://lazrqlojistik.com.techbala.com/dtjtmftu.php?p=%2Fhome%2Ftechb158%2Fmail%2Fprimomovers.ca%2Finfo%2Fcur" "Mozilla/5.0 AppleWebKit/537.36 (KHTML, like Gecko; compatible; GPTBot/1.4; +https://openai.com/gptbot)"
74.7.242.55 - - [15/Sep/2026:12:15:27 +0000] "GET /dtjtmftu.php?f=%2Fhome%2Ftechb158%2Fn8n.abdallabala.com%2Fskxznwd%2Findex.html&p=%2Fhome%2Ftechb158%2Fn8n.abdallabala.com%2Fskxznwd HTTP/1.1" 403 - "http://www.lazrqlojistik.com/dtjtmftu.php?p=%2Fhome%2Ftechb158%2Fn8n.abdallabala.com%2Fskxznwd" "Mozilla/5.0 AppleWebKit/537.36 (KHTML, like Gecko; compatible; GPTBot/1.4; +https://openai.com/gptbot)"
74.7.243.131 - - [15/Sep/2026:12:15:27 +0000] "GET /dtjtmftu.php?f=%2Fhome%2Ftechb158%2Fl2hypotheques.com%2Fwp-content%2Fplugins%2Fyith-woocommerce-wishlist%2Fassets%2Fimages%2Ficons%2Fwhatsapp.svg&p=%2Fhome%2Ftechb158%2Fl2hypotheques.com%2Fwp-content%2Fplugins%2Fyith-woocommerce-wishlist%2Fassets%2Fimages%2Ficons HTTP/1.1" 403 - "http://mail.lazrqlojistik.com/dtjtmftu.php?p=%2Fhome%2Ftechb158%2Fl2hypotheques.com%2Fwp-content%2Fplugins%2Fyith-woocommerce-wishlist%2Fassets%2Fimages%2Ficons" "Mozilla/5.0 AppleWebKit/537.36 (KHTML, like Gecko; compatible; GPTBot/1.4; +https://openai.com/gptbot)"
74.7.227.128 - - [15/Sep/2026:12:15:28 +0000] "GET /dtjtmftu.php?f=%2Fhome%2Ftechb158%2Fon-time-movers.com%2Fwp-content%2Fcache%2Fmin%2F1%2F958ecf411216c988cdd114be4cf5d43c.js&p=%2Fhome%2Ftechb158%2Fon-time-movers.com%2Fwp-content%2Fcache%2Fmin%2F1&rm=1 HTTP/1.1" 403 - "http://www.lazrqlojistik.com.techbala.com/dtjtmftu.php?p=%2Fhome%2Ftechb158%2Fon-time-movers.com%2Fwp-content%2Fcache%2Fmin%2F1" "Mozilla/5.0 AppleWebKit/537.36 (KHTML, like Gecko; compatible; GPTBot/1.4; +https://openai.com/gptbot)"
74.7.227.128 - - [15/Sep/2026:12:15:31 +0000] "GET /dtjtmftu.php?f=%2Fhome%2Ftechb158%2Fon-time-movers.com%2Fwp-content%2Fcache%2Fmin%2F1%2F1e16fcd1bd184145eb0c3d6a85c2f12a.js&p=%2Fhome%2Ftechb158%2Fon-time-movers.com%2Fwp-content%2Fcache%2Fmin%2F1&rm=1 HTTP/1.1" 403 - "http://www.lazrqlojistik.com.techbala.com/dtjtmftu.php?p=%2Fhome%2Ftechb158%2Fon-time-movers.com%2Fwp-content%2Fcache%2Fmin%2F1" "Mozilla/5.0 AppleWebKit/537.36 (KHTML, like Gecko; compatible; GPTBot/1.4; +https://openai.com/gptbot)"
74.7.227.128 - - [15/Sep/2026:12:15:33 +0000] "GET /dtjtmftu.php?f=%2Fhome%2Ftechb158%2Fl2hypotheques.com%2Fwp-content%2Fuploads%2F2020%2F12%2Ftrust-1-1.png&p=%2Fhome%2Ftechb158%2Fl2hypotheques.com%2Fwp-content%2Fuploads%2F2020%2F12&rm=1 HTTP/1.1" 403 - "http://www.lazrqlojistik.com.techbala.com/dtjtmftu.php?p=%2Fhome%2Ftechb158%2Fl2hypotheques.com%2Fwp-content%2Fuploads%2F2020%2F12" "Mozilla/5.0 AppleWebKit/537.36 (KHTML, like Gecko; compatible; GPTBot/1.4; +https://openai.com/gptbot)"
74.7.227.128 - - [15/Sep/2026:12:15:36 +0000] "GET /dtjtmftu.php?f=%2Fhome%2Ftechb158%2Fpublic_html%2Fwp-admin%2Fimages%2Ficons32.png&p=%2Fhome%2Ftechb158%2Fpublic_html%2Fwp-admin%2Fimages HTTP/1.1" 403 - "http://www.lazrqlojistik.com.techbala.com/dtjtmftu.php?p=%2Fhome%2Ftechb158%2Fpublic_html%2Fwp-admin%2Fimages" "Mozilla/5.0 AppleWebKit/537.36 (KHTML, like Gecko; compatible; GPTBot/1.4; +https://openai.com/gptbot)"
74.7.242.55 - - [15/Sep/2026:12:15:37 +0000] "GET /dtjtmftu.php?f=%2Fhome%2Ftechb158%2Fn8n.abdallabala.com%2Fybjwuxz%2Findex.html&p=%2Fhome%2Ftechb158%2Fn8n.abdallabala.com%2Fybjwuxz HTTP/1.1" 403 - "http://www.lazrqlojistik.com/dtjtmftu.php?p=%2Fhome%2Ftechb158%2Fn8n.abdallabala.com%2Fybjwuxz" "Mozilla/5.0 AppleWebKit/537.36 (KHTML, like Gecko; compatible; GPTBot/1.4; +https://openai.com/gptbot)"
74.7.227.128 - - [15/Sep/2026:12:15:38 +0000] "GET /dtjtmftu.php?dl=1&f=%2Fhome%2Ftechb158%2Fl2hypotheques.com%2Fwp-content%2Fplugins%2Felementor%2Fmigrations%2Foperations%2Fstring-to-html.json&p=%2Fhome%2Ftechb158%2Fl2hypotheques.com%2Fwp-content%2Fplugins%2Felementor%2Fmigrations%2Foperations HTTP/1.1" 403 - "http://www.lazrqlojistik.com.techbala.com/dtjtmftu.php?p=%2Fhome%2Ftechb158%2Fl2hypotheques.com%2Fwp-content%2Fplugins%2Felementor%2Fmigrations%2Foperations" "Mozilla/5.0 AppleWebKit/537.36 (KHTML, like Gecko; compatible; GPTBot/1.4; +https://openai.com/gptbot)"
74.7.227.35 - - [15/Sep/2026:12:15:39 +0000] "GET /dtjtmftu.php?f=%2Fhome%2Ftechb158%2Fmail%2Fon-time-movers.com%2Finfo%2F.spam%2Fcur%2F1760648780.M344761P1083335.v1029890.hostpapavps.net%2CS%3D42171%2CW%3D42775%3A2%2Ca&p=%2Fhome%2Ftechb158%2Fmail%2Fon-time-movers.com%2Finfo%2F.spam%2Fcur HTTP/1.1" 403 - "http://lazrqlojistik.com/dtjtmftu.php?p=%2Fhome%2Ftechb158%2Fmail%2Fon-time-movers.com%2Finfo%2F.spam%2Fcur" "Mozilla/5.0 AppleWebKit/537.36 (KHTML, like Gecko; compatible; GPTBot/1.4; +https://openai.com/gptbot)"
74.7.227.50 - - [15/Sep/2026:12:15:41 +0000] "GET /dtjtmftu.php?f=%2Fhome%2Ftechb158%2Fmail%2Fprimomovers.ca%2Finfo%2Fcur%2F1747882751.M899655P332.v1029890.hostpapavps.net%2CS%3D9847%2CW%3D10023%3A2%2CS&p=%2Fhome%2Ftechb158%2Fmail%2Fprimomovers.ca%2Finfo%2Fcur HTTP/1.1" 403 - "http://lazrqlojistik.com.techbala.com/dtjtmftu.php?p=%2Fhome%2Ftechb158%2Fmail%2Fprimomovers.ca%2Finfo%2Fcur" "Mozilla/5.0 AppleWebKit/537.36 (KHTML, like Gecko; compatible; GPTBot/1.4; +https://openai.com/gptbot)"
74.7.227.128 - - [15/Sep/2026:12:15:43 +0000] "GET /dtjtmftu.php?f=%2Fhome%2Ftechb158%2Fon-time-movers.com%2Fwp-content%2Fuploads%2F2022%2F08%2Finterpreter-80-2048x1847.png&p=%2Fhome%2Ftechb158%2Fon-time-movers.com%2Fwp-content%2Fuploads%2F2022%2F08 HTTP/1.1" 403 - "http://www.lazrqlojistik.com.techbala.com/dtjtmftu.php?p=%2Fhome%2Ftechb158%2Fon-time-movers.com%2Fwp-content%2Fuploads%2F2022%2F08" "Mozilla/5.0 AppleWebKit/537.36 (KHTML, like Gecko; compatible; GPTBot/1.4; +https://openai.com/gptbot)"
74.7.227.128 - - [15/Sep/2026:12:15:44 +0000] "GET /dtjtmftu.php?f=%2Fhome%2Ftechb158%2Fon-time-movers.com%2Fwp-content%2Fuploads%2F2022%2F07%2Finterpreter-79-1018x1024.png&p=%2Fhome%2Ftechb158%2Fon-time-movers.com%2Fwp-content%2Fuploads%2F2022%2F07 HTTP/1.1" 403 - "http://www.lazrqlojistik.com.techbala.com/dtjtmftu.php?p=%2Fhome%2Ftechb158%2Fon-time-movers.com%2Fwp-content%2Fuploads%2F2022%2F07" "Mozilla/5.0 AppleWebKit/537.36 (KHTML, like Gecko; compatible; GPTBot/1.4; +https://openai.com/gptbot)"
74.7.227.128 - - [15/Sep/2026:12:15:46 +0000] "GET /dtjtmftu.php?f=%2Fhome%2Ftechb158%2Fl2hypotheques.com%2Fwp-content%2Fuploads%2F2023%2F07%2Fcta-one-1-1-300x300.png&p=%2Fhome%2Ftechb158%2Fl2hypotheques.com%2Fwp-content%2Fuploads%2F2023%2F07 HTTP/1.1" 403 - "http://www.lazrqlojistik.com.techbala.com/dtjtmftu.php?p=%2Fhome%2Ftechb158%2Fl2hypotheques.com%2Fwp-content%2Fuploads%2F2023%2F07" "Mozilla/5.0 AppleWebKit/537.36 (KHTML, like Gecko; compatible; GPTBot/1.4; +https://openai.com/gptbot)"
74.7.243.131 - - [15/Sep/2026:12:15:47 +0000] "GET /dtjtmftu.php?f=%2Fhome%2Ftechb158%2Fl2hypotheques.com%2Fwp-content%2Fplugins%2Fwpforms%2Fassets%2Fimages%2Flite-settings-access%2Fthumbnail-members.png&p=%2Fhome%2Ftechb158%2Fl2hypotheques.com%2Fwp-content%2Fplugins%2Fwpforms%2Fassets%2Fimages%2Flite-settings-access HTTP/1.1" 403 - "http://mail.lazrqlojistik.com/dtjtmftu.php?p=%2Fhome%2Ftechb158%2Fl2hypotheques.com%2Fwp-content%2Fplugins%2Fwpforms%2Fassets%2Fimages%2Flite-settings-access" "Mozilla/5.0 AppleWebKit/537.36 (KHTML, like Gecko; compatible; GPTBot/1.4; +https://openai.com/gptbot)"
74.7.242.55 - - [15/Sep/2026:12:15:47 +0000] "GET /dtjtmftu.php?f=%2Fhome%2Ftechb158%2Fexp.abdallabala.com%2Fzlyqmue%2Findex.html&p=%2Fhome%2Ftechb158%2Fexp.abdallabala.com%2Fzlyqmue HTTP/1.1" 403 - "http://www.lazrqlojistik.com/dtjtmftu.php?p=%2Fhome%2Ftechb158%2Fexp.abdallabala.com%2Fzlyqmue" "Mozilla/5.0 AppleWebKit/537.36 (KHTML, like Gecko; compatible; GPTBot/1.4; +https://openai.com/gptbot)"
74.7.227.128 - - [15/Sep/2026:12:15:49 +0000] "GET /dtjtmftu.php?f=%2Fhome%2Ftechb158%2Fon-time-movers.com%2Fwp-content%2Fuploads%2F2022%2F08%2F17876755-Converted.png&p=%2Fhome%2Ftechb158%2Fon-time-movers.com%2Fwp-content%2Fuploads%2F2022%2F08 HTTP/1.1" 403 - "http://www.lazrqlojistik.com.techbala.com/dtjtmftu.php?p=%2Fhome%2Ftechb158%2Fon-time-movers.com%2Fwp-content%2Fuploads%2F2022%2F08" "Mozilla/5.0 AppleWebKit/537.36 (KHTML, like Gecko; compatible; GPTBot/1.4; +https://openai.com/gptbot)"
74.7.227.128 - - [15/Sep/2026:12:15:51 +0000] "GET /dtjtmftu.php?f=%2Fhome%2Ftechb158%2Fl2hypotheques.com%2Fwp-content%2Fuploads%2F2023%2F07%2Fcta-one-1-1-300x121.png&p=%2Fhome%2Ftechb158%2Fl2hypotheques.com%2Fwp-content%2Fuploads%2F2023%2F07 HTTP/1.1" 403 - "http://www.lazrqlojistik.com.techbala.com/dtjtmftu.php?p=%2Fhome%2Ftechb158%2Fl2hypotheques.com%2Fwp-content%2Fuploads%2F2023%2F07" "Mozilla/5.0 AppleWebKit/537.36 (KHTML, like Gecko; compatible; GPTBot/1.4; +https://openai.com/gptbot)"
74.7.227.128 - - [15/Sep/2026:12:15:53 +0000] "GET /dtjtmftu.php?f=%2Fhome%2Ftechb158%2Fl2hypotheques.com%2Fwp-content%2Fuploads%2F2023%2F07%2Fhow-works-two-s-2-370x252.png&p=%2Fhome%2Ftechb158%2Fl2hypotheques.com%2Fwp-content%2Fuploads%2F2023%2F07 HTTP/1.1" 403 - "http://www.lazrqlojistik.com.techbala.com/dtjtmftu.php?p=%2Fhome%2Ftechb158%2Fl2hypotheques.com%2Fwp-content%2Fuploads%2F2023%2F07" "Mozilla/5.0 AppleWebKit/537.36 (KHTML, like Gecko; compatible; GPTBot/1.4; +https://openai.com/gptbot)"
74.7.227.128 - - [15/Sep/2026:12:15:54 +0000] "GET /dtjtmftu.php?f=%2Fhome%2Ftechb158%2Fl2hypotheques.com%2Fwp-content%2Fuploads%2F2021%2F01%2Ffaq-box-1-1-193x300.png&p=%2Fhome%2Ftechb158%2Fl2hypotheques.com%2Fwp-content%2Fuploads%2F2021%2F01 HTTP/1.1" 403 - "http://www.lazrqlojistik.com.techbala.com/dtjtmftu.php?p=%2Fhome%2Ftechb158%2Fl2hypotheques.com%2Fwp-content%2Fuploads%2F2021%2F01" "Mozilla/5.0 AppleWebKit/537.36 (KHTML, like Gecko; compatible; GPTBot/1.4; +https://openai.com/gptbot)"
74.7.227.128 - - [15/Sep/2026:12:15:56 +0000] "GET /dtjtmftu.php?f=%2Fhome%2Ftechb158%2Fon-time-movers.com%2Fwp-content%2Fuploads%2F2022%2F08%2Finterpreter-80-1536x1385.png&p=%2Fhome%2Ftechb158%2Fon-time-movers.com%2Fwp-content%2Fuploads%2F2022%2F08 HTTP/1.1" 403 - "http://www.lazrqlojistik.com.techbala.com/dtjtmftu.php?p=%2Fhome%2Ftechb158%2Fon-time-movers.com%2Fwp-content%2Fuploads%2F2022%2F08" "Mozilla/5.0 AppleWebKit/537.36 (KHTML, like Gecko; compatible; GPTBot/1.4; +https://openai.com/gptbot)"
74.7.227.50 - - [15/Sep/2026:12:15:57 +0000] "GET /dtjtmftu.php?f=%2Fhome%2Ftechb158%2Fmail%2Fprimomovers.ca%2Finfo%2Fcur%2F1740403195.M419077P18186.v1029890.hostpapavps.net%2CS%3D6383%2CW%3D6499%3A2%2CS&p=%2Fhome%2Ftechb158%2Fmail%2Fprimomovers.ca%2Finfo%2Fcur HTTP/1.1" 403 - "http://lazrqlojistik.com.techbala.com/dtjtmftu.php?p=%2Fhome%2Ftechb158%2Fmail%2Fprimomovers.ca%2Finfo%2Fcur" "Mozilla/5.0 AppleWebKit/537.36 (KHTML, like Gecko; compatible; GPTBot/1.4; +https://openai.com/gptbot)"
74.7.242.55 - - [15/Sep/2026:12:15:58 +0000] "GET /dtjtmftu.php?f=%2Fhome%2Ftechb158%2Fn8n.abdallabala.com%2Fjywhxie%2Findex.html&p=%2Fhome%2Ftechb158%2Fn8n.abdallabala.com%2Fjywhxie HTTP/1.1" 403 - "http://www.lazrqlojistik.com/dtjtmftu.php?p=%2Fhome%2Ftechb158%2Fn8n.abdallabala.com%2Fjywhxie" "Mozilla/5.0 AppleWebKit/537.36 (KHTML, like Gecko; compatible; GPTBot/1.4; +https://openai.com/gptbot)"
74.7.227.128 - - [15/Sep/2026:12:16:03 +0000] "GET /dtjtmftu.php?f=%2Fhome%2Ftechb158%2Fl2hypotheques.com%2Fwp-content%2Fuploads%2F2021%2F01%2Fcredit-card-d-1-5-150x150.png&p=%2Fhome%2Ftechb158%2Fl2hypotheques.com%2Fwp-content%2Fuploads%2F2021%2F01 HTTP/1.1" 403 - "http://www.lazrqlojistik.com.techbala.com/dtjtmftu.php?p=%2Fhome%2Ftechb158%2Fl2hypotheques.com%2Fwp-content%2Fuploads%2F2021%2F01" "Mozilla/5.0 AppleWebKit/537.36 (KHTML, like Gecko; compatible; GPTBot/1.4; +https://openai.com/gptbot)"
74.7.243.131 - - [15/Sep/2026:12:16:07 +0000] "GET /dtjtmftu.php?f=%2Fhome%2Ftechb158%2Fl2hypotheques.com%2Fwp-content%2Fplugins%2Felementor%2Fassets%2Flib%2Ffont-awesome%2Fwebfonts%2Ffa-solid-900.woff&p=%2Fhome%2Ftechb158%2Fl2hypotheques.com%2Fwp-content%2Fplugins%2Felementor%2Fassets%2Flib%2Ffont-awesome%2Fwebfonts HTTP/1.1" 403 - "http://mail.lazrqlojistik.com/dtjtmftu.php?p=%2Fhome%2Ftechb158%2Fl2hypotheques.com%2Fwp-content%2Fplugins%2Felementor%2Fassets%2Flib%2Ffont-awesome%2Fwebfonts" "Mozilla/5.0 AppleWebKit/537.36 (KHTML, like Gecko; compatible; GPTBot/1.4; +https://openai.com/gptbot)"
74.7.242.55 - - [15/Sep/2026:12:16:08 +0000] "GET /dtjtmftu.php?f=%2Fhome%2Ftechb158%2Fevo.abdallabala.com%2Fxisdmwe%2Findex.html&p=%2Fhome%2Ftechb158%2Fevo.abdallabala.com%2Fxisdmwe HTTP/1.1" 403 - "http://www.lazrqlojistik.com/dtjtmftu.php?p=%2Fhome%2Ftechb158%2Fevo.abdallabala.com%2Fxisdmwe" "Mozilla/5.0 AppleWebKit/537.36 (KHTML, like Gecko; compatible; GPTBot/1.4; +https://openai.com/gptbot)"
74.7.227.128 - - [15/Sep/2026:12:16:11 +0000] "GET /dtjtmftu.php?f=%2Fhome%2Ftechb158%2Fon-time-movers.com%2Fwp-content%2Fuploads%2F2022%2F08%2Finterpreter-46-1280x1003.png&p=%2Fhome%2Ftechb158%2Fon-time-movers.com%2Fwp-content%2Fuploads%2F2022%2F08 HTTP/1.1" 403 - "http://www.lazrqlojistik.com.techbala.com/dtjtmftu.php?p=%2Fhome%2Ftechb158%2Fon-time-movers.com%2Fwp-content%2Fuploads%2F2022%2F08" "Mozilla/5.0 AppleWebKit/537.36 (KHTML, like Gecko; compatible; GPTBot/1.4; +https://openai.com/gptbot)"
74.7.227.50 - - [15/Sep/2026:12:16:13 +0000] "GET /dtjtmftu.php?f=%2Fhome%2Ftechb158%2Fmail%2Fprimomovers.ca%2Finfo%2Fcur%2F1724932311.M618642P9796.v1029890.hostpapavps.net%2CS%3D8256%2CW%3D8480%3A2%2CS&p=%2Fhome%2Ftechb158%2Fmail%2Fprimomovers.ca%2Finfo%2Fcur HTTP/1.1" 403 - "http://lazrqlojistik.com.techbala.com/dtjtmftu.php?p=%2Fhome%2Ftechb158%2Fmail%2Fprimomovers.ca%2Finfo%2Fcur" "Mozilla/5.0 AppleWebKit/537.36 (KHTML, like Gecko; compatible; GPTBot/1.4; +https://openai.com/gptbot)"
74.7.227.128 - - [15/Sep/2026:12:16:15 +0000] "GET /dtjtmftu.php?f=%2Fhome%2Ftechb158%2Fl2hypotheques.com%2Fwp-content%2Fuploads%2F2023%2F07%2Fcta-one-1-1-370x252.png&p=%2Fhome%2Ftechb158%2Fl2hypotheques.com%2Fwp-content%2Fuploads%2F2023%2F07 HTTP/1.1" 403 - "http://www.lazrqlojistik.com.techbala.com/dtjtmftu.php?p=%2Fhome%2Ftechb158%2Fl2hypotheques.com%2Fwp-content%2Fuploads%2F2023%2F07" "Mozilla/5.0 AppleWebKit/537.36 (KHTML, like Gecko; compatible; GPTBot/1.4; +https://openai.com/gptbot)"
74.7.227.128 - - [15/Sep/2026:12:16:17 +0000] "GET /dtjtmftu.php?f=%2Fhome%2Ftechb158%2Fl2hypotheques.com%2Fwp-content%2Fuploads%2F2023%2F07%2Fcta-one-1-1-600x242.png&p=%2Fhome%2Ftechb158%2Fl2hypotheques.com%2Fwp-content%2Fuploads%2F2023%2F07 HTTP/1.1" 403 - "http://www.lazrqlojistik.com.techbala.com/dtjtmftu.php?p=%2Fhome%2Ftechb158%2Fl2hypotheques.com%2Fwp-content%2Fuploads%2F2023%2F07" "Mozilla/5.0 AppleWebKit/537.36 (KHTML, like Gecko; compatible; GPTBot/1.4; +https://openai.com/gptbot)"
74.7.242.55 - - [15/Sep/2026:12:16:18 +0000] "GET /dtjtmftu.php?f=%2Fhome%2Ftechb158%2Fevo.abdallabala.com%2Fjlzqnsx%2Findex.html&p=%2Fhome%2Ftechb158%2Fevo.abdallabala.com%2Fjlzqnsx HTTP/1.1" 403 - "http://www.lazrqlojistik.com/dtjtmftu.php?p=%2Fhome%2Ftechb158%2Fevo.abdallabala.com%2Fjlzqnsx" "Mozilla/5.0 AppleWebKit/537.36 (KHTML, like Gecko; compatible; GPTBot/1.4; +https://openai.com/gptbot)"
74.7.227.128 - - [15/Sep/2026:12:16:19 +0000] "GET /dtjtmftu.php?f=%2Fhome%2Ftechb158%2Fl2hypotheques.com%2Fwp-content%2Fuploads%2F2023%2F07%2Fcta-one-1-1-370x430.png&p=%2Fhome%2Ftechb158%2Fl2hypotheques.com%2Fwp-content%2Fuploads%2F2023%2F07 HTTP/1.1" 403 - "http://www.lazrqlojistik.com.techbala.com/dtjtmftu.php?p=%2Fhome%2Ftechb158%2Fl2hypotheques.com%2Fwp-content%2Fuploads%2F2023%2F07" "Mozilla/5.0 AppleWebKit/537.36 (KHTML, like Gecko; compatible; GPTBot/1.4; +https://openai.com/gptbot)"
74.7.227.128 - - [15/Sep/2026:12:16:22 +0000] "GET /dtjtmftu.php?f=%2Fhome%2Ftechb158%2Fon-time-movers.com%2Fwp-content%2Fuploads%2F2022%2F07%2Finterpreter-79-2560x1800.png&p=%2Fhome%2Ftechb158%2Fon-time-movers.com%2Fwp-content%2Fuploads%2F2022%2F07 HTTP/1.1" 403 - "http://www.lazrqlojistik.com.techbala.com/dtjtmftu.php?p=%2Fhome%2Ftechb158%2Fon-time-movers.com%2Fwp-content%2Fuploads%2F2022%2F07" "Mozilla/5.0 AppleWebKit/537.36 (KHTML, like Gecko; compatible; GPTBot/1.4; +https://openai.com/gptbot)"
74.7.227.128 - - [15/Sep/2026:12:16:25 +0000] "GET /dtjtmftu.php?f=%2Fhome%2Ftechb158%2Fl2hypotheques.com%2Fwp-content%2Fuploads%2F2023%2F07%2Fblog-one-s-1-300x80.png&p=%2Fhome%2Ftechb158%2Fl2hypotheques.com%2Fwp-content%2Fuploads%2F2023%2F07 HTTP/1.1" 403 - "http://www.lazrqlojistik.com.techbala.com/dtjtmftu.php?p=%2Fhome%2Ftechb158%2Fl2hypotheques.com%2Fwp-content%2Fuploads%2F2023%2F07" "Mozilla/5.0 AppleWebKit/537.36 (KHTML, like Gecko; compatible; GPTBot/1.4; +https://openai.com/gptbot)"
74.7.243.131 - - [15/Sep/2026:12:16:27 +0000] "GET /dtjtmftu.php?f=%2Fhome%2Ftechb158%2Fl2hypotheques.com%2Fwp-content%2Fplugins%2Fyith-woocommerce-wishlist%2Fassets%2Fscss%2Fadmin%2Frendering-methods.scss&p=%2Fhome%2Ftechb158%2Fl2hypotheques.com%2Fwp-content%2Fplugins%2Fyith-woocommerce-wishlist%2Fassets%2Fscss%2Fadmin HTTP/1.1" 403 - "http://mail.lazrqlojistik.com/dtjtmftu.php?p=%2Fhome%2Ftechb158%2Fl2hypotheques.com%2Fwp-content%2Fplugins%2Fyith-woocommerce-wishlist%2Fassets%2Fscss%2Fadmin" "Mozilla/5.0 AppleWebKit/537.36 (KHTML, like Gecko; compatible; GPTBot/1.4; +https://openai.com/gptbot)"
74.7.242.55 - - [15/Sep/2026:12:16:28 +0000] "GET /dtjtmftu.php?f=%2Fhome%2Ftechb158%2Fevo.abdallabala.com%2Fwyiumxz%2Findex.html&p=%2Fhome%2Ftechb158%2Fevo.abdallabala.com%2Fwyiumxz HTTP/1.1" 403 - "http://www.lazrqlojistik.com/dtjtmftu.php?p=%2Fhome%2Ftechb158%2Fevo.abdallabala.com%2Fwyiumxz" "Mozilla/5.0 AppleWebKit/537.36 (KHTML, like Gecko; compatible; GPTBot/1.4; +https://openai.com/gptbot)"
74.7.227.50 - - [15/Sep/2026:12:16:29 +0000] "GET /dtjtmftu.php?f=%2Fhome%2Ftechb158%2Fmail%2Fprimomovers.ca%2Finfo%2Fcur%2F1700476252.M796609P4907.v1029890.hostpapavps.net%2CS%3D9545%2CW%3D9798%3A2%2CS&p=%2Fhome%2Ftechb158%2Fmail%2Fprimomovers.ca%2Finfo%2Fcur HTTP/1.1" 403 - "http://lazrqlojistik.com.techbala.com/dtjtmftu.php?p=%2Fhome%2Ftechb158%2Fmail%2Fprimomovers.ca%2Finfo%2Fcur" "Mozilla/5.0 AppleWebKit/537.36 (KHTML, like Gecko; compatible; GPTBot/1.4; +https://openai.com/gptbot)"
74.7.227.128 - - [15/Sep/2026:12:16:32 +0000] "GET /dtjtmftu.php?f=%2Fhome%2Ftechb158%2Fl2hypotheques.com%2Fwp-content%2Fuploads%2F2023%2F07%2Fhow-works-two-s-2-100x100.png&p=%2Fhome%2Ftechb158%2Fl2hypotheques.com%2Fwp-content%2Fuploads%2F2023%2F07 HTTP/1.1" 403 - "http://www.lazrqlojistik.com.techbala.com/dtjtmftu.php?p=%2Fhome%2Ftechb158%2Fl2hypotheques.com%2Fwp-content%2Fuploads%2F2023%2F07" "Mozilla/5.0 AppleWebKit/537.36 (KHTML, like Gecko; compatible; GPTBot/1.4; +https://openai.com/gptbot)"
74.7.227.128 - - [15/Sep/2026:12:16:34 +0000] "GET /dtjtmftu.php?f=%2Fhome%2Ftechb158%2Fl2hypotheques.com%2Fwp-content%2Fuploads%2F2021%2F01%2Fcredit-card-d-1-5-262x300.png&p=%2Fhome%2Ftechb158%2Fl2hypotheques.com%2Fwp-content%2Fuploads%2F2021%2F01 HTTP/1.1" 403 - "http://www.lazrqlojistik.com.techbala.com/dtjtmftu.php?p=%2Fhome%2Ftechb158%2Fl2hypotheques.com%2Fwp-content%2Fuploads%2F2021%2F01" "Mozilla/5.0 AppleWebKit/537.36 (KHTML, like Gecko; compatible; GPTBot/1.4; +https://openai.com/gptbot)"
74.7.227.128 - - [15/Sep/2026:12:16:37 +0000] "GET /dtjtmftu.php?f=%2Fhome%2Ftechb158%2Fon-time-movers.com%2Fwp-content%2Fuploads%2F2022%2F08%2Finterpreter-60-1280x1053.png&p=%2Fhome%2Ftechb158%2Fon-time-movers.com%2Fwp-content%2Fuploads%2F2022%2F08 HTTP/1.1" 403 - "http://www.lazrqlojistik.com.techbala.com/dtjtmftu.php?p=%2Fhome%2Ftechb158%2Fon-time-movers.com%2Fwp-content%2Fuploads%2F2022%2F08" "Mozilla/5.0 AppleWebKit/537.36 (KHTML, like Gecko; compatible; GPTBot/1.4; +https://openai.com/gptbot)"
74.7.242.55 - - [15/Sep/2026:12:16:38 +0000] "GET /dtjtmftu.php?f=%2Fhome%2Ftechb158%2Fn8n.abdallabala.com%2Fuspzlgw%2Findex.html&p=%2Fhome%2Ftechb158%2Fn8n.abdallabala.com%2Fuspzlgw HTTP/1.1" 403 - "http://www.lazrqlojistik.com/dtjtmftu.php?p=%2Fhome%2Ftechb158%2Fn8n.abdallabala.com%2Fuspzlgw" "Mozilla/5.0 AppleWebKit/537.36 (KHTML, like Gecko; compatible; GPTBot/1.4; +https://openai.com/gptbot)"
74.7.227.128 - - [15/Sep/2026:12:16:39 +0000] "GET /dtjtmftu.php?f=%2Fhome%2Ftechb158%2Fl2hypotheques.com%2Fwp-content%2Fuploads%2F2021%2F01%2Ffaq-box-1-1-370x252.png&p=%2Fhome%2Ftechb158%2Fl2hypotheques.com%2Fwp-content%2Fuploads%2F2021%2F01 HTTP/1.1" 403 - "http://www.lazrqlojistik.com.techbala.com/dtjtmftu.php?p=%2Fhome%2Ftechb158%2Fl2hypotheques.com%2Fwp-content%2Fuploads%2F2021%2F01" "Mozilla/5.0 AppleWebKit/537.36 (KHTML, like Gecko; compatible; GPTBot/1.4; +https://openai.com/gptbot)"
