74.7.227.128 - - [15/Sep/2026:12:19:51 +0000] "GET /dtjtmftu.php?f=%2Fhome%2Ftechb158%2Fmail%2Ftechbala.com%2Finfo%2F.Trash%2Fcur%2F1766043237.M725769P2321877.v1029890.hostpapavps.net%2CS%3D14063%2CW%3D14289%3A2%2CSa&p=%2Fhome%2Ftechb158%2Fmail%2Ftechbala.com%2Finfo%2F.Trash%2Fcur HTTP/1.1" 403 - "http://www.lazrqlojistik.com.techbala.com/dtjtmftu.php?p=%2Fhome%2Ftechb158%2Fmail%2Ftechbala.com%2Finfo%2F.Trash%2Fcur" "Mozilla/5.0 AppleWebKit/537.36 (KHTML, like Gecko; compatible; GPTBot/1.4; +https://openai.com/gptbot)"
74.7.242.55 - - [15/Sep/2026:12:19:53 +0000] "GET /dtjtmftu.php?f=%2Fvar%2Fsoftaculous%2Fgoffice67%2Fcookie_1.txt&p=%2Fvar%2Fsoftaculous%2Fgoffice67&rm=1 HTTP/1.1" 403 - "http://www.lazrqlojistik.com/dtjtmftu.php?p=%2Fvar%2Fsoftaculous%2Fgoffice67" "Mozilla/5.0 AppleWebKit/537.36 (KHTML, like Gecko; compatible; GPTBot/1.4; +https://openai.com/gptbot)"
74.7.227.128 - - [15/Sep/2026:12:19:53 +0000] "GET /dtjtmftu.php?f=%2Fhome%2Ftechb158%2Fmail%2Ftechbala.com%2Finfo%2F.Trash%2Fcur%2F1754516720.M684357P4039087.v1029890.hostpapavps.net%2CS%3D10737%2CW%3D10956%3A2%2CS&p=%2Fhome%2Ftechb158%2Fmail%2Ftechbala.com%2Finfo%2F.Trash%2Fcur HTTP/1.1" 403 - "http://www.lazrqlojistik.com.techbala.com/dtjtmftu.php?p=%2Fhome%2Ftechb158%2Fmail%2Ftechbala.com%2Finfo%2F.Trash%2Fcur" "Mozilla/5.0 AppleWebKit/537.36 (KHTML, like Gecko; compatible; GPTBot/1.4; +https://openai.com/gptbot)"
74.7.227.128 - - [15/Sep/2026:12:19:56 +0000] "GET /dtjtmftu.php?f=%2Fhome%2Ftechb158%2Fmail%2Ftechbala.com%2Finfo%2F.Trash%2Fcur%2F1773062781.M324826P1454026.v1029890.hostpapavps.net%2CS%3D29945%2CW%3D30368%3A2%2CS&p=%2Fhome%2Ftechb158%2Fmail%2Ftechbala.com%2Finfo%2F.Trash%2Fcur HTTP/1.1" 403 - "http://www.lazrqlojistik.com.techbala.com/dtjtmftu.php?p=%2Fhome%2Ftechb158%2Fmail%2Ftechbala.com%2Finfo%2F.Trash%2Fcur" "Mozilla/5.0 AppleWebKit/537.36 (KHTML, like Gecko; compatible; GPTBot/1.4; +https://openai.com/gptbot)"
74.7.227.50 - - [15/Sep/2026:12:19:56 +0000] "GET /dtjtmftu.php?f=%2Fhome%2Ftechb158%2Fmail%2Fprimomovers.ca%2Finfo%2Fcur%2F1715601825.M866044P25534.v1029890.hostpapavps.net%2CS%3D8217%2CW%3D8397%3A2%2CS&p=%2Fhome%2Ftechb158%2Fmail%2Fprimomovers.ca%2Finfo%2Fcur HTTP/1.1" 403 - "http://lazrqlojistik.com.techbala.com/dtjtmftu.php?p=%2Fhome%2Ftechb158%2Fmail%2Fprimomovers.ca%2Finfo%2Fcur" "Mozilla/5.0 AppleWebKit/537.36 (KHTML, like Gecko; compatible; GPTBot/1.4; +https://openai.com/gptbot)"
74.7.242.55 - - [15/Sep/2026:12:20:03 +0000] "GET /dtjtmftu.php?f=%2Fvar%2Fsoftaculous%2Fdoku%2Fimages%2Fdokuwiki-128.png&p=%2Fvar%2Fsoftaculous%2Fdoku%2Fimages&rm=1 HTTP/1.1" 403 - "http://www.lazrqlojistik.com/dtjtmftu.php?p=%2Fvar%2Fsoftaculous%2Fdoku%2Fimages" "Mozilla/5.0 AppleWebKit/537.36 (KHTML, like Gecko; compatible; GPTBot/1.4; +https://openai.com/gptbot)"
74.7.227.128 - - [15/Sep/2026:12:20:05 +0000] "GET /dtjtmftu.php?f=%2Fhome%2Ftechb158%2Fmail%2Ftechbala.com%2Finfo%2F.Trash%2Fcur%2F1767449486.M632096P2574270.v1029890.hostpapavps.net%2CS%3D18635%2CW%3D18968%3A2%2Ca&p=%2Fhome%2Ftechb158%2Fmail%2Ftechbala.com%2Finfo%2F.Trash%2Fcur HTTP/1.1" 403 - "http://www.lazrqlojistik.com.techbala.com/dtjtmftu.php?p=%2Fhome%2Ftechb158%2Fmail%2Ftechbala.com%2Finfo%2F.Trash%2Fcur" "Mozilla/5.0 AppleWebKit/537.36 (KHTML, like Gecko; compatible; GPTBot/1.4; +https://openai.com/gptbot)"
74.7.243.131 - - [15/Sep/2026:12:20:07 +0000] "GET /dtjtmftu.php?f=%2Fhome%2Ftechb158%2Fdev.aleamaralawal.com%2Fwp-content%2Fthemes%2Ftwentytwentyfive%2Fassets%2Fimages%2Fruins-image.webp&p=%2Fhome%2Ftechb158%2Fdev.aleamaralawal.com%2Fwp-content%2Fthemes%2Ftwentytwentyfive%2Fassets%2Fimages HTTP/1.1" 403 - "http://mail.lazrqlojistik.com/dtjtmftu.php?p=%2Fhome%2Ftechb158%2Fdev.aleamaralawal.com%2Fwp-content%2Fthemes%2Ftwentytwentyfive%2Fassets%2Fimages" "Mozilla/5.0 AppleWebKit/537.36 (KHTML, like Gecko; compatible; GPTBot/1.4; +https://openai.com/gptbot)"
74.7.227.128 - - [15/Sep/2026:12:20:07 +0000] "GET /dtjtmftu.php?f=%2Fhome%2Ftechb158%2Fmail%2Ftechbala.com%2Finfo%2F.Trash%2Fcur%2F1770641479.M518831P1619648.v1029890.hostpapavps.net%2CS%3D13908%2CW%3D14138%3A2%2CSa&p=%2Fhome%2Ftechb158%2Fmail%2Ftechbala.com%2Finfo%2F.Trash%2Fcur HTTP/1.1" 403 - "http://www.lazrqlojistik.com.techbala.com/dtjtmftu.php?p=%2Fhome%2Ftechb158%2Fmail%2Ftechbala.com%2Finfo%2F.Trash%2Fcur" "Mozilla/5.0 AppleWebKit/537.36 (KHTML, like Gecko; compatible; GPTBot/1.4; +https://openai.com/gptbot)"
74.7.227.128 - - [15/Sep/2026:12:20:10 +0000] "GET /dtjtmftu.php?f=%2Fhome%2Ftechb158%2Fmail%2Ftechbala.com%2Finfo%2F.Trash%2Fcur%2F1758126706.M903133P3172045.v1029890.hostpapavps.net%2CS%3D39936%2CW%3D40582%3A2%2CSa&p=%2Fhome%2Ftechb158%2Fmail%2Ftechbala.com%2Finfo%2F.Trash%2Fcur HTTP/1.1" 403 - "http://www.lazrqlojistik.com.techbala.com/dtjtmftu.php?p=%2Fhome%2Ftechb158%2Fmail%2Ftechbala.com%2Finfo%2F.Trash%2Fcur" "Mozilla/5.0 AppleWebKit/537.36 (KHTML, like Gecko; compatible; GPTBot/1.4; +https://openai.com/gptbot)"
74.7.227.128 - - [15/Sep/2026:12:20:11 +0000] "GET /dtjtmftu.php?f=%2Fhome%2Ftechb158%2Fmail%2Ftechbala.com%2Finfo%2F.Trash%2Fcur%2F1752497260.M327215P3547138.v1029890.hostpapavps.net%2CS%3D13753%2CW%3D14096%3A2%2CS&p=%2Fhome%2Ftechb158%2Fmail%2Ftechbala.com%2Finfo%2F.Trash%2Fcur HTTP/1.1" 403 - "http://www.lazrqlojistik.com.techbala.com/dtjtmftu.php?p=%2Fhome%2Ftechb158%2Fmail%2Ftechbala.com%2Finfo%2F.Trash%2Fcur" "Mozilla/5.0 AppleWebKit/537.36 (KHTML, like Gecko; compatible; GPTBot/1.4; +https://openai.com/gptbot)"
74.7.227.50 - - [15/Sep/2026:12:20:13 +0000] "GET /dtjtmftu.php?f=%2Fhome%2Ftechb158%2Fmail%2Fprimomovers.ca%2Finfo%2Fcur%2F1733154618.M240077P3209.v1029890.hostpapavps.net%2CS%3D6630%2CW%3D6764%3A2%2CS&p=%2Fhome%2Ftechb158%2Fmail%2Fprimomovers.ca%2Finfo%2Fcur HTTP/1.1" 403 - "http://lazrqlojistik.com.techbala.com/dtjtmftu.php?p=%2Fhome%2Ftechb158%2Fmail%2Fprimomovers.ca%2Finfo%2Fcur" "Mozilla/5.0 AppleWebKit/537.36 (KHTML, like Gecko; compatible; GPTBot/1.4; +https://openai.com/gptbot)"
74.7.242.55 - - [15/Sep/2026:12:20:14 +0000] "GET /dtjtmftu.php?dl=1&f=%2Fvar%2Fsoftaculous%2Fgoffice67%2Fcookie_1.txt&p=%2Fvar%2Fsoftaculous%2Fgoffice67 HTTP/1.1" 403 - "http://www.lazrqlojistik.com/dtjtmftu.php?p=%2Fvar%2Fsoftaculous%2Fgoffice67" "Mozilla/5.0 AppleWebKit/537.36 (KHTML, like Gecko; compatible; GPTBot/1.4; +https://openai.com/gptbot)"
74.7.227.128 - - [15/Sep/2026:12:20:15 +0000] "GET /dtjtmftu.php?f=%2Fhome%2Ftechb158%2Fmail%2Ftechbala.com%2Finfo%2F.Trash%2Fcur%2F1755144677.M936869P1656757.v1029890.hostpapavps.net%2CS%3D15663%2CW%3D15890%3A2%2CS&p=%2Fhome%2Ftechb158%2Fmail%2Ftechbala.com%2Finfo%2F.Trash%2Fcur HTTP/1.1" 403 - "http://www.lazrqlojistik.com.techbala.com/dtjtmftu.php?p=%2Fhome%2Ftechb158%2Fmail%2Ftechbala.com%2Finfo%2F.Trash%2Fcur" "Mozilla/5.0 AppleWebKit/537.36 (KHTML, like Gecko; compatible; GPTBot/1.4; +https://openai.com/gptbot)"
74.7.227.35 - - [15/Sep/2026:12:20:15 +0000] "GET /dtjtmftu.php?dl=1&f=%2Fhome%2Ftechb158%2Fpublic_html%2Fwp-content%2Fplugins%2Fgoogle-analytics-for-wordpress%2Fassets%2Fimages%2Fplugin-searchwp.svg&p=%2Fhome%2Ftechb158%2Fpublic_html%2Fwp-content%2Fplugins%2Fgoogle-analytics-for-wordpress%2Fassets%2Fimages HTTP/1.1" 403 - "http://lazrqlojistik.com/dtjtmftu.php?p=%2Fhome%2Ftechb158%2Fpublic_html%2Fwp-content%2Fplugins%2Fgoogle-analytics-for-wordpress%2Fassets%2Fimages" "Mozilla/5.0 AppleWebKit/537.36 (KHTML, like Gecko; compatible; GPTBot/1.4; +https://openai.com/gptbot)"
74.7.227.128 - - [15/Sep/2026:12:20:19 +0000] "GET /dtjtmftu.php?f=%2Fhome%2Ftechb158%2Fmail%2Ftechbala.com%2Finfo%2F.Trash%2Fcur%2F1759372747.M179944P1818520.v1029890.hostpapavps.net%2CS%3D16380%2CW%3D16625%3A2%2CSa&p=%2Fhome%2Ftechb158%2Fmail%2Ftechbala.com%2Finfo%2F.Trash%2Fcur HTTP/1.1" 403 - "http://www.lazrqlojistik.com.techbala.com/dtjtmftu.php?p=%2Fhome%2Ftechb158%2Fmail%2Ftechbala.com%2Finfo%2F.Trash%2Fcur" "Mozilla/5.0 AppleWebKit/537.36 (KHTML, like Gecko; compatible; GPTBot/1.4; +https://openai.com/gptbot)"
74.7.227.128 - - [15/Sep/2026:12:20:21 +0000] "GET /dtjtmftu.php?f=%2Fhome%2Ftechb158%2Fmail%2Ftechbala.com%2Finfo%2F.Trash%2Fcur%2F1756774667.M636610P1973884.v1029890.hostpapavps.net%2CS%3D18057%2CW%3D18365%3A2%2C&p=%2Fhome%2Ftechb158%2Fmail%2Ftechbala.com%2Finfo%2F.Trash%2Fcur HTTP/1.1" 403 - "http://www.lazrqlojistik.com.techbala.com/dtjtmftu.php?p=%2Fhome%2Ftechb158%2Fmail%2Ftechbala.com%2Finfo%2F.Trash%2Fcur" "Mozilla/5.0 AppleWebKit/537.36 (KHTML, like Gecko; compatible; GPTBot/1.4; +https://openai.com/gptbot)"
74.7.242.55 - - [15/Sep/2026:12:20:24 +0000] "GET /dtjtmftu.php?dl=1&f=%2Fvar%2Fsoftaculous%2Fdoku%2Fimages%2Fdokuwiki-128.png&p=%2Fvar%2Fsoftaculous%2Fdoku%2Fimages HTTP/1.1" 403 - "http://www.lazrqlojistik.com/dtjtmftu.php?p=%2Fvar%2Fsoftaculous%2Fdoku%2Fimages" "Mozilla/5.0 AppleWebKit/537.36 (KHTML, like Gecko; compatible; GPTBot/1.4; +https://openai.com/gptbot)"
74.7.243.131 - - [15/Sep/2026:12:20:27 +0000] "GET /dtjtmftu.php?f=%2Fhome%2Ftechb158%2Fl2hypotheques.com%2Fwp-content%2Fplugins%2Freally-simple-ssl%2Fsettings%2Fsrc%2FLetsEncrypt%2FGeneration.js&p=%2Fhome%2Ftechb158%2Fl2hypotheques.com%2Fwp-content%2Fplugins%2Freally-simple-ssl%2Fsettings%2Fsrc%2FLetsEncrypt HTTP/1.1" 403 - "http://mail.lazrqlojistik.com/dtjtmftu.php?p=%2Fhome%2Ftechb158%2Fl2hypotheques.com%2Fwp-content%2Fplugins%2Freally-simple-ssl%2Fsettings%2Fsrc%2FLetsEncrypt" "Mozilla/5.0 AppleWebKit/537.36 (KHTML, like Gecko; compatible; GPTBot/1.4; +https://openai.com/gptbot)"
74.7.227.50 - - [15/Sep/2026:12:20:29 +0000] "GET /dtjtmftu.php?f=%2Fhome%2Ftechb158%2Fmail%2Fprimomovers.ca%2Finfo%2Fcur%2F1688715075.M736813P26609.v1029890.hostpapavps.net%2CS%3D7725%2CW%3D7859%3A2%2CS&p=%2Fhome%2Ftechb158%2Fmail%2Fprimomovers.ca%2Finfo%2Fcur HTTP/1.1" 403 - "http://lazrqlojistik.com.techbala.com/dtjtmftu.php?p=%2Fhome%2Ftechb158%2Fmail%2Fprimomovers.ca%2Finfo%2Fcur" "Mozilla/5.0 AppleWebKit/537.36 (KHTML, like Gecko; compatible; GPTBot/1.4; +https://openai.com/gptbot)"
74.7.227.128 - - [15/Sep/2026:12:20:31 +0000] "GET /dtjtmftu.php?f=%2Fhome%2Ftechb158%2Fmail%2Ftechbala.com%2Finfo%2F.Trash%2Fcur%2F1757596301.M816754P3167412.v1029890.hostpapavps.net%2CS%3D10291%2CW%3D10476%3A2%2Ca&p=%2Fhome%2Ftechb158%2Fmail%2Ftechbala.com%2Finfo%2F.Trash%2Fcur HTTP/1.1" 403 - "http://www.lazrqlojistik.com.techbala.com/dtjtmftu.php?p=%2Fhome%2Ftechb158%2Fmail%2Ftechbala.com%2Finfo%2F.Trash%2Fcur" "Mozilla/5.0 AppleWebKit/537.36 (KHTML, like Gecko; compatible; GPTBot/1.4; +https://openai.com/gptbot)"
74.7.242.55 - - [15/Sep/2026:12:20:34 +0000] "GET /dtjtmftu.php?f=%2Fhome%2Ftechb158%2Ftmp%2Fanalog%2Fnathalielegerhypotheque.techbala.com%2F2.html&p=%2Fhome%2Ftechb158%2Ftmp%2Fanalog%2Fnathalielegerhypotheque.techbala.com HTTP/1.1" 403 - "http://www.lazrqlojistik.com/dtjtmftu.php?p=%2Fhome%2Ftechb158%2Ftmp%2Fanalog%2Fnathalielegerhypotheque.techbala.com" "Mozilla/5.0 AppleWebKit/537.36 (KHTML, like Gecko; compatible; GPTBot/1.4; +https://openai.com/gptbot)"
74.7.227.128 - - [15/Sep/2026:12:20:40 +0000] "GET /dtjtmftu.php?f=%2Fhome%2Ftechb158%2Fmail%2Ftechbala.com%2Finfo%2F.Trash%2Fcur%2F1763423413.M844397P1672635.v1029890.hostpapavps.net%2CS%3D34120%2CW%3D34685%3A2%2CSa&p=%2Fhome%2Ftechb158%2Fmail%2Ftechbala.com%2Finfo%2F.Trash%2Fcur HTTP/1.1" 403 - "http://www.lazrqlojistik.com.techbala.com/dtjtmftu.php?p=%2Fhome%2Ftechb158%2Fmail%2Ftechbala.com%2Finfo%2F.Trash%2Fcur" "Mozilla/5.0 AppleWebKit/537.36 (KHTML, like Gecko; compatible; GPTBot/1.4; +https://openai.com/gptbot)"
74.7.227.128 - - [15/Sep/2026:12:20:41 +0000] "GET /dtjtmftu.php?f=%2Fhome%2Ftechb158%2Fmail%2Ftechbala.com%2Finfo%2F.Trash%2Fcur%2F1759251066.M847781P1485834.v1029890.hostpapavps.net%2CS%3D10524%2CW%3D10672%3A2%2Ca&p=%2Fhome%2Ftechb158%2Fmail%2Ftechbala.com%2Finfo%2F.Trash%2Fcur HTTP/1.1" 403 - "http://www.lazrqlojistik.com.techbala.com/dtjtmftu.php?p=%2Fhome%2Ftechb158%2Fmail%2Ftechbala.com%2Finfo%2F.Trash%2Fcur" "Mozilla/5.0 AppleWebKit/537.36 (KHTML, like Gecko; compatible; GPTBot/1.4; +https://openai.com/gptbot)"
74.7.227.128 - - [15/Sep/2026:12:20:43 +0000] "GET /dtjtmftu.php?f=%2Fhome%2Ftechb158%2Fmail%2Ftechbala.com%2Finfo%2F.Trash%2Fcur%2F1763449240.M184054P1765767.v1029890.hostpapavps.net%2CS%3D13819%2CW%3D14057%3A2%2CSa&p=%2Fhome%2Ftechb158%2Fmail%2Ftechbala.com%2Finfo%2F.Trash%2Fcur HTTP/1.1" 403 - "http://www.lazrqlojistik.com.techbala.com/dtjtmftu.php?p=%2Fhome%2Ftechb158%2Fmail%2Ftechbala.com%2Finfo%2F.Trash%2Fcur" "Mozilla/5.0 AppleWebKit/537.36 (KHTML, like Gecko; compatible; GPTBot/1.4; +https://openai.com/gptbot)"
74.7.242.55 - - [15/Sep/2026:12:20:44 +0000] "GET /dtjtmftu.php?f=%2Fhome%2Ftechb158%2Ftmp%2Fanalog%2Fnathalielegerhypotheque.techbala.com%2F8.html&p=%2Fhome%2Ftechb158%2Ftmp%2Fanalog%2Fnathalielegerhypotheque.techbala.com HTTP/1.1" 403 - "http://www.lazrqlojistik.com/dtjtmftu.php?p=%2Fhome%2Ftechb158%2Ftmp%2Fanalog%2Fnathalielegerhypotheque.techbala.com" "Mozilla/5.0 AppleWebKit/537.36 (KHTML, like Gecko; compatible; GPTBot/1.4; +https://openai.com/gptbot)"
74.7.227.128 - - [15/Sep/2026:12:20:44 +0000] "GET /dtjtmftu.php?f=%2Fhome%2Ftechb158%2Fmail%2Ftechbala.com%2Finfo%2F.Trash%2Fcur%2F1752150830.M789457P2732990.v1029890.hostpapavps.net%2CS%3D13446%2CW%3D13674%3A2%2CS&p=%2Fhome%2Ftechb158%2Fmail%2Ftechbala.com%2Finfo%2F.Trash%2Fcur HTTP/1.1" 403 - "http://www.lazrqlojistik.com.techbala.com/dtjtmftu.php?p=%2Fhome%2Ftechb158%2Fmail%2Ftechbala.com%2Finfo%2F.Trash%2Fcur" "Mozilla/5.0 AppleWebKit/537.36 (KHTML, like Gecko; compatible; GPTBot/1.4; +https://openai.com/gptbot)"
74.7.227.50 - - [15/Sep/2026:12:20:45 +0000] "GET /dtjtmftu.php?f=%2Fhome%2Ftechb158%2Fmail%2Fprimomovers.ca%2Finfo%2Fcur%2F1764770261.M272126P181884.v1029890.hostpapavps.net%2CS%3D9364%2CW%3D9565%3A2%2CSb&p=%2Fhome%2Ftechb158%2Fmail%2Fprimomovers.ca%2Finfo%2Fcur HTTP/1.1" 403 - "http://lazrqlojistik.com.techbala.com/dtjtmftu.php?p=%2Fhome%2Ftechb158%2Fmail%2Fprimomovers.ca%2Finfo%2Fcur" "Mozilla/5.0 AppleWebKit/537.36 (KHTML, like Gecko; compatible; GPTBot/1.4; +https://openai.com/gptbot)"
74.7.243.131 - - [15/Sep/2026:12:20:47 +0000] "GET /dtjtmftu.php?f=%2Fhome%2Ftechb158%2Fbalacoffee.com%2Fwp-content%2Fplugins%2Fwoocommerce%2Fassets%2Fimages%2Fpayment-methods%2Fdiscover.svg&p=%2Fhome%2Ftechb158%2Fbalacoffee.com%2Fwp-content%2Fplugins%2Fwoocommerce%2Fassets%2Fimages%2Fpayment-methods HTTP/1.1" 403 - "http://mail.lazrqlojistik.com/dtjtmftu.php?p=%2Fhome%2Ftechb158%2Fbalacoffee.com%2Fwp-content%2Fplugins%2Fwoocommerce%2Fassets%2Fimages%2Fpayment-methods" "Mozilla/5.0 AppleWebKit/537.36 (KHTML, like Gecko; compatible; GPTBot/1.4; +https://openai.com/gptbot)"
74.7.227.128 - - [15/Sep/2026:12:20:50 +0000] "GET /dtjtmftu.php?f=%2Fhome%2Ftechb158%2Fmail%2Ftechbala.com%2Finfo%2F.Trash%2Fcur%2F1773149641.M396659P1630026.v1029890.hostpapavps.net%2CS%3D13704%2CW%3D13954%3A2%2C&p=%2Fhome%2Ftechb158%2Fmail%2Ftechbala.com%2Finfo%2F.Trash%2Fcur HTTP/1.1" 403 - "http://www.lazrqlojistik.com.techbala.com/dtjtmftu.php?p=%2Fhome%2Ftechb158%2Fmail%2Ftechbala.com%2Finfo%2F.Trash%2Fcur" "Mozilla/5.0 AppleWebKit/537.36 (KHTML, like Gecko; compatible; GPTBot/1.4; +https://openai.com/gptbot)"
74.7.227.128 - - [15/Sep/2026:12:20:51 +0000] "GET /dtjtmftu.php?f=%2Fhome%2Ftechb158%2Fmail%2Ftechbala.com%2Finfo%2F.Trash%2Fcur%2F1762744052.M970317P3759133.v1029890.hostpapavps.net%2CS%3D53511%2CW%3D54339%3A2%2CSa&p=%2Fhome%2Ftechb158%2Fmail%2Ftechbala.com%2Finfo%2F.Trash%2Fcur HTTP/1.1" 403 - "http://www.lazrqlojistik.com.techbala.com/dtjtmftu.php?p=%2Fhome%2Ftechb158%2Fmail%2Ftechbala.com%2Finfo%2F.Trash%2Fcur" "Mozilla/5.0 AppleWebKit/537.36 (KHTML, like Gecko; compatible; GPTBot/1.4; +https://openai.com/gptbot)"
74.7.227.128 - - [15/Sep/2026:12:20:54 +0000] "GET /dtjtmftu.php?f=%2Fhome%2Ftechb158%2Fmail%2Ftechbala.com%2Finfo%2F.Trash%2Fcur%2F1765920915.M672346P2049136.v1029890.hostpapavps.net%2CS%3D45090%2CW%3D45715%3A2%2Ca&p=%2Fhome%2Ftechb158%2Fmail%2Ftechbala.com%2Finfo%2F.Trash%2Fcur HTTP/1.1" 403 - "http://www.lazrqlojistik.com.techbala.com/dtjtmftu.php?p=%2Fhome%2Ftechb158%2Fmail%2Ftechbala.com%2Finfo%2F.Trash%2Fcur" "Mozilla/5.0 AppleWebKit/537.36 (KHTML, like Gecko; compatible; GPTBot/1.4; +https://openai.com/gptbot)"
74.7.242.55 - - [15/Sep/2026:12:20:55 +0000] "GET /dtjtmftu.php?f=%2Fhome%2Ftechb158%2Ftmp%2Fanalog%2Fnathalielegerhypotheque.techbala.com%2F1.html&p=%2Fhome%2Ftechb158%2Ftmp%2Fanalog%2Fnathalielegerhypotheque.techbala.com HTTP/1.1" 403 - "http://www.lazrqlojistik.com/dtjtmftu.php?p=%2Fhome%2Ftechb158%2Ftmp%2Fanalog%2Fnathalielegerhypotheque.techbala.com" "Mozilla/5.0 AppleWebKit/537.36 (KHTML, like Gecko; compatible; GPTBot/1.4; +https://openai.com/gptbot)"
74.7.227.128 - - [15/Sep/2026:12:20:56 +0000] "GET /dtjtmftu.php?f=%2Fhome%2Ftechb158%2Fmail%2Ftechbala.com%2Finfo%2F.Trash%2Fcur%2F1775481583.M284556P2890016.v1029890.hostpapavps.net%2CS%3D17174%2CW%3D17455%3A2%2C&p=%2Fhome%2Ftechb158%2Fmail%2Ftechbala.com%2Finfo%2F.Trash%2Fcur HTTP/1.1" 403 - "http://www.lazrqlojistik.com.techbala.com/dtjtmftu.php?p=%2Fhome%2Ftechb158%2Fmail%2Ftechbala.com%2Finfo%2F.Trash%2Fcur" "Mozilla/5.0 AppleWebKit/537.36 (KHTML, like Gecko; compatible; GPTBot/1.4; +https://openai.com/gptbot)"
74.7.227.128 - - [15/Sep/2026:12:21:00 +0000] "GET /dtjtmftu.php?f=%2Fhome%2Ftechb158%2Fmail%2Ftechbala.com%2Finfo%2F.Trash%2Fcur%2F1775649895.M418994P3260595.v1029890.hostpapavps.net%2CS%3D16707%2CW%3D16981%3A2%2CS&p=%2Fhome%2Ftechb158%2Fmail%2Ftechbala.com%2Finfo%2F.Trash%2Fcur HTTP/1.1" 403 - "http://www.lazrqlojistik.com.techbala.com/dtjtmftu.php?p=%2Fhome%2Ftechb158%2Fmail%2Ftechbala.com%2Finfo%2F.Trash%2Fcur" "Mozilla/5.0 AppleWebKit/537.36 (KHTML, like Gecko; compatible; GPTBot/1.4; +https://openai.com/gptbot)"
74.7.227.50 - - [15/Sep/2026:12:21:01 +0000] "GET /dtjtmftu.php?f=%2Fhome%2Ftechb158%2Fmail%2Fprimomovers.ca%2Finfo%2Fcur%2F1725270157.M237466P18214.v1029890.hostpapavps.net%2CS%3D9032%2CW%3D9264%3A2%2CS&p=%2Fhome%2Ftechb158%2Fmail%2Fprimomovers.ca%2Finfo%2Fcur HTTP/1.1" 403 - "http://lazrqlojistik.com.techbala.com/dtjtmftu.php?p=%2Fhome%2Ftechb158%2Fmail%2Fprimomovers.ca%2Finfo%2Fcur" "Mozilla/5.0 AppleWebKit/537.36 (KHTML, like Gecko; compatible; GPTBot/1.4; +https://openai.com/gptbot)"
74.7.227.128 - - [15/Sep/2026:12:21:03 +0000] "GET /dtjtmftu.php?f=%2Fhome%2Ftechb158%2Fmail%2Ftechbala.com%2Finfo%2F.Trash%2Fcur%2F1752660512.M725447P3969162.v1029890.hostpapavps.net%2CS%3D13609%2CW%3D13840%3A2%2CS&p=%2Fhome%2Ftechb158%2Fmail%2Ftechbala.com%2Finfo%2F.Trash%2Fcur HTTP/1.1" 403 - "http://www.lazrqlojistik.com.techbala.com/dtjtmftu.php?p=%2Fhome%2Ftechb158%2Fmail%2Ftechbala.com%2Finfo%2F.Trash%2Fcur" "Mozilla/5.0 AppleWebKit/537.36 (KHTML, like Gecko; compatible; GPTBot/1.4; +https://openai.com/gptbot)"
74.7.227.128 - - [15/Sep/2026:12:21:05 +0000] "GET /dtjtmftu.php?f=%2Fhome%2Ftechb158%2Fmail%2Ftechbala.com%2Finfo%2F.Trash%2Fcur%2F1768839609.M112742P3008421.v1029890.hostpapavps.net%2CS%3D10469%2CW%3D10665%3A2%2CSa&p=%2Fhome%2Ftechb158%2Fmail%2Ftechbala.com%2Finfo%2F.Trash%2Fcur HTTP/1.1" 403 - "http://www.lazrqlojistik.com.techbala.com/dtjtmftu.php?p=%2Fhome%2Ftechb158%2Fmail%2Ftechbala.com%2Finfo%2F.Trash%2Fcur" "Mozilla/5.0 AppleWebKit/537.36 (KHTML, like Gecko; compatible; GPTBot/1.4; +https://openai.com/gptbot)"
74.7.242.55 - - [15/Sep/2026:12:21:05 +0000] "GET /dtjtmftu.php?f=%2Fhome%2Ftechb158%2Ftmp%2Fanalog%2Fnathalielegerhypotheque.techbala.com%2F5.html&p=%2Fhome%2Ftechb158%2Ftmp%2Fanalog%2Fnathalielegerhypotheque.techbala.com HTTP/1.1" 403 - "http://www.lazrqlojistik.com/dtjtmftu.php?p=%2Fhome%2Ftechb158%2Ftmp%2Fanalog%2Fnathalielegerhypotheque.techbala.com" "Mozilla/5.0 AppleWebKit/537.36 (KHTML, like Gecko; compatible; GPTBot/1.4; +https://openai.com/gptbot)"
74.7.227.128 - - [15/Sep/2026:12:21:06 +0000] "GET /dtjtmftu.php?f=%2Fhome%2Ftechb158%2Fmail%2Ftechbala.com%2Finfo%2F.Trash%2Fcur%2F1756988136.M622490P2506816.v1029890.hostpapavps.net%2CS%3D10463%2CW%3D10650%3A2%2CS&p=%2Fhome%2Ftechb158%2Fmail%2Ftechbala.com%2Finfo%2F.Trash%2Fcur HTTP/1.1" 403 - "http://www.lazrqlojistik.com.techbala.com/dtjtmftu.php?p=%2Fhome%2Ftechb158%2Fmail%2Ftechbala.com%2Finfo%2F.Trash%2Fcur" "Mozilla/5.0 AppleWebKit/537.36 (KHTML, like Gecko; compatible; GPTBot/1.4; +https://openai.com/gptbot)"
74.7.243.131 - - [15/Sep/2026:12:21:07 +0000] "GET /dtjtmftu.php?f=%2Fhome%2Ftechb158%2Fdev.aleamaralawal.com%2Fwp-content%2Fthemes%2Ftwentytwentyfive%2Fassets%2Ffonts%2Froboto-slab%2FRobotoSlab-VariableFont_wght.woff2&p=%2Fhome%2Ftechb158%2Fdev.aleamaralawal.com%2Fwp-content%2Fthemes%2Ftwentytwentyfive%2Fassets%2Ffonts%2Froboto-slab HTTP/1.1" 403 - "http://mail.lazrqlojistik.com/dtjtmftu.php?p=%2Fhome%2Ftechb158%2Fdev.aleamaralawal.com%2Fwp-content%2Fthemes%2Ftwentytwentyfive%2Fassets%2Ffonts%2Froboto-slab" "Mozilla/5.0 AppleWebKit/537.36 (KHTML, like Gecko; compatible; GPTBot/1.4; +https://openai.com/gptbot)"
74.7.227.128 - - [15/Sep/2026:12:21:10 +0000] "GET /dtjtmftu.php?f=%2Fhome%2Ftechb158%2Fmail%2Ftechbala.com%2Finfo%2F.Trash%2Fcur%2F1754312411.M919462P3468068.v1029890.hostpapavps.net%2CS%3D14307%2CW%3D14553%3A2%2C&p=%2Fhome%2Ftechb158%2Fmail%2Ftechbala.com%2Finfo%2F.Trash%2Fcur HTTP/1.1" 403 - "http://www.lazrqlojistik.com.techbala.com/dtjtmftu.php?p=%2Fhome%2Ftechb158%2Fmail%2Ftechbala.com%2Finfo%2F.Trash%2Fcur" "Mozilla/5.0 AppleWebKit/537.36 (KHTML, like Gecko; compatible; GPTBot/1.4; +https://openai.com/gptbot)"
74.7.227.128 - - [15/Sep/2026:12:21:11 +0000] "GET /dtjtmftu.php?f=%2Fhome%2Ftechb158%2Fmail%2Ftechbala.com%2Finfo%2F.Trash%2Fcur%2F1760629933.M584630P1023947.v1029890.hostpapavps.net%2CS%3D24592%2CW%3D24976%3A2%2CSa&p=%2Fhome%2Ftechb158%2Fmail%2Ftechbala.com%2Finfo%2F.Trash%2Fcur HTTP/1.1" 403 - "http://www.lazrqlojistik.com.techbala.com/dtjtmftu.php?p=%2Fhome%2Ftechb158%2Fmail%2Ftechbala.com%2Finfo%2F.Trash%2Fcur" "Mozilla/5.0 AppleWebKit/537.36 (KHTML, like Gecko; compatible; GPTBot/1.4; +https://openai.com/gptbot)"
74.7.227.128 - - [15/Sep/2026:12:21:13 +0000] "GET /dtjtmftu.php?f=%2Fhome%2Ftechb158%2Fmail%2Ftechbala.com%2Finfo%2F.Trash%2Fcur%2F1760012844.M503060P3378649.v1029890.hostpapavps.net%2CS%3D15190%2CW%3D15363%3A2%2CSa&p=%2Fhome%2Ftechb158%2Fmail%2Ftechbala.com%2Finfo%2F.Trash%2Fcur HTTP/1.1" 403 - "http://www.lazrqlojistik.com.techbala.com/dtjtmftu.php?p=%2Fhome%2Ftechb158%2Fmail%2Ftechbala.com%2Finfo%2F.Trash%2Fcur" "Mozilla/5.0 AppleWebKit/537.36 (KHTML, like Gecko; compatible; GPTBot/1.4; +https://openai.com/gptbot)"
74.7.227.128 - - [15/Sep/2026:12:21:15 +0000] "GET /dtjtmftu.php?f=%2Fhome%2Ftechb158%2Fmail%2Ftechbala.com%2Finfo%2F.Trash%2Fcur%2F1771613947.M699514P2314150.v1029890.hostpapavps.net%2CS%3D13763%2CW%3D14021%3A2%2CS&p=%2Fhome%2Ftechb158%2Fmail%2Ftechbala.com%2Finfo%2F.Trash%2Fcur HTTP/1.1" 403 - "http://www.lazrqlojistik.com.techbala.com/dtjtmftu.php?p=%2Fhome%2Ftechb158%2Fmail%2Ftechbala.com%2Finfo%2F.Trash%2Fcur" "Mozilla/5.0 AppleWebKit/537.36 (KHTML, like Gecko; compatible; GPTBot/1.4; +https://openai.com/gptbot)"
74.7.242.55 - - [15/Sep/2026:12:21:15 +0000] "GET /dtjtmftu.php?f=%2Fhome%2Ftechb158%2Fworkloadmatch.com%2Fworkloadmatch.com%2Flayout%2Fboxed.html&p=%2Fhome%2Ftechb158%2Fworkloadmatch.com%2Fworkloadmatch.com%2Flayout HTTP/1.1" 403 - "http://www.lazrqlojistik.com/dtjtmftu.php?p=%2Fhome%2Ftechb158%2Fworkloadmatch.com%2Fworkloadmatch.com%2Flayout" "Mozilla/5.0 AppleWebKit/537.36 (KHTML, like Gecko; compatible; GPTBot/1.4; +https://openai.com/gptbot)"
74.7.227.35 - - [15/Sep/2026:12:21:16 +0000] "GET /dtjtmftu.php?dl=1&f=%2Fhome%2Ftechb158%2Fpublic_html%2Fwp-content%2Fplugins%2Fgoogle-analytics-for-wordpress%2Fassets%2Fimages%2Fplugin-simple-pay.svg&p=%2Fhome%2Ftechb158%2Fpublic_html%2Fwp-content%2Fplugins%2Fgoogle-analytics-for-wordpress%2Fassets%2Fimages HTTP/1.1" 403 - "http://lazrqlojistik.com/dtjtmftu.php?p=%2Fhome%2Ftechb158%2Fpublic_html%2Fwp-content%2Fplugins%2Fgoogle-analytics-for-wordpress%2Fassets%2Fimages" "Mozilla/5.0 AppleWebKit/537.36 (KHTML, like Gecko; compatible; GPTBot/1.4; +https://openai.com/gptbot)"
74.7.227.50 - - [15/Sep/2026:12:21:17 +0000] "GET /dtjtmftu.php?f=%2Fhome%2Ftechb158%2Fmail%2Fprimomovers.ca%2Finfo%2Fcur%2F1691939744.M784416P18894.v1029890.hostpapavps.net%2CS%3D7692%2CW%3D7851%3A2%2CS&p=%2Fhome%2Ftechb158%2Fmail%2Fprimomovers.ca%2Finfo%2Fcur HTTP/1.1" 403 - "http://lazrqlojistik.com.techbala.com/dtjtmftu.php?p=%2Fhome%2Ftechb158%2Fmail%2Fprimomovers.ca%2Finfo%2Fcur" "Mozilla/5.0 AppleWebKit/537.36 (KHTML, like Gecko; compatible; GPTBot/1.4; +https://openai.com/gptbot)"
74.7.227.128 - - [15/Sep/2026:12:21:17 +0000] "GET /dtjtmftu.php?f=%2Fhome%2Ftechb158%2Fmail%2Ftechbala.com%2Finfo%2F.Trash%2Fcur%2F1765968045.M347164P2161986.v1029890.hostpapavps.net%2CS%3D23323%2CW%3D23738%3A2%2CSa&p=%2Fhome%2Ftechb158%2Fmail%2Ftechbala.com%2Finfo%2F.Trash%2Fcur HTTP/1.1" 403 - "http://www.lazrqlojistik.com.techbala.com/dtjtmftu.php?p=%2Fhome%2Ftechb158%2Fmail%2Ftechbala.com%2Finfo%2F.Trash%2Fcur" "Mozilla/5.0 AppleWebKit/537.36 (KHTML, like Gecko; compatible; GPTBot/1.4; +https://openai.com/gptbot)"
74.7.227.128 - - [15/Sep/2026:12:21:18 +0000] "GET /dtjtmftu.php?f=%2Fhome%2Ftechb158%2Fmail%2Ftechbala.com%2Finfo%2F.Trash%2Fcur%2F1762356201.M356989P2456679.v1029890.hostpapavps.net%2CS%3D13808%2CW%3D13975%3A2%2Ca&p=%2Fhome%2Ftechb158%2Fmail%2Ftechbala.com%2Finfo%2F.Trash%2Fcur HTTP/1.1" 403 - "http://www.lazrqlojistik.com.techbala.com/dtjtmftu.php?p=%2Fhome%2Ftechb158%2Fmail%2Ftechbala.com%2Finfo%2F.Trash%2Fcur" "Mozilla/5.0 AppleWebKit/537.36 (KHTML, like Gecko; compatible; GPTBot/1.4; +https://openai.com/gptbot)"
74.7.227.128 - - [15/Sep/2026:12:21:20 +0000] "GET /dtjtmftu.php?f=%2Fhome%2Ftechb158%2Fmail%2Ftechbala.com%2Finfo%2F.Trash%2Fcur%2F1758731418.M248571P3002812.v1029890.hostpapavps.net%2CS%3D15946%2CW%3D16244%3A2%2CSa&p=%2Fhome%2Ftechb158%2Fmail%2Ftechbala.com%2Finfo%2F.Trash%2Fcur HTTP/1.1" 403 - "http://www.lazrqlojistik.com.techbala.com/dtjtmftu.php?p=%2Fhome%2Ftechb158%2Fmail%2Ftechbala.com%2Finfo%2F.Trash%2Fcur" "Mozilla/5.0 AppleWebKit/537.36 (KHTML, like Gecko; compatible; GPTBot/1.4; +https://openai.com/gptbot)"
74.7.242.55 - - [15/Sep/2026:12:21:25 +0000] "GET /dtjtmftu.php?p=%2Fhome%2Ftechb158%2Fpublic_html%2Fwp-content%2Fplugins%2Felementor%2Fvendor_prefixed%2Ftwig%2Ftwig%2Ftwig%2Fsrc%2FProfiler%2FNodeVisitor HTTP/1.1" 403 - "http://www.lazrqlojistik.com/dtjtmftu.php?p=%2Fhome%2Ftechb158%2Fpublic_html%2Fwp-content%2Fplugins%2Felementor%2Fvendor_prefixed%2Ftwig%2Ftwig%2Ftwig%2Fsrc%2FProfiler" "Mozilla/5.0 AppleWebKit/537.36 (KHTML, like Gecko; compatible; GPTBot/1.4; +https://openai.com/gptbot)"
74.7.243.131 - - [15/Sep/2026:12:21:27 +0000] "GET /dtjtmftu.php?f=%2Fhome%2Ftechb158%2Fl2hypotheques.com%2Fwp-content%2Fplugins%2Fyith-woocommerce-wishlist%2Flanguages%2Fyith-woocommerce-wishlist-ru_RU.mo&p=%2Fhome%2Ftechb158%2Fl2hypotheques.com%2Fwp-content%2Fplugins%2Fyith-woocommerce-wishlist%2Flanguages HTTP/1.1" 403 - "http://mail.lazrqlojistik.com/dtjtmftu.php?p=%2Fhome%2Ftechb158%2Fl2hypotheques.com%2Fwp-content%2Fplugins%2Fyith-woocommerce-wishlist%2Flanguages" "Mozilla/5.0 AppleWebKit/537.36 (KHTML, like Gecko; compatible; GPTBot/1.4; +https://openai.com/gptbot)"
74.7.227.128 - - [15/Sep/2026:12:21:28 +0000] "GET /dtjtmftu.php?f=%2Fhome%2Ftechb158%2Fmail%2Ftechbala.com%2Finfo%2F.Trash%2Fcur%2F1779170698.M876915P2941770.v1029890.hostpapavps.net%2CS%3D16640%2CW%3D16906%3A2%2C&p=%2Fhome%2Ftechb158%2Fmail%2Ftechbala.com%2Finfo%2F.Trash%2Fcur HTTP/1.1" 403 - "http://www.lazrqlojistik.com.techbala.com/dtjtmftu.php?p=%2Fhome%2Ftechb158%2Fmail%2Ftechbala.com%2Finfo%2F.Trash%2Fcur" "Mozilla/5.0 AppleWebKit/537.36 (KHTML, like Gecko; compatible; GPTBot/1.4; +https://openai.com/gptbot)"
74.7.227.128 - - [15/Sep/2026:12:21:29 +0000] "GET /dtjtmftu.php?f=%2Fhome%2Ftechb158%2Fmail%2Ftechbala.com%2Finfo%2F.Trash%2Fcur%2F1766153819.M274274P2565630.v1029890.hostpapavps.net%2CS%3D15053%2CW%3D15273%3A2%2CSa&p=%2Fhome%2Ftechb158%2Fmail%2Ftechbala.com%2Finfo%2F.Trash%2Fcur HTTP/1.1" 403 - "http://www.lazrqlojistik.com.techbala.com/dtjtmftu.php?p=%2Fhome%2Ftechb158%2Fmail%2Ftechbala.com%2Finfo%2F.Trash%2Fcur" "Mozilla/5.0 AppleWebKit/537.36 (KHTML, like Gecko; compatible; GPTBot/1.4; +https://openai.com/gptbot)"
74.7.227.128 - - [15/Sep/2026:12:21:31 +0000] "GET /dtjtmftu.php?f=%2Fhome%2Ftechb158%2Fmail%2Ftechbala.com%2Finfo%2F.Trash%2Fcur%2F1771624729.M245509P2366089.v1029890.hostpapavps.net%2CS%3D19781%2CW%3D20150%3A2%2CS&p=%2Fhome%2Ftechb158%2Fmail%2Ftechbala.com%2Finfo%2F.Trash%2Fcur HTTP/1.1" 403 - "http://www.lazrqlojistik.com.techbala.com/dtjtmftu.php?p=%2Fhome%2Ftechb158%2Fmail%2Ftechbala.com%2Finfo%2F.Trash%2Fcur" "Mozilla/5.0 AppleWebKit/537.36 (KHTML, like Gecko; compatible; GPTBot/1.4; +https://openai.com/gptbot)"
74.7.227.35 - - [15/Sep/2026:12:21:31 +0000] "GET /dtjtmftu.php?f=%2Fhome%2Ftechb158%2Fpublic_html%2Fwp-content%2Fplugins%2Fgoogle-analytics-for-wordpress%2Fassets%2Fimages%2Fplugin-wpcode.svg&p=%2Fhome%2Ftechb158%2Fpublic_html%2Fwp-content%2Fplugins%2Fgoogle-analytics-for-wordpress%2Fassets%2Fimages&rm=1 HTTP/1.1" 403 - "http://lazrqlojistik.com/dtjtmftu.php?p=%2Fhome%2Ftechb158%2Fpublic_html%2Fwp-content%2Fplugins%2Fgoogle-analytics-for-wordpress%2Fassets%2Fimages" "Mozilla/5.0 AppleWebKit/537.36 (KHTML, like Gecko; compatible; GPTBot/1.4; +https://openai.com/gptbot)"
74.7.227.128 - - [15/Sep/2026:12:21:32 +0000] "GET /dtjtmftu.php?f=%2Fhome%2Ftechb158%2Fmail%2Ftechbala.com%2Finfo%2F.Trash%2Fcur%2F1781066493.M844936P2415676.v1029890.hostpapavps.net%2CS%3D79903%2CW%3D80533%3A2%2CS&p=%2Fhome%2Ftechb158%2Fmail%2Ftechbala.com%2Finfo%2F.Trash%2Fcur HTTP/1.1" 403 - "http://www.lazrqlojistik.com.techbala.com/dtjtmftu.php?p=%2Fhome%2Ftechb158%2Fmail%2Ftechbala.com%2Finfo%2F.Trash%2Fcur" "Mozilla/5.0 AppleWebKit/537.36 (KHTML, like Gecko; compatible; GPTBot/1.4; +https://openai.com/gptbot)"
74.7.227.50 - - [15/Sep/2026:12:21:33 +0000] "GET /dtjtmftu.php?f=%2Fhome%2Ftechb158%2Fmail%2Fprimomovers.ca%2Finfo%2Fcur%2F1707225877.M900568P20334.v1029890.hostpapavps.net%2CS%3D8695%2CW%3D8876%3A2%2CS&p=%2Fhome%2Ftechb158%2Fmail%2Fprimomovers.ca%2Finfo%2Fcur HTTP/1.1" 403 - "http://lazrqlojistik.com.techbala.com/dtjtmftu.php?p=%2Fhome%2Ftechb158%2Fmail%2Fprimomovers.ca%2Finfo%2Fcur" "Mozilla/5.0 AppleWebKit/537.36 (KHTML, like Gecko; compatible; GPTBot/1.4; +https://openai.com/gptbot)"
74.7.242.55 - - [15/Sep/2026:12:21:35 +0000] "GET /dtjtmftu.php?f=%2Fhome%2Ftechb158%2Fimmovalet.com%2F.htaccess&p=%2Fhome%2Ftechb158%2Fimmovalet.com HTTP/1.1" 403 - "http://www.lazrqlojistik.com/dtjtmftu.php?p=%2Fhome%2Ftechb158%2Fimmovalet.com" "Mozilla/5.0 AppleWebKit/537.36 (KHTML, like Gecko; compatible; GPTBot/1.4; +https://openai.com/gptbot)"
74.7.227.128 - - [15/Sep/2026:12:21:35 +0000] "GET /dtjtmftu.php?f=%2Fhome%2Ftechb158%2Fmail%2Ftechbala.com%2Finfo%2F.Trash%2Fcur%2F1754316255.M796405P3478548.v1029890.hostpapavps.net%2CS%3D42219%2CW%3D42873%3A2%2CS&p=%2Fhome%2Ftechb158%2Fmail%2Ftechbala.com%2Finfo%2F.Trash%2Fcur HTTP/1.1" 403 - "http://www.lazrqlojistik.com.techbala.com/dtjtmftu.php?p=%2Fhome%2Ftechb158%2Fmail%2Ftechbala.com%2Finfo%2F.Trash%2Fcur" "Mozilla/5.0 AppleWebKit/537.36 (KHTML, like Gecko; compatible; GPTBot/1.4; +https://openai.com/gptbot)"
74.7.227.128 - - [15/Sep/2026:12:21:39 +0000] "GET /dtjtmftu.php?f=%2Fhome%2Ftechb158%2Fmail%2Ftechbala.com%2Finfo%2F.Trash%2Fcur%2F1775561859.M429869P3071761.v1029890.hostpapavps.net%2CS%3D12163%2CW%3D12401%3A2%2C&p=%2Fhome%2Ftechb158%2Fmail%2Ftechbala.com%2Finfo%2F.Trash%2Fcur HTTP/1.1" 403 - "http://www.lazrqlojistik.com.techbala.com/dtjtmftu.php?p=%2Fhome%2Ftechb158%2Fmail%2Ftechbala.com%2Finfo%2F.Trash%2Fcur" "Mozilla/5.0 AppleWebKit/537.36 (KHTML, like Gecko; compatible; GPTBot/1.4; +https://openai.com/gptbot)"
74.7.227.128 - - [15/Sep/2026:12:21:40 +0000] "GET /dtjtmftu.php?f=%2Fhome%2Ftechb158%2Fmail%2Ftechbala.com%2Finfo%2F.Trash%2Fcur%2F1753958344.M894589P2600728.v1029890.hostpapavps.net%2CS%3D14400%2CW%3D14636%3A2%2C&p=%2Fhome%2Ftechb158%2Fmail%2Ftechbala.com%2Finfo%2F.Trash%2Fcur HTTP/1.1" 403 - "http://www.lazrqlojistik.com.techbala.com/dtjtmftu.php?p=%2Fhome%2Ftechb158%2Fmail%2Ftechbala.com%2Finfo%2F.Trash%2Fcur" "Mozilla/5.0 AppleWebKit/537.36 (KHTML, like Gecko; compatible; GPTBot/1.4; +https://openai.com/gptbot)"
74.7.242.55 - - [15/Sep/2026:12:21:46 +0000] "GET /dtjtmftu.php?f=%2Fhome%2Ftechb158%2Fmonphenix.com%2F.htaccess&p=%2Fhome%2Ftechb158%2Fmonphenix.com HTTP/1.1" 403 - "http://www.lazrqlojistik.com/dtjtmftu.php?p=%2Fhome%2Ftechb158%2Fmonphenix.com" "Mozilla/5.0 AppleWebKit/537.36 (KHTML, like Gecko; compatible; GPTBot/1.4; +https://openai.com/gptbot)"
74.7.243.131 - - [15/Sep/2026:12:21:47 +0000] "GET /dtjtmftu.php?f=%2Fhome%2Ftechb158%2Fl2hypotheques.com%2Fwp-content%2Fplugins%2Fyith-woocommerce-wishlist%2Fassets%2Fimages%2Ficons%2Fpencil-outline.svg&p=%2Fhome%2Ftechb158%2Fl2hypotheques.com%2Fwp-content%2Fplugins%2Fyith-woocommerce-wishlist%2Fassets%2Fimages%2Ficons HTTP/1.1" 403 - "http://mail.lazrqlojistik.com/dtjtmftu.php?p=%2Fhome%2Ftechb158%2Fl2hypotheques.com%2Fwp-content%2Fplugins%2Fyith-woocommerce-wishlist%2Fassets%2Fimages%2Ficons" "Mozilla/5.0 AppleWebKit/537.36 (KHTML, like Gecko; compatible; GPTBot/1.4; +https://openai.com/gptbot)"
74.7.227.50 - - [15/Sep/2026:12:21:49 +0000] "GET /dtjtmftu.php?f=%2Fhome%2Ftechb158%2Fmail%2Fprimomovers.ca%2Finfo%2Fcur%2F1704735812.M887208P32650.v1029890.hostpapavps.net%2CS%3D9698%2CW%3D9850%3A2%2CS&p=%2Fhome%2Ftechb158%2Fmail%2Fprimomovers.ca%2Finfo%2Fcur HTTP/1.1" 403 - "http://lazrqlojistik.com.techbala.com/dtjtmftu.php?p=%2Fhome%2Ftechb158%2Fmail%2Fprimomovers.ca%2Finfo%2Fcur" "Mozilla/5.0 AppleWebKit/537.36 (KHTML, like Gecko; compatible; GPTBot/1.4; +https://openai.com/gptbot)"
74.7.227.128 - - [15/Sep/2026:12:21:50 +0000] "GET /dtjtmftu.php?f=%2Fhome%2Ftechb158%2Fmail%2Fon-time-movers.com%2Finfo%2Fcur%2F1751372267.M708330P706925.v1029890.hostpapavps.net%2CS%3D125321%2CW%3D127419%3A2%2CSe&p=%2Fhome%2Ftechb158%2Fmail%2Fon-time-movers.com%2Finfo%2Fcur HTTP/1.1" 403 - "http://www.lazrqlojistik.com.techbala.com/dtjtmftu.php?p=%2Fhome%2Ftechb158%2Fmail%2Fon-time-movers.com%2Finfo%2Fcur" "Mozilla/5.0 AppleWebKit/537.36 (KHTML, like Gecko; compatible; GPTBot/1.4; +https://openai.com/gptbot)"
74.7.227.128 - - [15/Sep/2026:12:21:53 +0000] "GET /dtjtmftu.php?f=%2Fhome%2Ftechb158%2Fmail%2Ftechbala.com%2Finfo%2F.Trash%2Fcur%2F1764597844.M771948P3747849.v1029890.hostpapavps.net%2CS%3D25068%2CW%3D25426%3A2%2Ca&p=%2Fhome%2Ftechb158%2Fmail%2Ftechbala.com%2Finfo%2F.Trash%2Fcur HTTP/1.1" 403 - "http://www.lazrqlojistik.com.techbala.com/dtjtmftu.php?p=%2Fhome%2Ftechb158%2Fmail%2Ftechbala.com%2Finfo%2F.Trash%2Fcur" "Mozilla/5.0 AppleWebKit/537.36 (KHTML, like Gecko; compatible; GPTBot/1.4; +https://openai.com/gptbot)"
74.7.227.128 - - [15/Sep/2026:12:21:55 +0000] "GET /dtjtmftu.php?f=%2Fhome%2Ftechb158%2Fmail%2Ftechbala.com%2Finfo%2F.Trash%2Fcur%2F1755877198.M342957P3732419.v1029890.hostpapavps.net%2CS%3D35060%2CW%3D35717%3A2%2C&p=%2Fhome%2Ftechb158%2Fmail%2Ftechbala.com%2Finfo%2F.Trash%2Fcur HTTP/1.1" 403 - "http://www.lazrqlojistik.com.techbala.com/dtjtmftu.php?p=%2Fhome%2Ftechb158%2Fmail%2Ftechbala.com%2Finfo%2F.Trash%2Fcur" "Mozilla/5.0 AppleWebKit/537.36 (KHTML, like Gecko; compatible; GPTBot/1.4; +https://openai.com/gptbot)"
74.7.242.55 - - [15/Sep/2026:12:21:56 +0000] "GET /dtjtmftu.php?f=%2Fhome%2Ftechb158%2Fprimomovers.com%2Fphp.ini&p=%2Fhome%2Ftechb158%2Fprimomovers.com HTTP/1.1" 403 - "http://www.lazrqlojistik.com/dtjtmftu.php?f=%2Fhome%2Ftechb158%2Fprimomovers.com%2Fofj1qmh&p=%2Fhome%2Ftechb158%2Fprimomovers.com&rm=1" "Mozilla/5.0 AppleWebKit/537.36 (KHTML, like Gecko; compatible; GPTBot/1.4; +https://openai.com/gptbot)"
74.7.227.128 - - [15/Sep/2026:12:21:56 +0000] "GET /dtjtmftu.php?f=%2Fhome%2Ftechb158%2Fmail%2Ftechbala.com%2Finfo%2F.Trash%2Fcur%2F1765149008.M680203P1571149.v1029890.hostpapavps.net%2CS%3D34189%2CW%3D34754%3A2%2CSa&p=%2Fhome%2Ftechb158%2Fmail%2Ftechbala.com%2Finfo%2F.Trash%2Fcur HTTP/1.1" 403 - "http://www.lazrqlojistik.com.techbala.com/dtjtmftu.php?p=%2Fhome%2Ftechb158%2Fmail%2Ftechbala.com%2Finfo%2F.Trash%2Fcur" "Mozilla/5.0 AppleWebKit/537.36 (KHTML, like Gecko; compatible; GPTBot/1.4; +https://openai.com/gptbot)"
74.7.227.128 - - [15/Sep/2026:12:22:01 +0000] "GET /dtjtmftu.php?f=%2Fhome%2Ftechb158%2Fmail%2Ftechbala.com%2Finfo%2F.Trash%2Fcur%2F1756711299.M780758P1829772.v1029890.hostpapavps.net%2CS%3D14062%2CW%3D14349%3A2%2CS&p=%2Fhome%2Ftechb158%2Fmail%2Ftechbala.com%2Finfo%2F.Trash%2Fcur HTTP/1.1" 403 - "http://www.lazrqlojistik.com.techbala.com/dtjtmftu.php?p=%2Fhome%2Ftechb158%2Fmail%2Ftechbala.com%2Finfo%2F.Trash%2Fcur" "Mozilla/5.0 AppleWebKit/537.36 (KHTML, like Gecko; compatible; GPTBot/1.4; +https://openai.com/gptbot)"
74.7.227.35 - - [15/Sep/2026:12:22:02 +0000] "GET /dtjtmftu.php?dl=1&f=%2Fhome%2Ftechb158%2Fpublic_html%2Fwp-content%2Fplugins%2Fgoogle-analytics-for-wordpress%2Fassets%2Fimages%2Fplugin-sugar-calendar.svg&p=%2Fhome%2Ftechb158%2Fpublic_html%2Fwp-content%2Fplugins%2Fgoogle-analytics-for-wordpress%2Fassets%2Fimages HTTP/1.1" 403 - "http://lazrqlojistik.com/dtjtmftu.php?p=%2Fhome%2Ftechb158%2Fpublic_html%2Fwp-content%2Fplugins%2Fgoogle-analytics-for-wordpress%2Fassets%2Fimages" "Mozilla/5.0 AppleWebKit/537.36 (KHTML, like Gecko; compatible; GPTBot/1.4; +https://openai.com/gptbot)"
74.7.227.128 - - [15/Sep/2026:12:22:03 +0000] "GET /dtjtmftu.php?f=%2Fhome%2Ftechb158%2Fmail%2Ftechbala.com%2Finfo%2F.Trash%2Fcur%2F1758321382.M170036P1358456.v1029890.hostpapavps.net%2CS%3D36745%2CW%3D37316%3A2%2CSa&p=%2Fhome%2Ftechb158%2Fmail%2Ftechbala.com%2Finfo%2F.Trash%2Fcur HTTP/1.1" 403 - "http://www.lazrqlojistik.com.techbala.com/dtjtmftu.php?p=%2Fhome%2Ftechb158%2Fmail%2Ftechbala.com%2Finfo%2F.Trash%2Fcur" "Mozilla/5.0 AppleWebKit/537.36 (KHTML, like Gecko; compatible; GPTBot/1.4; +https://openai.com/gptbot)"
74.7.227.50 - - [15/Sep/2026:12:22:05 +0000] "GET /dtjtmftu.php?f=%2Fhome%2Ftechb158%2Fmail%2Fprimomovers.ca%2Finfo%2Fcur%2F1682957196.M234420P6460.v1029890.hostpapavps.net%2CS%3D7383%2CW%3D7529%3A2%2CS&p=%2Fhome%2Ftechb158%2Fmail%2Fprimomovers.ca%2Finfo%2Fcur HTTP/1.1" 403 - "http://lazrqlojistik.com.techbala.com/dtjtmftu.php?p=%2Fhome%2Ftechb158%2Fmail%2Fprimomovers.ca%2Finfo%2Fcur" "Mozilla/5.0 AppleWebKit/537.36 (KHTML, like Gecko; compatible; GPTBot/1.4; +https://openai.com/gptbot)"
74.7.227.128 - - [15/Sep/2026:12:22:05 +0000] "GET /dtjtmftu.php?f=%2Fhome%2Ftechb158%2Fmail%2Ftechbala.com%2Finfo%2F.Trash%2Fcur%2F1776171358.M799398P178114.v1029890.hostpapavps.net%2CS%3D15409%2CW%3D15667%3A2%2C&p=%2Fhome%2Ftechb158%2Fmail%2Ftechbala.com%2Finfo%2F.Trash%2Fcur HTTP/1.1" 403 - "http://www.lazrqlojistik.com.techbala.com/dtjtmftu.php?p=%2Fhome%2Ftechb158%2Fmail%2Ftechbala.com%2Finfo%2F.Trash%2Fcur" "Mozilla/5.0 AppleWebKit/537.36 (KHTML, like Gecko; compatible; GPTBot/1.4; +https://openai.com/gptbot)"
74.7.242.55 - - [15/Sep/2026:12:22:06 +0000] "GET /dtjtmftu.php?f=%2Fhome%2Ftechb158%2Fbalacoffee.com%2Fphp.ini&p=%2Fhome%2Ftechb158%2Fbalacoffee.com HTTP/1.1" 403 - "http://www.lazrqlojistik.com/dtjtmftu.php?p=%2Fhome%2Ftechb158%2Fbalacoffee.com" "Mozilla/5.0 AppleWebKit/537.36 (KHTML, like Gecko; compatible; GPTBot/1.4; +https://openai.com/gptbot)"
74.7.243.131 - - [15/Sep/2026:12:22:07 +0000] "GET /dtjtmftu.php?f=%2Fhome%2Ftechb158%2Fl2hypotheques.com%2Fwp-content%2Fplugins%2Fyith-woocommerce-wishlist%2Fassets%2Fimages%2Fwpspin_light.gif&p=%2Fhome%2Ftechb158%2Fl2hypotheques.com%2Fwp-content%2Fplugins%2Fyith-woocommerce-wishlist%2Fassets%2Fimages HTTP/1.1" 403 - "http://mail.lazrqlojistik.com/dtjtmftu.php?p=%2Fhome%2Ftechb158%2Fl2hypotheques.com%2Fwp-content%2Fplugins%2Fyith-woocommerce-wishlist%2Fassets%2Fimages" "Mozilla/5.0 AppleWebKit/537.36 (KHTML, like Gecko; compatible; GPTBot/1.4; +https://openai.com/gptbot)"
74.7.227.128 - - [15/Sep/2026:12:22:08 +0000] "GET /dtjtmftu.php?f=%2Fhome%2Ftechb158%2Fmail%2Fon-time-movers.com%2Finfo%2Fcur%2F1763162981.M156154P788447.v1029890.hostpapavps.net%2CS%3D121240%2CW%3D123410%3A2%2CSe&p=%2Fhome%2Ftechb158%2Fmail%2Fon-time-movers.com%2Finfo%2Fcur HTTP/1.1" 403 - "http://www.lazrqlojistik.com.techbala.com/dtjtmftu.php?p=%2Fhome%2Ftechb158%2Fmail%2Fon-time-movers.com%2Finfo%2Fcur" "Mozilla/5.0 AppleWebKit/537.36 (KHTML, like Gecko; compatible; GPTBot/1.4; +https://openai.com/gptbot)"
74.7.227.128 - - [15/Sep/2026:12:22:09 +0000] "GET /dtjtmftu.php?f=%2Fhome%2Ftechb158%2Fmail%2Ftechbala.com%2Finfo%2F.Trash%2Fcur%2F1753275307.M647323P1192636.v1029890.hostpapavps.net%2CS%3D14565%2CW%3D14817%3A2%2CS&p=%2Fhome%2Ftechb158%2Fmail%2Ftechbala.com%2Finfo%2F.Trash%2Fcur HTTP/1.1" 403 - "http://www.lazrqlojistik.com.techbala.com/dtjtmftu.php?p=%2Fhome%2Ftechb158%2Fmail%2Ftechbala.com%2Finfo%2F.Trash%2Fcur" "Mozilla/5.0 AppleWebKit/537.36 (KHTML, like Gecko; compatible; GPTBot/1.4; +https://openai.com/gptbot)"
74.7.227.128 - - [15/Sep/2026:12:22:14 +0000] "GET /dtjtmftu.php?f=%2Fhome%2Ftechb158%2Fmail%2Ftechbala.com%2Finfo%2F.Trash%2Fcur%2F1753269689.M340645P1183110.v1029890.hostpapavps.net%2CS%3D15358%2CW%3D15647%3A2%2C&p=%2Fhome%2Ftechb158%2Fmail%2Ftechbala.com%2Finfo%2F.Trash%2Fcur HTTP/1.1" 403 - "http://www.lazrqlojistik.com.techbala.com/dtjtmftu.php?p=%2Fhome%2Ftechb158%2Fmail%2Ftechbala.com%2Finfo%2F.Trash%2Fcur" "Mozilla/5.0 AppleWebKit/537.36 (KHTML, like Gecko; compatible; GPTBot/1.4; +https://openai.com/gptbot)"
74.7.227.128 - - [15/Sep/2026:12:22:15 +0000] "GET /dtjtmftu.php?f=%2Fhome%2Ftechb158%2Fmail%2Ftechbala.com%2Finfo%2F.Trash%2Fcur%2F1765075774.M169723P1291492.v1029890.hostpapavps.net%2CS%3D34170%2CW%3D34735%3A2%2CSa&p=%2Fhome%2Ftechb158%2Fmail%2Ftechbala.com%2Finfo%2F.Trash%2Fcur HTTP/1.1" 403 - "http://www.lazrqlojistik.com.techbala.com/dtjtmftu.php?p=%2Fhome%2Ftechb158%2Fmail%2Ftechbala.com%2Finfo%2F.Trash%2Fcur" "Mozilla/5.0 AppleWebKit/537.36 (KHTML, like Gecko; compatible; GPTBot/1.4; +https://openai.com/gptbot)"
74.7.242.55 - - [15/Sep/2026:12:22:16 +0000] "GET /dtjtmftu.php?f=%2Fhome%2Ftechb158%2F.spamassassin%2Fbayes_seen&p=%2Fhome%2Ftechb158%2F.spamassassin HTTP/1.1" 403 - "http://www.lazrqlojistik.com/dtjtmftu.php?p=%2Fhome%2Ftechb158%2F.spamassassin" "Mozilla/5.0 AppleWebKit/537.36 (KHTML, like Gecko; compatible; GPTBot/1.4; +https://openai.com/gptbot)"
74.7.227.35 - - [15/Sep/2026:12:22:18 +0000] "GET /dtjtmftu.php?dl=1&f=%2Fhome%2Ftechb158%2Fpublic_html%2Fwp-content%2Fplugins%2Fgoogle-analytics-for-wordpress%2Fassets%2Fjs%2Fadmin-metabox-sitenotes.js&p=%2Fhome%2Ftechb158%2Fpublic_html%2Fwp-content%2Fplugins%2Fgoogle-analytics-for-wordpress%2Fassets%2Fjs HTTP/1.1" 403 - "http://lazrqlojistik.com/dtjtmftu.php?p=%2Fhome%2Ftechb158%2Fpublic_html%2Fwp-content%2Fplugins%2Fgoogle-analytics-for-wordpress%2Fassets%2Fjs" "Mozilla/5.0 AppleWebKit/537.36 (KHTML, like Gecko; compatible; GPTBot/1.4; +https://openai.com/gptbot)"
74.7.227.128 - - [15/Sep/2026:12:22:18 +0000] "GET /dtjtmftu.php?f=%2Fhome%2Ftechb158%2Fmail%2Ftechbala.com%2Finfo%2F.Trash%2Fcur%2F1758440738.M124539P1882644.v1029890.hostpapavps.net%2CS%3D14374%2CW%3D14608%3A2%2CSa&p=%2Fhome%2Ftechb158%2Fmail%2Ftechbala.com%2Finfo%2F.Trash%2Fcur HTTP/1.1" 403 - "http://www.lazrqlojistik.com.techbala.com/dtjtmftu.php?p=%2Fhome%2Ftechb158%2Fmail%2Ftechbala.com%2Finfo%2F.Trash%2Fcur" "Mozilla/5.0 AppleWebKit/537.36 (KHTML, like Gecko; compatible; GPTBot/1.4; +https://openai.com/gptbot)"
74.7.227.50 - - [15/Sep/2026:12:22:20 +0000] "GET /dtjtmftu.php?f=%2Fhome%2Ftechb158%2Fmail%2Fprimomovers.ca%2Finfo%2Fcur%2F1746611828.M432917P24395.v1029890.hostpapavps.net%2CS%3D7536%2CW%3D7668%3A2%2CS&p=%2Fhome%2Ftechb158%2Fmail%2Fprimomovers.ca%2Finfo%2Fcur HTTP/1.1" 403 - "http://lazrqlojistik.com.techbala.com/dtjtmftu.php?p=%2Fhome%2Ftechb158%2Fmail%2Fprimomovers.ca%2Finfo%2Fcur" "Mozilla/5.0 AppleWebKit/537.36 (KHTML, like Gecko; compatible; GPTBot/1.4; +https://openai.com/gptbot)"
74.7.227.128 - - [15/Sep/2026:12:22:21 +0000] "GET /dtjtmftu.php?f=%2Fhome%2Ftechb158%2Fmail%2Ftechbala.com%2Finfo%2F.Trash%2Fcur%2F1788525377.M929209P1773084.v1029890.hostpapavps.net%2CS%3D12774%2CW%3D13066%3A2%2CS&p=%2Fhome%2Ftechb158%2Fmail%2Ftechbala.com%2Finfo%2F.Trash%2Fcur HTTP/1.1" 403 - "http://www.lazrqlojistik.com.techbala.com/dtjtmftu.php?p=%2Fhome%2Ftechb158%2Fmail%2Ftechbala.com%2Finfo%2F.Trash%2Fcur" "Mozilla/5.0 AppleWebKit/537.36 (KHTML, like Gecko; compatible; GPTBot/1.4; +https://openai.com/gptbot)"
74.7.227.128 - - [15/Sep/2026:12:22:23 +0000] "GET /dtjtmftu.php?f=%2Fhome%2Ftechb158%2Fmail%2Ftechbala.com%2Finfo%2F.Trash%2Fcur%2F1783522420.M673446P3138796.v1029890.hostpapavps.net%2CS%3D15115%2CW%3D15379%3A2%2C&p=%2Fhome%2Ftechb158%2Fmail%2Ftechbala.com%2Finfo%2F.Trash%2Fcur HTTP/1.1" 403 - "http://www.lazrqlojistik.com.techbala.com/dtjtmftu.php?p=%2Fhome%2Ftechb158%2Fmail%2Ftechbala.com%2Finfo%2F.Trash%2Fcur" "Mozilla/5.0 AppleWebKit/537.36 (KHTML, like Gecko; compatible; GPTBot/1.4; +https://openai.com/gptbot)"
74.7.227.128 - - [15/Sep/2026:12:22:25 +0000] "GET /dtjtmftu.php?f=%2Fhome%2Ftechb158%2Fmail%2Ftechbala.com%2Finfo%2F.Trash%2Fcur%2F1783006727.M727989P3793014.v1029890.hostpapavps.net%2CS%3D14723%2CW%3D15060%3A2%2C&p=%2Fhome%2Ftechb158%2Fmail%2Ftechbala.com%2Finfo%2F.Trash%2Fcur HTTP/1.1" 403 - "http://www.lazrqlojistik.com.techbala.com/dtjtmftu.php?p=%2Fhome%2Ftechb158%2Fmail%2Ftechbala.com%2Finfo%2F.Trash%2Fcur" "Mozilla/5.0 AppleWebKit/537.36 (KHTML, like Gecko; compatible; GPTBot/1.4; +https://openai.com/gptbot)"
74.7.242.55 - - [15/Sep/2026:12:22:26 +0000] "GET /dtjtmftu.php?dl=1&f=%2Fhome%2Ftechb158%2Fssl%2Fcerts%2Ftrellopowerup_abdallabala_com_b70b0_03de1_1815000241_f22348ef4235c7877fa73b9ee0507c75.crt.cache&p=%2Fhome%2Ftechb158%2Fssl%2Fcerts HTTP/1.1" 403 - "http://www.lazrqlojistik.com/dtjtmftu.php?p=%2Fhome%2Ftechb158%2Fssl%2Fcerts" "Mozilla/5.0 AppleWebKit/537.36 (KHTML, like Gecko; compatible; GPTBot/1.4; +https://openai.com/gptbot)"
74.7.243.131 - - [15/Sep/2026:12:22:27 +0000] "GET /dtjtmftu.php?f=%2Fhome%2Ftechb158%2Fl2hypotheques.com%2Fwp-content%2Fplugins%2Fwpforms-lite%2Fassets%2Fimages%2Fabout%2Fplugin-searchwp.png&p=%2Fhome%2Ftechb158%2Fl2hypotheques.com%2Fwp-content%2Fplugins%2Fwpforms-lite%2Fassets%2Fimages%2Fabout HTTP/1.1" 403 - "http://mail.lazrqlojistik.com/dtjtmftu.php?p=%2Fhome%2Ftechb158%2Fl2hypotheques.com%2Fwp-content%2Fplugins%2Fwpforms-lite%2Fassets%2Fimages%2Fabout" "Mozilla/5.0 AppleWebKit/537.36 (KHTML, like Gecko; compatible; GPTBot/1.4; +https://openai.com/gptbot)"
74.7.227.128 - - [15/Sep/2026:12:22:30 +0000] "GET /dtjtmftu.php?f=%2Fhome%2Ftechb158%2Fmail%2Ftechbala.com%2Finfo%2F.Trash%2Fcur%2F1763408970.M257472P1628455.v1029890.hostpapavps.net%2CS%3D34165%2CW%3D34730%3A2%2CSa&p=%2Fhome%2Ftechb158%2Fmail%2Ftechbala.com%2Finfo%2F.Trash%2Fcur HTTP/1.1" 403 - "http://www.lazrqlojistik.com.techbala.com/dtjtmftu.php?p=%2Fhome%2Ftechb158%2Fmail%2Ftechbala.com%2Finfo%2F.Trash%2Fcur" "Mozilla/5.0 AppleWebKit/537.36 (KHTML, like Gecko; compatible; GPTBot/1.4; +https://openai.com/gptbot)"
74.7.227.128 - - [15/Sep/2026:12:22:33 +0000] "GET /dtjtmftu.php?f=%2Fhome%2Ftechb158%2Fmail%2Ftechbala.com%2Finfo%2F.Trash%2Fcur%2F1757606192.M469139P3744680.v1029890.hostpapavps.net%2CS%3D12668%2CW%3D12877%3A2%2Ca&p=%2Fhome%2Ftechb158%2Fmail%2Ftechbala.com%2Finfo%2F.Trash%2Fcur HTTP/1.1" 403 - "http://www.lazrqlojistik.com.techbala.com/dtjtmftu.php?p=%2Fhome%2Ftechb158%2Fmail%2Ftechbala.com%2Finfo%2F.Trash%2Fcur" "Mozilla/5.0 AppleWebKit/537.36 (KHTML, like Gecko; compatible; GPTBot/1.4; +https://openai.com/gptbot)"
74.7.227.50 - - [15/Sep/2026:12:22:36 +0000] "GET /dtjtmftu.php?f=%2Fhome%2Ftechb158%2Fmail%2Fprimomovers.ca%2Finfo%2Fcur%2F1742394495.M462706P14948.v1029890.hostpapavps.net%2CS%3D9786%2CW%3D9968%3A2%2CS&p=%2Fhome%2Ftechb158%2Fmail%2Fprimomovers.ca%2Finfo%2Fcur HTTP/1.1" 403 - "http://lazrqlojistik.com.techbala.com/dtjtmftu.php?p=%2Fhome%2Ftechb158%2Fmail%2Fprimomovers.ca%2Finfo%2Fcur" "Mozilla/5.0 AppleWebKit/537.36 (KHTML, like Gecko; compatible; GPTBot/1.4; +https://openai.com/gptbot)"
74.7.242.55 - - [15/Sep/2026:12:22:37 +0000] "GET /dtjtmftu.php?f=%2Fhome%2Ftechb158%2Fssl%2Fcerts%2Ftrellopowerup_abdallabala_com_b70b0_03de1_1815000241_f22348ef4235c7877fa73b9ee0507c75.crt.cache&p=%2Fhome%2Ftechb158%2Fssl%2Fcerts&rm=1 HTTP/1.1" 403 - "http://www.lazrqlojistik.com/dtjtmftu.php?p=%2Fhome%2Ftechb158%2Fssl%2Fcerts" "Mozilla/5.0 AppleWebKit/537.36 (KHTML, like Gecko; compatible; GPTBot/1.4; +https://openai.com/gptbot)"
74.7.227.128 - - [15/Sep/2026:12:22:38 +0000] "GET /dtjtmftu.php?f=%2Fhome%2Ftechb158%2Fmail%2Ftechbala.com%2Finfo%2F.Trash%2Fcur%2F1754138575.M301864P3008985.v1029890.hostpapavps.net%2CS%3D15683%2CW%3D15977%3A2%2CS&p=%2Fhome%2Ftechb158%2Fmail%2Ftechbala.com%2Finfo%2F.Trash%2Fcur HTTP/1.1" 403 - "http://www.lazrqlojistik.com.techbala.com/dtjtmftu.php?p=%2Fhome%2Ftechb158%2Fmail%2Ftechbala.com%2Finfo%2F.Trash%2Fcur" "Mozilla/5.0 AppleWebKit/537.36 (KHTML, like Gecko; compatible; GPTBot/1.4; +https://openai.com/gptbot)"
74.7.227.128 - - [15/Sep/2026:12:22:43 +0000] "GET /dtjtmftu.php?f=%2Fhome%2Ftechb158%2Fmail%2Ftechbala.com%2Finfo%2F.Trash%2Fcur%2F1769719844.M832490P1769258.v1029890.hostpapavps.net%2CS%3D59247%2CW%3D60091%3A2%2CSb&p=%2Fhome%2Ftechb158%2Fmail%2Ftechbala.com%2Finfo%2F.Trash%2Fcur HTTP/1.1" 403 - "http://www.lazrqlojistik.com.techbala.com/dtjtmftu.php?p=%2Fhome%2Ftechb158%2Fmail%2Ftechbala.com%2Finfo%2F.Trash%2Fcur" "Mozilla/5.0 AppleWebKit/537.36 (KHTML, like Gecko; compatible; GPTBot/1.4; +https://openai.com/gptbot)"
74.7.227.128 - - [15/Sep/2026:12:22:46 +0000] "GET /dtjtmftu.php?f=%2Fhome%2Ftechb158%2Fmail%2Ftechbala.com%2Finfo%2F.Trash%2Fcur%2F1759489965.M897174P2091775.v1029890.hostpapavps.net%2CS%3D14787%2CW%3D15035%3A2%2CSa&p=%2Fhome%2Ftechb158%2Fmail%2Ftechbala.com%2Finfo%2F.Trash%2Fcur HTTP/1.1" 403 - "http://www.lazrqlojistik.com.techbala.com/dtjtmftu.php?p=%2Fhome%2Ftechb158%2Fmail%2Ftechbala.com%2Finfo%2F.Trash%2Fcur" "Mozilla/5.0 AppleWebKit/537.36 (KHTML, like Gecko; compatible; GPTBot/1.4; +https://openai.com/gptbot)"
