74.7.242.23 - - [13/Sep/2026:13:05:45 +0000] "GET /products/spark/i113044990 HTTP/1.1" 200 - "https://primomovers.com/sitemap893.xml" "Mozilla/5.0 AppleWebKit/537.36 (KHTML, like Gecko; compatible; GPTBot/1.4; +https://openai.com/gptbot)"
74.7.242.23 - - [13/Sep/2026:13:05:45 +0000] "GET /products/sauce/h293033234 HTTP/1.1" 200 - "https://primomovers.com/sitemap507.xml" "Mozilla/5.0 AppleWebKit/537.36 (KHTML, like Gecko; compatible; GPTBot/1.4; +https://openai.com/gptbot)"
74.7.242.23 - - [13/Sep/2026:13:05:45 +0000] "GET /products/metal/m010030525 HTTP/1.1" 200 - "https://primomovers.com/sitemap546.xml" "Mozilla/5.0 AppleWebKit/537.36 (KHTML, like Gecko; compatible; GPTBot/1.4; +https://openai.com/gptbot)"
74.7.242.23 - - [13/Sep/2026:13:05:46 +0000] "GET /products/asset/r290012433 HTTP/1.1" 200 - "https://primomovers.com/sitemap563.xml" "Mozilla/5.0 AppleWebKit/537.36 (KHTML, like Gecko; compatible; GPTBot/1.4; +https://openai.com/gptbot)"
74.7.242.23 - - [13/Sep/2026:13:05:46 +0000] "GET /products/track/a036008801 HTTP/1.1" 200 - "https://primomovers.com/sitemap893.xml" "Mozilla/5.0 AppleWebKit/537.36 (KHTML, like Gecko; compatible; GPTBot/1.4; +https://openai.com/gptbot)"
74.7.242.23 - - [13/Sep/2026:13:05:47 +0000] "GET /products/voice/u020021185 HTTP/1.1" 200 - "https://primomovers.com/sitemap893.xml" "Mozilla/5.0 AppleWebKit/537.36 (KHTML, like Gecko; compatible; GPTBot/1.4; +https://openai.com/gptbot)"
74.7.242.23 - - [13/Sep/2026:13:05:47 +0000] "GET /products/steer/b223042926 HTTP/1.1" 200 - "https://primomovers.com/sitemap796.xml" "Mozilla/5.0 AppleWebKit/537.36 (KHTML, like Gecko; compatible; GPTBot/1.4; +https://openai.com/gptbot)"
74.7.242.23 - - [13/Sep/2026:13:05:48 +0000] "GET /products/chunk/q109002890 HTTP/1.1" 200 - "https://primomovers.com/sitemap893.xml" "Mozilla/5.0 AppleWebKit/537.36 (KHTML, like Gecko; compatible; GPTBot/1.4; +https://openai.com/gptbot)"
74.7.242.23 - - [13/Sep/2026:13:05:48 +0000] "GET /products/total/z163011552 HTTP/1.1" 200 - "https://primomovers.com/sitemap297.xml" "Mozilla/5.0 AppleWebKit/537.36 (KHTML, like Gecko; compatible; GPTBot/1.4; +https://openai.com/gptbot)"
74.7.242.23 - - [13/Sep/2026:13:05:49 +0000] "GET /products/guest/d128014433 HTTP/1.1" 200 - "https://primomovers.com/sitemap294.xml" "Mozilla/5.0 AppleWebKit/537.36 (KHTML, like Gecko; compatible; GPTBot/1.4; +https://openai.com/gptbot)"
74.7.242.23 - - [13/Sep/2026:13:05:49 +0000] "GET /products/occur/a298049775 HTTP/1.1" 200 - "https://primomovers.com/sitemap819.xml" "Mozilla/5.0 AppleWebKit/537.36 (KHTML, like Gecko; compatible; GPTBot/1.4; +https://openai.com/gptbot)"
74.7.242.23 - - [13/Sep/2026:13:05:50 +0000] "GET /products/trade/z056008785 HTTP/1.1" 200 - "https://primomovers.com/sitemap918.xml" "Mozilla/5.0 AppleWebKit/537.36 (KHTML, like Gecko; compatible; GPTBot/1.4; +https://openai.com/gptbot)"
74.7.242.23 - - [13/Sep/2026:13:05:50 +0000] "GET /products/labor/j052006535 HTTP/1.1" 200 - "https://primomovers.com/sitemap819.xml" "Mozilla/5.0 AppleWebKit/537.36 (KHTML, like Gecko; compatible; GPTBot/1.4; +https://openai.com/gptbot)"
74.7.242.23 - - [13/Sep/2026:13:05:51 +0000] "GET /products/score/k295019414 HTTP/1.1" 200 - "https://primomovers.com/sitemap819.xml" "Mozilla/5.0 AppleWebKit/537.36 (KHTML, like Gecko; compatible; GPTBot/1.4; +https://openai.com/gptbot)"
74.7.242.23 - - [13/Sep/2026:13:05:51 +0000] "GET /products/seize/e176017451 HTTP/1.1" 200 - "https://primomovers.com/sitemap546.xml" "Mozilla/5.0 AppleWebKit/537.36 (KHTML, like Gecko; compatible; GPTBot/1.4; +https://openai.com/gptbot)"
74.7.242.23 - - [13/Sep/2026:13:05:52 +0000] "GET /products/guard/o056037405 HTTP/1.1" 200 - "https://primomovers.com/sitemap819.xml" "Mozilla/5.0 AppleWebKit/537.36 (KHTML, like Gecko; compatible; GPTBot/1.4; +https://openai.com/gptbot)"
74.7.242.23 - - [13/Sep/2026:13:05:52 +0000] "GET /products/swell/w119010850 HTTP/1.1" 200 - "https://primomovers.com/sitemap819.xml" "Mozilla/5.0 AppleWebKit/537.36 (KHTML, like Gecko; compatible; GPTBot/1.4; +https://openai.com/gptbot)"
74.7.242.23 - - [13/Sep/2026:13:05:53 +0000] "GET /products/works/z039035098 HTTP/1.1" 200 - "https://primomovers.com/sitemap893.xml" "Mozilla/5.0 AppleWebKit/537.36 (KHTML, like Gecko; compatible; GPTBot/1.4; +https://openai.com/gptbot)"
74.7.242.23 - - [13/Sep/2026:13:05:53 +0000] "GET /products/fever/j009015910 HTTP/1.1" 200 - "https://primomovers.com/sitemap796.xml" "Mozilla/5.0 AppleWebKit/537.36 (KHTML, like Gecko; compatible; GPTBot/1.4; +https://openai.com/gptbot)"
74.7.242.23 - - [13/Sep/2026:13:05:54 +0000] "GET /products/route/s132043515 HTTP/1.1" 200 - "https://primomovers.com/sitemap456.xml" "Mozilla/5.0 AppleWebKit/537.36 (KHTML, like Gecko; compatible; GPTBot/1.4; +https://openai.com/gptbot)"
74.7.242.23 - - [13/Sep/2026:13:05:54 +0000] "GET /products/rumor/i258023307 HTTP/1.1" 200 - "https://primomovers.com/sitemap920.xml" "Mozilla/5.0 AppleWebKit/537.36 (KHTML, like Gecko; compatible; GPTBot/1.4; +https://openai.com/gptbot)"
74.7.242.23 - - [13/Sep/2026:13:05:55 +0000] "GET /products/north/e183003282 HTTP/1.1" 200 - "https://primomovers.com/sitemap920.xml" "Mozilla/5.0 AppleWebKit/537.36 (KHTML, like Gecko; compatible; GPTBot/1.4; +https://openai.com/gptbot)"
74.7.242.23 - - [13/Sep/2026:13:05:55 +0000] "GET /products/gross/k035003722 HTTP/1.1" 200 - "https://primomovers.com/sitemap920.xml" "Mozilla/5.0 AppleWebKit/537.36 (KHTML, like Gecko; compatible; GPTBot/1.4; +https://openai.com/gptbot)"
74.7.242.23 - - [13/Sep/2026:13:05:56 +0000] "GET /products/study/z006023207 HTTP/1.1" 200 - "https://primomovers.com/sitemap507.xml" "Mozilla/5.0 AppleWebKit/537.36 (KHTML, like Gecko; compatible; GPTBot/1.4; +https://openai.com/gptbot)"
74.7.242.23 - - [13/Sep/2026:13:05:56 +0000] "GET /products/spend/t299026860 HTTP/1.1" 200 - "https://primomovers.com/sitemap796.xml" "Mozilla/5.0 AppleWebKit/537.36 (KHTML, like Gecko; compatible; GPTBot/1.4; +https://openai.com/gptbot)"
74.7.242.23 - - [13/Sep/2026:13:05:57 +0000] "GET /products/steer/q293030034 HTTP/1.1" 200 - "https://primomovers.com/sitemap456.xml" "Mozilla/5.0 AppleWebKit/537.36 (KHTML, like Gecko; compatible; GPTBot/1.4; +https://openai.com/gptbot)"
74.7.242.23 - - [13/Sep/2026:13:05:57 +0000] "GET /products/tooth/o187047822 HTTP/1.1" 200 - "https://primomovers.com/sitemap819.xml" "Mozilla/5.0 AppleWebKit/537.36 (KHTML, like Gecko; compatible; GPTBot/1.4; +https://openai.com/gptbot)"
74.7.242.23 - - [13/Sep/2026:13:05:58 +0000] "GET /products/speed/z012014827 HTTP/1.1" 200 - "https://primomovers.com/sitemap918.xml" "Mozilla/5.0 AppleWebKit/537.36 (KHTML, like Gecko; compatible; GPTBot/1.4; +https://openai.com/gptbot)"
74.7.242.23 - - [13/Sep/2026:13:05:58 +0000] "GET /products/spoon/a282020823 HTTP/1.1" 200 - "https://primomovers.com/sitemap893.xml" "Mozilla/5.0 AppleWebKit/537.36 (KHTML, like Gecko; compatible; GPTBot/1.4; +https://openai.com/gptbot)"
74.7.242.23 - - [13/Sep/2026:13:05:59 +0000] "GET /products/mouth/p121038402 HTTP/1.1" 200 - "https://primomovers.com/sitemap918.xml" "Mozilla/5.0 AppleWebKit/537.36 (KHTML, like Gecko; compatible; GPTBot/1.4; +https://openai.com/gptbot)"
74.7.242.23 - - [13/Sep/2026:13:05:59 +0000] "GET /products/urban/n277020890 HTTP/1.1" 200 - "https://primomovers.com/sitemap920.xml" "Mozilla/5.0 AppleWebKit/537.36 (KHTML, like Gecko; compatible; GPTBot/1.4; +https://openai.com/gptbot)"
74.7.242.23 - - [13/Sep/2026:13:06:00 +0000] "GET /products/occur/e058014033 HTTP/1.1" 200 - "https://primomovers.com/sitemap918.xml" "Mozilla/5.0 AppleWebKit/537.36 (KHTML, like Gecko; compatible; GPTBot/1.4; +https://openai.com/gptbot)"
74.7.242.23 - - [13/Sep/2026:13:06:00 +0000] "GET /products/draft/t196046145 HTTP/1.1" 200 - "https://primomovers.com/sitemap796.xml" "Mozilla/5.0 AppleWebKit/537.36 (KHTML, like Gecko; compatible; GPTBot/1.4; +https://openai.com/gptbot)"
74.7.242.23 - - [13/Sep/2026:13:06:01 +0000] "GET /products/cycle/e077012440 HTTP/1.1" 200 - "https://primomovers.com/sitemap546.xml" "Mozilla/5.0 AppleWebKit/537.36 (KHTML, like Gecko; compatible; GPTBot/1.4; +https://openai.com/gptbot)"
74.7.242.23 - - [13/Sep/2026:13:06:01 +0000] "GET /products/spite/p003042244 HTTP/1.1" 200 - "https://primomovers.com/sitemap507.xml" "Mozilla/5.0 AppleWebKit/537.36 (KHTML, like Gecko; compatible; GPTBot/1.4; +https://openai.com/gptbot)"
74.7.242.23 - - [13/Sep/2026:13:06:02 +0000] "GET /products/usual/g033018048 HTTP/1.1" 200 - "https://primomovers.com/sitemap294.xml" "Mozilla/5.0 AppleWebKit/537.36 (KHTML, like Gecko; compatible; GPTBot/1.4; +https://openai.com/gptbot)"
74.7.242.23 - - [13/Sep/2026:13:06:02 +0000] "GET /products/straw/y276020121 HTTP/1.1" 200 - "https://primomovers.com/sitemap456.xml" "Mozilla/5.0 AppleWebKit/537.36 (KHTML, like Gecko; compatible; GPTBot/1.4; +https://openai.com/gptbot)"
74.7.242.23 - - [13/Sep/2026:13:06:06 +0000] "GET /products/trick/t150031209 HTTP/1.1" 200 - "https://primomovers.com/sitemap507.xml" "Mozilla/5.0 AppleWebKit/537.36 (KHTML, like Gecko; compatible; GPTBot/1.4; +https://openai.com/gptbot)"
74.7.242.23 - - [13/Sep/2026:13:06:45 +0000] "GET /products/short/v224022565 HTTP/1.1" 200 - "https://primomovers.com/sitemap546.xml" "Mozilla/5.0 AppleWebKit/537.36 (KHTML, like Gecko; compatible; GPTBot/1.4; +https://openai.com/gptbot)"
74.7.242.23 - - [13/Sep/2026:13:06:46 +0000] "GET /products/watch/t055019196 HTTP/1.1" 200 - "https://primomovers.com/sitemap893.xml" "Mozilla/5.0 AppleWebKit/537.36 (KHTML, like Gecko; compatible; GPTBot/1.4; +https://openai.com/gptbot)"
74.7.242.23 - - [13/Sep/2026:13:06:47 +0000] "GET /products/first/r087006530 HTTP/1.1" 200 - "https://primomovers.com/sitemap297.xml" "Mozilla/5.0 AppleWebKit/537.36 (KHTML, like Gecko; compatible; GPTBot/1.4; +https://openai.com/gptbot)"
74.7.242.23 - - [13/Sep/2026:13:06:48 +0000] "GET /products/hurry/x290022767 HTTP/1.1" 200 - "https://primomovers.com/sitemap819.xml" "Mozilla/5.0 AppleWebKit/537.36 (KHTML, like Gecko; compatible; GPTBot/1.4; +https://openai.com/gptbot)"
74.7.242.23 - - [13/Sep/2026:13:06:49 +0000] "GET /products/stock/j161019310 HTTP/1.1" 200 - "https://primomovers.com/sitemap546.xml" "Mozilla/5.0 AppleWebKit/537.36 (KHTML, like Gecko; compatible; GPTBot/1.4; +https://openai.com/gptbot)"
74.7.242.23 - - [13/Sep/2026:13:06:50 +0000] "GET /products/power/o112040711 HTTP/1.1" 200 - "https://primomovers.com/sitemap294.xml" "Mozilla/5.0 AppleWebKit/537.36 (KHTML, like Gecko; compatible; GPTBot/1.4; +https://openai.com/gptbot)"
74.7.242.23 - - [13/Sep/2026:13:06:50 +0000] "GET /products/speak/r152015651 HTTP/1.1" 200 - "https://primomovers.com/sitemap563.xml" "Mozilla/5.0 AppleWebKit/537.36 (KHTML, like Gecko; compatible; GPTBot/1.4; +https://openai.com/gptbot)"
74.7.242.23 - - [13/Sep/2026:13:06:50 +0000] "GET /products/sweet/u076030897 HTTP/1.1" 200 - "https://primomovers.com/sitemap920.xml" "Mozilla/5.0 AppleWebKit/537.36 (KHTML, like Gecko; compatible; GPTBot/1.4; +https://openai.com/gptbot)"
74.7.242.23 - - [13/Sep/2026:13:06:51 +0000] "GET /products/apple/z019022024 HTTP/1.1" 200 - "https://primomovers.com/sitemap294.xml" "Mozilla/5.0 AppleWebKit/537.36 (KHTML, like Gecko; compatible; GPTBot/1.4; +https://openai.com/gptbot)"
74.7.242.23 - - [13/Sep/2026:13:06:51 +0000] "GET /products/there/i011048442 HTTP/1.1" 200 - "https://primomovers.com/sitemap546.xml" "Mozilla/5.0 AppleWebKit/537.36 (KHTML, like Gecko; compatible; GPTBot/1.4; +https://openai.com/gptbot)"
74.7.242.23 - - [13/Sep/2026:13:06:52 +0000] "GET /products/cloud/r198040225 HTTP/1.1" 200 - "https://primomovers.com/sitemap294.xml" "Mozilla/5.0 AppleWebKit/537.36 (KHTML, like Gecko; compatible; GPTBot/1.4; +https://openai.com/gptbot)"
74.7.242.23 - - [13/Sep/2026:13:06:52 +0000] "GET /products/debut/n227043324 HTTP/1.1" 200 - "https://primomovers.com/sitemap893.xml" "Mozilla/5.0 AppleWebKit/537.36 (KHTML, like Gecko; compatible; GPTBot/1.4; +https://openai.com/gptbot)"
74.7.242.23 - - [13/Sep/2026:13:06:53 +0000] "GET /products/water/w101022508 HTTP/1.1" 200 - "https://primomovers.com/sitemap297.xml" "Mozilla/5.0 AppleWebKit/537.36 (KHTML, like Gecko; compatible; GPTBot/1.4; +https://openai.com/gptbot)"
74.7.242.23 - - [13/Sep/2026:13:06:53 +0000] "GET /products/screw/z242010051 HTTP/1.1" 200 - "https://primomovers.com/sitemap920.xml" "Mozilla/5.0 AppleWebKit/537.36 (KHTML, like Gecko; compatible; GPTBot/1.4; +https://openai.com/gptbot)"
74.7.242.23 - - [13/Sep/2026:13:06:54 +0000] "GET /products/topic/d021013532 HTTP/1.1" 200 - "https://primomovers.com/sitemap893.xml" "Mozilla/5.0 AppleWebKit/537.36 (KHTML, like Gecko; compatible; GPTBot/1.4; +https://openai.com/gptbot)"
74.7.242.23 - - [13/Sep/2026:13:06:54 +0000] "GET /products/north/r011037908 HTTP/1.1" 200 - "https://primomovers.com/sitemap456.xml" "Mozilla/5.0 AppleWebKit/537.36 (KHTML, like Gecko; compatible; GPTBot/1.4; +https://openai.com/gptbot)"
74.7.242.23 - - [13/Sep/2026:13:06:55 +0000] "GET /products/straw/s008036869 HTTP/1.1" 200 - "https://primomovers.com/sitemap920.xml" "Mozilla/5.0 AppleWebKit/537.36 (KHTML, like Gecko; compatible; GPTBot/1.4; +https://openai.com/gptbot)"
74.7.242.23 - - [13/Sep/2026:13:06:55 +0000] "GET /products/honor/w027025454 HTTP/1.1" 200 - "https://primomovers.com/sitemap893.xml" "Mozilla/5.0 AppleWebKit/537.36 (KHTML, like Gecko; compatible; GPTBot/1.4; +https://openai.com/gptbot)"
74.7.242.23 - - [13/Sep/2026:13:06:56 +0000] "GET /products/voice/q077004778 HTTP/1.1" 200 - "https://primomovers.com/sitemap297.xml" "Mozilla/5.0 AppleWebKit/537.36 (KHTML, like Gecko; compatible; GPTBot/1.4; +https://openai.com/gptbot)"
74.7.242.23 - - [13/Sep/2026:13:06:56 +0000] "GET /products/alarm/m059007588 HTTP/1.1" 200 - "https://primomovers.com/sitemap297.xml" "Mozilla/5.0 AppleWebKit/537.36 (KHTML, like Gecko; compatible; GPTBot/1.4; +https://openai.com/gptbot)"
74.7.242.23 - - [13/Sep/2026:13:06:57 +0000] "GET /products/reach/z018008191 HTTP/1.1" 200 - "https://primomovers.com/sitemap546.xml" "Mozilla/5.0 AppleWebKit/537.36 (KHTML, like Gecko; compatible; GPTBot/1.4; +https://openai.com/gptbot)"
74.7.242.23 - - [13/Sep/2026:13:06:58 +0000] "GET /products/admit/o009010176 HTTP/1.1" 200 - "https://primomovers.com/sitemap297.xml" "Mozilla/5.0 AppleWebKit/537.36 (KHTML, like Gecko; compatible; GPTBot/1.4; +https://openai.com/gptbot)"
74.7.242.23 - - [13/Sep/2026:13:06:58 +0000] "GET /products/doubt/g224002309 HTTP/1.1" 200 - "https://primomovers.com/sitemap893.xml" "Mozilla/5.0 AppleWebKit/537.36 (KHTML, like Gecko; compatible; GPTBot/1.4; +https://openai.com/gptbot)"
74.7.242.23 - - [13/Sep/2026:13:06:58 +0000] "GET /products/twist/e059007506 HTTP/1.1" 200 - "https://primomovers.com/sitemap918.xml" "Mozilla/5.0 AppleWebKit/537.36 (KHTML, like Gecko; compatible; GPTBot/1.4; +https://openai.com/gptbot)"
74.7.242.23 - - [13/Sep/2026:13:06:59 +0000] "GET /products/cargo/x017005026 HTTP/1.1" 200 - "https://primomovers.com/sitemap918.xml" "Mozilla/5.0 AppleWebKit/537.36 (KHTML, like Gecko; compatible; GPTBot/1.4; +https://openai.com/gptbot)"
74.7.242.23 - - [13/Sep/2026:13:06:59 +0000] "GET /products/allow/o225033700 HTTP/1.1" 200 - "https://primomovers.com/sitemap920.xml" "Mozilla/5.0 AppleWebKit/537.36 (KHTML, like Gecko; compatible; GPTBot/1.4; +https://openai.com/gptbot)"
74.7.242.23 - - [13/Sep/2026:13:07:00 +0000] "GET /products/basic/o105020254 HTTP/1.1" 200 - "https://primomovers.com/sitemap546.xml" "Mozilla/5.0 AppleWebKit/537.36 (KHTML, like Gecko; compatible; GPTBot/1.4; +https://openai.com/gptbot)"
74.7.242.23 - - [13/Sep/2026:13:07:00 +0000] "GET /products/pasta/u091033228 HTTP/1.1" 200 - "https://primomovers.com/sitemap507.xml" "Mozilla/5.0 AppleWebKit/537.36 (KHTML, like Gecko; compatible; GPTBot/1.4; +https://openai.com/gptbot)"
74.7.242.23 - - [13/Sep/2026:13:07:01 +0000] "GET /products/found/t247022962 HTTP/1.1" 200 - "https://primomovers.com/sitemap507.xml" "Mozilla/5.0 AppleWebKit/537.36 (KHTML, like Gecko; compatible; GPTBot/1.4; +https://openai.com/gptbot)"
74.7.242.23 - - [13/Sep/2026:13:07:01 +0000] "GET /products/short/s256007397 HTTP/1.1" 200 - "https://primomovers.com/sitemap796.xml" "Mozilla/5.0 AppleWebKit/537.36 (KHTML, like Gecko; compatible; GPTBot/1.4; +https://openai.com/gptbot)"
74.7.242.23 - - [13/Sep/2026:13:07:02 +0000] "GET /products/blood/g131040470 HTTP/1.1" 200 - "https://primomovers.com/sitemap819.xml" "Mozilla/5.0 AppleWebKit/537.36 (KHTML, like Gecko; compatible; GPTBot/1.4; +https://openai.com/gptbot)"
74.7.242.23 - - [13/Sep/2026:13:07:02 +0000] "GET /products/crowd/o155026420 HTTP/1.1" 200 - "https://primomovers.com/sitemap796.xml" "Mozilla/5.0 AppleWebKit/537.36 (KHTML, like Gecko; compatible; GPTBot/1.4; +https://openai.com/gptbot)"
74.7.242.23 - - [13/Sep/2026:13:07:03 +0000] "GET /products/sound/u213040068 HTTP/1.1" 200 - "https://primomovers.com/sitemap294.xml" "Mozilla/5.0 AppleWebKit/537.36 (KHTML, like Gecko; compatible; GPTBot/1.4; +https://openai.com/gptbot)"
74.7.242.23 - - [13/Sep/2026:13:07:03 +0000] "GET /products/upset/q255022174 HTTP/1.1" 200 - "https://primomovers.com/sitemap546.xml" "Mozilla/5.0 AppleWebKit/537.36 (KHTML, like Gecko; compatible; GPTBot/1.4; +https://openai.com/gptbot)"
74.7.242.23 - - [13/Sep/2026:13:07:04 +0000] "GET /products/scope/l094039885 HTTP/1.1" 200 - "https://primomovers.com/sitemap297.xml" "Mozilla/5.0 AppleWebKit/537.36 (KHTML, like Gecko; compatible; GPTBot/1.4; +https://openai.com/gptbot)"
74.7.242.23 - - [13/Sep/2026:13:07:04 +0000] "GET /products/brown/u070048575 HTTP/1.1" 200 - "https://primomovers.com/sitemap918.xml" "Mozilla/5.0 AppleWebKit/537.36 (KHTML, like Gecko; compatible; GPTBot/1.4; +https://openai.com/gptbot)"
74.7.242.23 - - [13/Sep/2026:13:07:05 +0000] "GET /products/brave/t131010912 HTTP/1.1" 200 - "https://primomovers.com/sitemap796.xml" "Mozilla/5.0 AppleWebKit/537.36 (KHTML, like Gecko; compatible; GPTBot/1.4; +https://openai.com/gptbot)"
74.7.242.23 - - [13/Sep/2026:13:07:05 +0000] "GET /products/honor/h087001024 HTTP/1.1" 200 - "https://primomovers.com/sitemap294.xml" "Mozilla/5.0 AppleWebKit/537.36 (KHTML, like Gecko; compatible; GPTBot/1.4; +https://openai.com/gptbot)"
74.7.242.23 - - [13/Sep/2026:13:07:06 +0000] "GET /products/until/l150017703 HTTP/1.1" 200 - "https://primomovers.com/sitemap893.xml" "Mozilla/5.0 AppleWebKit/537.36 (KHTML, like Gecko; compatible; GPTBot/1.4; +https://openai.com/gptbot)"
74.7.242.23 - - [13/Sep/2026:13:07:06 +0000] "GET /products/rumor/v287042178 HTTP/1.1" 200 - "https://primomovers.com/sitemap546.xml" "Mozilla/5.0 AppleWebKit/537.36 (KHTML, like Gecko; compatible; GPTBot/1.4; +https://openai.com/gptbot)"
74.7.242.23 - - [13/Sep/2026:13:07:07 +0000] "GET /products/boast/d167013156 HTTP/1.1" 200 - "https://primomovers.com/sitemap563.xml" "Mozilla/5.0 AppleWebKit/537.36 (KHTML, like Gecko; compatible; GPTBot/1.4; +https://openai.com/gptbot)"
74.7.242.23 - - [13/Sep/2026:13:07:07 +0000] "GET /products/north/v004045157 HTTP/1.1" 200 - "https://primomovers.com/sitemap456.xml" "Mozilla/5.0 AppleWebKit/537.36 (KHTML, like Gecko; compatible; GPTBot/1.4; +https://openai.com/gptbot)"
74.7.242.23 - - [13/Sep/2026:13:07:08 +0000] "GET /products/purse/e055039086 HTTP/1.1" 200 - "https://primomovers.com/sitemap893.xml" "Mozilla/5.0 AppleWebKit/537.36 (KHTML, like Gecko; compatible; GPTBot/1.4; +https://openai.com/gptbot)"
74.7.242.23 - - [13/Sep/2026:13:07:08 +0000] "GET /products/flash/p024040901 HTTP/1.1" 200 - "https://primomovers.com/sitemap297.xml" "Mozilla/5.0 AppleWebKit/537.36 (KHTML, like Gecko; compatible; GPTBot/1.4; +https://openai.com/gptbot)"
74.7.242.23 - - [13/Sep/2026:13:07:09 +0000] "GET /products/drill/x104010305 HTTP/1.1" 200 - "https://primomovers.com/sitemap819.xml" "Mozilla/5.0 AppleWebKit/537.36 (KHTML, like Gecko; compatible; GPTBot/1.4; +https://openai.com/gptbot)"
74.7.242.23 - - [13/Sep/2026:13:07:09 +0000] "GET /products/hello/d088004065 HTTP/1.1" 200 - "https://primomovers.com/sitemap893.xml" "Mozilla/5.0 AppleWebKit/537.36 (KHTML, like Gecko; compatible; GPTBot/1.4; +https://openai.com/gptbot)"
74.7.242.23 - - [13/Sep/2026:13:07:10 +0000] "GET /products/grass/z155007102 HTTP/1.1" 200 - "https://primomovers.com/sitemap507.xml" "Mozilla/5.0 AppleWebKit/537.36 (KHTML, like Gecko; compatible; GPTBot/1.4; +https://openai.com/gptbot)"
74.7.242.23 - - [13/Sep/2026:13:07:10 +0000] "GET /products/steel/w059001420 HTTP/1.1" 200 - "https://primomovers.com/sitemap918.xml" "Mozilla/5.0 AppleWebKit/537.36 (KHTML, like Gecko; compatible; GPTBot/1.4; +https://openai.com/gptbot)"
74.7.242.23 - - [13/Sep/2026:13:07:11 +0000] "GET /products/donor/m115006638 HTTP/1.1" 200 - "https://primomovers.com/sitemap294.xml" "Mozilla/5.0 AppleWebKit/537.36 (KHTML, like Gecko; compatible; GPTBot/1.4; +https://openai.com/gptbot)"
74.7.242.23 - - [13/Sep/2026:13:07:11 +0000] "GET /products/coast/a112042557 HTTP/1.1" 200 - "https://primomovers.com/sitemap819.xml" "Mozilla/5.0 AppleWebKit/537.36 (KHTML, like Gecko; compatible; GPTBot/1.4; +https://openai.com/gptbot)"
74.7.242.23 - - [13/Sep/2026:13:07:12 +0000] "GET /products/moral/u006011571 HTTP/1.1" 200 - "https://primomovers.com/sitemap546.xml" "Mozilla/5.0 AppleWebKit/537.36 (KHTML, like Gecko; compatible; GPTBot/1.4; +https://openai.com/gptbot)"
74.7.242.23 - - [13/Sep/2026:13:07:12 +0000] "GET /products/input/w123005252 HTTP/1.1" 200 - "https://primomovers.com/sitemap920.xml" "Mozilla/5.0 AppleWebKit/537.36 (KHTML, like Gecko; compatible; GPTBot/1.4; +https://openai.com/gptbot)"
74.7.242.23 - - [13/Sep/2026:13:07:13 +0000] "GET /products/dirty/y046024923 HTTP/1.1" 200 - "https://primomovers.com/sitemap456.xml" "Mozilla/5.0 AppleWebKit/537.36 (KHTML, like Gecko; compatible; GPTBot/1.4; +https://openai.com/gptbot)"
74.7.242.23 - - [13/Sep/2026:13:07:13 +0000] "GET /products/spite/h089016908 HTTP/1.1" 200 - "https://primomovers.com/sitemap918.xml" "Mozilla/5.0 AppleWebKit/537.36 (KHTML, like Gecko; compatible; GPTBot/1.4; +https://openai.com/gptbot)"
74.7.242.23 - - [13/Sep/2026:13:07:14 +0000] "GET /products/south/m056001163 HTTP/1.1" 200 - "https://primomovers.com/sitemap297.xml" "Mozilla/5.0 AppleWebKit/537.36 (KHTML, like Gecko; compatible; GPTBot/1.4; +https://openai.com/gptbot)"
74.7.242.23 - - [13/Sep/2026:13:07:14 +0000] "GET /products/opera/z122022341 HTTP/1.1" 200 - "https://primomovers.com/sitemap297.xml" "Mozilla/5.0 AppleWebKit/537.36 (KHTML, like Gecko; compatible; GPTBot/1.4; +https://openai.com/gptbot)"
74.7.242.23 - - [13/Sep/2026:13:07:15 +0000] "GET /products/pilot/p295013290 HTTP/1.1" 200 - "https://primomovers.com/sitemap796.xml" "Mozilla/5.0 AppleWebKit/537.36 (KHTML, like Gecko; compatible; GPTBot/1.4; +https://openai.com/gptbot)"
74.7.242.23 - - [13/Sep/2026:13:07:15 +0000] "GET /products/sport/l208029757 HTTP/1.1" 200 - "https://primomovers.com/sitemap920.xml" "Mozilla/5.0 AppleWebKit/537.36 (KHTML, like Gecko; compatible; GPTBot/1.4; +https://openai.com/gptbot)"
114.119.129.167 - - [13/Sep/2026:13:07:14 +0000] "GET /buy.php?products/073039386 HTTP/1.1" 200 136149 "https://primomovers.com/buy.php?sitemap260.xml" "Mozilla/5.0 (Linux; Android 7.0;) AppleWebKit/537.36 (HTML, like Gecko) Mobile Safari/537.36 (compatible; PetalBot;+https://webmaster.petalsearch.com/site/petalbot)"
74.7.242.23 - - [13/Sep/2026:13:07:16 +0000] "GET /products/sleep/k214010747 HTTP/1.1" 200 - "https://primomovers.com/sitemap893.xml" "Mozilla/5.0 AppleWebKit/537.36 (KHTML, like Gecko; compatible; GPTBot/1.4; +https://openai.com/gptbot)"
74.7.242.23 - - [13/Sep/2026:13:07:16 +0000] "GET /products/scale/c182014515 HTTP/1.1" 200 - "https://primomovers.com/sitemap294.xml" "Mozilla/5.0 AppleWebKit/537.36 (KHTML, like Gecko; compatible; GPTBot/1.4; +https://openai.com/gptbot)"
74.7.242.23 - - [13/Sep/2026:13:07:17 +0000] "GET /products/sharp/a045035760 HTTP/1.1" 200 - "https://primomovers.com/sitemap294.xml" "Mozilla/5.0 AppleWebKit/537.36 (KHTML, like Gecko; compatible; GPTBot/1.4; +https://openai.com/gptbot)"
74.7.242.23 - - [13/Sep/2026:13:07:17 +0000] "GET /products/smell/x119008980 HTTP/1.1" 200 - "https://primomovers.com/sitemap294.xml" "Mozilla/5.0 AppleWebKit/537.36 (KHTML, like Gecko; compatible; GPTBot/1.4; +https://openai.com/gptbot)"
74.7.242.23 - - [13/Sep/2026:13:07:18 +0000] "GET /products/brown/v008007097 HTTP/1.1" 200 - "https://primomovers.com/sitemap893.xml" "Mozilla/5.0 AppleWebKit/537.36 (KHTML, like Gecko; compatible; GPTBot/1.4; +https://openai.com/gptbot)"
74.7.242.23 - - [13/Sep/2026:13:07:18 +0000] "GET /products/pizza/o232029311 HTTP/1.1" 200 - "https://primomovers.com/sitemap918.xml" "Mozilla/5.0 AppleWebKit/537.36 (KHTML, like Gecko; compatible; GPTBot/1.4; +https://openai.com/gptbot)"
74.7.242.23 - - [13/Sep/2026:13:07:19 +0000] "GET /products/ought/q112043423 HTTP/1.1" 200 - "https://primomovers.com/sitemap294.xml" "Mozilla/5.0 AppleWebKit/537.36 (KHTML, like Gecko; compatible; GPTBot/1.4; +https://openai.com/gptbot)"
74.7.242.23 - - [13/Sep/2026:13:07:19 +0000] "GET /products/loose/d195003808 HTTP/1.1" 200 - "https://primomovers.com/sitemap297.xml" "Mozilla/5.0 AppleWebKit/537.36 (KHTML, like Gecko; compatible; GPTBot/1.4; +https://openai.com/gptbot)"
74.7.242.23 - - [13/Sep/2026:13:07:20 +0000] "GET /products/elder/c154025245 HTTP/1.1" 200 - "https://primomovers.com/sitemap918.xml" "Mozilla/5.0 AppleWebKit/537.36 (KHTML, like Gecko; compatible; GPTBot/1.4; +https://openai.com/gptbot)"
74.7.242.23 - - [13/Sep/2026:13:07:20 +0000] "GET /products/fleet/t171008278 HTTP/1.1" 200 - "https://primomovers.com/sitemap456.xml" "Mozilla/5.0 AppleWebKit/537.36 (KHTML, like Gecko; compatible; GPTBot/1.4; +https://openai.com/gptbot)"
74.7.242.23 - - [13/Sep/2026:13:07:21 +0000] "GET /products/tumor/x163039306 HTTP/1.1" 200 - "https://primomovers.com/sitemap819.xml" "Mozilla/5.0 AppleWebKit/537.36 (KHTML, like Gecko; compatible; GPTBot/1.4; +https://openai.com/gptbot)"
74.7.242.23 - - [13/Sep/2026:13:07:21 +0000] "GET /products/tired/n121003550 HTTP/1.1" 200 - "https://primomovers.com/sitemap563.xml" "Mozilla/5.0 AppleWebKit/537.36 (KHTML, like Gecko; compatible; GPTBot/1.4; +https://openai.com/gptbot)"
74.7.242.23 - - [13/Sep/2026:13:07:22 +0000] "GET /products/score/c174006637 HTTP/1.1" 200 - "https://primomovers.com/sitemap893.xml" "Mozilla/5.0 AppleWebKit/537.36 (KHTML, like Gecko; compatible; GPTBot/1.4; +https://openai.com/gptbot)"
74.7.242.23 - - [13/Sep/2026:13:07:22 +0000] "GET /products/toxic/s289014208 HTTP/1.1" 200 - "https://primomovers.com/sitemap456.xml" "Mozilla/5.0 AppleWebKit/537.36 (KHTML, like Gecko; compatible; GPTBot/1.4; +https://openai.com/gptbot)"
74.7.242.23 - - [13/Sep/2026:13:07:23 +0000] "GET /products/grant/g003002428 HTTP/1.1" 200 - "https://primomovers.com/sitemap563.xml" "Mozilla/5.0 AppleWebKit/537.36 (KHTML, like Gecko; compatible; GPTBot/1.4; +https://openai.com/gptbot)"
74.7.242.23 - - [13/Sep/2026:13:07:24 +0000] "GET /products/whose/h074008857 HTTP/1.1" 200 - "https://primomovers.com/sitemap796.xml" "Mozilla/5.0 AppleWebKit/537.36 (KHTML, like Gecko; compatible; GPTBot/1.4; +https://openai.com/gptbot)"
74.7.242.23 - - [13/Sep/2026:13:07:24 +0000] "GET /products/buddy/l106005533 HTTP/1.1" 200 - "https://primomovers.com/sitemap893.xml" "Mozilla/5.0 AppleWebKit/537.36 (KHTML, like Gecko; compatible; GPTBot/1.4; +https://openai.com/gptbot)"
74.7.242.23 - - [13/Sep/2026:13:07:24 +0000] "GET /products/cargo/p180021633 HTTP/1.1" 200 - "https://primomovers.com/sitemap297.xml" "Mozilla/5.0 AppleWebKit/537.36 (KHTML, like Gecko; compatible; GPTBot/1.4; +https://openai.com/gptbot)"
74.7.242.23 - - [13/Sep/2026:13:07:26 +0000] "GET /products/honor/q176037101 HTTP/1.1" 200 - "https://primomovers.com/sitemap294.xml" "Mozilla/5.0 AppleWebKit/537.36 (KHTML, like Gecko; compatible; GPTBot/1.4; +https://openai.com/gptbot)"
74.7.242.23 - - [13/Sep/2026:13:07:26 +0000] "GET /products/works/o025008644 HTTP/1.1" 200 - "https://primomovers.com/sitemap920.xml" "Mozilla/5.0 AppleWebKit/537.36 (KHTML, like Gecko; compatible; GPTBot/1.4; +https://openai.com/gptbot)"
74.7.242.23 - - [13/Sep/2026:13:07:27 +0000] "GET /products/thigh/y001017480 HTTP/1.1" 200 - "https://primomovers.com/sitemap920.xml" "Mozilla/5.0 AppleWebKit/537.36 (KHTML, like Gecko; compatible; GPTBot/1.4; +https://openai.com/gptbot)"
74.7.242.23 - - [13/Sep/2026:13:07:27 +0000] "GET /products/buddy/o012039199 HTTP/1.1" 200 - "https://primomovers.com/sitemap546.xml" "Mozilla/5.0 AppleWebKit/537.36 (KHTML, like Gecko; compatible; GPTBot/1.4; +https://openai.com/gptbot)"
74.7.242.23 - - [13/Sep/2026:13:07:27 +0000] "GET /products/serve/t048045449 HTTP/1.1" 200 - "https://primomovers.com/sitemap893.xml" "Mozilla/5.0 AppleWebKit/537.36 (KHTML, like Gecko; compatible; GPTBot/1.4; +https://openai.com/gptbot)"
74.7.242.23 - - [13/Sep/2026:13:07:28 +0000] "GET /products/juror/v030029127 HTTP/1.1" 200 - "https://primomovers.com/sitemap918.xml" "Mozilla/5.0 AppleWebKit/537.36 (KHTML, like Gecko; compatible; GPTBot/1.4; +https://openai.com/gptbot)"
74.7.242.23 - - [13/Sep/2026:13:07:28 +0000] "GET /products/adult/e033044580 HTTP/1.1" 200 - "https://primomovers.com/sitemap456.xml" "Mozilla/5.0 AppleWebKit/537.36 (KHTML, like Gecko; compatible; GPTBot/1.4; +https://openai.com/gptbot)"
74.7.242.23 - - [13/Sep/2026:13:07:29 +0000] "GET /products/thumb/r190013519 HTTP/1.1" 200 - "https://primomovers.com/sitemap796.xml" "Mozilla/5.0 AppleWebKit/537.36 (KHTML, like Gecko; compatible; GPTBot/1.4; +https://openai.com/gptbot)"
74.7.242.23 - - [13/Sep/2026:13:07:29 +0000] "GET /products/yours/t216003405 HTTP/1.1" 200 - "https://primomovers.com/sitemap819.xml" "Mozilla/5.0 AppleWebKit/537.36 (KHTML, like Gecko; compatible; GPTBot/1.4; +https://openai.com/gptbot)"
74.7.242.23 - - [13/Sep/2026:13:07:30 +0000] "GET /products/exact/j271001712 HTTP/1.1" 200 - "https://primomovers.com/sitemap546.xml" "Mozilla/5.0 AppleWebKit/537.36 (KHTML, like Gecko; compatible; GPTBot/1.4; +https://openai.com/gptbot)"
74.7.242.23 - - [13/Sep/2026:13:07:30 +0000] "GET /products/salad/r064017063 HTTP/1.1" 200 - "https://primomovers.com/sitemap297.xml" "Mozilla/5.0 AppleWebKit/537.36 (KHTML, like Gecko; compatible; GPTBot/1.4; +https://openai.com/gptbot)"
74.7.242.23 - - [13/Sep/2026:13:07:31 +0000] "GET /products/hotel/z106001451 HTTP/1.1" 200 - "https://primomovers.com/sitemap819.xml" "Mozilla/5.0 AppleWebKit/537.36 (KHTML, like Gecko; compatible; GPTBot/1.4; +https://openai.com/gptbot)"
74.7.242.23 - - [13/Sep/2026:13:07:31 +0000] "GET /products/group/w021041610 HTTP/1.1" 200 - "https://primomovers.com/sitemap507.xml" "Mozilla/5.0 AppleWebKit/537.36 (KHTML, like Gecko; compatible; GPTBot/1.4; +https://openai.com/gptbot)"
74.7.242.23 - - [13/Sep/2026:13:07:32 +0000] "GET /products/right/c048020421 HTTP/1.1" 200 - "https://primomovers.com/sitemap563.xml" "Mozilla/5.0 AppleWebKit/537.36 (KHTML, like Gecko; compatible; GPTBot/1.4; +https://openai.com/gptbot)"
74.7.242.23 - - [13/Sep/2026:13:07:32 +0000] "GET /products/class/k184040207 HTTP/1.1" 200 - "https://primomovers.com/sitemap297.xml" "Mozilla/5.0 AppleWebKit/537.36 (KHTML, like Gecko; compatible; GPTBot/1.4; +https://openai.com/gptbot)"
74.7.242.23 - - [13/Sep/2026:13:07:33 +0000] "GET /products/asset/c208015441 HTTP/1.1" 200 - "https://primomovers.com/sitemap563.xml" "Mozilla/5.0 AppleWebKit/537.36 (KHTML, like Gecko; compatible; GPTBot/1.4; +https://openai.com/gptbot)"
74.7.242.23 - - [13/Sep/2026:13:07:33 +0000] "GET /products/world/c043010824 HTTP/1.1" 200 - "https://primomovers.com/sitemap297.xml" "Mozilla/5.0 AppleWebKit/537.36 (KHTML, like Gecko; compatible; GPTBot/1.4; +https://openai.com/gptbot)"
74.7.242.23 - - [13/Sep/2026:13:07:34 +0000] "GET /products/steak/h217027242 HTTP/1.1" 200 - "https://primomovers.com/sitemap563.xml" "Mozilla/5.0 AppleWebKit/537.36 (KHTML, like Gecko; compatible; GPTBot/1.4; +https://openai.com/gptbot)"
74.7.242.23 - - [13/Sep/2026:13:07:34 +0000] "GET /products/topic/z092027879 HTTP/1.1" 200 - "https://primomovers.com/sitemap918.xml" "Mozilla/5.0 AppleWebKit/537.36 (KHTML, like Gecko; compatible; GPTBot/1.4; +https://openai.com/gptbot)"
74.7.242.23 - - [13/Sep/2026:13:07:35 +0000] "GET /products/throw/u119006880 HTTP/1.1" 200 - "https://primomovers.com/sitemap294.xml" "Mozilla/5.0 AppleWebKit/537.36 (KHTML, like Gecko; compatible; GPTBot/1.4; +https://openai.com/gptbot)"
74.7.242.23 - - [13/Sep/2026:13:07:35 +0000] "GET /products/quite/c073026622 HTTP/1.1" 200 - "https://primomovers.com/sitemap893.xml" "Mozilla/5.0 AppleWebKit/537.36 (KHTML, like Gecko; compatible; GPTBot/1.4; +https://openai.com/gptbot)"
74.7.242.23 - - [13/Sep/2026:13:07:36 +0000] "GET /products/couch/g041045046 HTTP/1.1" 200 - "https://primomovers.com/sitemap297.xml" "Mozilla/5.0 AppleWebKit/537.36 (KHTML, like Gecko; compatible; GPTBot/1.4; +https://openai.com/gptbot)"
74.7.242.23 - - [13/Sep/2026:13:07:37 +0000] "GET /products/arise/a117010544 HTTP/1.1" 200 - "https://primomovers.com/sitemap294.xml" "Mozilla/5.0 AppleWebKit/537.36 (KHTML, like Gecko; compatible; GPTBot/1.4; +https://openai.com/gptbot)"
74.7.242.23 - - [13/Sep/2026:13:07:38 +0000] "GET /products/tight/t092023611 HTTP/1.1" 200 - "https://primomovers.com/sitemap920.xml" "Mozilla/5.0 AppleWebKit/537.36 (KHTML, like Gecko; compatible; GPTBot/1.4; +https://openai.com/gptbot)"
74.7.242.23 - - [13/Sep/2026:13:07:39 +0000] "GET /products/sword/y088017301 HTTP/1.1" 200 - "https://primomovers.com/sitemap456.xml" "Mozilla/5.0 AppleWebKit/537.36 (KHTML, like Gecko; compatible; GPTBot/1.4; +https://openai.com/gptbot)"
74.7.242.23 - - [13/Sep/2026:13:07:39 +0000] "GET /products/noise/p142019429 HTTP/1.1" 200 - "https://primomovers.com/sitemap456.xml" "Mozilla/5.0 AppleWebKit/537.36 (KHTML, like Gecko; compatible; GPTBot/1.4; +https://openai.com/gptbot)"
74.7.242.23 - - [13/Sep/2026:13:07:40 +0000] "GET /products/dried/a098005929 HTTP/1.1" 200 - "https://primomovers.com/sitemap563.xml" "Mozilla/5.0 AppleWebKit/537.36 (KHTML, like Gecko; compatible; GPTBot/1.4; +https://openai.com/gptbot)"
74.7.242.23 - - [13/Sep/2026:13:07:40 +0000] "GET /products/motor/h164031481 HTTP/1.1" 200 - "https://primomovers.com/sitemap546.xml" "Mozilla/5.0 AppleWebKit/537.36 (KHTML, like Gecko; compatible; GPTBot/1.4; +https://openai.com/gptbot)"
74.7.242.23 - - [13/Sep/2026:13:07:40 +0000] "GET /products/trial/f211001940 HTTP/1.1" 200 - "https://primomovers.com/sitemap507.xml" "Mozilla/5.0 AppleWebKit/537.36 (KHTML, like Gecko; compatible; GPTBot/1.4; +https://openai.com/gptbot)"
74.7.242.23 - - [13/Sep/2026:13:07:41 +0000] "GET /products/twice/q244042415 HTTP/1.1" 200 - "https://primomovers.com/sitemap920.xml" "Mozilla/5.0 AppleWebKit/537.36 (KHTML, like Gecko; compatible; GPTBot/1.4; +https://openai.com/gptbot)"
74.7.242.23 - - [13/Sep/2026:13:07:41 +0000] "GET /products/crazy/d212009013 HTTP/1.1" 200 - "https://primomovers.com/sitemap297.xml" "Mozilla/5.0 AppleWebKit/537.36 (KHTML, like Gecko; compatible; GPTBot/1.4; +https://openai.com/gptbot)"
74.7.242.23 - - [13/Sep/2026:13:07:42 +0000] "GET /products/burst/j287029094 HTTP/1.1" 200 - "https://primomovers.com/sitemap456.xml" "Mozilla/5.0 AppleWebKit/537.36 (KHTML, like Gecko; compatible; GPTBot/1.4; +https://openai.com/gptbot)"
74.7.242.23 - - [13/Sep/2026:13:07:42 +0000] "GET /products/input/v068011383 HTTP/1.1" 200 - "https://primomovers.com/sitemap456.xml" "Mozilla/5.0 AppleWebKit/537.36 (KHTML, like Gecko; compatible; GPTBot/1.4; +https://openai.com/gptbot)"
74.7.242.23 - - [13/Sep/2026:13:07:44 +0000] "GET /products/seize/y081010608 HTTP/1.1" 200 - "https://primomovers.com/sitemap796.xml" "Mozilla/5.0 AppleWebKit/537.36 (KHTML, like Gecko; compatible; GPTBot/1.4; +https://openai.com/gptbot)"
74.7.242.23 - - [13/Sep/2026:13:07:46 +0000] "GET /products/ideal/d140044339 HTTP/1.1" 200 - "https://primomovers.com/sitemap546.xml" "Mozilla/5.0 AppleWebKit/537.36 (KHTML, like Gecko; compatible; GPTBot/1.4; +https://openai.com/gptbot)"
74.7.242.23 - - [13/Sep/2026:13:07:51 +0000] "GET /products/goods/q082010187 HTTP/1.1" 200 - "https://primomovers.com/sitemap920.xml" "Mozilla/5.0 AppleWebKit/537.36 (KHTML, like Gecko; compatible; GPTBot/1.4; +https://openai.com/gptbot)"
74.7.242.23 - - [13/Sep/2026:13:07:54 +0000] "GET /products/sword/n147040972 HTTP/1.1" 200 - "https://primomovers.com/sitemap796.xml" "Mozilla/5.0 AppleWebKit/537.36 (KHTML, like Gecko; compatible; GPTBot/1.4; +https://openai.com/gptbot)"
74.7.242.23 - - [13/Sep/2026:13:07:56 +0000] "GET /products/pulse/l142033601 HTTP/1.1" 200 - "https://primomovers.com/sitemap920.xml" "Mozilla/5.0 AppleWebKit/537.36 (KHTML, like Gecko; compatible; GPTBot/1.4; +https://openai.com/gptbot)"
74.7.242.23 - - [13/Sep/2026:13:07:59 +0000] "GET /products/troop/z260043725 HTTP/1.1" 200 - "https://primomovers.com/sitemap920.xml" "Mozilla/5.0 AppleWebKit/537.36 (KHTML, like Gecko; compatible; GPTBot/1.4; +https://openai.com/gptbot)"
74.7.242.23 - - [13/Sep/2026:13:08:01 +0000] "GET /products/upper/d044008039 HTTP/1.1" 200 - "https://primomovers.com/sitemap546.xml" "Mozilla/5.0 AppleWebKit/537.36 (KHTML, like Gecko; compatible; GPTBot/1.4; +https://openai.com/gptbot)"
74.7.242.23 - - [13/Sep/2026:13:08:13 +0000] "GET /products/shock/s145008228 HTTP/1.1" 200 - "https://primomovers.com/sitemap294.xml" "Mozilla/5.0 AppleWebKit/537.36 (KHTML, like Gecko; compatible; GPTBot/1.4; +https://openai.com/gptbot)"
74.7.242.23 - - [13/Sep/2026:13:08:17 +0000] "GET /products/swing/s283034844 HTTP/1.1" 200 - "https://primomovers.com/sitemap456.xml" "Mozilla/5.0 AppleWebKit/537.36 (KHTML, like Gecko; compatible; GPTBot/1.4; +https://openai.com/gptbot)"
74.7.242.23 - - [13/Sep/2026:13:08:52 +0000] "GET /products/anger/t119031180 HTTP/1.1" 200 - "https://primomovers.com/sitemap819.xml" "Mozilla/5.0 AppleWebKit/537.36 (KHTML, like Gecko; compatible; GPTBot/1.4; +https://openai.com/gptbot)"
74.7.242.23 - - [13/Sep/2026:13:09:05 +0000] "GET /products/shirt/i226047167 HTTP/1.1" 200 - "https://primomovers.com/sitemap796.xml" "Mozilla/5.0 AppleWebKit/537.36 (KHTML, like Gecko; compatible; GPTBot/1.4; +https://openai.com/gptbot)"
66.249.74.138 - - [13/Sep/2026:13:10:18 +0000] "GET /?goods/034000062 HTTP/1.1" 200 150866 "-" "Mozilla/5.0 (Linux; Android 6.0.1; Nexus 5X Build/MMB29P) AppleWebKit/537.36 (KHTML, like Gecko) Chrome/152.0.7977.82 Mobile Safari/537.36 (compatible; Googlebot/2.1; +http://www.google.com/bot.html)"
74.7.242.23 - - [13/Sep/2026:13:11:17 +0000] "GET /products/style/i253033554 HTTP/1.1" 200 - "https://primomovers.com/sitemap893.xml" "Mozilla/5.0 AppleWebKit/537.36 (KHTML, like Gecko; compatible; GPTBot/1.4; +https://openai.com/gptbot)"
114.119.129.167 - - [13/Sep/2026:13:11:22 +0000] "GET /buy.php?products/073015680 HTTP/1.1" 200 129935 "https://primomovers.com/buy.php?sitemap260.xml" "Mozilla/5.0 (Linux; Android 7.0;) AppleWebKit/537.36 (HTML, like Gecko) Mobile Safari/537.36 (compatible; PetalBot;+https://webmaster.petalsearch.com/site/petalbot)"
66.249.74.138 - - [13/Sep/2026:13:11:41 +0000] "GET /?jp/066000383.html HTTP/1.1" 200 176294 "-" "Mozilla/5.0 (Linux; Android 6.0.1; Nexus 5X Build/MMB29P) AppleWebKit/537.36 (KHTML, like Gecko) Chrome/152.0.7977.82 Mobile Safari/537.36 (compatible; Googlebot/2.1; +http://www.google.com/bot.html)"
74.7.242.23 - - [13/Sep/2026:13:12:58 +0000] "GET /products/group/d085004992 HTTP/1.1" 200 - "https://primomovers.com/sitemap546.xml" "Mozilla/5.0 AppleWebKit/537.36 (KHTML, like Gecko; compatible; GPTBot/1.4; +https://openai.com/gptbot)"
114.119.129.167 - - [13/Sep/2026:13:12:49 +0000] "GET /buy.php?products/073013950 HTTP/1.1" 200 144964 "https://primomovers.com/buy.php?sitemap260.xml" "Mozilla/5.0 (Linux; Android 7.0;) AppleWebKit/537.36 (HTML, like Gecko) Mobile Safari/537.36 (compatible; PetalBot;+https://webmaster.petalsearch.com/site/petalbot)"
74.7.242.23 - - [13/Sep/2026:13:14:46 +0000] "GET /products/labor/n202006507 HTTP/1.1" 504 - "https://primomovers.com/sitemap456.xml" "Mozilla/5.0 AppleWebKit/537.36 (KHTML, like Gecko; compatible; GPTBot/1.4; +https://openai.com/gptbot)"
74.7.242.23 - - [13/Sep/2026:13:22:23 +0000] "GET /products/close/o019009284 HTTP/1.1" 200 - "https://primomovers.com/sitemap456.xml" "Mozilla/5.0 AppleWebKit/537.36 (KHTML, like Gecko; compatible; GPTBot/1.4; +https://openai.com/gptbot)"
74.7.242.23 - - [13/Sep/2026:13:22:58 +0000] "GET /products/ought/r250025703 HTTP/1.1" 200 - "https://primomovers.com/sitemap456.xml" "Mozilla/5.0 AppleWebKit/537.36 (KHTML, like Gecko; compatible; GPTBot/1.4; +https://openai.com/gptbot)"
74.7.242.23 - - [13/Sep/2026:13:23:54 +0000] "GET /products/trash/t109012730 HTTP/1.1" 200 - "https://primomovers.com/sitemap456.xml" "Mozilla/5.0 AppleWebKit/537.36 (KHTML, like Gecko; compatible; GPTBot/1.4; +https://openai.com/gptbot)"
114.119.145.36 - - [13/Sep/2026:13:22:47 +0000] "GET /buy.php?products/072005447 HTTP/1.1" 200 125471 "https://primomovers.com/buy.php?sitemap260.xml" "Mozilla/5.0 (Linux; Android 7.0;) AppleWebKit/537.36 (HTML, like Gecko) Mobile Safari/537.36 (compatible; PetalBot;+https://webmaster.petalsearch.com/site/petalbot)"
74.7.242.23 - - [13/Sep/2026:13:19:49 +0000] "GET /products/space/e272030081 HTTP/1.1" 504 - "https://primomovers.com/sitemap507.xml" "Mozilla/5.0 AppleWebKit/537.36 (KHTML, like Gecko; compatible; GPTBot/1.4; +https://openai.com/gptbot)"
114.119.155.38 - - [13/Sep/2026:13:19:55 +0000] "GET /buy.php?products/072033065 HTTP/1.1" 504 - "https://primomovers.com/buy.php?sitemap260.xml" "Mozilla/5.0 (Linux; Android 7.0;) AppleWebKit/537.36 (HTML, like Gecko) Mobile Safari/537.36 (compatible; PetalBot;+https://webmaster.petalsearch.com/site/petalbot)"
74.7.242.23 - - [13/Sep/2026:13:24:58 +0000] "GET /products/shark/h212001977 HTTP/1.1" 200 - "https://primomovers.com/sitemap819.xml" "Mozilla/5.0 AppleWebKit/537.36 (KHTML, like Gecko; compatible; GPTBot/1.4; +https://openai.com/gptbot)"
114.119.131.232 - - [13/Sep/2026:13:24:12 +0000] "GET /buy.php?products/072004855 HTTP/1.1" 200 119163 "https://primomovers.com/buy.php?sitemap260.xml" "Mozilla/5.0 (Linux; Android 7.0;) AppleWebKit/537.36 (HTML, like Gecko) Mobile Safari/537.36 (compatible; PetalBot;+https://webmaster.petalsearch.com/site/petalbot)"
74.7.242.23 - - [13/Sep/2026:13:20:51 +0000] "GET /products/slope/t181041508 HTTP/1.1" 504 - "https://primomovers.com/sitemap563.xml" "Mozilla/5.0 AppleWebKit/537.36 (KHTML, like Gecko; compatible; GPTBot/1.4; +https://openai.com/gptbot)"
114.119.151.83 - - [13/Sep/2026:13:21:20 +0000] "GET /buy.php?products/072011685 HTTP/1.1" 504 - "https://primomovers.com/buy.php?sitemap260.xml" "Mozilla/5.0 (Linux; Android 7.0;) AppleWebKit/537.36 (HTML, like Gecko) Mobile Safari/537.36 (compatible; PetalBot;+https://webmaster.petalsearch.com/site/petalbot)"
74.7.242.23 - - [13/Sep/2026:13:21:24 +0000] "GET /products/rural/e266044621 HTTP/1.1" 504 - "https://primomovers.com/sitemap920.xml" "Mozilla/5.0 AppleWebKit/537.36 (KHTML, like Gecko; compatible; GPTBot/1.4; +https://openai.com/gptbot)"
114.119.149.159 - - [13/Sep/2026:13:25:39 +0000] "GET /buy.php?products/071039484 HTTP/1.1" 200 142039 "https://primomovers.com/buy.php?sitemap260.xml" "Mozilla/5.0 (Linux; Android 7.0;) AppleWebKit/537.36 (HTML, like Gecko) Mobile Safari/537.36 (compatible; PetalBot;+https://webmaster.petalsearch.com/site/petalbot)"
74.7.242.23 - - [13/Sep/2026:13:26:59 +0000] "GET /products/under/b211020268 HTTP/1.1" 200 - "https://primomovers.com/sitemap918.xml" "Mozilla/5.0 AppleWebKit/537.36 (KHTML, like Gecko; compatible; GPTBot/1.4; +https://openai.com/gptbot)"
114.119.131.232 - - [13/Sep/2026:13:27:04 +0000] "GET /buy.php?products/071028194 HTTP/1.1" 200 125535 "https://primomovers.com/buy.php?sitemap260.xml" "Mozilla/5.0 (Linux; Android 7.0;) AppleWebKit/537.36 (HTML, like Gecko) Mobile Safari/537.36 (compatible; PetalBot;+https://webmaster.petalsearch.com/site/petalbot)"
74.7.242.23 - - [13/Sep/2026:13:27:28 +0000] "GET /products/force/p233044922 HTTP/1.1" 200 - "https://primomovers.com/sitemap294.xml" "Mozilla/5.0 AppleWebKit/537.36 (KHTML, like Gecko; compatible; GPTBot/1.4; +https://openai.com/gptbot)"
66.249.74.138 - - [13/Sep/2026:13:27:55 +0000] "GET /?detail/20804485960948 HTTP/1.1" 200 147440 "-" "Mozilla/5.0 (Linux; Android 6.0.1; Nexus 5X Build/MMB29P) AppleWebKit/537.36 (KHTML, like Gecko) Chrome/152.0.7977.82 Mobile Safari/537.36 (compatible; Googlebot/2.1; +http://www.google.com/bot.html)"
66.249.74.128 - - [13/Sep/2026:13:27:59 +0000] "GET /search/list/?LineID=254025468 HTTP/1.1" 200 147440 "-" "Mozilla/5.0 (Linux; Android 6.0.1; Nexus 5X Build/MMB29P) AppleWebKit/537.36 (KHTML, like Gecko) Chrome/152.0.7977.82 Mobile Safari/537.36 (compatible; Googlebot/2.1; +http://www.google.com/bot.html)"
74.7.242.23 - - [13/Sep/2026:13:28:32 +0000] "GET /products/hotel/m091039490 HTTP/1.1" 200 - "https://primomovers.com/sitemap796.xml" "Mozilla/5.0 AppleWebKit/537.36 (KHTML, like Gecko; compatible; GPTBot/1.4; +https://openai.com/gptbot)"
114.119.131.232 - - [13/Sep/2026:13:28:30 +0000] "GET /buy.php?products/071011680 HTTP/1.1" 200 128736 "https://primomovers.com/buy.php?sitemap260.xml" "Mozilla/5.0 (Linux; Android 7.0;) AppleWebKit/537.36 (HTML, like Gecko) Mobile Safari/537.36 (compatible; PetalBot;+https://webmaster.petalsearch.com/site/petalbot)"
114.119.129.167 - - [13/Sep/2026:13:31:21 +0000] "GET /buy.php?products/070046179 HTTP/1.1" 200 126326 "https://primomovers.com/buy.php?sitemap260.xml" "Mozilla/5.0 (Linux; Android 7.0;) AppleWebKit/537.36 (HTML, like Gecko) Mobile Safari/537.36 (compatible; PetalBot;+https://webmaster.petalsearch.com/site/petalbot)"
74.7.242.23 - - [13/Sep/2026:13:31:33 +0000] "GET /products/ridge/y007040504 HTTP/1.1" 200 - "https://primomovers.com/sitemap507.xml" "Mozilla/5.0 AppleWebKit/537.36 (KHTML, like Gecko; compatible; GPTBot/1.4; +https://openai.com/gptbot)"
74.7.242.23 - - [13/Sep/2026:13:32:19 +0000] "GET /products/touch/g161030334 HTTP/1.1" 200 - "https://primomovers.com/sitemap563.xml" "Mozilla/5.0 AppleWebKit/537.36 (KHTML, like Gecko; compatible; GPTBot/1.4; +https://openai.com/gptbot)"
198.204.240.234 - - [13/Sep/2026:13:32:07 +0000] "GET /wp-includes/plb5a5ed/index.php HTTP/1.1" 503 - "https://primomovers.com/wp-includes/plb5a5ed/index.php" "Mozilla/5.0 (Macintosh; Intel Mac OS X 10_6_8) AppleWebKit/535.7 (KHTML, like Gecko) Chrome/16.0.912.75 Safari/535.7"
198.204.240.234 - - [13/Sep/2026:13:32:27 +0000] "GET /wp-includes/plb5a5ed/index.php HTTP/1.1" 503 - "https://primomovers.com/wp-includes/plb5a5ed/index.php" "Mozilla/5.0 (Macintosh; U; PPC Mac OS X 10_4_11; ja-jp) AppleWebKit/525.13 (KHTML, like Gecko) Version/3.1 Safari/525.13"
74.7.242.23 - - [13/Sep/2026:13:50:05 +0000] "GET /products/shirt/r003049420 HTTP/1.1" 200 - "https://primomovers.com/sitemap920.xml" "Mozilla/5.0 AppleWebKit/537.36 (KHTML, like Gecko; compatible; GPTBot/1.4; +https://openai.com/gptbot)"
114.119.151.83 - - [13/Sep/2026:13:50:04 +0000] "GET /buy.php?products/068011767 HTTP/1.1" 200 120978 "https://primomovers.com/buy.php?sitemap260.xml" "Mozilla/5.0 (Linux; Android 7.0;) AppleWebKit/537.36 (HTML, like Gecko) Mobile Safari/537.36 (compatible; PetalBot;+https://webmaster.petalsearch.com/site/petalbot)"
74.7.242.23 - - [13/Sep/2026:13:50:25 +0000] "GET /products/purse/i211015370 HTTP/1.1" 200 - "https://primomovers.com/sitemap507.xml" "Mozilla/5.0 AppleWebKit/537.36 (KHTML, like Gecko; compatible; GPTBot/1.4; +https://openai.com/gptbot)"
74.7.242.23 - - [13/Sep/2026:13:50:41 +0000] "GET /products/spine/o113008338 HTTP/1.1" 200 - "https://primomovers.com/sitemap920.xml" "Mozilla/5.0 AppleWebKit/537.36 (KHTML, like Gecko; compatible; GPTBot/1.4; +https://openai.com/gptbot)"
74.7.242.23 - - [13/Sep/2026:13:50:54 +0000] "GET /products/spell/l213019174 HTTP/1.1" 200 - "https://primomovers.com/sitemap294.xml" "Mozilla/5.0 AppleWebKit/537.36 (KHTML, like Gecko; compatible; GPTBot/1.4; +https://openai.com/gptbot)"
74.7.242.23 - - [13/Sep/2026:13:51:04 +0000] "GET /products/round/t046016205 HTTP/1.1" 200 - "https://primomovers.com/sitemap563.xml" "Mozilla/5.0 AppleWebKit/537.36 (KHTML, like Gecko; compatible; GPTBot/1.4; +https://openai.com/gptbot)"
74.7.242.23 - - [13/Sep/2026:13:51:12 +0000] "GET /products/catch/a099035446 HTTP/1.1" 200 - "https://primomovers.com/sitemap819.xml" "Mozilla/5.0 AppleWebKit/537.36 (KHTML, like Gecko; compatible; GPTBot/1.4; +https://openai.com/gptbot)"
74.7.242.23 - - [13/Sep/2026:13:51:19 +0000] "GET /products/glory/r009025710 HTTP/1.1" 200 - "https://primomovers.com/sitemap546.xml" "Mozilla/5.0 AppleWebKit/537.36 (KHTML, like Gecko; compatible; GPTBot/1.4; +https://openai.com/gptbot)"
74.7.242.23 - - [13/Sep/2026:13:51:24 +0000] "GET /products/worry/j122026505 HTTP/1.1" 200 - "https://primomovers.com/sitemap819.xml" "Mozilla/5.0 AppleWebKit/537.36 (KHTML, like Gecko; compatible; GPTBot/1.4; +https://openai.com/gptbot)"
74.7.242.23 - - [13/Sep/2026:13:51:28 +0000] "GET /products/where/u060046267 HTTP/1.1" 200 - "https://primomovers.com/sitemap796.xml" "Mozilla/5.0 AppleWebKit/537.36 (KHTML, like Gecko; compatible; GPTBot/1.4; +https://openai.com/gptbot)"
74.7.242.23 - - [13/Sep/2026:13:51:31 +0000] "GET /products/tumor/r182041337 HTTP/1.1" 200 - "https://primomovers.com/sitemap546.xml" "Mozilla/5.0 AppleWebKit/537.36 (KHTML, like Gecko; compatible; GPTBot/1.4; +https://openai.com/gptbot)"
114.119.151.83 - - [13/Sep/2026:13:51:30 +0000] "GET /buy.php?products/067049546 HTTP/1.1" 200 120403 "https://primomovers.com/buy.php?sitemap260.xml" "Mozilla/5.0 (Linux; Android 7.0;) AppleWebKit/537.36 (HTML, like Gecko) Mobile Safari/537.36 (compatible; PetalBot;+https://webmaster.petalsearch.com/site/petalbot)"
74.7.242.23 - - [13/Sep/2026:13:51:34 +0000] "GET /products/couch/j005034620 HTTP/1.1" 200 - "https://primomovers.com/sitemap796.xml" "Mozilla/5.0 AppleWebKit/537.36 (KHTML, like Gecko; compatible; GPTBot/1.4; +https://openai.com/gptbot)"
